[INFO] fetching crate rstorch-derive 1.0.0...
[INFO] testing rstorch-derive-1.0.0 against 1.99.0-beta.8+cargoflags=--release for beta-release-1.100-2
[INFO] extracting crate rstorch-derive 1.0.0 into /workspace/builds/worker-1-tc1/source
[INFO] started tweaking crates.io crate rstorch-derive 1.0.0
[INFO] removed 0 missing tests
[INFO] finished tweaking crates.io crate rstorch-derive 1.0.0
[INFO] tweaked toml for crates.io crate rstorch-derive 1.0.0 written to /workspace/builds/worker-1-tc1/source/Cargo.toml
[INFO] validating manifest of crates.io crate rstorch-derive 1.0.0 on toolchain 1.99.0-beta.8
[INFO] running `Command { std: CARGO_HOME="/workspace/cargo-home" RUSTUP_HOME="/workspace/rustup-home" "/workspace/cargo-home/bin/cargo" "+1.99.0-beta.8" "metadata" "--manifest-path" "Cargo.toml" "--no-deps", kill_on_drop: false }`
[INFO] crate crates.io crate rstorch-derive 1.0.0 already has a lockfile, it will not be regenerated
[INFO] running `Command { std: CARGO_HOME="/workspace/cargo-home" RUSTUP_HOME="/workspace/rustup-home" "/workspace/cargo-home/bin/cargo" "+1.99.0-beta.8" "fetch" "--manifest-path" "Cargo.toml", kill_on_drop: false }`
[INFO] running `Command { std: "docker" "create" "-v" "/var/lib/crater-agent-workspace/builds/worker-1-tc1/source:/opt/rustwide/workdir:ro,Z" "-v" "/var/lib/crater-agent-workspace/builds/worker-1-tc1/target:/opt/rustwide/target:rw,Z" "-v" "/var/lib/crater-agent-workspace/cargo-home:/opt/rustwide/cargo-home:ro,Z" "-v" "/var/lib/crater-agent-workspace/rustup-home:/opt/rustwide/rustup-home:ro,Z" "-m" "1610612736" "--network" "none" "ghcr.io/rust-lang/crates-build-env/linux@sha256:77db811e55d90add9212f6832c23229e3de5f1c1f9905e8cb07319ea15df73ac" "sleep" "infinity", kill_on_drop: false }`
[INFO] [stdout] 966de0d06dec4a53878babee4b6d5b6326de50add2848ab26cadf8111b4fc12c
[INFO] running `Command { std: "docker" "start" "966de0d06dec4a53878babee4b6d5b6326de50add2848ab26cadf8111b4fc12c", kill_on_drop: false }`
[INFO] running `Command { std: "docker" "inspect" "966de0d06dec4a53878babee4b6d5b6326de50add2848ab26cadf8111b4fc12c", kill_on_drop: false }`
[INFO] running `Command { std: "docker" "exec" "-e" "SOURCE_DIR=/opt/rustwide/workdir" "-e" "CARGO_HOME=/opt/rustwide/cargo-home" "-e" "RUSTUP_HOME=/opt/rustwide/rustup-home" "-e" "CARGO_TARGET_DIR=/opt/rustwide/target" "-w" "/opt/rustwide/workdir" "--user" "0:0" "966de0d06dec4a53878babee4b6d5b6326de50add2848ab26cadf8111b4fc12c" "/opt/rustwide/cargo-home/bin/cargo" "+1.99.0-beta.8" "metadata" "--no-deps" "--format-version=1", kill_on_drop: false }`
[INFO] running `Command { std: "docker" "inspect" "966de0d06dec4a53878babee4b6d5b6326de50add2848ab26cadf8111b4fc12c", kill_on_drop: false }`
[INFO] running `Command { std: "docker" "exec" "-e" "SOURCE_DIR=/opt/rustwide/workdir" "-e" "CARGO_HOME=/opt/rustwide/cargo-home" "-e" "RUSTUP_HOME=/opt/rustwide/rustup-home" "-e" "CARGO_TARGET_DIR=/opt/rustwide/target" "-e" "CARGO_INCREMENTAL=0" "-e" "RUST_BACKTRACE=full" "-e" "RUSTFLAGS=--cap-lints=warn" "-e" "RUSTDOCFLAGS=--cap-lints=warn" "-w" "/opt/rustwide/workdir" "--user" "0:0" "966de0d06dec4a53878babee4b6d5b6326de50add2848ab26cadf8111b4fc12c" "/opt/rustwide/cargo-home/bin/cargo" "+1.99.0-beta.8" "build" "--frozen" "--message-format=json" "--release", kill_on_drop: false }`
[INFO] [stderr]    Compiling toml_parser v1.1.2+spec-1.1.0
[INFO] [stderr]    Compiling syn v2.0.119
[INFO] [stderr]    Compiling toml_edit v0.25.13+spec-1.1.0
[INFO] [stderr]    Compiling proc-macro-crate v3.5.0
[INFO] [stderr]    Compiling rstorch-derive v1.0.0 (/opt/rustwide/workdir)
[INFO] [stderr]     Finished `release` profile [optimized] target(s) in 11.41s
[INFO] running `Command { std: "docker" "inspect" "966de0d06dec4a53878babee4b6d5b6326de50add2848ab26cadf8111b4fc12c", kill_on_drop: false }`
[INFO] running `Command { std: "docker" "exec" "-e" "SOURCE_DIR=/opt/rustwide/workdir" "-e" "CARGO_HOME=/opt/rustwide/cargo-home" "-e" "RUSTUP_HOME=/opt/rustwide/rustup-home" "-e" "CARGO_TARGET_DIR=/opt/rustwide/target" "-e" "CARGO_INCREMENTAL=0" "-e" "RUST_BACKTRACE=full" "-e" "RUSTFLAGS=--cap-lints=warn" "-e" "RUSTDOCFLAGS=--cap-lints=warn" "-w" "/opt/rustwide/workdir" "--user" "0:0" "966de0d06dec4a53878babee4b6d5b6326de50add2848ab26cadf8111b4fc12c" "/opt/rustwide/cargo-home/bin/cargo" "+1.99.0-beta.8" "test" "--frozen" "--no-run" "--message-format=json" "--release", kill_on_drop: false }`
[INFO] [stderr]    Compiling target-triple v1.0.1
[INFO] [stderr]    Compiling toml_datetime v1.1.1+spec-1.1.0
[INFO] [stderr]    Compiling proc-macro2 v1.0.106
[INFO] [stderr]    Compiling toml_parser v1.1.2+spec-1.1.0
[INFO] [stderr]    Compiling serde_derive v1.0.228
[INFO] [stderr]    Compiling quote v1.0.46
[INFO] [stderr]    Compiling serde v1.0.228
[INFO] [stderr]    Compiling serde_json v1.0.150
[INFO] [stderr]    Compiling toml_edit v0.25.13+spec-1.1.0
[INFO] [stderr]    Compiling zmij v1.0.23
[INFO] [stderr]    Compiling toml_writer v1.1.2+spec-1.1.0
[INFO] [stderr]    Compiling toml v1.1.3+spec-1.1.0
[INFO] [stderr]    Compiling proc-macro-crate v3.5.0
[INFO] [stderr]    Compiling syn v2.0.119
[INFO] [stderr]    Compiling rstorch-derive v1.0.0 (/opt/rustwide/workdir)
[INFO] [stderr]    Compiling trybuild v1.0.118
[INFO] [stdout] error[E0433]: cannot find module or crate `rstorch_alias` in this scope
[INFO] [stdout]  --> tests/renamed_dependency.rs:8:5
[INFO] [stdout]   |
[INFO] [stdout] 8 | use rstorch_alias::typed::nn::{Module, TypedModule};
[INFO] [stdout]   |     ^^^^^^^^^^^^^ use of unresolved module or unlinked crate `rstorch_alias`
[INFO] [stdout]   |
[INFO] [stdout]   = help: if you wanted to use a crate named `rstorch_alias`, use `cargo add rstorch_alias` to add it to your `Cargo.toml`
[INFO] [stdout] 
[INFO] [stdout] 
[INFO] [stdout] For more information about this error, try `rustc --explain E0433`.
[INFO] [stdout] 
[INFO] [stderr] error: could not compile `rstorch-derive` (test "renamed_dependency") due to 1 previous error
[INFO] [stderr] warning: build failed, waiting for other jobs to finish...
[INFO] [stdout] error[E0433]: cannot find module or crate `rstorch_alias` in this scope
[INFO] [stdout]   --> tests/derive_compiles.rs:15:5
[INFO] [stdout]    |
[INFO] [stdout] 15 | use rstorch_alias::prelude::*;
[INFO] [stdout]    |     ^^^^^^^^^^^^^ use of unresolved module or unlinked crate `rstorch_alias`
[INFO] [stdout]    |
[INFO] [stdout]    = help: if you wanted to use a crate named `rstorch_alias`, use `cargo add rstorch_alias` to add it to your `Cargo.toml`
[INFO] [stdout] 
[INFO] [stdout] 
[INFO] [stdout] error: cannot find derive macro `Module` in this scope
[INFO] [stdout]   --> tests/derive_compiles.rs:30:10
[INFO] [stdout]    |
[INFO] [stdout] 30 | #[derive(Module)]
[INFO] [stdout]    |          ^^^^^^
[INFO] [stdout] 
[INFO] [stdout] 
[INFO] [stdout] error: cannot find derive macro `Module` in this scope
[INFO] [stdout]   --> tests/derive_compiles.rs:36:10
[INFO] [stdout]    |
[INFO] [stdout] 36 | #[derive(Module)]
[INFO] [stdout]    |          ^^^^^^
[INFO] [stdout] 
[INFO] [stdout] 
[INFO] [stdout] error: cannot find derive macro `Module` in this scope
[INFO] [stdout]   --> tests/derive_compiles.rs:42:10
[INFO] [stdout]    |
[INFO] [stdout] 42 | #[derive(Module)]
[INFO] [stdout]    |          ^^^^^^
[INFO] [stdout] 
[INFO] [stdout] 
[INFO] [stdout] error: cannot find derive macro `Module` in this scope
[INFO] [stdout]   --> tests/derive_compiles.rs:50:10
[INFO] [stdout]    |
[INFO] [stdout] 50 | #[derive(Module)]
[INFO] [stdout]    |          ^^^^^^
[INFO] [stdout] 
[INFO] [stdout] 
[INFO] [stdout] error: cannot find derive macro `Module` in this scope
[INFO] [stdout]   --> tests/derive_compiles.rs:56:10
[INFO] [stdout]    |
[INFO] [stdout] 56 | #[derive(Module)]
[INFO] [stdout]    |          ^^^^^^
[INFO] [stdout] 
[INFO] [stdout] 
[INFO] [stdout] error: cannot find derive macro `Module` in this scope
[INFO] [stdout]   --> tests/derive_compiles.rs:61:10
[INFO] [stdout]    |
[INFO] [stdout] 61 | #[derive(Module)]
[INFO] [stdout]    |          ^^^^^^
[INFO] [stdout] 
[INFO] [stdout] 
[INFO] [stdout] error: cannot find derive macro `Module` in this scope
[INFO] [stdout]   --> tests/derive_compiles.rs:75:10
[INFO] [stdout]    |
[INFO] [stdout] 75 | #[derive(Module)]
[INFO] [stdout]    |          ^^^^^^
[INFO] [stdout] 
[INFO] [stdout] 
[INFO] [stdout] error: cannot find attribute `module` in this scope
[INFO] [stdout]   --> tests/derive_compiles.rs:78:7
[INFO] [stdout]    |
[INFO] [stdout] 78 |     #[module(skip)]
[INFO] [stdout]    |       ^^^^^^
[INFO] [stdout] 
[INFO] [stdout] 
[INFO] [stdout] error: cannot find derive macro `Module` in this scope
[INFO] [stdout]   --> tests/derive_compiles.rs:83:10
[INFO] [stdout]    |
[INFO] [stdout] 83 | #[derive(Module)]
[INFO] [stdout]    |          ^^^^^^
[INFO] [stdout] 
[INFO] [stdout] 
[INFO] [stdout] error: cannot find derive macro `Module` in this scope
[INFO] [stdout]   --> tests/derive_compiles.rs:87:10
[INFO] [stdout]    |
[INFO] [stdout] 87 | #[derive(Module)]
[INFO] [stdout]    |          ^^^^^^
[INFO] [stdout] 
[INFO] [stdout] 
[INFO] [stdout] error: cannot find derive macro `Module` in this scope
[INFO] [stdout]   --> tests/derive_compiles.rs:92:10
[INFO] [stdout]    |
[INFO] [stdout] 92 | #[derive(Module)]
[INFO] [stdout]    |          ^^^^^^
[INFO] [stdout] 
[INFO] [stdout] 
[INFO] [stdout] error: cannot find derive macro `Module` in this scope
[INFO] [stdout]   --> tests/derive_compiles.rs:98:10
[INFO] [stdout]    |
[INFO] [stdout] 98 | #[derive(Module)]
[INFO] [stdout]    |          ^^^^^^
[INFO] [stdout] 
[INFO] [stdout] 
[INFO] [stdout] error: cannot find attribute `module` in this scope
[INFO] [stdout]    --> tests/derive_compiles.rs:105:7
[INFO] [stdout]     |
[INFO] [stdout] 105 |     #[module(skip)]
[INFO] [stdout]     |       ^^^^^^
[INFO] [stdout] 
[INFO] [stdout] 
[INFO] [stdout] error[E0433]: cannot find module or crate `rstorch_alias` in this scope
[INFO] [stdout]   --> tests/derive_compiles.rs:26:30
[INFO] [stdout]    |
[INFO] [stdout] 26 |     fn visit(&self, _v: &mut rstorch_alias::nn::Visitor) {}
[INFO] [stdout]    |                              ^^^^^^^^^^^^^ use of unresolved module or unlinked crate `rstorch_alias`
[INFO] [stdout]    |
[INFO] [stdout]    = help: if you wanted to use a crate named `rstorch_alias`, use `cargo add rstorch_alias` to add it to your `Cargo.toml`
[INFO] [stdout] 
[INFO] [stdout] 
[INFO] [stdout] error[E0433]: cannot find module or crate `rstorch_alias` in this scope
[INFO] [stdout]   --> tests/derive_compiles.rs:27:38
[INFO] [stdout]    |
[INFO] [stdout] 27 |     fn visit_mut(&mut self, _v: &mut rstorch_alias::nn::VisitorMut) {}
[INFO] [stdout]    |                                      ^^^^^^^^^^^^^ use of unresolved module or unlinked crate `rstorch_alias`
[INFO] [stdout]    |
[INFO] [stdout]    = help: if you wanted to use a crate named `rstorch_alias`, use `cargo add rstorch_alias` to add it to your `Cargo.toml`
[INFO] [stdout] 
[INFO] [stdout] 
[INFO] [stdout] error[E0405]: cannot find trait `Module` in this scope
[INFO] [stdout]   --> tests/derive_compiles.rs:20:21
[INFO] [stdout]    |
[INFO] [stdout] 20 | fn assert_module<T: Module>() {}
[INFO] [stdout]    |                     ^^^^^^ not found in this scope
[INFO] [stdout] 
[INFO] [stdout] 
[INFO] [stdout] error[E0405]: cannot find trait `Module` in this scope
[INFO] [stdout]   --> tests/derive_compiles.rs:25:6
[INFO] [stdout]    |
[INFO] [stdout] 25 | impl Module for Leaf {
[INFO] [stdout]    |      ^^^^^^ not found in this scope
[INFO] [stdout] 
[INFO] [stdout] 
[INFO] [stdout] error[E0425]: cannot find type `Param` in this scope
[INFO] [stdout]   --> tests/derive_compiles.rs:32:13
[INFO] [stdout]    |
[INFO] [stdout] 32 |     weight: Param,
[INFO] [stdout]    |             ^^^^^ not found in this scope
[INFO] [stdout] 
[INFO] [stdout] 
[INFO] [stdout] error[E0425]: cannot find type `Param` in this scope
[INFO] [stdout]   --> tests/derive_compiles.rs:33:11
[INFO] [stdout]    |
[INFO] [stdout] 33 |     bias: Param,
[INFO] [stdout]    |           ^^^^^ not found in this scope
[INFO] [stdout] 
[INFO] [stdout] 
[INFO] [stdout] error[E0425]: cannot find type `Tensor` in this scope
[INFO] [stdout]   --> tests/derive_compiles.rs:38:19
[INFO] [stdout]    |
[INFO] [stdout] 38 |     running_mean: Tensor,
[INFO] [stdout]    |                   ^^^^^^ not found in this scope
[INFO] [stdout] 
[INFO] [stdout] 
[INFO] [stdout] error[E0425]: cannot find type `Tensor` in this scope
[INFO] [stdout]   --> tests/derive_compiles.rs:39:18
[INFO] [stdout]    |
[INFO] [stdout] 39 |     running_var: Tensor,
[INFO] [stdout]    |                  ^^^^^^ not found in this scope
[INFO] [stdout] 
[INFO] [stdout] 
[INFO] [stdout] error[E0425]: cannot find type `Param` in this scope
[INFO] [stdout]   --> tests/derive_compiles.rs:44:13
[INFO] [stdout]    |
[INFO] [stdout] 44 |     weight: Param,
[INFO] [stdout]    |             ^^^^^ not found in this scope
[INFO] [stdout] 
[INFO] [stdout] 
[INFO] [stdout] error[E0425]: cannot find type `Param` in this scope
[INFO] [stdout]   --> tests/derive_compiles.rs:45:18
[INFO] [stdout]    |
[INFO] [stdout] 45 |     bias: Option<Param>,
[INFO] [stdout]    |                  ^^^^^ not found in this scope
[INFO] [stdout]    |
[INFO] [stdout] help: you might be missing a type parameter
[INFO] [stdout]    |
[INFO] [stdout] 43 | struct WithOptions<Param> {
[INFO] [stdout]    |                   +++++++
[INFO] [stdout] 
[INFO] [stdout] 
[INFO] [stdout] error[E0425]: cannot find type `Tensor` in this scope
[INFO] [stdout]   --> tests/derive_compiles.rs:46:17
[INFO] [stdout]    |
[INFO] [stdout] 46 |     buf: Option<Tensor>,
[INFO] [stdout]    |                 ^^^^^^ not found in this scope
[INFO] [stdout]    |
[INFO] [stdout] help: you might be missing a type parameter
[INFO] [stdout]    |
[INFO] [stdout] 43 | struct WithOptions<Tensor> {
[INFO] [stdout]    |                   ++++++++
[INFO] [stdout] 
[INFO] [stdout] 
[INFO] [stdout] error[E0425]: cannot find type `Param` in this scope
[INFO] [stdout]   --> tests/derive_compiles.rs:63:13
[INFO] [stdout]    |
[INFO] [stdout] 63 |     weight: Param,
[INFO] [stdout]    |             ^^^^^ not found in this scope
[INFO] [stdout] 
[INFO] [stdout] 
[INFO] [stdout] error[E0425]: cannot find type `Param` in this scope
[INFO] [stdout]   --> tests/derive_compiles.rs:77:13
[INFO] [stdout]    |
[INFO] [stdout] 77 |     weight: Param,
[INFO] [stdout]    |             ^^^^^ not found in this scope
[INFO] [stdout] 
[INFO] [stdout] 
[INFO] [stdout] error[E0425]: cannot find type `Param` in this scope
[INFO] [stdout]   --> tests/derive_compiles.rs:84:20
[INFO] [stdout]    |
[INFO] [stdout] 84 | struct TupleModule(Param, Tensor, Leaf);
[INFO] [stdout]    |                    ^^^^^ not found in this scope
[INFO] [stdout] 
[INFO] [stdout] 
[INFO] [stdout] error[E0425]: cannot find type `Tensor` in this scope
[INFO] [stdout]   --> tests/derive_compiles.rs:84:27
[INFO] [stdout]    |
[INFO] [stdout] 84 | struct TupleModule(Param, Tensor, Leaf);
[INFO] [stdout]    |                           ^^^^^^ not found in this scope
[INFO] [stdout] 
[INFO] [stdout] 
[INFO] [stdout] error[E0405]: cannot find trait `Module` in this scope
[INFO] [stdout]   --> tests/derive_compiles.rs:93:19
[INFO] [stdout]    |
[INFO] [stdout] 93 | struct Generic<M: Module> {
[INFO] [stdout]    |                   ^^^^^^ not found in this scope
[INFO] [stdout] 
[INFO] [stdout] 
[INFO] [stdout] error[E0425]: cannot find type `Param` in this scope
[INFO] [stdout]    --> tests/derive_compiles.rs:100:13
[INFO] [stdout]     |
[INFO] [stdout] 100 |     weight: Param,
[INFO] [stdout]     |             ^^^^^ not found in this scope
[INFO] [stdout] 
[INFO] [stdout] 
[INFO] [stdout] error[E0425]: cannot find type `Param` in this scope
[INFO] [stdout]    --> tests/derive_compiles.rs:101:18
[INFO] [stdout]     |
[INFO] [stdout] 101 |     bias: Option<Param>,
[INFO] [stdout]     |                  ^^^^^ not found in this scope
[INFO] [stdout]     |
[INFO] [stdout] help: you might be missing a type parameter
[INFO] [stdout]     |
[INFO] [stdout]  99 | struct Composite<Param> {
[INFO] [stdout]     |                 +++++++
[INFO] [stdout] 
[INFO] [stdout] 
[INFO] [stdout] error[E0425]: cannot find type `Tensor` in this scope
[INFO] [stdout]    --> tests/derive_compiles.rs:102:19
[INFO] [stdout]     |
[INFO] [stdout] 102 |     running_mean: Tensor,
[INFO] [stdout]     |                   ^^^^^^ not found in this scope
[INFO] [stdout] 
[INFO] [stdout] 
[INFO] [stdout] Some errors have detailed explanations: E0405, E0425, E0433.
[INFO] [stdout] 
[INFO] [stdout] For more information about an error, try `rustc --explain E0405`.
[INFO] [stdout] 
[INFO] [stderr] error: could not compile `rstorch-derive` (test "derive_compiles") due to 33 previous errors
[INFO] running `Command { std: "docker" "inspect" "966de0d06dec4a53878babee4b6d5b6326de50add2848ab26cadf8111b4fc12c", kill_on_drop: false }`
[INFO] running `Command { std: "docker" "rm" "-f" "966de0d06dec4a53878babee4b6d5b6326de50add2848ab26cadf8111b4fc12c", kill_on_drop: false }`
[INFO] [stdout] 966de0d06dec4a53878babee4b6d5b6326de50add2848ab26cadf8111b4fc12c
