[INFO] fetching crate rsl-interpolation 0.1.19...
[INFO] testing rsl-interpolation-0.1.19 against 1.99.0-beta.8+cargoflags=--release for beta-release-1.100-2
[INFO] extracting crate rsl-interpolation 0.1.19 into /workspace/builds/worker-1-tc1/source
[INFO] started tweaking crates.io crate rsl-interpolation 0.1.19
[INFO] removed 0 missing tests
[INFO] finished tweaking crates.io crate rsl-interpolation 0.1.19
[INFO] tweaked toml for crates.io crate rsl-interpolation 0.1.19 written to /workspace/builds/worker-1-tc1/source/Cargo.toml
[INFO] validating manifest of crates.io crate rsl-interpolation 0.1.19 on toolchain 1.99.0-beta.8
[INFO] running `Command { std: CARGO_HOME="/workspace/cargo-home" RUSTUP_HOME="/workspace/rustup-home" "/workspace/cargo-home/bin/cargo" "+1.99.0-beta.8" "metadata" "--manifest-path" "Cargo.toml" "--no-deps", kill_on_drop: false }`
[INFO] crate crates.io crate rsl-interpolation 0.1.19 already has a lockfile, it will not be regenerated
[INFO] running `Command { std: CARGO_HOME="/workspace/cargo-home" RUSTUP_HOME="/workspace/rustup-home" "/workspace/cargo-home/bin/cargo" "+1.99.0-beta.8" "fetch" "--manifest-path" "Cargo.toml", kill_on_drop: false }`
[INFO] [stderr] warning: Cargo.toml: `lints.rust.nonstandard-style` is deprecated in favor of `lints.rust.nonstandard_style` and will not work in a future edition
[INFO] [stderr] warning: `rsl-interpolation` (manifest) generated 1 warning
[INFO] [stderr]     Updating crates.io index
[INFO] [stderr]  Downloading crates ...
[INFO] [stderr]   Downloaded cblas-sys v0.1.4
[INFO] [stderr]   Downloaded ndarray-linalg v0.18.1
[INFO] [stderr]   Downloaded openblas-src v0.10.16
[INFO] [stderr]   Downloaded katexit v0.1.5
[INFO] [stderr]   Downloaded lax v0.18.1
[INFO] [stderr]   Downloaded openblas-build v0.10.16
[INFO] [stderr]   Downloaded cauchy v0.4.0
[INFO] [stderr]   Downloaded ureq-proto v0.6.1
[INFO] [stderr]   Downloaded oci-spec v0.6.8
[INFO] [stderr]   Downloaded ureq v3.4.0
[INFO] [stderr]   Downloaded clap v4.6.6
[INFO] [stderr]   Downloaded regex v1.10.6
[INFO] [stderr]   Downloaded clap_builder v4.6.6
[INFO] [stderr]   Downloaded netlib-src v0.9.0
[INFO] [stderr]   Downloaded lapack-sys v0.15.0
[INFO] running `Command { std: "docker" "create" "-v" "/var/lib/crater-agent-workspace/builds/worker-1-tc1/source:/opt/rustwide/workdir:ro,Z" "-v" "/var/lib/crater-agent-workspace/builds/worker-1-tc1/target:/opt/rustwide/target:rw,Z" "-v" "/var/lib/crater-agent-workspace/cargo-home:/opt/rustwide/cargo-home:ro,Z" "-v" "/var/lib/crater-agent-workspace/rustup-home:/opt/rustwide/rustup-home:ro,Z" "-m" "1610612736" "--network" "none" "ghcr.io/rust-lang/crates-build-env/linux@sha256:77db811e55d90add9212f6832c23229e3de5f1c1f9905e8cb07319ea15df73ac" "sleep" "infinity", kill_on_drop: false }`
[INFO] [stdout] 0912f36640c8145f4b0fc3b04491f82061cf642b921dfb32259c6d3fe8e1a998
[INFO] running `Command { std: "docker" "start" "0912f36640c8145f4b0fc3b04491f82061cf642b921dfb32259c6d3fe8e1a998", kill_on_drop: false }`
[INFO] running `Command { std: "docker" "inspect" "0912f36640c8145f4b0fc3b04491f82061cf642b921dfb32259c6d3fe8e1a998", kill_on_drop: false }`
[INFO] running `Command { std: "docker" "exec" "-e" "SOURCE_DIR=/opt/rustwide/workdir" "-e" "CARGO_HOME=/opt/rustwide/cargo-home" "-e" "RUSTUP_HOME=/opt/rustwide/rustup-home" "-e" "CARGO_TARGET_DIR=/opt/rustwide/target" "-w" "/opt/rustwide/workdir" "--user" "0:0" "0912f36640c8145f4b0fc3b04491f82061cf642b921dfb32259c6d3fe8e1a998" "/opt/rustwide/cargo-home/bin/cargo" "+1.99.0-beta.8" "metadata" "--no-deps" "--format-version=1", kill_on_drop: false }`
[INFO] running `Command { std: "docker" "inspect" "0912f36640c8145f4b0fc3b04491f82061cf642b921dfb32259c6d3fe8e1a998", kill_on_drop: false }`
[INFO] running `Command { std: "docker" "exec" "-e" "SOURCE_DIR=/opt/rustwide/workdir" "-e" "CARGO_HOME=/opt/rustwide/cargo-home" "-e" "RUSTUP_HOME=/opt/rustwide/rustup-home" "-e" "CARGO_TARGET_DIR=/opt/rustwide/target" "-e" "CARGO_INCREMENTAL=0" "-e" "RUST_BACKTRACE=full" "-e" "RUSTFLAGS=--cap-lints=warn" "-e" "RUSTDOCFLAGS=--cap-lints=warn" "-w" "/opt/rustwide/workdir" "--user" "0:0" "0912f36640c8145f4b0fc3b04491f82061cf642b921dfb32259c6d3fe8e1a998" "/opt/rustwide/cargo-home/bin/cargo" "+1.99.0-beta.8" "build" "--frozen" "--message-format=json" "--release", kill_on_drop: false }`
[INFO] [stderr] warning: Cargo.toml: `lints.rust.nonstandard-style` is deprecated in favor of `lints.rust.nonstandard_style` and will not work in a future edition
[INFO] [stderr] warning: `rsl-interpolation` (manifest) generated 1 warning
[INFO] [stderr]    Compiling libc v0.2.189
[INFO] [stderr]    Compiling zerocopy v0.8.56
[INFO] [stderr]    Compiling serde_core v1.0.229
[INFO] [stderr]    Compiling num-traits v0.2.19
[INFO] [stderr]    Compiling matrixmultiply v0.3.11
[INFO] [stderr]    Compiling rawpointer v0.2.1
[INFO] [stderr]    Compiling syn v2.0.119
[INFO] [stderr]    Compiling approx v0.5.1
[INFO] [stderr]    Compiling num-integer v0.1.47
[INFO] [stderr]    Compiling getrandom v0.2.17
[INFO] [stderr]    Compiling cblas-sys v0.1.4
[INFO] [stderr]    Compiling lapack-sys v0.15.0
[INFO] [stderr]    Compiling rand_core v0.6.4
[INFO] [stderr]    Compiling serde v1.0.229
[INFO] [stderr]    Compiling katexit v0.1.5
[INFO] [stderr]    Compiling ppv-lite86 v0.2.21
[INFO] [stderr]    Compiling rand_chacha v0.3.1
[INFO] [stderr]    Compiling rand v0.8.8
[INFO] [stderr]    Compiling num-complex v0.4.6
[INFO] [stderr]    Compiling cauchy v0.4.0
[INFO] [stderr]    Compiling ndarray v0.17.2
[INFO] [stderr]    Compiling lax v0.18.1
[INFO] [stderr]    Compiling ndarray-linalg v0.18.1
[INFO] [stderr]    Compiling rsl-interpolation v0.1.19 (/opt/rustwide/workdir)
[INFO] [stdout] error: linking with `cc` failed: exit status: 1
[INFO] [stdout]   |
[INFO] [stdout]   = note:  "cc" "-m64" "/opt/rustwide/target/release/deps/rustcENTj4E/symbols.o" "<2 object files omitted>" "-Wl,--as-needed" "-Wl,-Bstatic" "/opt/rustwide/target/release/deps/{librsl_interpolation-afa71dcb761813a4,libndarray_linalg-94887371b67f8889,liblax-29ea25c8f9db4fde,liblapack_sys-307282f44224c341,libthiserror-a7d1fd42444b0641,libcauchy-1ab5f17f4b01c342,libndarray-96461a95f565e34c,libmatrixmultiply-8716246a8352628b,libapprox-125520d5c7455bf3,libnum_complex-70bebeddef05ce6f,libserde-7048e06194ec431f,libserde_core-2831f2261da3e922,librand-005fb41617ba1b0a,librand_chacha-2ab850f121a6958a,libppv_lite86-63edd6f2e26e72a2,libzerocopy-6ede9b76069575b1,librand_core-3cd15686b35d848b,libgetrandom-8ac55e05f88309f8,libcfg_if-6d8dca19095bb388,libnum_integer-55382eb03f7a097a,libnum_traits-e3a070e9a3cdac24,librawpointer-e637704b8109ab79,libcblas_sys-f9df51df3e57bbac,liblibc-a0996e9cad7bedd7}.rlib" "<sysroot>/lib/rustlib/x86_64-unknown-linux-gnu/lib/{libstd-*,libpanic_unwind-*,libobject-*,libmemchr-*,libaddr2line-*,libgimli-*,libcfg_if-*,librustc_demangle-*,libstd_detect-*,libhashbrown-*,librustc_std_workspace_alloc-*,libminiz_oxide-*,libadler2-*,libunwind-*,liblibc-*,librustc_std_workspace_core-*,liballoc-*,libcore-*,libcompiler_builtins-*}.rlib" "-Wl,-Bdynamic" "-lgcc_s" "-lutil" "-lrt" "-lpthread" "-lm" "-ldl" "-lc" "-L" "/opt/rustwide/target/release/deps/rustcENTj4E/raw-dylibs" "-B<sysroot>/lib/rustlib/x86_64-unknown-linux-gnu/bin/gcc-ld" "-fuse-ld=lld" "-Wl,--eh-frame-hdr" "-Wl,-z,noexecstack" "-L" "<sysroot>/lib/rustlib/x86_64-unknown-linux-gnu/lib" "-o" "/opt/rustwide/target/release/deps/accelerator2d-d7fae71e5935290f" "-Wl,--gc-sections" "-pie" "-Wl,-z,relro,-z,now" "-Wl,-O1" "-Wl,--strip-debug" "-nodefaultlibs"
[INFO] [stdout]   = note: some arguments are omitted. use `--verbose` to show all linker arguments
[INFO] [stdout]   = note: rust-lld: error: undefined symbol: dgttrf_
[INFO] [stdout]           >>> referenced by lax.a13ee5d84d61c0a8-cgu.01
[INFO] [stdout]           >>>               lax-29ea25c8f9db4fde.lax.a13ee5d84d61c0a8-cgu.01.rcgu.o:(<lax::tridiagonal::lu::LuTridiagonalWork<f64> as lax::tridiagonal::lu::LuTridiagonalWorkImpl>::eval) in archive /opt/rustwide/target/release/deps/liblax-29ea25c8f9db4fde.rlib
[INFO] [stdout]           
[INFO] [stdout]           rust-lld: error: undefined symbol: dgttrs_
[INFO] [stdout]           >>> referenced by lax.a13ee5d84d61c0a8-cgu.04
[INFO] [stdout]           >>>               lax-29ea25c8f9db4fde.lax.a13ee5d84d61c0a8-cgu.04.rcgu.o:(<f64 as lax::tridiagonal::solve::SolveTridiagonalImpl>::solve_tridiagonal) in archive /opt/rustwide/target/release/deps/liblax-29ea25c8f9db4fde.rlib
[INFO] [stdout]           collect2: error: ld returned 1 exit status
[INFO] [stdout]           
[INFO] [stdout] 
[INFO] [stdout] 
[INFO] [stderr] error: could not compile `rsl-interpolation` (bin "accelerator2d") due to 1 previous error
[INFO] [stderr] warning: build failed, waiting for other jobs to finish...
[INFO] [stdout] error: linking with `cc` failed: exit status: 1
[INFO] [stdout]   |
[INFO] [stdout]   = note:  "cc" "-m64" "/opt/rustwide/target/release/deps/rustc0U6s9D/symbols.o" "<2 object files omitted>" "-Wl,--as-needed" "-Wl,-Bstatic" "/opt/rustwide/target/release/deps/{librsl_interpolation-afa71dcb761813a4,libndarray_linalg-94887371b67f8889,liblax-29ea25c8f9db4fde,liblapack_sys-307282f44224c341,libthiserror-a7d1fd42444b0641,libcauchy-1ab5f17f4b01c342,libndarray-96461a95f565e34c,libmatrixmultiply-8716246a8352628b,libapprox-125520d5c7455bf3,libnum_complex-70bebeddef05ce6f,libserde-7048e06194ec431f,libserde_core-2831f2261da3e922,librand-005fb41617ba1b0a,librand_chacha-2ab850f121a6958a,libppv_lite86-63edd6f2e26e72a2,libzerocopy-6ede9b76069575b1,librand_core-3cd15686b35d848b,libgetrandom-8ac55e05f88309f8,libcfg_if-6d8dca19095bb388,libnum_integer-55382eb03f7a097a,libnum_traits-e3a070e9a3cdac24,librawpointer-e637704b8109ab79,libcblas_sys-f9df51df3e57bbac,liblibc-a0996e9cad7bedd7}.rlib" "<sysroot>/lib/rustlib/x86_64-unknown-linux-gnu/lib/{libstd-*,libpanic_unwind-*,libobject-*,libmemchr-*,libaddr2line-*,libgimli-*,libcfg_if-*,librustc_demangle-*,libstd_detect-*,libhashbrown-*,librustc_std_workspace_alloc-*,libminiz_oxide-*,libadler2-*,libunwind-*,liblibc-*,librustc_std_workspace_core-*,liballoc-*,libcore-*,libcompiler_builtins-*}.rlib" "-Wl,-Bdynamic" "-lgcc_s" "-lutil" "-lrt" "-lpthread" "-lm" "-ldl" "-lc" "-L" "/opt/rustwide/target/release/deps/rustc0U6s9D/raw-dylibs" "-B<sysroot>/lib/rustlib/x86_64-unknown-linux-gnu/bin/gcc-ld" "-fuse-ld=lld" "-Wl,--eh-frame-hdr" "-Wl,-z,noexecstack" "-L" "<sysroot>/lib/rustlib/x86_64-unknown-linux-gnu/lib" "-o" "/opt/rustwide/target/release/deps/accelerator-07e91038613fb8c5" "-Wl,--gc-sections" "-pie" "-Wl,-z,relro,-z,now" "-Wl,-O1" "-Wl,--strip-debug" "-nodefaultlibs"
[INFO] [stdout]   = note: some arguments are omitted. use `--verbose` to show all linker arguments
[INFO] [stdout]   = note: rust-lld: error: undefined symbol: dgttrs_
[INFO] [stdout]           >>> referenced by lax.a13ee5d84d61c0a8-cgu.04
[INFO] [stdout]           >>>               lax-29ea25c8f9db4fde.lax.a13ee5d84d61c0a8-cgu.04.rcgu.o:(<f64 as lax::tridiagonal::solve::SolveTridiagonalImpl>::solve_tridiagonal) in archive /opt/rustwide/target/release/deps/liblax-29ea25c8f9db4fde.rlib
[INFO] [stdout]           
[INFO] [stdout]           rust-lld: error: undefined symbol: dgttrf_
[INFO] [stdout]           >>> referenced by lax.a13ee5d84d61c0a8-cgu.01
[INFO] [stdout]           >>>               lax-29ea25c8f9db4fde.lax.a13ee5d84d61c0a8-cgu.01.rcgu.o:(<lax::tridiagonal::lu::LuTridiagonalWork<f64> as lax::tridiagonal::lu::LuTridiagonalWorkImpl>::eval) in archive /opt/rustwide/target/release/deps/liblax-29ea25c8f9db4fde.rlib
[INFO] [stdout]           collect2: error: ld returned 1 exit status
[INFO] [stdout]           
[INFO] [stdout] 
[INFO] [stdout] 
[INFO] [stderr] error: could not compile `rsl-interpolation` (bin "accelerator") due to 1 previous error
[INFO] running `Command { std: "docker" "inspect" "0912f36640c8145f4b0fc3b04491f82061cf642b921dfb32259c6d3fe8e1a998", kill_on_drop: false }`
[INFO] running `Command { std: "docker" "rm" "-f" "0912f36640c8145f4b0fc3b04491f82061cf642b921dfb32259c6d3fe8e1a998", kill_on_drop: false }`
[INFO] [stdout] 0912f36640c8145f4b0fc3b04491f82061cf642b921dfb32259c6d3fe8e1a998
