[INFO] fetching crate rsiot-plc 0.0.71...
[INFO] testing rsiot-plc-0.0.71 against 1.99.0-beta.8+cargoflags=--release for beta-release-1.100-2
[INFO] extracting crate rsiot-plc 0.0.71 into /workspace/builds/worker-2-tc1/source
[INFO] started tweaking crates.io crate rsiot-plc 0.0.71
[INFO] finished tweaking crates.io crate rsiot-plc 0.0.71
[INFO] tweaked toml for crates.io crate rsiot-plc 0.0.71 written to /workspace/builds/worker-2-tc1/source/Cargo.toml
[INFO] validating manifest of crates.io crate rsiot-plc 0.0.71 on toolchain 1.99.0-beta.8
[INFO] running `Command { std: CARGO_HOME="/workspace/cargo-home" RUSTUP_HOME="/workspace/rustup-home" "/workspace/cargo-home/bin/cargo" "+1.99.0-beta.8" "metadata" "--manifest-path" "Cargo.toml" "--no-deps", kill_on_drop: false }`
[INFO] crate crates.io crate rsiot-plc 0.0.71 already has a lockfile, it will not be regenerated
[INFO] running `Command { std: CARGO_HOME="/workspace/cargo-home" RUSTUP_HOME="/workspace/rustup-home" "/workspace/cargo-home/bin/cargo" "+1.99.0-beta.8" "fetch" "--manifest-path" "Cargo.toml", kill_on_drop: false }`
[INFO] [stderr]     Updating crates.io index
[INFO] [stderr]  Downloading crates ...
[INFO] [stderr]   Downloaded once_cell v1.19.0
[INFO] [stderr]   Downloaded itoa v1.0.10
[INFO] [stderr]   Downloaded proc-macro-crate v1.3.1
[INFO] [stderr]   Downloaded quote v1.0.35
[INFO] [stderr]   Downloaded tracing v0.1.40
[INFO] [stderr]   Downloaded gloo-utils v0.2.0
[INFO] [stderr]   Downloaded tracing-core v0.1.32
[INFO] [stderr]   Downloaded iana-time-zone v0.1.60
[INFO] [stderr]   Downloaded futures-executor v0.3.30
[INFO] [stderr]   Downloaded tokio-macros v2.2.0
[INFO] [stderr]   Downloaded thiserror-impl v1.0.57
[INFO] [stderr]   Downloaded pin-project-internal v1.1.5
[INFO] [stderr]   Downloaded num_cpus v1.16.0
[INFO] [stderr]   Downloaded hermit-abi v0.3.9
[INFO] [stderr]   Downloaded rustc-demangle v0.1.23
[INFO] [stderr]   Downloaded rsiot-messages-core v0.0.70
[INFO] [stderr]   Downloaded uuid v1.7.0
[INFO] [stderr]   Downloaded futures-macro v0.3.30
[INFO] [stderr]   Downloaded tracing-attributes v0.1.27
[INFO] [stderr]   Downloaded log v0.4.21
[INFO] [stderr]   Downloaded gloo-worker v0.5.0
[INFO] [stderr]   Downloaded rsiot-macros v0.0.64
[INFO] [stderr]   Downloaded gloo-history v0.2.2
[INFO] [stderr]   Downloaded gloo-events v0.2.0
[INFO] [stderr]   Downloaded gloo-console v0.3.0
[INFO] [stderr]   Downloaded thiserror v1.0.57
[INFO] [stderr]   Downloaded wasm-bindgen-macro v0.2.92
[INFO] [stderr]   Downloaded wasm-bindgen-shared v0.2.92
[INFO] [stderr]   Downloaded rsiot-component-core v0.0.71
[INFO] [stderr]   Downloaded futures-sink v0.3.30
[INFO] [stderr]   Downloaded wasm-bindgen-futures v0.4.42
[INFO] [stderr]   Downloaded pinned v0.1.0
[INFO] [stderr]   Downloaded gloo-worker-macros v0.1.0
[INFO] [stderr]   Downloaded toml_datetime v0.6.5
[INFO] [stderr]   Downloaded gloo-render v0.2.0
[INFO] [stderr]   Downloaded gloo-dialogs v0.2.0
[INFO] [stderr]   Downloaded gloo-storage v0.3.0
[INFO] [stderr]   Downloaded miniz_oxide v0.7.2
[INFO] [stderr]   Downloaded windows-targets v0.52.4
[INFO] [stderr]   Downloaded gloo-file v0.3.0
[INFO] [stderr]   Downloaded futures-core v0.3.30
[INFO] [stderr]   Downloaded gloo-net v0.5.0
[INFO] [stderr]   Downloaded wasm-bindgen-backend v0.2.92
[INFO] [stderr]   Downloaded addr2line v0.21.0
[INFO] [stderr]   Downloaded serde_derive v1.0.197
[INFO] [stderr]   Downloaded futures-task v0.3.30
[INFO] [stderr]   Downloaded futures-io v0.3.30
[INFO] [stderr]   Downloaded futures-channel v0.3.30
[INFO] [stderr]   Downloaded async-trait v0.1.77
[INFO] [stderr]   Downloaded rustversion v1.0.14
[INFO] [stderr]   Downloaded serde-wasm-bindgen v0.6.5
[INFO] [stderr]   Downloaded proc-macro2 v1.0.78
[INFO] [stderr]   Downloaded backtrace v0.3.69
[INFO] [stderr]   Downloaded memchr v2.7.1
[INFO] [stderr]   Downloaded ryu v1.0.17
[INFO] [stderr]   Downloaded core-foundation-sys v0.8.6
[INFO] [stderr]   Downloaded pin-project v1.1.5
[INFO] [stderr]   Downloaded bytes v1.5.0
[INFO] [stderr]   Downloaded cc v1.0.90
[INFO] [stderr]   Downloaded serde v1.0.197
[INFO] [stderr]   Downloaded getrandom v0.2.12
[INFO] [stderr]   Downloaded wasm-bindgen-macro-support v0.2.92
[INFO] [stderr]   Downloaded num-traits v0.2.18
[INFO] [stderr]   Downloaded futures v0.3.30
[INFO] [stderr]   Downloaded indexmap v2.2.5
[INFO] [stderr]   Downloaded js-sys v0.3.69
[INFO] [stderr]   Downloaded toml_edit v0.19.15
[INFO] [stderr]   Downloaded bumpalo v3.15.3
[INFO] [stderr]   Downloaded http v0.2.12
[INFO] [stderr]   Downloaded hashbrown v0.14.3
[INFO] [stderr]   Downloaded serde_json v1.0.114
[INFO] [stderr]   Downloaded futures-util v0.3.30
[INFO] [stderr]   Downloaded winnow v0.5.40
[INFO] [stderr]   Downloaded syn v2.0.52
[INFO] [stderr]   Downloaded wasm-bindgen v0.2.92
[INFO] [stderr]   Downloaded gimli v0.28.1
[INFO] [stderr]   Downloaded object v0.32.2
[INFO] [stderr]   Downloaded chrono v0.4.35
[INFO] [stderr]   Downloaded gloo v0.11.0
[INFO] [stderr]   Downloaded windows_aarch64_gnullvm v0.52.4
[INFO] [stderr]   Downloaded windows_x86_64_gnullvm v0.52.4
[INFO] [stderr]   Downloaded libc v0.2.153
[INFO] [stderr]   Downloaded web-sys v0.3.69
[INFO] [stderr]   Downloaded tokio v1.36.0
[INFO] [stderr]   Downloaded windows_aarch64_msvc v0.52.4
[INFO] [stderr]   Downloaded windows_x86_64_gnu v0.52.4
[INFO] [stderr]   Downloaded windows_x86_64_msvc v0.52.4
[INFO] [stderr]   Downloaded windows_i686_gnu v0.52.4
[INFO] [stderr]   Downloaded windows_i686_msvc v0.52.4
[INFO] running `Command { std: "docker" "create" "-v" "/var/lib/crater-agent-workspace/builds/worker-2-tc1/source:/opt/rustwide/workdir:ro,Z" "-v" "/var/lib/crater-agent-workspace/builds/worker-2-tc1/target:/opt/rustwide/target:rw,Z" "-v" "/var/lib/crater-agent-workspace/cargo-home:/opt/rustwide/cargo-home:ro,Z" "-v" "/var/lib/crater-agent-workspace/rustup-home:/opt/rustwide/rustup-home:ro,Z" "-m" "1610612736" "--network" "none" "ghcr.io/rust-lang/crates-build-env/linux@sha256:77db811e55d90add9212f6832c23229e3de5f1c1f9905e8cb07319ea15df73ac" "sleep" "infinity", kill_on_drop: false }`
[INFO] [stdout] 71b02d37cdd62c366926190099f62440988cdf4ed4c7ce417f8a433401999ff8
[INFO] running `Command { std: "docker" "start" "71b02d37cdd62c366926190099f62440988cdf4ed4c7ce417f8a433401999ff8", kill_on_drop: false }`
[INFO] running `Command { std: "docker" "inspect" "71b02d37cdd62c366926190099f62440988cdf4ed4c7ce417f8a433401999ff8", kill_on_drop: false }`
[INFO] running `Command { std: "docker" "exec" "-e" "SOURCE_DIR=/opt/rustwide/workdir" "-e" "CARGO_HOME=/opt/rustwide/cargo-home" "-e" "RUSTUP_HOME=/opt/rustwide/rustup-home" "-e" "CARGO_TARGET_DIR=/opt/rustwide/target" "-w" "/opt/rustwide/workdir" "--user" "0:0" "71b02d37cdd62c366926190099f62440988cdf4ed4c7ce417f8a433401999ff8" "/opt/rustwide/cargo-home/bin/cargo" "+1.99.0-beta.8" "metadata" "--no-deps" "--format-version=1", kill_on_drop: false }`
[INFO] running `Command { std: "docker" "inspect" "71b02d37cdd62c366926190099f62440988cdf4ed4c7ce417f8a433401999ff8", kill_on_drop: false }`
[INFO] running `Command { std: "docker" "exec" "-e" "SOURCE_DIR=/opt/rustwide/workdir" "-e" "CARGO_HOME=/opt/rustwide/cargo-home" "-e" "RUSTUP_HOME=/opt/rustwide/rustup-home" "-e" "CARGO_TARGET_DIR=/opt/rustwide/target" "-e" "CARGO_INCREMENTAL=0" "-e" "RUST_BACKTRACE=full" "-e" "RUSTFLAGS=--cap-lints=warn" "-e" "RUSTDOCFLAGS=--cap-lints=warn" "-w" "/opt/rustwide/workdir" "--user" "0:0" "71b02d37cdd62c366926190099f62440988cdf4ed4c7ce417f8a433401999ff8" "/opt/rustwide/cargo-home/bin/cargo" "+1.99.0-beta.8" "build" "--frozen" "--message-format=json" "--release", kill_on_drop: false }`
[INFO] [stderr]    Compiling proc-macro2 v1.0.78
[INFO] [stderr]    Compiling unicode-ident v1.0.12
[INFO] [stderr]    Compiling autocfg v1.1.0
[INFO] [stderr]    Compiling version_check v0.9.4
[INFO] [stderr]    Compiling serde v1.0.197
[INFO] [stderr]    Compiling pin-project-lite v0.2.13
[INFO] [stderr]    Compiling syn v1.0.109
[INFO] [stderr]    Compiling libc v0.2.153
[INFO] [stderr]    Compiling futures-core v0.3.30
[INFO] [stderr]    Compiling futures-sink v0.3.30
[INFO] [stderr]    Compiling pin-utils v0.1.0
[INFO] [stderr]    Compiling memchr v2.7.1
[INFO] [stderr]    Compiling futures-io v0.3.30
[INFO] [stderr]    Compiling futures-task v0.3.30
[INFO] [stderr]    Compiling thiserror v1.0.57
[INFO] [stderr]    Compiling iana-time-zone v0.1.60
[INFO] [stderr]    Compiling once_cell v1.19.0
[INFO] [stderr]    Compiling async-trait v0.1.77
[INFO] [stderr]    Compiling log v0.4.21
[INFO] [stderr]    Compiling futures-channel v0.3.30
[INFO] [stderr]    Compiling serde_json v1.0.114
[INFO] [stderr]    Compiling ryu v1.0.17
[INFO] [stderr]    Compiling itoa v1.0.10
[INFO] [stderr]    Compiling instant v0.1.12
[INFO] [stderr]    Compiling proc-macro-error-attr v1.0.4
[INFO] [stderr]    Compiling proc-macro-error v1.0.4
[INFO] [stderr]    Compiling slab v0.4.9
[INFO] [stderr]    Compiling num-traits v0.2.18
[INFO] [stderr]    Compiling tracing-core v0.1.32
[INFO] [stderr]    Compiling quote v1.0.35
[INFO] [stderr]    Compiling syn v2.0.52
[INFO] [stderr]    Compiling getrandom v0.2.12
[INFO] [stderr]    Compiling serde_derive v1.0.197
[INFO] [stderr]    Compiling futures-macro v0.3.30
[INFO] [stderr]    Compiling thiserror-impl v1.0.57
[INFO] [stderr]    Compiling tokio-macros v2.2.0
[INFO] [stderr]    Compiling tracing-attributes v0.1.27
[INFO] [stderr]    Compiling rsiot-macros v0.0.64
[INFO] [stderr]    Compiling tokio v1.36.0
[INFO] [stderr]    Compiling futures-util v0.3.30
[INFO] [stderr]    Compiling tracing v0.1.40
[INFO] [stderr]    Compiling futures-executor v0.3.30
[INFO] [stderr]    Compiling futures v0.3.30
[INFO] [stderr]    Compiling uuid v1.7.0
[INFO] [stderr]    Compiling chrono v0.4.35
[INFO] [stderr]    Compiling rsiot-messages-core v0.0.70
[INFO] [stderr]    Compiling rsiot-component-core v0.0.71
[INFO] [stderr]    Compiling rsiot-plc v0.0.71 (/opt/rustwide/workdir)
[INFO] [stderr]     Finished `release` profile [optimized] target(s) in 28.39s
[INFO] running `Command { std: "docker" "inspect" "71b02d37cdd62c366926190099f62440988cdf4ed4c7ce417f8a433401999ff8", kill_on_drop: false }`
[INFO] running `Command { std: "docker" "exec" "-e" "SOURCE_DIR=/opt/rustwide/workdir" "-e" "CARGO_HOME=/opt/rustwide/cargo-home" "-e" "RUSTUP_HOME=/opt/rustwide/rustup-home" "-e" "CARGO_TARGET_DIR=/opt/rustwide/target" "-e" "CARGO_INCREMENTAL=0" "-e" "RUST_BACKTRACE=full" "-e" "RUSTFLAGS=--cap-lints=warn" "-e" "RUSTDOCFLAGS=--cap-lints=warn" "-w" "/opt/rustwide/workdir" "--user" "0:0" "71b02d37cdd62c366926190099f62440988cdf4ed4c7ce417f8a433401999ff8" "/opt/rustwide/cargo-home/bin/cargo" "+1.99.0-beta.8" "test" "--frozen" "--no-run" "--message-format=json" "--release", kill_on_drop: false }`
[INFO] [stderr]    Compiling libc v0.2.153
[INFO] [stderr]    Compiling getrandom v0.2.12
[INFO] [stderr]    Compiling num_cpus v1.16.0
[INFO] [stderr]    Compiling uuid v1.7.0
[INFO] [stderr]    Compiling tokio v1.36.0
[INFO] [stderr]    Compiling rsiot-messages-core v0.0.70
[INFO] [stderr]    Compiling rsiot-component-core v0.0.71
[INFO] [stderr]    Compiling rsiot-plc v0.0.71 (/opt/rustwide/workdir)
[INFO] [stdout] error[E0432]: unresolved import `rsiot_extra_components`
[INFO] [stdout]   --> examples/plc-multi-thread/main.rs:22:9
[INFO] [stdout]    |
[INFO] [stdout] 22 |     use rsiot_extra_components::cmp_logger;
[INFO] [stdout]    |         ^^^^^^^^^^^^^^^^^^^^^^ use of unresolved module or unlinked crate `rsiot_extra_components`
[INFO] [stdout]    |
[INFO] [stdout]    = help: if you wanted to use a crate named `rsiot_extra_components`, use `cargo add rsiot_extra_components` to add it to your `Cargo.toml`
[INFO] [stdout] 
[INFO] [stdout] 
[INFO] [stdout] error[E0433]: cannot find module or crate `tracing_subscriber` in this scope
[INFO] [stdout]   --> examples/plc-multi-thread/main.rs:28:5
[INFO] [stdout]    |
[INFO] [stdout] 28 |     tracing_subscriber::fmt().init();
[INFO] [stdout]    |     ^^^^^^^^^^^^^^^^^^ use of unresolved module or unlinked crate `tracing_subscriber`
[INFO] [stdout]    |
[INFO] [stdout]    = help: if you wanted to use a crate named `tracing_subscriber`, use `cargo add tracing_subscriber` to add it to your `Cargo.toml`
[INFO] [stdout] 
[INFO] [stdout] 
[INFO] [stdout] error[E0433]: cannot find module or crate `anyhow` in this scope
[INFO] [stdout]   --> examples/plc-multi-thread/main.rs:16:20
[INFO] [stdout]    |
[INFO] [stdout] 16 | async fn main() -> anyhow::Result<()> {
[INFO] [stdout]    |                    ^^^^^^ use of unresolved module or unlinked crate `anyhow`
[INFO] [stdout]    |
[INFO] [stdout]    = help: if you wanted to use a crate named `anyhow`, use `cargo add anyhow` to add it to your `Cargo.toml`
[INFO] [stdout] 
[INFO] [stdout] 
[INFO] [stdout] Some errors have detailed explanations: E0432, E0433.
[INFO] [stdout] 
[INFO] [stdout] For more information about an error, try `rustc --explain E0432`.
[INFO] [stdout] 
[INFO] [stderr] error: could not compile `rsiot-plc` (example "plc-multi-thread") due to 3 previous errors
[INFO] [stderr] warning: build failed, waiting for other jobs to finish...
[INFO] running `Command { std: "docker" "inspect" "71b02d37cdd62c366926190099f62440988cdf4ed4c7ce417f8a433401999ff8", kill_on_drop: false }`
[INFO] running `Command { std: "docker" "rm" "-f" "71b02d37cdd62c366926190099f62440988cdf4ed4c7ce417f8a433401999ff8", kill_on_drop: false }`
[INFO] [stdout] 71b02d37cdd62c366926190099f62440988cdf4ed4c7ce417f8a433401999ff8
