[INFO] fetching crate rsdirstat-macos 0.1.3...
[INFO] testing rsdirstat-macos-0.1.3 against 1.100.0-beta.1+cargoflags=--release for beta-release-1.100-2
[INFO] extracting crate rsdirstat-macos 0.1.3 into /workspace/builds/worker-0-tc2/source
[INFO] started tweaking crates.io crate rsdirstat-macos 0.1.3
[INFO] finished tweaking crates.io crate rsdirstat-macos 0.1.3
[INFO] tweaked toml for crates.io crate rsdirstat-macos 0.1.3 written to /workspace/builds/worker-0-tc2/source/Cargo.toml
[INFO] validating manifest of crates.io crate rsdirstat-macos 0.1.3 on toolchain 1.100.0-beta.1
[INFO] running `Command { std: CARGO_HOME="/workspace/cargo-home" RUSTUP_HOME="/workspace/rustup-home" "/workspace/cargo-home/bin/cargo" "+1.100.0-beta.1" "metadata" "--manifest-path" "Cargo.toml" "--no-deps", kill_on_drop: false }`
[INFO] crate crates.io crate rsdirstat-macos 0.1.3 already has a lockfile, it will not be regenerated
[INFO] running `Command { std: CARGO_HOME="/workspace/cargo-home" RUSTUP_HOME="/workspace/rustup-home" "/workspace/cargo-home/bin/cargo" "+1.100.0-beta.1" "fetch" "--manifest-path" "Cargo.toml", kill_on_drop: false }`
[INFO] running `Command { std: "docker" "create" "-v" "/var/lib/crater-agent-workspace/builds/worker-0-tc2/source:/opt/rustwide/workdir:ro,Z" "-v" "/var/lib/crater-agent-workspace/builds/worker-0-tc2/target:/opt/rustwide/target:rw,Z" "-v" "/var/lib/crater-agent-workspace/cargo-home:/opt/rustwide/cargo-home:ro,Z" "-v" "/var/lib/crater-agent-workspace/rustup-home:/opt/rustwide/rustup-home:ro,Z" "-m" "1610612736" "--network" "none" "ghcr.io/rust-lang/crates-build-env/linux@sha256:77db811e55d90add9212f6832c23229e3de5f1c1f9905e8cb07319ea15df73ac" "sleep" "infinity", kill_on_drop: false }`
[INFO] [stdout] 5fc8c3ac0ccd7dde5606a1ab53a9b211fa2bf765b3263ef5d2f0507a092bda63
[INFO] running `Command { std: "docker" "start" "5fc8c3ac0ccd7dde5606a1ab53a9b211fa2bf765b3263ef5d2f0507a092bda63", kill_on_drop: false }`
[INFO] running `Command { std: "docker" "inspect" "5fc8c3ac0ccd7dde5606a1ab53a9b211fa2bf765b3263ef5d2f0507a092bda63", kill_on_drop: false }`
[INFO] running `Command { std: "docker" "exec" "-e" "SOURCE_DIR=/opt/rustwide/workdir" "-e" "CARGO_HOME=/opt/rustwide/cargo-home" "-e" "RUSTUP_HOME=/opt/rustwide/rustup-home" "-e" "CARGO_TARGET_DIR=/opt/rustwide/target" "-w" "/opt/rustwide/workdir" "--user" "0:0" "5fc8c3ac0ccd7dde5606a1ab53a9b211fa2bf765b3263ef5d2f0507a092bda63" "/opt/rustwide/cargo-home/bin/cargo" "+1.100.0-beta.1" "metadata" "--no-deps" "--format-version=1", kill_on_drop: false }`
[INFO] running `Command { std: "docker" "inspect" "5fc8c3ac0ccd7dde5606a1ab53a9b211fa2bf765b3263ef5d2f0507a092bda63", kill_on_drop: false }`
[INFO] running `Command { std: "docker" "exec" "-e" "SOURCE_DIR=/opt/rustwide/workdir" "-e" "CARGO_HOME=/opt/rustwide/cargo-home" "-e" "RUSTUP_HOME=/opt/rustwide/rustup-home" "-e" "CARGO_TARGET_DIR=/opt/rustwide/target" "-e" "CARGO_INCREMENTAL=0" "-e" "RUST_BACKTRACE=full" "-e" "RUSTFLAGS=--cap-lints=warn" "-e" "RUSTDOCFLAGS=--cap-lints=warn" "-w" "/opt/rustwide/workdir" "--user" "0:0" "5fc8c3ac0ccd7dde5606a1ab53a9b211fa2bf765b3263ef5d2f0507a092bda63" "/opt/rustwide/cargo-home/bin/cargo" "+1.100.0-beta.1" "build" "--frozen" "--message-format=json" "--release", kill_on_drop: false }`
[INFO] [stderr]    Compiling thiserror v2.0.21
[INFO] [stderr]    Compiling heapless v0.7.17
[INFO] [stderr]    Compiling spin v0.9.9
[INFO] [stderr]    Compiling hash32 v0.2.1
[INFO] [stderr]    Compiling syn v3.0.7
[INFO] [stderr]    Compiling unicase v2.10.0
[INFO] [stderr]    Compiling crossbeam-utils v0.8.23
[INFO] [stderr]    Compiling miniz_oxide v0.9.1
[INFO] [stderr]    Compiling smallvec v1.16.3
[INFO] [stderr]    Compiling hashbrown v0.14.5
[INFO] [stderr]    Compiling mime_guess v2.0.5
[INFO] [stderr]    Compiling parking_lot_core v0.9.12
[INFO] [stderr]    Compiling dashmap v6.2.1
[INFO] [stderr]    Compiling thiserror-impl v2.0.21
[INFO] [stderr]    Compiling serde_derive v1.0.229
[INFO] [stderr]    Compiling cobs v0.3.0
[INFO] [stderr]    Compiling serde v1.0.229
[INFO] [stderr]    Compiling postcard v1.1.3
[INFO] [stderr]    Compiling rsdirstat-protocol v0.1.3
[INFO] [stderr]    Compiling rsdirstat-core v0.1.3
[INFO] [stderr]    Compiling rsdirstat-macos v0.1.3 (/opt/rustwide/workdir)
[INFO] [stdout] error[E0425]: cannot find type `attrlist` in crate `libc`
[INFO] [stdout]   --> src/scan.rs:26:26
[INFO] [stdout]    |
[INFO] [stdout] 26 | static SCAN_ATTRS: libc::attrlist = libc::attrlist {
[INFO] [stdout]    |                          ^^^^^^^^ not found in `libc`
[INFO] [stdout] 
[INFO] [stdout] 
[INFO] [stdout] error[E0422]: cannot find struct, variant or union type `attrlist` in crate `libc`
[INFO] [stdout]   --> src/scan.rs:26:43
[INFO] [stdout]    |
[INFO] [stdout] 26 | static SCAN_ATTRS: libc::attrlist = libc::attrlist {
[INFO] [stdout]    |                                           ^^^^^^^^ not found in `libc`
[INFO] [stdout] 
[INFO] [stdout] 
[INFO] [stdout] error[E0425]: cannot find value `ATTR_BIT_MAP_COUNT` in crate `libc`
[INFO] [stdout]   --> src/scan.rs:27:24
[INFO] [stdout]    |
[INFO] [stdout] 27 |     bitmapcount: libc::ATTR_BIT_MAP_COUNT,
[INFO] [stdout]    |                        ^^^^^^^^^^^^^^^^^^ not found in `libc`
[INFO] [stdout] 
[INFO] [stdout] 
[INFO] [stdout] error[E0425]: cannot find value `ATTR_CMN_RETURNED_ATTRS` in crate `libc`
[INFO] [stdout]   --> src/scan.rs:29:23
[INFO] [stdout]    |
[INFO] [stdout] 29 |     commonattr: libc::ATTR_CMN_RETURNED_ATTRS
[INFO] [stdout]    |                       ^^^^^^^^^^^^^^^^^^^^^^^ not found in `libc`
[INFO] [stdout] 
[INFO] [stdout] 
[INFO] [stdout] error[E0425]: cannot find value `ATTR_CMN_NAME` in crate `libc`
[INFO] [stdout]   --> src/scan.rs:30:17
[INFO] [stdout]    |
[INFO] [stdout] 30 |         | libc::ATTR_CMN_NAME
[INFO] [stdout]    |                 ^^^^^^^^^^^^^ not found in `libc`
[INFO] [stdout] 
[INFO] [stdout] 
[INFO] [stdout] error[E0425]: cannot find value `ATTR_CMN_DEVID` in crate `libc`
[INFO] [stdout]   --> src/scan.rs:31:17
[INFO] [stdout]    |
[INFO] [stdout] 31 |         | libc::ATTR_CMN_DEVID
[INFO] [stdout]    |                 ^^^^^^^^^^^^^^ not found in `libc`
[INFO] [stdout] 
[INFO] [stdout] 
[INFO] [stdout] error[E0425]: cannot find value `ATTR_CMN_OBJTYPE` in crate `libc`
[INFO] [stdout]   --> src/scan.rs:32:17
[INFO] [stdout]    |
[INFO] [stdout] 32 |         | libc::ATTR_CMN_OBJTYPE
[INFO] [stdout]    |                 ^^^^^^^^^^^^^^^^ not found in `libc`
[INFO] [stdout] 
[INFO] [stdout] 
[INFO] [stdout] error[E0425]: cannot find value `ATTR_CMN_MODTIME` in crate `libc`
[INFO] [stdout]   --> src/scan.rs:33:17
[INFO] [stdout]    |
[INFO] [stdout] 33 |         | libc::ATTR_CMN_MODTIME
[INFO] [stdout]    |                 ^^^^^^^^^^^^^^^^ not found in `libc`
[INFO] [stdout] 
[INFO] [stdout] 
[INFO] [stdout] error[E0425]: cannot find value `ATTR_CMN_FLAGS` in crate `libc`
[INFO] [stdout]   --> src/scan.rs:34:17
[INFO] [stdout]    |
[INFO] [stdout] 34 |         | libc::ATTR_CMN_FLAGS
[INFO] [stdout]    |                 ^^^^^^^^^^^^^^ not found in `libc`
[INFO] [stdout] 
[INFO] [stdout] 
[INFO] [stdout] error[E0425]: cannot find value `ATTR_CMN_FILEID` in crate `libc`
[INFO] [stdout]   --> src/scan.rs:35:17
[INFO] [stdout]    |
[INFO] [stdout] 35 |         | libc::ATTR_CMN_FILEID,
[INFO] [stdout]    |                 ^^^^^^^^^^^^^^^ not found in `libc`
[INFO] [stdout] 
[INFO] [stdout] 
[INFO] [stdout] error[E0425]: cannot find value `ATTR_FILE_LINKCOUNT` in crate `libc`
[INFO] [stdout]   --> src/scan.rs:42:21
[INFO] [stdout]    |
[INFO] [stdout] 42 |     fileattr: libc::ATTR_FILE_LINKCOUNT | libc::ATTR_FILE_DATALENGTH,
[INFO] [stdout]    |                     ^^^^^^^^^^^^^^^^^^^ not found in `libc`
[INFO] [stdout] 
[INFO] [stdout] 
[INFO] [stdout] error[E0425]: cannot find value `ATTR_FILE_DATALENGTH` in crate `libc`
[INFO] [stdout]   --> src/scan.rs:42:49
[INFO] [stdout]    |
[INFO] [stdout] 42 |     fileattr: libc::ATTR_FILE_LINKCOUNT | libc::ATTR_FILE_DATALENGTH,
[INFO] [stdout]    |                                                 ^^^^^^^^^^^^^^^^^^^^ not found in `libc`
[INFO] [stdout] 
[INFO] [stdout] 
[INFO] [stdout] error[E0425]: cannot find function `getattrlistbulk` in crate `libc`
[INFO] [stdout]    --> src/scan.rs:200:19
[INFO] [stdout]     |
[INFO] [stdout] 200 |             libc::getattrlistbulk(
[INFO] [stdout]     |                   ^^^^^^^^^^^^^^^ not found in `libc`
[INFO] [stdout] 
[INFO] [stdout] 
[INFO] [stdout] error[E0425]: cannot find type `attrlist` in crate `libc`
[INFO] [stdout]    --> src/scan.rs:202:45
[INFO] [stdout]     |
[INFO] [stdout] 202 |                 &SCAN_ATTRS as *const libc::attrlist as *mut libc::c_void,
[INFO] [stdout]     |                                             ^^^^^^^^ not found in `libc`
[INFO] [stdout] 
[INFO] [stdout] 
[INFO] [stdout] error[E0425]: cannot find value `FSOPT_NOFOLLOW` in crate `libc`
[INFO] [stdout]    --> src/scan.rs:205:23
[INFO] [stdout]     |
[INFO] [stdout] 205 |                 libc::FSOPT_NOFOLLOW as u64,
[INFO] [stdout]     |                       ^^^^^^^^^^^^^^ not found in `libc`
[INFO] [stdout]     |
[INFO] [stdout] note: similarly named constant `O_NOFOLLOW` defined here
[INFO] [stdout]    --> /opt/rustwide/cargo-home/registry/src/index.crates.io-1949cf8c6b5b557f/libc-0.2.190/src/unix/linux_like/linux/gnu/b64/x86_64/mod.rs:448:1
[INFO] [stdout]     |
[INFO] [stdout] 448 | pub const O_NOFOLLOW: c_int = 0x20000;
[INFO] [stdout]     | ^^^^^^^^^^^^^^^^^^^^^^^^^^^
[INFO] [stdout] help: a constant with a similar name exists
[INFO] [stdout]     |
[INFO] [stdout] 205 -                 libc::FSOPT_NOFOLLOW as u64,
[INFO] [stdout] 205 +                 libc::O_NOFOLLOW as u64,
[INFO] [stdout]     |
[INFO] [stdout] 
[INFO] [stdout] 
[INFO] [stdout] error[E0425]: cannot find value `ATTR_CMN_NAME` in crate `libc`
[INFO] [stdout]    --> src/scan.rs:361:36
[INFO] [stdout]     |
[INFO] [stdout] 361 |     field!(returned_common & libc::ATTR_CMN_NAME != 0, 8, {
[INFO] [stdout]     |                                    ^^^^^^^^^^^^^ not found in `libc`
[INFO] [stdout] 
[INFO] [stdout] 
[INFO] [stdout] error[E0425]: cannot find value `ATTR_CMN_DEVID` in crate `libc`
[INFO] [stdout]    --> src/scan.rs:369:36
[INFO] [stdout]     |
[INFO] [stdout] 369 |     field!(returned_common & libc::ATTR_CMN_DEVID != 0, 4, {
[INFO] [stdout]     |                                    ^^^^^^^^^^^^^^ not found in `libc`
[INFO] [stdout] 
[INFO] [stdout] 
[INFO] [stdout] error[E0425]: cannot find value `ATTR_CMN_OBJTYPE` in crate `libc`
[INFO] [stdout]    --> src/scan.rs:372:36
[INFO] [stdout]     |
[INFO] [stdout] 372 |     field!(returned_common & libc::ATTR_CMN_OBJTYPE != 0, 4, {
[INFO] [stdout]     |                                    ^^^^^^^^^^^^^^^^ not found in `libc`
[INFO] [stdout] 
[INFO] [stdout] 
[INFO] [stdout] error[E0425]: cannot find value `ATTR_CMN_MODTIME` in crate `libc`
[INFO] [stdout]    --> src/scan.rs:376:36
[INFO] [stdout]     |
[INFO] [stdout] 376 |     field!(returned_common & libc::ATTR_CMN_MODTIME != 0, 16, {
[INFO] [stdout]     |                                    ^^^^^^^^^^^^^^^^ not found in `libc`
[INFO] [stdout] 
[INFO] [stdout] 
[INFO] [stdout] error[E0425]: cannot find value `ATTR_CMN_FLAGS` in crate `libc`
[INFO] [stdout]    --> src/scan.rs:381:36
[INFO] [stdout]     |
[INFO] [stdout] 381 |     field!(returned_common & libc::ATTR_CMN_FLAGS != 0, 4, {
[INFO] [stdout]     |                                    ^^^^^^^^^^^^^^ not found in `libc`
[INFO] [stdout] 
[INFO] [stdout] 
[INFO] [stdout] error[E0425]: cannot find value `ATTR_CMN_FILEID` in crate `libc`
[INFO] [stdout]    --> src/scan.rs:384:36
[INFO] [stdout]     |
[INFO] [stdout] 384 |     field!(returned_common & libc::ATTR_CMN_FILEID != 0, 8, {
[INFO] [stdout]     |                                    ^^^^^^^^^^^^^^^ not found in `libc`
[INFO] [stdout] 
[INFO] [stdout] 
[INFO] [stdout] error[E0425]: cannot find value `ATTR_FILE_LINKCOUNT` in crate `libc`
[INFO] [stdout]    --> src/scan.rs:389:34
[INFO] [stdout]     |
[INFO] [stdout] 389 |     field!(returned_file & libc::ATTR_FILE_LINKCOUNT != 0, 4, {
[INFO] [stdout]     |                                  ^^^^^^^^^^^^^^^^^^^ not found in `libc`
[INFO] [stdout] 
[INFO] [stdout] 
[INFO] [stdout] error[E0425]: cannot find value `ATTR_FILE_DATALENGTH` in crate `libc`
[INFO] [stdout]    --> src/scan.rs:392:34
[INFO] [stdout]     |
[INFO] [stdout] 392 |     field!(returned_file & libc::ATTR_FILE_DATALENGTH != 0, 8, {
[INFO] [stdout]     |                                  ^^^^^^^^^^^^^^^^^^^^ not found in `libc`
[INFO] [stdout] 
[INFO] [stdout] 
[INFO] [stdout] error[E0599]: no associated function or constant named `default` found for struct `statfs` in the current scope
[INFO] [stdout]   --> src/volumes.rs:44:33
[INFO] [stdout]    |
[INFO] [stdout] 44 |     let mut buf = libc::statfs::default();
[INFO] [stdout]    |                                 ^^^^^^^ associated function or constant not found in `statfs`
[INFO] [stdout] 
[INFO] [stdout] 
[INFO] [stdout] Some errors have detailed explanations: E0422, E0425, E0599.
[INFO] [stdout] 
[INFO] [stdout] For more information about an error, try `rustc --explain E0422`.
[INFO] [stdout] 
[INFO] [stderr] error: could not compile `rsdirstat-macos` (lib) due to 24 previous errors
[INFO] running `Command { std: "docker" "inspect" "5fc8c3ac0ccd7dde5606a1ab53a9b211fa2bf765b3263ef5d2f0507a092bda63", kill_on_drop: false }`
[INFO] running `Command { std: "docker" "rm" "-f" "5fc8c3ac0ccd7dde5606a1ab53a9b211fa2bf765b3263ef5d2f0507a092bda63", kill_on_drop: false }`
[INFO] [stdout] 5fc8c3ac0ccd7dde5606a1ab53a9b211fa2bf765b3263ef5d2f0507a092bda63
