[INFO] fetching crate rsbinder-macros 0.12.0...
[INFO] testing rsbinder-macros-0.12.0 against 1.99.0-beta.8+cargoflags=--release for beta-release-1.100-2
[INFO] extracting crate rsbinder-macros 0.12.0 into /workspace/builds/worker-0-tc1/source
[INFO] started tweaking crates.io crate rsbinder-macros 0.12.0
[INFO] removed 0 missing tests
[INFO] finished tweaking crates.io crate rsbinder-macros 0.12.0
[INFO] tweaked toml for crates.io crate rsbinder-macros 0.12.0 written to /workspace/builds/worker-0-tc1/source/Cargo.toml
[INFO] validating manifest of crates.io crate rsbinder-macros 0.12.0 on toolchain 1.99.0-beta.8
[INFO] running `Command { std: CARGO_HOME="/workspace/cargo-home" RUSTUP_HOME="/workspace/rustup-home" "/workspace/cargo-home/bin/cargo" "+1.99.0-beta.8" "metadata" "--manifest-path" "Cargo.toml" "--no-deps", kill_on_drop: false }`
[INFO] crate crates.io crate rsbinder-macros 0.12.0 already has a lockfile, it will not be regenerated
[INFO] running `Command { std: CARGO_HOME="/workspace/cargo-home" RUSTUP_HOME="/workspace/rustup-home" "/workspace/cargo-home/bin/cargo" "+1.99.0-beta.8" "fetch" "--manifest-path" "Cargo.toml", kill_on_drop: false }`
[INFO] [stderr]     Updating crates.io index
[INFO] [stderr]  Downloading crates ...
[INFO] [stderr]   Downloaded pest_generator v2.9.1
[INFO] [stderr]   Downloaded pest_meta v2.9.1
[INFO] [stderr]   Downloaded pest_derive v2.9.1
[INFO] [stderr]   Downloaded trybuild v1.0.119
[INFO] [stderr]   Downloaded ignore v0.4.29
[INFO] [stderr]   Downloaded textwrap v0.16.2
[INFO] [stderr]   Downloaded pest v2.9.1
[INFO] [stderr]   Downloaded rsbinder-aidl v0.12.0
[INFO] running `Command { std: "docker" "create" "-v" "/var/lib/crater-agent-workspace/builds/worker-0-tc1/source:/opt/rustwide/workdir:ro,Z" "-v" "/var/lib/crater-agent-workspace/builds/worker-0-tc1/target:/opt/rustwide/target:rw,Z" "-v" "/var/lib/crater-agent-workspace/cargo-home:/opt/rustwide/cargo-home:ro,Z" "-v" "/var/lib/crater-agent-workspace/rustup-home:/opt/rustwide/rustup-home:ro,Z" "-m" "1610612736" "--network" "none" "ghcr.io/rust-lang/crates-build-env/linux@sha256:77db811e55d90add9212f6832c23229e3de5f1c1f9905e8cb07319ea15df73ac" "sleep" "infinity", kill_on_drop: false }`
[INFO] [stdout] 794d893792f86ca99f82b1fe01f72f1e763de30185e2fa24ed79cb71a3ec37e9
[INFO] running `Command { std: "docker" "start" "794d893792f86ca99f82b1fe01f72f1e763de30185e2fa24ed79cb71a3ec37e9", kill_on_drop: false }`
[INFO] running `Command { std: "docker" "inspect" "794d893792f86ca99f82b1fe01f72f1e763de30185e2fa24ed79cb71a3ec37e9", kill_on_drop: false }`
[INFO] running `Command { std: "docker" "exec" "-e" "SOURCE_DIR=/opt/rustwide/workdir" "-e" "CARGO_HOME=/opt/rustwide/cargo-home" "-e" "RUSTUP_HOME=/opt/rustwide/rustup-home" "-e" "CARGO_TARGET_DIR=/opt/rustwide/target" "-w" "/opt/rustwide/workdir" "--user" "0:0" "794d893792f86ca99f82b1fe01f72f1e763de30185e2fa24ed79cb71a3ec37e9" "/opt/rustwide/cargo-home/bin/cargo" "+1.99.0-beta.8" "metadata" "--no-deps" "--format-version=1", kill_on_drop: false }`
[INFO] running `Command { std: "docker" "inspect" "794d893792f86ca99f82b1fe01f72f1e763de30185e2fa24ed79cb71a3ec37e9", kill_on_drop: false }`
[INFO] running `Command { std: "docker" "exec" "-e" "SOURCE_DIR=/opt/rustwide/workdir" "-e" "CARGO_HOME=/opt/rustwide/cargo-home" "-e" "RUSTUP_HOME=/opt/rustwide/rustup-home" "-e" "CARGO_TARGET_DIR=/opt/rustwide/target" "-e" "CARGO_INCREMENTAL=0" "-e" "RUST_BACKTRACE=full" "-e" "RUSTFLAGS=--cap-lints=warn" "-e" "RUSTDOCFLAGS=--cap-lints=warn" "-w" "/opt/rustwide/workdir" "--user" "0:0" "794d893792f86ca99f82b1fe01f72f1e763de30185e2fa24ed79cb71a3ec37e9" "/opt/rustwide/cargo-home/bin/cargo" "+1.99.0-beta.8" "build" "--frozen" "--message-format=json" "--release", kill_on_drop: false }`
[INFO] [stderr]    Compiling memchr v2.8.3
[INFO] [stderr]    Compiling crossbeam-utils v0.8.23
[INFO] [stderr]    Compiling crossbeam-epoch v0.9.21
[INFO] [stderr]    Compiling regex-syntax v0.8.11
[INFO] [stderr]    Compiling bitflags v2.13.2
[INFO] [stderr]    Compiling ucd-trie v0.1.7
[INFO] [stderr]    Compiling crossbeam-deque v0.8.8
[INFO] [stderr]    Compiling same-file v1.0.6
[INFO] [stderr]    Compiling adler2 v2.0.1
[INFO] [stderr]    Compiling serde_core v1.0.229
[INFO] [stderr]    Compiling libc v0.2.189
[INFO] [stderr]    Compiling object v0.37.3
[INFO] [stderr]    Compiling gimli v0.32.3
[INFO] [stderr]    Compiling rustix v1.1.5
[INFO] [stderr]    Compiling log v0.4.34
[INFO] [stderr]    Compiling syn v3.0.6
[INFO] [stderr]    Compiling walkdir v2.5.0
[INFO] [stderr]    Compiling zmij v1.0.23
[INFO] [stderr]    Compiling cfg-if v1.0.5
[INFO] [stderr]    Compiling miniz_oxide v0.8.9
[INFO] [stderr]    Compiling rustc-demangle v0.1.28
[INFO] [stderr]    Compiling linux-raw-sys v0.12.1
[INFO] [stderr]    Compiling serde v1.0.229
[INFO] [stderr]    Compiling serde_json v1.0.151
[INFO] [stderr]    Compiling unicode-width v0.2.2
[INFO] [stderr]    Compiling unicode-linebreak v0.1.5
[INFO] [stderr]    Compiling is_ci v1.2.0
[INFO] [stderr]    Compiling itoa v1.0.18
[INFO] [stderr]    Compiling supports-color v3.0.2
[INFO] [stderr]    Compiling thiserror v2.0.20
[INFO] [stderr]    Compiling miette-derive v7.6.0
[INFO] [stderr]    Compiling unicode-width v0.1.14
[INFO] [stderr]    Compiling supports-unicode v3.0.0
[INFO] [stderr]    Compiling supports-hyperlinks v3.2.0
[INFO] [stderr]    Compiling owo-colors v4.4.0
[INFO] [stderr]    Compiling textwrap v0.16.2
[INFO] [stderr]    Compiling aho-corasick v1.1.5
[INFO] [stderr]    Compiling bstr v1.13.1
[INFO] [stderr]    Compiling pest v2.9.1
[INFO] [stderr]    Compiling terminal_size v0.4.4
[INFO] [stderr]    Compiling regex-automata v0.4.18
[INFO] [stderr]    Compiling pest_meta v2.9.1
[INFO] [stderr]    Compiling addr2line v0.25.1
[INFO] [stderr]    Compiling pest_generator v2.9.1
[INFO] [stderr]    Compiling serde_derive v1.0.229
[INFO] [stderr]    Compiling thiserror-impl v2.0.20
[INFO] [stderr]    Compiling pest_derive v2.9.1
[INFO] [stderr]    Compiling backtrace v0.3.76
[INFO] [stderr]    Compiling globset v0.4.19
[INFO] [stderr]    Compiling regex v1.13.1
[INFO] [stderr]    Compiling backtrace-ext v0.2.1
[INFO] [stderr]    Compiling miette v7.6.0
[INFO] [stderr]    Compiling ignore v0.4.29
[INFO] [stderr]    Compiling globwalk v0.9.1
[INFO] [stderr]    Compiling tera v1.20.1
[INFO] [stderr]    Compiling rsbinder-aidl v0.12.0
[INFO] [stderr]    Compiling rsbinder-macros v0.12.0 (/opt/rustwide/workdir)
[INFO] [stderr]     Finished `release` profile [optimized] target(s) in 38.26s
[INFO] running `Command { std: "docker" "inspect" "794d893792f86ca99f82b1fe01f72f1e763de30185e2fa24ed79cb71a3ec37e9", kill_on_drop: false }`
[INFO] running `Command { std: "docker" "exec" "-e" "SOURCE_DIR=/opt/rustwide/workdir" "-e" "CARGO_HOME=/opt/rustwide/cargo-home" "-e" "RUSTUP_HOME=/opt/rustwide/rustup-home" "-e" "CARGO_TARGET_DIR=/opt/rustwide/target" "-e" "CARGO_INCREMENTAL=0" "-e" "RUST_BACKTRACE=full" "-e" "RUSTFLAGS=--cap-lints=warn" "-e" "RUSTDOCFLAGS=--cap-lints=warn" "-w" "/opt/rustwide/workdir" "--user" "0:0" "794d893792f86ca99f82b1fe01f72f1e763de30185e2fa24ed79cb71a3ec37e9" "/opt/rustwide/cargo-home/bin/cargo" "+1.99.0-beta.8" "test" "--frozen" "--no-run" "--message-format=json" "--release", kill_on_drop: false }`
[INFO] [stderr]    Compiling serde_core v1.0.229
[INFO] [stderr]    Compiling target-triple v1.0.1
[INFO] [stderr]    Compiling aho-corasick v1.1.5
[INFO] [stderr]    Compiling crossbeam-utils v0.8.23
[INFO] [stderr]    Compiling crossbeam-epoch v0.9.21
[INFO] [stderr]    Compiling crossbeam-deque v0.8.8
[INFO] [stderr]    Compiling bstr v1.13.1
[INFO] [stderr]    Compiling rustix v1.1.5
[INFO] [stderr]    Compiling serde v1.0.229
[INFO] [stderr]    Compiling proc-macro2 v1.0.107
[INFO] [stderr]    Compiling is_ci v1.2.0
[INFO] [stderr]    Compiling unicode-linebreak v0.1.5
[INFO] [stderr]    Compiling backtrace v0.3.76
[INFO] [stderr]    Compiling ucd-trie v0.1.7
[INFO] [stderr]    Compiling winnow v1.0.4
[INFO] [stderr]    Compiling unicode-ident v1.0.26
[INFO] [stderr]    Compiling quote v1.0.47
[INFO] [stderr]    Compiling supports-unicode v3.0.0
[INFO] [stderr]    Compiling owo-colors v4.4.0
[INFO] [stderr]    Compiling supports-color v3.0.2
[INFO] [stderr]    Compiling toml_writer v1.1.2+spec-1.1.0
[INFO] [stderr]    Compiling supports-hyperlinks v3.2.0
[INFO] [stderr]    Compiling textwrap v0.16.2
[INFO] [stderr]    Compiling pest v2.9.1
[INFO] [stderr]    Compiling toml_parser v1.1.3+spec-1.1.0
[INFO] [stderr]    Compiling unicode-width v0.1.14
[INFO] [stderr]    Compiling toml v1.1.6+spec-1.1.0
[INFO] [stderr]    Compiling thiserror v2.0.20
[INFO] [stderr]    Compiling termcolor v1.4.1
[INFO] [stderr]    Compiling glob v0.3.4
[INFO] [stderr]    Compiling backtrace-ext v0.2.1
[INFO] [stderr]    Compiling syn v3.0.6
[INFO] [stderr]    Compiling terminal_size v0.4.4
[INFO] [stderr]    Compiling miette v7.6.0
[INFO] [stderr]    Compiling trybuild v1.0.119
[INFO] [stderr]    Compiling regex-automata v0.4.18
[INFO] [stderr]    Compiling serde_json v1.0.151
[INFO] [stderr]    Compiling toml_datetime v1.1.1+spec-1.1.0
[INFO] [stderr]    Compiling serde_spanned v1.1.1
[INFO] [stderr]    Compiling tera v1.20.1
[INFO] [stderr]    Compiling globset v0.4.19
[INFO] [stderr]    Compiling regex v1.13.1
[INFO] [stderr]    Compiling ignore v0.4.29
[INFO] [stderr]    Compiling rsbinder-aidl v0.12.0
[INFO] [stderr]    Compiling globwalk v0.9.1
[INFO] [stderr]    Compiling rsbinder-macros v0.12.0 (/opt/rustwide/workdir)
[INFO] [stdout] error[E0432]: unresolved import `rsbinder`
[INFO] [stdout]   --> tests/binder_enum_values.rs:10:5
[INFO] [stdout]    |
[INFO] [stdout] 10 | use rsbinder::BinderEnum;
[INFO] [stdout]    |     ^^^^^^^^ use of unresolved module or unlinked crate `rsbinder`
[INFO] [stdout]    |
[INFO] [stdout]    = help: if you wanted to use a crate named `rsbinder`, use `cargo add rsbinder` to add it to your `Cargo.toml`
[INFO] [stdout] 
[INFO] [stdout] 
[INFO] [stdout] error[E0432]: unresolved import `async_helper_named_types::IHelperNamedAsync`
[INFO] [stdout]    --> tests/binder_enum_values.rs:179:36
[INFO] [stdout]     |
[INFO] [stdout] 179 |     use async_helper_named_types::{IHelperNamedAsync, P};
[INFO] [stdout]     |                                    ^^^^^^^^^^^^^^^^^ no `IHelperNamedAsync` in `async_helper_named_types`
[INFO] [stdout]     |
[INFO] [stdout] help: a similar name exists in the module
[INFO] [stdout]     |
[INFO] [stdout] 179 -     use async_helper_named_types::{IHelperNamedAsync, P};
[INFO] [stdout] 179 +     use async_helper_named_types::{IHelperNamed, P};
[INFO] [stdout]     |
[INFO] [stdout] 
[INFO] [stdout] 
[INFO] [stdout] error[E0433]: cannot find module or crate `rsbinder` in this scope
[INFO] [stdout]   --> tests/binder_enum_values.rs:74:14
[INFO] [stdout]    |
[INFO] [stdout] 74 |     #[derive(rsbinder::BinderEnum, PartialEq, Eq, Debug)]
[INFO] [stdout]    |              ^^^^^^^^ use of unresolved module or unlinked crate `rsbinder`
[INFO] [stdout] 
[INFO] [stdout] 
[INFO] [stdout] error[E0433]: cannot find module or crate `rsbinder` in this scope
[INFO] [stdout]   --> tests/binder_enum_values.rs:81:14
[INFO] [stdout]    |
[INFO] [stdout] 81 |     #[derive(rsbinder::Parcelable, Default)]
[INFO] [stdout]    |              ^^^^^^^^ use of unresolved module or unlinked crate `rsbinder`
[INFO] [stdout] 
[INFO] [stdout] 
[INFO] [stdout] error[E0433]: cannot find module or crate `rsbinder` in this scope
[INFO] [stdout]    --> tests/binder_enum_values.rs:105:7
[INFO] [stdout]     |
[INFO] [stdout] 105 |     #[rsbinder::interface]
[INFO] [stdout]     |       ^^^^^^^^ use of unresolved module or unlinked crate `rsbinder`
[INFO] [stdout] 
[INFO] [stdout] 
[INFO] [stdout] error[E0433]: cannot find module or crate `rsbinder` in this scope
[INFO] [stdout]    --> tests/binder_enum_values.rs:118:14
[INFO] [stdout]     |
[INFO] [stdout] 118 |     #[derive(rsbinder::Parcelable, Default)]
[INFO] [stdout]     |              ^^^^^^^^ use of unresolved module or unlinked crate `rsbinder`
[INFO] [stdout] 
[INFO] [stdout] 
[INFO] [stdout] error[E0433]: cannot find module or crate `rsbinder` in this scope
[INFO] [stdout]    --> tests/binder_enum_values.rs:122:14
[INFO] [stdout]     |
[INFO] [stdout] 122 |     #[derive(rsbinder::Parcelable, Default)]
[INFO] [stdout]     |              ^^^^^^^^ use of unresolved module or unlinked crate `rsbinder`
[INFO] [stdout] 
[INFO] [stdout] 
[INFO] [stdout] error[E0433]: cannot find module or crate `rsbinder` in this scope
[INFO] [stdout]    --> tests/binder_enum_values.rs:126:14
[INFO] [stdout]     |
[INFO] [stdout] 126 |     #[derive(rsbinder::Parcelable, Default)]
[INFO] [stdout]     |              ^^^^^^^^ use of unresolved module or unlinked crate `rsbinder`
[INFO] [stdout] 
[INFO] [stdout] 
[INFO] [stdout] error[E0433]: cannot find module or crate `rsbinder` in this scope
[INFO] [stdout]    --> tests/binder_enum_values.rs:130:14
[INFO] [stdout]     |
[INFO] [stdout] 130 |     #[derive(rsbinder::Parcelable, Default)]
[INFO] [stdout]     |              ^^^^^^^^ use of unresolved module or unlinked crate `rsbinder`
[INFO] [stdout] 
[INFO] [stdout] 
[INFO] [stdout] error[E0433]: cannot find module or crate `rsbinder` in this scope
[INFO] [stdout]    --> tests/binder_enum_values.rs:134:14
[INFO] [stdout]     |
[INFO] [stdout] 134 |     #[derive(rsbinder::Parcelable, Default)]
[INFO] [stdout]     |              ^^^^^^^^ use of unresolved module or unlinked crate `rsbinder`
[INFO] [stdout] 
[INFO] [stdout] 
[INFO] [stdout] error[E0433]: cannot find module or crate `rsbinder` in this scope
[INFO] [stdout]    --> tests/binder_enum_values.rs:139:7
[INFO] [stdout]     |
[INFO] [stdout] 139 |     #[rsbinder::interface]
[INFO] [stdout]     |       ^^^^^^^^ use of unresolved module or unlinked crate `rsbinder`
[INFO] [stdout] 
[INFO] [stdout] 
[INFO] [stdout] error[E0433]: cannot find module or crate `rsbinder` in this scope
[INFO] [stdout]    --> tests/binder_enum_values.rs:151:14
[INFO] [stdout]     |
[INFO] [stdout] 151 |     #[derive(rsbinder::Parcelable, Default)]
[INFO] [stdout]     |              ^^^^^^^^ use of unresolved module or unlinked crate `rsbinder`
[INFO] [stdout] 
[INFO] [stdout] 
[INFO] [stdout] error[E0433]: cannot find module or crate `rsbinder` in this scope
[INFO] [stdout]    --> tests/binder_enum_values.rs:155:14
[INFO] [stdout]     |
[INFO] [stdout] 155 |     #[derive(rsbinder::Parcelable, Default)]
[INFO] [stdout]     |              ^^^^^^^^ use of unresolved module or unlinked crate `rsbinder`
[INFO] [stdout] 
[INFO] [stdout] 
[INFO] [stdout] error[E0433]: cannot find module or crate `rsbinder` in this scope
[INFO] [stdout]    --> tests/binder_enum_values.rs:159:14
[INFO] [stdout]     |
[INFO] [stdout] 159 |     #[derive(rsbinder::Parcelable, Default)]
[INFO] [stdout]     |              ^^^^^^^^ use of unresolved module or unlinked crate `rsbinder`
[INFO] [stdout] 
[INFO] [stdout] 
[INFO] [stdout] error[E0433]: cannot find module or crate `rsbinder` in this scope
[INFO] [stdout]    --> tests/binder_enum_values.rs:163:14
[INFO] [stdout]     |
[INFO] [stdout] 163 |     #[derive(rsbinder::Parcelable, Default)]
[INFO] [stdout]     |              ^^^^^^^^ use of unresolved module or unlinked crate `rsbinder`
[INFO] [stdout] 
[INFO] [stdout] 
[INFO] [stdout] error[E0433]: cannot find module or crate `rsbinder` in this scope
[INFO] [stdout]    --> tests/binder_enum_values.rs:168:7
[INFO] [stdout]     |
[INFO] [stdout] 168 |     #[rsbinder::interface]
[INFO] [stdout]     |       ^^^^^^^^ use of unresolved module or unlinked crate `rsbinder`
[INFO] [stdout] 
[INFO] [stdout] 
[INFO] [stdout] error[E0433]: cannot find module or crate `rsbinder` in this scope
[INFO] [stdout]    --> tests/binder_enum_values.rs:202:7
[INFO] [stdout]     |
[INFO] [stdout] 202 |     #[rsbinder::interface]
[INFO] [stdout]     |       ^^^^^^^^ use of unresolved module or unlinked crate `rsbinder`
[INFO] [stdout] 
[INFO] [stdout] 
[INFO] [stdout] error: cannot find attribute `inout` in this scope
[INFO] [stdout]    --> tests/binder_enum_values.rs:144:26
[INFO] [stdout]     |
[INFO] [stdout] 144 |         fn dflt(&self, #[inout] v: &mut Default) -> rsbinder::BinderResult<Vec<Default>>;
[INFO] [stdout]     |                          ^^^^^
[INFO] [stdout] 
[INFO] [stdout] 
[INFO] [stdout] error: cannot find attribute `inout` in this scope
[INFO] [stdout]    --> tests/binder_enum_values.rs:172:23
[INFO] [stdout]     |
[INFO] [stdout] 172 |         fn p(&self, #[inout] v: &mut P) -> rsbinder::BinderResult<Vec<P>>;
[INFO] [stdout]     |                       ^^^^^
[INFO] [stdout] 
[INFO] [stdout] 
[INFO] [stdout] error: cannot find attribute `inout` in this scope
[INFO] [stdout]    --> tests/binder_enum_values.rs:206:15
[INFO] [stdout]     |
[INFO] [stdout] 206 |             #[inout] v: &mut [rsbinder::ParcelFileDescriptor; 3],
[INFO] [stdout]     |               ^^^^^
[INFO] [stdout] 
[INFO] [stdout] 
[INFO] [stdout] error: cannot find attribute `inout` in this scope
[INFO] [stdout]    --> tests/binder_enum_values.rs:208:23
[INFO] [stdout]     |
[INFO] [stdout] 208 |         fn b(&self, #[inout] v: &mut [[rsbinder::SIBinder; 2]; 2]) -> rsbinder::BinderResult<()>;
[INFO] [stdout]     |                       ^^^^^
[INFO] [stdout] 
[INFO] [stdout] 
[INFO] [stdout] error[E0433]: cannot find module or crate `rsbinder` in this scope
[INFO] [stdout]   --> tests/binder_enum_values.rs:26:13
[INFO] [stdout]    |
[INFO] [stdout] 26 |         Err(rsbinder::StatusCode::BadValue)
[INFO] [stdout]    |             ^^^^^^^^ use of unresolved module or unlinked crate `rsbinder`
[INFO] [stdout]    |
[INFO] [stdout]    = help: if you wanted to use a crate named `rsbinder`, use `cargo add rsbinder` to add it to your `Cargo.toml`
[INFO] [stdout] 
[INFO] [stdout] 
[INFO] [stdout] error[E0433]: cannot find module or crate `rsbinder` in this scope
[INFO] [stdout]    --> tests/binder_enum_values.rs:220:13
[INFO] [stdout]     |
[INFO] [stdout] 220 |         Err(rsbinder::StatusCode::BadValue)
[INFO] [stdout]     |             ^^^^^^^^ use of unresolved module or unlinked crate `rsbinder`
[INFO] [stdout]     |
[INFO] [stdout]     = help: if you wanted to use a crate named `rsbinder`, use `cargo add rsbinder` to add it to your `Cargo.toml`
[INFO] [stdout] 
[INFO] [stdout] 
[INFO] [stdout] error[E0433]: cannot find module or crate `rsbinder` in this scope
[INFO] [stdout]    --> tests/binder_enum_values.rs:107:26
[INFO] [stdout]     |
[INFO] [stdout] 107 |         fn get(&self) -> rsbinder::BinderResult<i32>;
[INFO] [stdout]     |                          ^^^^^^^^ use of unresolved module or unlinked crate `rsbinder`
[INFO] [stdout]     |
[INFO] [stdout]     = help: if you wanted to use a crate named `rsbinder`, use `cargo add rsbinder` to add it to your `Cargo.toml`
[INFO] [stdout] 
[INFO] [stdout] 
[INFO] [stdout] error[E0433]: cannot find module or crate `rsbinder` in this scope
[INFO] [stdout]    --> tests/binder_enum_values.rs:108:34
[INFO] [stdout]     |
[INFO] [stdout] 108 |         fn put(&self, v: i32) -> rsbinder::BinderResult<()>;
[INFO] [stdout]     |                                  ^^^^^^^^ use of unresolved module or unlinked crate `rsbinder`
[INFO] [stdout]     |
[INFO] [stdout]     = help: if you wanted to use a crate named `rsbinder`, use `cargo add rsbinder` to add it to your `Cargo.toml`
[INFO] [stdout] 
[INFO] [stdout] 
[INFO] [stdout] error[E0433]: cannot find module or crate `rsbinder` in this scope
[INFO] [stdout]    --> tests/binder_enum_values.rs:110:45
[INFO] [stdout]     |
[INFO] [stdout] 110 |         fn fill(&self, v: &mut Vec<i32>) -> rsbinder::BinderResult<()>;
[INFO] [stdout]     |                                             ^^^^^^^^ use of unresolved module or unlinked crate `rsbinder`
[INFO] [stdout]     |
[INFO] [stdout]     = help: if you wanted to use a crate named `rsbinder`, use `cargo add rsbinder` to add it to your `Cargo.toml`
[INFO] [stdout] 
[INFO] [stdout] 
[INFO] [stdout] error[E0433]: cannot find module or crate `rsbinder` in this scope
[INFO] [stdout]    --> tests/binder_enum_values.rs:111:46
[INFO] [stdout]     |
[INFO] [stdout] 111 |         fn wide(&self, v: &mut [i32; 33]) -> rsbinder::BinderResult<()>;
[INFO] [stdout]     |                                              ^^^^^^^^ use of unresolved module or unlinked crate `rsbinder`
[INFO] [stdout]     |
[INFO] [stdout]     = help: if you wanted to use a crate named `rsbinder`, use `cargo add rsbinder` to add it to your `Cargo.toml`
[INFO] [stdout] 
[INFO] [stdout] 
[INFO] [stdout] error[E0433]: cannot find module or crate `rsbinder` in this scope
[INFO] [stdout]    --> tests/binder_enum_values.rs:141:25
[INFO] [stdout]     |
[INFO] [stdout] 141 |         fn ok(&self) -> rsbinder::BinderResult<Ok>;
[INFO] [stdout]     |                         ^^^^^^^^ use of unresolved module or unlinked crate `rsbinder`
[INFO] [stdout]     |
[INFO] [stdout]     = help: if you wanted to use a crate named `rsbinder`, use `cargo add rsbinder` to add it to your `Cargo.toml`
[INFO] [stdout] 
[INFO] [stdout] 
[INFO] [stdout] error[E0433]: cannot find module or crate `rsbinder` in this scope
[INFO] [stdout]    --> tests/binder_enum_values.rs:142:35
[INFO] [stdout]     |
[INFO] [stdout] 142 |         fn err(&self, v: &Err) -> rsbinder::BinderResult<Some>;
[INFO] [stdout]     |                                   ^^^^^^^^ use of unresolved module or unlinked crate `rsbinder`
[INFO] [stdout]     |
[INFO] [stdout]     = help: if you wanted to use a crate named `rsbinder`, use `cargo add rsbinder` to add it to your `Cargo.toml`
[INFO] [stdout] 
[INFO] [stdout] 
[INFO] [stdout] error[E0433]: cannot find module or crate `rsbinder` in this scope
[INFO] [stdout]    --> tests/binder_enum_values.rs:143:41
[INFO] [stdout]     |
[INFO] [stdout] 143 |         fn none(&self, v: &mut None) -> rsbinder::BinderResult<()>;
[INFO] [stdout]     |                                         ^^^^^^^^ use of unresolved module or unlinked crate `rsbinder`
[INFO] [stdout]     |
[INFO] [stdout]     = help: if you wanted to use a crate named `rsbinder`, use `cargo add rsbinder` to add it to your `Cargo.toml`
[INFO] [stdout] 
[INFO] [stdout] 
[INFO] [stdout] error[E0433]: cannot find module or crate `rsbinder` in this scope
[INFO] [stdout]    --> tests/binder_enum_values.rs:144:53
[INFO] [stdout]     |
[INFO] [stdout] 144 |         fn dflt(&self, #[inout] v: &mut Default) -> rsbinder::BinderResult<Vec<Default>>;
[INFO] [stdout]     |                                                     ^^^^^^^^ use of unresolved module or unlinked crate `rsbinder`
[INFO] [stdout]     |
[INFO] [stdout]     = help: if you wanted to use a crate named `rsbinder`, use `cargo add rsbinder` to add it to your `Cargo.toml`
[INFO] [stdout] 
[INFO] [stdout] 
[INFO] [stdout] error[E0433]: cannot find module or crate `rsbinder` in this scope
[INFO] [stdout]    --> tests/binder_enum_values.rs:170:40
[INFO] [stdout]     |
[INFO] [stdout] 170 |         fn wrap(&self, w: &Wrapper) -> rsbinder::BinderResult<Wrapper>;
[INFO] [stdout]     |                                        ^^^^^^^^ use of unresolved module or unlinked crate `rsbinder`
[INFO] [stdout]     |
[INFO] [stdout]     = help: if you wanted to use a crate named `rsbinder`, use `cargo add rsbinder` to add it to your `Cargo.toml`
[INFO] [stdout] 
[INFO] [stdout] 
[INFO] [stdout] error[E0433]: cannot find module or crate `rsbinder` in this scope
[INFO] [stdout]    --> tests/binder_enum_values.rs:171:31
[INFO] [stdout]     |
[INFO] [stdout] 171 |         fn t(&self, v: &T) -> rsbinder::BinderResult<R>;
[INFO] [stdout]     |                               ^^^^^^^^ use of unresolved module or unlinked crate `rsbinder`
[INFO] [stdout]     |
[INFO] [stdout]     = help: if you wanted to use a crate named `rsbinder`, use `cargo add rsbinder` to add it to your `Cargo.toml`
[INFO] [stdout] 
[INFO] [stdout] 
[INFO] [stdout] error[E0433]: cannot find module or crate `rsbinder` in this scope
[INFO] [stdout]    --> tests/binder_enum_values.rs:172:44
[INFO] [stdout]     |
[INFO] [stdout] 172 |         fn p(&self, #[inout] v: &mut P) -> rsbinder::BinderResult<Vec<P>>;
[INFO] [stdout]     |                                            ^^^^^^^^ use of unresolved module or unlinked crate `rsbinder`
[INFO] [stdout]     |
[INFO] [stdout]     = help: if you wanted to use a crate named `rsbinder`, use `cargo add rsbinder` to add it to your `Cargo.toml`
[INFO] [stdout] 
[INFO] [stdout] 
[INFO] [stdout] error[E0433]: cannot find module or crate `rsbinder` in this scope
[INFO] [stdout]    --> tests/binder_enum_values.rs:180:48
[INFO] [stdout]     |
[INFO] [stdout] 180 |     fn returns_user_p<'a, X: IHelperNamedAsync<rsbinder::Tokio> + ?Sized>(
[INFO] [stdout]     |                                                ^^^^^^^^ use of unresolved module or unlinked crate `rsbinder`
[INFO] [stdout]     |
[INFO] [stdout]     = help: if you wanted to use a crate named `rsbinder`, use `cargo add rsbinder` to add it to your `Cargo.toml`
[INFO] [stdout] 
[INFO] [stdout] 
[INFO] [stdout] error[E0433]: cannot find module or crate `rsbinder` in this scope
[INFO] [stdout]    --> tests/binder_enum_values.rs:183:10
[INFO] [stdout]     |
[INFO] [stdout] 183 |     ) -> rsbinder::BoxFuture<'a, rsbinder::BinderResult<Vec<P>>> {
[INFO] [stdout]     |          ^^^^^^^^ use of unresolved module or unlinked crate `rsbinder`
[INFO] [stdout]     |
[INFO] [stdout]     = help: if you wanted to use a crate named `rsbinder`, use `cargo add rsbinder` to add it to your `Cargo.toml`
[INFO] [stdout] 
[INFO] [stdout] 
[INFO] [stdout] error[E0433]: cannot find module or crate `rsbinder` in this scope
[INFO] [stdout]    --> tests/binder_enum_values.rs:183:34
[INFO] [stdout]     |
[INFO] [stdout] 183 |     ) -> rsbinder::BoxFuture<'a, rsbinder::BinderResult<Vec<P>>> {
[INFO] [stdout]     |                                  ^^^^^^^^ use of unresolved module or unlinked crate `rsbinder`
[INFO] [stdout]     |
[INFO] [stdout]     = help: if you wanted to use a crate named `rsbinder`, use `cargo add rsbinder` to add it to your `Cargo.toml`
[INFO] [stdout] 
[INFO] [stdout] 
[INFO] [stdout] error[E0433]: cannot find module or crate `rsbinder` in this scope
[INFO] [stdout]    --> tests/binder_enum_values.rs:186:52
[INFO] [stdout]     |
[INFO] [stdout] 186 |     let _ = returns_user_p::<dyn IHelperNamedAsync<rsbinder::Tokio>>;
[INFO] [stdout]     |                                                    ^^^^^^^^ use of unresolved module or unlinked crate `rsbinder`
[INFO] [stdout]     |
[INFO] [stdout]     = help: if you wanted to use a crate named `rsbinder`, use `cargo add rsbinder` to add it to your `Cargo.toml`
[INFO] [stdout] 
[INFO] [stdout] 
[INFO] [stdout] error[E0433]: cannot find module or crate `rsbinder` in this scope
[INFO] [stdout]    --> tests/binder_enum_values.rs:194:10
[INFO] [stdout]     |
[INFO] [stdout] 194 |     ) -> rsbinder::BinderResult<prelude_named_types::Ok> {
[INFO] [stdout]     |          ^^^^^^^^ use of unresolved module or unlinked crate `rsbinder`
[INFO] [stdout]     |
[INFO] [stdout]     = help: if you wanted to use a crate named `rsbinder`, use `cargo add rsbinder` to add it to your `Cargo.toml`
[INFO] [stdout] 
[INFO] [stdout] 
[INFO] [stdout] error[E0433]: cannot find module or crate `rsbinder` in this scope
[INFO] [stdout]    --> tests/binder_enum_values.rs:206:31
[INFO] [stdout]     |
[INFO] [stdout] 206 |             #[inout] v: &mut [rsbinder::ParcelFileDescriptor; 3],
[INFO] [stdout]     |                               ^^^^^^^^ use of unresolved module or unlinked crate `rsbinder`
[INFO] [stdout]     |
[INFO] [stdout]     = help: if you wanted to use a crate named `rsbinder`, use `cargo add rsbinder` to add it to your `Cargo.toml`
[INFO] [stdout] 
[INFO] [stdout] 
[INFO] [stdout] error[E0433]: cannot find module or crate `rsbinder` in this scope
[INFO] [stdout]    --> tests/binder_enum_values.rs:207:14
[INFO] [stdout]     |
[INFO] [stdout] 207 |         ) -> rsbinder::BinderResult<()>;
[INFO] [stdout]     |              ^^^^^^^^ use of unresolved module or unlinked crate `rsbinder`
[INFO] [stdout]     |
[INFO] [stdout]     = help: if you wanted to use a crate named `rsbinder`, use `cargo add rsbinder` to add it to your `Cargo.toml`
[INFO] [stdout] 
[INFO] [stdout] 
[INFO] [stdout] error[E0433]: cannot find module or crate `rsbinder` in this scope
[INFO] [stdout]    --> tests/binder_enum_values.rs:208:40
[INFO] [stdout]     |
[INFO] [stdout] 208 |         fn b(&self, #[inout] v: &mut [[rsbinder::SIBinder; 2]; 2]) -> rsbinder::BinderResult<()>;
[INFO] [stdout]     |                                        ^^^^^^^^ use of unresolved module or unlinked crate `rsbinder`
[INFO] [stdout]     |
[INFO] [stdout]     = help: if you wanted to use a crate named `rsbinder`, use `cargo add rsbinder` to add it to your `Cargo.toml`
[INFO] [stdout] 
[INFO] [stdout] 
[INFO] [stdout] error[E0433]: cannot find module or crate `rsbinder` in this scope
[INFO] [stdout]    --> tests/binder_enum_values.rs:208:71
[INFO] [stdout]     |
[INFO] [stdout] 208 |         fn b(&self, #[inout] v: &mut [[rsbinder::SIBinder; 2]; 2]) -> rsbinder::BinderResult<()>;
[INFO] [stdout]     |                                                                       ^^^^^^^^ use of unresolved module or unlinked crate `rsbinder`
[INFO] [stdout]     |
[INFO] [stdout]     = help: if you wanted to use a crate named `rsbinder`, use `cargo add rsbinder` to add it to your `Cargo.toml`
[INFO] [stdout] 
[INFO] [stdout] 
[INFO] [stdout] error[E0433]: cannot find module or crate `rsbinder` in this scope
[INFO] [stdout]    --> tests/binder_enum_values.rs:209:57
[INFO] [stdout]     |
[INFO] [stdout] 209 |         fn c(&self, v: Option<&[Option<String>; 3]>) -> rsbinder::BinderResult<()>;
[INFO] [stdout]     |                                                         ^^^^^^^^ use of unresolved module or unlinked crate `rsbinder`
[INFO] [stdout]     |
[INFO] [stdout]     = help: if you wanted to use a crate named `rsbinder`, use `cargo add rsbinder` to add it to your `Cargo.toml`
[INFO] [stdout] 
[INFO] [stdout] 
[INFO] [stdout] error[E0433]: cannot find module or crate `rsbinder` in this scope
[INFO] [stdout]    --> tests/binder_enum_values.rs:210:24
[INFO] [stdout]     |
[INFO] [stdout] 210 |         fn d(&self) -> rsbinder::BinderResult<Option<[Option<rsbinder::ParcelFileDescriptor>; 2]>>;
[INFO] [stdout]     |                        ^^^^^^^^ use of unresolved module or unlinked crate `rsbinder`
[INFO] [stdout]     |
[INFO] [stdout]     = help: if you wanted to use a crate named `rsbinder`, use `cargo add rsbinder` to add it to your `Cargo.toml`
[INFO] [stdout] 
[INFO] [stdout] 
[INFO] [stdout] error[E0433]: cannot find module or crate `rsbinder` in this scope
[INFO] [stdout]    --> tests/binder_enum_values.rs:210:62
[INFO] [stdout]     |
[INFO] [stdout] 210 |         fn d(&self) -> rsbinder::BinderResult<Option<[Option<rsbinder::ParcelFileDescriptor>; 2]>>;
[INFO] [stdout]     |                                                              ^^^^^^^^ use of unresolved module or unlinked crate `rsbinder`
[INFO] [stdout]     |
[INFO] [stdout]     = help: if you wanted to use a crate named `rsbinder`, use `cargo add rsbinder` to add it to your `Cargo.toml`
[INFO] [stdout] 
[INFO] [stdout] 
[INFO] [stdout] Some errors have detailed explanations: E0432, E0433.
[INFO] [stdout] 
[INFO] [stdout] For more information about an error, try `rustc --explain E0432`.
[INFO] [stdout] 
[INFO] [stderr] error: could not compile `rsbinder-macros` (test "binder_enum_values") due to 46 previous errors
[INFO] running `Command { std: "docker" "inspect" "794d893792f86ca99f82b1fe01f72f1e763de30185e2fa24ed79cb71a3ec37e9", kill_on_drop: false }`
[INFO] running `Command { std: "docker" "rm" "-f" "794d893792f86ca99f82b1fe01f72f1e763de30185e2fa24ed79cb71a3ec37e9", kill_on_drop: false }`
[INFO] [stdout] 794d893792f86ca99f82b1fe01f72f1e763de30185e2fa24ed79cb71a3ec37e9
