[INFO] fetching crate rs162 0.1.5...
[INFO] testing rs162-0.1.5 against 1.99.0-beta.8+cargoflags=--release for beta-release-1.100-2
[INFO] extracting crate rs162 0.1.5 into /workspace/builds/worker-7-tc1/source
[INFO] started tweaking crates.io crate rs162 0.1.5
[INFO] removed 0 missing examples
[INFO] finished tweaking crates.io crate rs162 0.1.5
[INFO] tweaked toml for crates.io crate rs162 0.1.5 written to /workspace/builds/worker-7-tc1/source/Cargo.toml
[INFO] validating manifest of crates.io crate rs162 0.1.5 on toolchain 1.99.0-beta.8
[INFO] running `Command { std: CARGO_HOME="/workspace/cargo-home" RUSTUP_HOME="/workspace/rustup-home" "/workspace/cargo-home/bin/cargo" "+1.99.0-beta.8" "metadata" "--manifest-path" "Cargo.toml" "--no-deps", kill_on_drop: false }`
[INFO] crate crates.io crate rs162 0.1.5 already has a lockfile, it will not be regenerated
[INFO] running `Command { std: CARGO_HOME="/workspace/cargo-home" RUSTUP_HOME="/workspace/rustup-home" "/workspace/cargo-home/bin/cargo" "+1.99.0-beta.8" "fetch" "--manifest-path" "Cargo.toml", kill_on_drop: false }`
[INFO] [stderr]     Updating crates.io index
[INFO] [stderr]  Downloading crates ...
[INFO] [stderr]   Downloaded scrypt v0.11.0
[INFO] [stderr]   Downloaded hex-literal v0.4.1
[INFO] [stderr]   Downloaded find-msvc-tools v0.1.8
[INFO] [stderr]   Downloaded salsa20 v0.10.2
[INFO] [stderr]   Downloaded sha-1 v0.10.1
[INFO] [stderr]   Downloaded futures-timer v3.0.3
[INFO] [stderr]   Downloaded mach2 v0.5.0
[INFO] [stderr]   Downloaded biquad v0.6.0
[INFO] [stderr]   Downloaded zmij v1.0.16
[INFO] [stderr]   Downloaded soapysdr-sys v0.8.1
[INFO] [stderr]   Downloaded rs-spy v0.4.2
[INFO] [stderr]   Downloaded rs-rtl v0.4.2
[INFO] [stderr]   Downloaded rs-hackrf v0.4.2
[INFO] [stderr]   Downloaded pkcs5 v0.7.1
[INFO] [stderr]   Downloaded deku_derive v0.20.3
[INFO] [stderr]   Downloaded soapysdr v0.5.1
[INFO] [stderr]   Downloaded io-kit-sys v0.5.0
[INFO] [stderr]   Downloaded ssh2-config v0.7.1
[INFO] [stderr]   Downloaded no_std_io2 v0.9.3
[INFO] [stderr]   Downloaded toml_parser v1.0.6+spec-1.1.0
[INFO] [stderr]   Downloaded cc v1.2.53
[INFO] [stderr]   Downloaded toml_edit v0.23.10+spec-1.0.0
[INFO] [stderr]   Downloaded x25519-dalek v2.0.1
[INFO] [stderr]   Downloaded desperado v0.4.2
[INFO] [stderr]   Downloaded deku v0.20.3
[INFO] [stderr]   Downloaded nusb v0.2.3
[INFO] [stderr]   Downloaded paho-mqtt v0.14.0
[INFO] [stderr]   Downloaded makiko v0.2.5
[INFO] [stderr]   Downloaded git2 v0.20.3
[INFO] [stderr]   Downloaded libssh2-sys v0.3.1
[INFO] [stderr]   Downloaded libz-sys v1.1.23
[INFO] [stderr]   Downloaded libgit2-sys v0.18.3+1.9.2
[INFO] [stderr]   Downloaded paho-mqtt-sys v0.11.0
[INFO] running `Command { std: "docker" "create" "-v" "/var/lib/crater-agent-workspace/builds/worker-7-tc1/source:/opt/rustwide/workdir:ro,Z" "-v" "/var/lib/crater-agent-workspace/builds/worker-7-tc1/target:/opt/rustwide/target:rw,Z" "-v" "/var/lib/crater-agent-workspace/cargo-home:/opt/rustwide/cargo-home:ro,Z" "-v" "/var/lib/crater-agent-workspace/rustup-home:/opt/rustwide/rustup-home:ro,Z" "-m" "1610612736" "--network" "none" "ghcr.io/rust-lang/crates-build-env/linux@sha256:77db811e55d90add9212f6832c23229e3de5f1c1f9905e8cb07319ea15df73ac" "sleep" "infinity", kill_on_drop: false }`
[INFO] [stdout] 9bc6d5bb2fc89b21580e9eeb0a7375aff0c0a8ed09045fc043d0d138f49de4b7
[INFO] running `Command { std: "docker" "start" "9bc6d5bb2fc89b21580e9eeb0a7375aff0c0a8ed09045fc043d0d138f49de4b7", kill_on_drop: false }`
[INFO] running `Command { std: "docker" "inspect" "9bc6d5bb2fc89b21580e9eeb0a7375aff0c0a8ed09045fc043d0d138f49de4b7", kill_on_drop: false }`
[INFO] running `Command { std: "docker" "exec" "-e" "SOURCE_DIR=/opt/rustwide/workdir" "-e" "CARGO_HOME=/opt/rustwide/cargo-home" "-e" "RUSTUP_HOME=/opt/rustwide/rustup-home" "-e" "CARGO_TARGET_DIR=/opt/rustwide/target" "-w" "/opt/rustwide/workdir" "--user" "0:0" "9bc6d5bb2fc89b21580e9eeb0a7375aff0c0a8ed09045fc043d0d138f49de4b7" "/opt/rustwide/cargo-home/bin/cargo" "+1.99.0-beta.8" "metadata" "--no-deps" "--format-version=1", kill_on_drop: false }`
[INFO] running `Command { std: "docker" "inspect" "9bc6d5bb2fc89b21580e9eeb0a7375aff0c0a8ed09045fc043d0d138f49de4b7", kill_on_drop: false }`
[INFO] running `Command { std: "docker" "exec" "-e" "SOURCE_DIR=/opt/rustwide/workdir" "-e" "CARGO_HOME=/opt/rustwide/cargo-home" "-e" "RUSTUP_HOME=/opt/rustwide/rustup-home" "-e" "CARGO_TARGET_DIR=/opt/rustwide/target" "-e" "CARGO_INCREMENTAL=0" "-e" "RUST_BACKTRACE=full" "-e" "RUSTFLAGS=--cap-lints=warn" "-e" "RUSTDOCFLAGS=--cap-lints=warn" "-w" "/opt/rustwide/workdir" "--user" "0:0" "9bc6d5bb2fc89b21580e9eeb0a7375aff0c0a8ed09045fc043d0d138f49de4b7" "/opt/rustwide/cargo-home/bin/cargo" "+1.99.0-beta.8" "build" "--frozen" "--message-format=json" "--release", kill_on_drop: false }`
[INFO] [stderr]    Compiling libm v0.2.15
[INFO] [stderr]    Compiling proc-macro2 v1.0.106
[INFO] [stderr]    Compiling num-traits v0.2.19
[INFO] [stderr]    Compiling futures-core v0.3.32
[INFO] [stderr]    Compiling futures-sink v0.3.32
[INFO] [stderr]    Compiling hashbrown v0.16.1
[INFO] [stderr]    Compiling smallvec v1.15.1
[INFO] [stderr]    Compiling winnow v0.7.14
[INFO] [stderr]    Compiling radium v0.7.0
[INFO] [stderr]    Compiling futures-channel v0.3.32
[INFO] [stderr]    Compiling slab v0.4.11
[INFO] [stderr]    Compiling toml_datetime v0.7.5+spec-1.1.0
[INFO] [stderr]    Compiling parking_lot_core v0.9.12
[INFO] [stderr]    Compiling errno v0.3.14
[INFO] [stderr]    Compiling log v0.4.29
[INFO] [stderr]    Compiling zmij v1.0.16
[INFO] [stderr]    Compiling tap v1.0.1
[INFO] [stderr]    Compiling quote v1.0.45
[INFO] [stderr]    Compiling tracing-log v0.2.0
[INFO] [stderr]    Compiling wyz v0.5.1
[INFO] [stderr]    Compiling indexmap v2.13.0
[INFO] [stderr]    Compiling parking_lot v0.12.5
[INFO] [stderr]    Compiling syn v2.0.117
[INFO] [stderr]    Compiling sharded-slab v0.1.7
[INFO] [stderr]    Compiling signal-hook-registry v1.4.8
[INFO] [stderr]    Compiling thread_local v1.1.9
[INFO] [stderr]    Compiling funty v2.0.0
[INFO] [stderr]    Compiling nu-ansi-term v0.50.3
[INFO] [stderr]    Compiling bitvec v1.0.1
[INFO] [stderr]    Compiling tracing-subscriber v0.3.23
[INFO] [stderr]    Compiling dirs v6.0.0
[INFO] [stderr]    Compiling no_std_io2 v0.9.3
[INFO] [stderr]    Compiling itoa v1.0.17
[INFO] [stderr]    Compiling toml_parser v1.0.6+spec-1.1.0
[INFO] [stderr]    Compiling serde_json v1.0.150
[INFO] [stderr]    Compiling biquad v0.6.0
[INFO] [stderr]    Compiling num-complex v0.4.6
[INFO] [stderr]    Compiling toml_edit v0.23.10+spec-1.0.0
[INFO] [stderr]    Compiling proc-macro-crate v3.4.0
[INFO] [stderr]    Compiling darling_core v0.21.3
[INFO] [stderr]    Compiling futures-macro v0.3.32
[INFO] [stderr]    Compiling tracing-attributes v0.1.31
[INFO] [stderr]    Compiling serde_derive v1.0.228
[INFO] [stderr]    Compiling tokio-macros v2.7.0
[INFO] [stderr]    Compiling thiserror-impl v2.0.18
[INFO] [stderr]    Compiling tokio v1.52.3
[INFO] [stderr]    Compiling futures-util v0.3.32
[INFO] [stderr]    Compiling tracing v0.1.44
[INFO] [stderr]    Compiling thiserror v2.0.18
[INFO] [stderr]    Compiling darling_macro v0.21.3
[INFO] [stderr]    Compiling darling v0.21.3
[INFO] [stderr]    Compiling deku_derive v0.20.3
[INFO] [stderr]    Compiling serde v1.0.228
[INFO] [stderr]    Compiling deku v0.20.3
[INFO] [stderr]    Compiling futures-executor v0.3.32
[INFO] [stderr]    Compiling futures v0.3.32
[INFO] [stderr]    Compiling desperado v0.4.2
[INFO] [stderr]    Compiling rs162 v0.1.5 (/opt/rustwide/workdir)
[INFO] [stderr]     Finished `release` profile [optimized] target(s) in 1m 25s
[INFO] running `Command { std: "docker" "inspect" "9bc6d5bb2fc89b21580e9eeb0a7375aff0c0a8ed09045fc043d0d138f49de4b7", kill_on_drop: false }`
[INFO] running `Command { std: "docker" "exec" "-e" "SOURCE_DIR=/opt/rustwide/workdir" "-e" "CARGO_HOME=/opt/rustwide/cargo-home" "-e" "RUSTUP_HOME=/opt/rustwide/rustup-home" "-e" "CARGO_TARGET_DIR=/opt/rustwide/target" "-e" "CARGO_INCREMENTAL=0" "-e" "RUST_BACKTRACE=full" "-e" "RUSTFLAGS=--cap-lints=warn" "-e" "RUSTDOCFLAGS=--cap-lints=warn" "-w" "/opt/rustwide/workdir" "--user" "0:0" "9bc6d5bb2fc89b21580e9eeb0a7375aff0c0a8ed09045fc043d0d138f49de4b7" "/opt/rustwide/cargo-home/bin/cargo" "+1.99.0-beta.8" "test" "--frozen" "--no-run" "--message-format=json" "--release", kill_on_drop: false }`
[INFO] [stderr]    Compiling bitflags v2.10.0
[INFO] [stderr]    Compiling getrandom v0.3.4
[INFO] [stderr]    Compiling rustix v1.1.4
[INFO] [stderr]    Compiling tempfile v3.27.0
[INFO] [stderr]    Compiling rs162 v0.1.5 (/opt/rustwide/workdir)
[INFO] [stdout] error[E0432]: unresolved import `desperado::rtlsdr`
[INFO] [stdout]   --> examples/rtlsdr.rs:1:17
[INFO] [stdout]    |
[INFO] [stdout]  1 | use desperado::{rtlsdr::DeviceSelector, Result};
[INFO] [stdout]    |                 ^^^^^^ could not find `rtlsdr` in `desperado`
[INFO] [stdout]    |
[INFO] [stdout] note: found an item that was configured out
[INFO] [stdout]   --> /opt/rustwide/cargo-home/registry/src/index.crates.io-1949cf8c6b5b557f/desperado-0.4.2/src/lib.rs:31:9
[INFO] [stdout]    |
[INFO] [stdout] 30 | #[cfg(feature = "rtlsdr")]
[INFO] [stdout]    |       ------------------ the item is gated behind the `rtlsdr` feature
[INFO] [stdout] 31 | pub mod rtlsdr;
[INFO] [stdout]    |         ^^^^^^
[INFO] [stdout] 
[INFO] [stdout] 
[INFO] [stdout] error[E0432]: unresolved import `desperado::rtlsdr`
[INFO] [stdout]   --> examples/rtlsdr_async.rs:1:17
[INFO] [stdout]    |
[INFO] [stdout]  1 | use desperado::{rtlsdr::DeviceSelector, Gain, Result};
[INFO] [stdout]    |                 ^^^^^^ could not find `rtlsdr` in `desperado`
[INFO] [stdout]    |
[INFO] [stdout] note: found an item that was configured out
[INFO] [stdout]   --> /opt/rustwide/cargo-home/registry/src/index.crates.io-1949cf8c6b5b557f/desperado-0.4.2/src/lib.rs:31:9
[INFO] [stdout]    |
[INFO] [stdout] 30 | #[cfg(feature = "rtlsdr")]
[INFO] [stdout]    |       ------------------ the item is gated behind the `rtlsdr` feature
[INFO] [stdout] 31 | pub mod rtlsdr;
[INFO] [stdout]    |         ^^^^^^
[INFO] [stdout] 
[INFO] [stdout] 
[INFO] [stdout] error[E0599]: no associated function or constant named `from_rtlsdr` found for struct `AisAsyncIqSource` in the current scope
[INFO] [stdout]    --> examples/rtlsdr_async.rs:8:42
[INFO] [stdout]     |
[INFO] [stdout]   8 |     let mut receiver = AisAsyncIqSource::from_rtlsdr(
[INFO] [stdout]     |                                          ^^^^^^^^^^^ associated function or constant not found in `AisAsyncIqSource`
[INFO] [stdout]     |
[INFO] [stdout] note: if you're trying to build a new `AisAsyncIqSource` consider using one of the following associated functions:
[INFO] [stdout]       AisAsyncIqSource::new
[INFO] [stdout]       AisAsyncIqSource::from_stdin
[INFO] [stdout]    --> src/sources/iq.rs:164:5
[INFO] [stdout]     |
[INFO] [stdout] 164 | /     pub fn new(
[INFO] [stdout] 165 | |         handle: tokio::task::JoinHandle<()>,
[INFO] [stdout] 166 | |         rx: mpsc::Receiver<Result<AisDemodulatedMessage>>,
[INFO] [stdout] 167 | |     ) -> Self {
[INFO] [stdout]     | |_____________^
[INFO] [stdout] ...
[INFO] [stdout] 191 |       pub fn from_stdin(sample_rate: u32, format: IqFormat) -> AisAsyncIqSource {
[INFO] [stdout]     |       ^^^^^^^^^^^^^^^^^^^^^^^^^^^^^^^^^^^^^^^^^^^^^^^^^^^^^^^^^^^^^^^^^^^^^^^^^
[INFO] [stdout] 
[INFO] [stdout] 
[INFO] [stdout] warning: method call on a diverging inference variable
[INFO] [stdout]   --> examples/rtlsdr_async.rs:16:40
[INFO] [stdout]    |
[INFO] [stdout] 16 |     while let Some(msg_res) = receiver.next().await {
[INFO] [stdout]    |                                        ^^^^
[INFO] [stdout]    |
[INFO] [stdout]    = help: consider providing a type annotation
[INFO] [stdout]    = warning: this was previously accepted by the compiler but is being phased out; it will become a hard error in a future release!
[INFO] [stdout]    = note: for more information, see issue #156047 <https://github.com/rust-lang/rust/issues/156047>
[INFO] [stdout]    = note: `#[warn(method_call_on_diverging_infer_var)]` (part of `#[warn(future_incompatible)]`) on by default
[INFO] [stdout] 
[INFO] [stdout] 
[INFO] [stdout] error[E0599]: the method `next` exists for type `!`, but its trait bounds were not satisfied
[INFO] [stdout]   --> examples/rtlsdr_async.rs:16:40
[INFO] [stdout]    |
[INFO] [stdout] 16 |     while let Some(msg_res) = receiver.next().await {
[INFO] [stdout]    |                                        ^^^^
[INFO] [stdout]    |
[INFO] [stdout]    = note: the following trait bounds were not satisfied:
[INFO] [stdout]            `!: futures::Stream`
[INFO] [stdout]            which is required by `!: StreamExt`
[INFO] [stdout] 
[INFO] [stdout] 
[INFO] [stdout] error[E0599]: no associated function or constant named `from_rtlsdr` found for struct `AisIqSource` in the current scope
[INFO] [stdout]   --> examples/rtlsdr.rs:7:22
[INFO] [stdout]    |
[INFO] [stdout]  7 |         AisIqSource::from_rtlsdr(DeviceSelector::Index(0), AIS_SAMPLE_RATE_288K, None, false)?;
[INFO] [stdout]    |                      ^^^^^^^^^^^ associated function or constant not found in `AisIqSource`
[INFO] [stdout]    |
[INFO] [stdout] note: if you're trying to build a new `AisIqSource` consider using one of the following associated functions:
[INFO] [stdout]       AisIqSource::new
[INFO] [stdout]       AisIqSource::from_file
[INFO] [stdout]       AisIqSource::from_tcp
[INFO] [stdout]   --> src/sources/iq.rs:50:5
[INFO] [stdout]    |
[INFO] [stdout] 50 |     pub fn new(source: IqSource, sample_rate: u32) -> Self {
[INFO] [stdout]    |     ^^^^^^^^^^^^^^^^^^^^^^^^^^^^^^^^^^^^^^^^^^^^^^^^^^^^^^
[INFO] [stdout] ...
[INFO] [stdout] 59 |     pub fn from_file<P: AsRef<Path>>(path: P, sample_rate: u32, format: IqFormat) -> Result<Self> {
[INFO] [stdout]    |     ^^^^^^^^^^^^^^^^^^^^^^^^^^^^^^^^^^^^^^^^^^^^^^^^^^^^^^^^^^^^^^^^^^^^^^^^^^^^^^^^^^^^^^^^^^^^^
[INFO] [stdout] ...
[INFO] [stdout] 65 |     pub fn from_tcp(addr: &str, port: u16, sample_rate: u32, format: IqFormat) -> Result<Self> {
[INFO] [stdout]    |     ^^^^^^^^^^^^^^^^^^^^^^^^^^^^^^^^^^^^^^^^^^^^^^^^^^^^^^^^^^^^^^^^^^^^^^^^^^^^^^^^^^^^^^^^^^
[INFO] [stdout] 
[INFO] [stdout] 
[INFO] [stdout] Some errors have detailed explanations: E0432, E0599.
[INFO] [stdout] 
[INFO] [stdout] For more information about an error, try `rustc --explain E0432`.
[INFO] [stdout] 
[INFO] [stdout] Some errors have detailed explanations: E0432, E0599.
[INFO] [stdout] 
[INFO] [stdout] For more information about an error, try `rustc --explain E0432`.
[INFO] [stdout] 
[INFO] [stderr] error: could not compile `rs162` (example "rtlsdr") due to 2 previous errors
[INFO] [stderr] warning: build failed, waiting for other jobs to finish...
[INFO] [stderr] error: could not compile `rs162` (example "rtlsdr_async") due to 3 previous errors; 2 warnings emitted
[INFO] running `Command { std: "docker" "inspect" "9bc6d5bb2fc89b21580e9eeb0a7375aff0c0a8ed09045fc043d0d138f49de4b7", kill_on_drop: false }`
[INFO] running `Command { std: "docker" "rm" "-f" "9bc6d5bb2fc89b21580e9eeb0a7375aff0c0a8ed09045fc043d0d138f49de4b7", kill_on_drop: false }`
[INFO] [stdout] 9bc6d5bb2fc89b21580e9eeb0a7375aff0c0a8ed09045fc043d0d138f49de4b7
