[INFO] fetching crate rpi-kickstart 0.2.0...
[INFO] testing rpi-kickstart-0.2.0 against 1.99.0-beta.8+cargoflags=--release for beta-release-1.100-2
[INFO] extracting crate rpi-kickstart 0.2.0 into /workspace/builds/worker-3-tc1/source
[INFO] removed /workspace/builds/worker-3-tc1/source/.cargo/config.toml
[INFO] removed /workspace/builds/worker-3-tc1/source/rust-toolchain.toml
[INFO] started tweaking crates.io crate rpi-kickstart 0.2.0
[INFO] removed 0 missing examples
[INFO] finished tweaking crates.io crate rpi-kickstart 0.2.0
[INFO] tweaked toml for crates.io crate rpi-kickstart 0.2.0 written to /workspace/builds/worker-3-tc1/source/Cargo.toml
[INFO] validating manifest of crates.io crate rpi-kickstart 0.2.0 on toolchain 1.99.0-beta.8
[INFO] running `Command { std: CARGO_HOME="/workspace/cargo-home" RUSTUP_HOME="/workspace/rustup-home" "/workspace/cargo-home/bin/cargo" "+1.99.0-beta.8" "metadata" "--manifest-path" "Cargo.toml" "--no-deps", kill_on_drop: false }`
[INFO] crate crates.io crate rpi-kickstart 0.2.0 already has a lockfile, it will not be regenerated
[INFO] running `Command { std: CARGO_HOME="/workspace/cargo-home" RUSTUP_HOME="/workspace/rustup-home" "/workspace/cargo-home/bin/cargo" "+1.99.0-beta.8" "fetch" "--manifest-path" "Cargo.toml", kill_on_drop: false }`
[INFO] [stderr]     Updating crates.io index
[INFO] [stderr]     Blocking waiting for file lock on package cache
[INFO] [stderr]  Downloading crates ...
[INFO] [stderr]   Downloaded static_cell v2.1.1
[INFO] [stderr]   Downloaded tz-rs v0.7.3
[INFO] [stderr]   Downloaded embedded-io-async v0.7.0
[INFO] [stderr]   Downloaded rpi-loader-ota v0.3.0
[INFO] [stderr]   Downloaded resident-fat v0.3.0
[INFO] [stderr]   Downloaded embassy-net-driver v0.2.0
[INFO] [stderr]   Downloaded embassy-executor-macros v0.8.0
[INFO] [stderr]   Downloaded rpi-hal-embassy v0.9.0
[INFO] [stderr]   Downloaded embassy-executor-timer-queue v0.1.0
[INFO] [stderr]   Downloaded embassy-net-driver-channel v0.4.0
[INFO] [stderr]   Downloaded embedded-io v0.7.1
[INFO] [stderr]   Downloaded embassy-time-queue-utils v0.3.2
[INFO] [stderr]   Downloaded cordyceps v0.3.5
[INFO] [stderr]   Downloaded embassy-executor v0.10.0
[INFO] [stderr]   Downloaded serde-json-core v0.6.0
[INFO] [stderr]   Downloaded embedded-nal v0.9.0
[INFO] [stderr]   Downloaded embedded-alloc v0.6.0
[INFO] [stderr]   Downloaded embassy-sync v0.8.0
[INFO] [stderr]   Downloaded picoserve_derive v0.1.4
[INFO] [stderr]   Downloaded managed v0.8.0
[INFO] [stderr]   Downloaded embedded-nal-async v0.9.0
[INFO] [stderr]   Downloaded const-sha1 v0.3.0
[INFO] [stderr]   Downloaded picoserve v0.19.0
[INFO] [stderr]   Downloaded embassy-net v0.9.1
[INFO] [stderr]   Downloaded rlsf v0.2.3
[INFO] [stderr]   Downloaded bcm2837-lpa v0.5.0
[INFO] [stderr]   Downloaded bcm2835-lpa v0.5.0
[INFO] [stderr]   Downloaded bcm2711-lpa v0.5.0
[INFO] [stderr]   Downloaded smoltcp v0.13.1
[INFO] [stderr]   Downloaded rpi-hal v0.9.0
[INFO] running `Command { std: "docker" "create" "-v" "/var/lib/crater-agent-workspace/builds/worker-3-tc1/source:/opt/rustwide/workdir:ro,Z" "-v" "/var/lib/crater-agent-workspace/builds/worker-3-tc1/target:/opt/rustwide/target:rw,Z" "-v" "/var/lib/crater-agent-workspace/cargo-home:/opt/rustwide/cargo-home:ro,Z" "-v" "/var/lib/crater-agent-workspace/rustup-home:/opt/rustwide/rustup-home:ro,Z" "-m" "1610612736" "--network" "none" "ghcr.io/rust-lang/crates-build-env/linux@sha256:77db811e55d90add9212f6832c23229e3de5f1c1f9905e8cb07319ea15df73ac" "sleep" "infinity", kill_on_drop: false }`
[INFO] [stdout] 3a63e497d2954473f41cdb28b645b7b51fadc0b69264352a9a87edcacbf1e2f5
[INFO] running `Command { std: "docker" "start" "3a63e497d2954473f41cdb28b645b7b51fadc0b69264352a9a87edcacbf1e2f5", kill_on_drop: false }`
[INFO] running `Command { std: "docker" "inspect" "3a63e497d2954473f41cdb28b645b7b51fadc0b69264352a9a87edcacbf1e2f5", kill_on_drop: false }`
[INFO] running `Command { std: "docker" "exec" "-e" "SOURCE_DIR=/opt/rustwide/workdir" "-e" "CARGO_HOME=/opt/rustwide/cargo-home" "-e" "RUSTUP_HOME=/opt/rustwide/rustup-home" "-e" "CARGO_TARGET_DIR=/opt/rustwide/target" "-w" "/opt/rustwide/workdir" "--user" "0:0" "3a63e497d2954473f41cdb28b645b7b51fadc0b69264352a9a87edcacbf1e2f5" "/opt/rustwide/cargo-home/bin/cargo" "+1.99.0-beta.8" "metadata" "--no-deps" "--format-version=1", kill_on_drop: false }`
[INFO] running `Command { std: "docker" "inspect" "3a63e497d2954473f41cdb28b645b7b51fadc0b69264352a9a87edcacbf1e2f5", kill_on_drop: false }`
[INFO] running `Command { std: "docker" "exec" "-e" "SOURCE_DIR=/opt/rustwide/workdir" "-e" "CARGO_HOME=/opt/rustwide/cargo-home" "-e" "RUSTUP_HOME=/opt/rustwide/rustup-home" "-e" "CARGO_TARGET_DIR=/opt/rustwide/target" "-e" "CARGO_INCREMENTAL=0" "-e" "RUST_BACKTRACE=full" "-e" "RUSTFLAGS=--cap-lints=warn" "-e" "RUSTDOCFLAGS=--cap-lints=warn" "-w" "/opt/rustwide/workdir" "--user" "0:0" "3a63e497d2954473f41cdb28b645b7b51fadc0b69264352a9a87edcacbf1e2f5" "/opt/rustwide/cargo-home/bin/cargo" "+1.99.0-beta.8" "build" "--frozen" "--message-format=json" "--release", kill_on_drop: false }`
[INFO] [stderr]    Compiling rpi-kickstart v0.2.0 (/opt/rustwide/workdir)
[INFO] [stderr]     Finished `release` profile [optimized] target(s) in 0.15s
[INFO] running `Command { std: "docker" "inspect" "3a63e497d2954473f41cdb28b645b7b51fadc0b69264352a9a87edcacbf1e2f5", kill_on_drop: false }`
[INFO] running `Command { std: "docker" "exec" "-e" "SOURCE_DIR=/opt/rustwide/workdir" "-e" "CARGO_HOME=/opt/rustwide/cargo-home" "-e" "RUSTUP_HOME=/opt/rustwide/rustup-home" "-e" "CARGO_TARGET_DIR=/opt/rustwide/target" "-e" "CARGO_INCREMENTAL=0" "-e" "RUST_BACKTRACE=full" "-e" "RUSTFLAGS=--cap-lints=warn" "-e" "RUSTDOCFLAGS=--cap-lints=warn" "-w" "/opt/rustwide/workdir" "--user" "0:0" "3a63e497d2954473f41cdb28b645b7b51fadc0b69264352a9a87edcacbf1e2f5" "/opt/rustwide/cargo-home/bin/cargo" "+1.99.0-beta.8" "test" "--frozen" "--no-run" "--message-format=json" "--release", kill_on_drop: false }`
[INFO] [stderr]    Compiling heapless v0.9.3
[INFO] [stderr]    Compiling embedded-hal-async v1.0.0
[INFO] [stderr]    Compiling embassy-time-driver v0.2.2
[INFO] [stderr]    Compiling embassy-time-queue-utils v0.3.2
[INFO] [stderr]    Compiling embassy-executor-timer-queue v0.1.0
[INFO] [stderr]    Compiling critical-section v1.2.0
[INFO] [stderr]    Compiling futures-core v0.3.34
[INFO] [stderr]    Compiling rpi-kickstart v0.2.0 (/opt/rustwide/workdir)
[INFO] [stderr]    Compiling embassy-time v0.5.1
[INFO] [stdout] error[E0433]: cannot find module or crate `rpi_hal` in this scope
[INFO] [stdout]   --> examples/hello.rs:18:5
[INFO] [stdout]    |
[INFO] [stdout] 18 | use rpi_hal::{halt, pac, timer::Timer, uart::Uart};
[INFO] [stdout]    |     ^^^^^^^ use of unresolved module or unlinked crate `rpi_hal`
[INFO] [stdout]    |
[INFO] [stdout]    = help: if you wanted to use a crate named `rpi_hal`, use `cargo add rpi_hal` to add it to your `Cargo.toml`
[INFO] [stdout] 
[INFO] [stdout] 
[INFO] [stdout] error[E0432]: unresolved import `rpi_hal`
[INFO] [stdout]   --> examples/hello.rs:18:5
[INFO] [stdout]    |
[INFO] [stdout] 18 | use rpi_hal::{halt, pac, timer::Timer, uart::Uart};
[INFO] [stdout]    |     ^^^^^^^ use of unresolved module or unlinked crate `rpi_hal`
[INFO] [stdout]    |
[INFO] [stdout]    = help: if you wanted to use a crate named `rpi_hal`, use `cargo add rpi_hal` to add it to your `Cargo.toml`
[INFO] [stdout] 
[INFO] [stdout] 
[INFO] [stdout] error: unwinding panics are not supported without std
[INFO] [stdout]   |
[INFO] [stdout]   = help: using nightly cargo, use -Zbuild-std with panic="abort" to avoid unwinding
[INFO] [stdout]   = note: since the core library is usually precompiled with panic="unwind", rebuilding your crate with panic="abort" may not be enough to fix the problem
[INFO] [stdout] 
[INFO] [stdout] 
[INFO] [stdout] error[E0308]: mismatched types
[INFO] [stdout]   --> examples/hello.rs:36:44
[INFO] [stdout]    |
[INFO] [stdout] 36 | fn panic(info: &core::panic::PanicInfo) -> ! {
[INFO] [stdout]    |    -----                                   ^ expected `!`, found `()`
[INFO] [stdout]    |    |
[INFO] [stdout]    |    implicitly returns `()` as its body has no tail or `return` expression
[INFO] [stdout]    |
[INFO] [stdout]    = note:   expected type `!`
[INFO] [stdout]            found unit type `()`
[INFO] [stdout] 
[INFO] [stdout] 
[INFO] [stdout] Some errors have detailed explanations: E0308, E0432, E0433.
[INFO] [stdout] 
[INFO] [stdout] For more information about an error, try `rustc --explain E0308`.
[INFO] [stdout] 
[INFO] [stderr] error: could not compile `rpi-kickstart` (example "hello") due to 4 previous errors
[INFO] [stderr] warning: build failed, waiting for other jobs to finish...
[INFO] running `Command { std: "docker" "inspect" "3a63e497d2954473f41cdb28b645b7b51fadc0b69264352a9a87edcacbf1e2f5", kill_on_drop: false }`
[INFO] running `Command { std: "docker" "rm" "-f" "3a63e497d2954473f41cdb28b645b7b51fadc0b69264352a9a87edcacbf1e2f5", kill_on_drop: false }`
[INFO] [stdout] 3a63e497d2954473f41cdb28b645b7b51fadc0b69264352a9a87edcacbf1e2f5
