[INFO] fetching crate rpdfium 7676.6.4...
[INFO] testing rpdfium-7676.6.4 against 1.100.0-beta.1+cargoflags=--release for beta-release-1.100-2
[INFO] extracting crate rpdfium 7676.6.4 into /workspace/builds/worker-1-tc2/source
[INFO] started tweaking crates.io crate rpdfium 7676.6.4
[INFO] removed 0 missing examples
[INFO] removed 0 missing tests
[INFO] finished tweaking crates.io crate rpdfium 7676.6.4
[INFO] tweaked toml for crates.io crate rpdfium 7676.6.4 written to /workspace/builds/worker-1-tc2/source/Cargo.toml
[INFO] validating manifest of crates.io crate rpdfium 7676.6.4 on toolchain 1.100.0-beta.1
[INFO] running `Command { std: CARGO_HOME="/workspace/cargo-home" RUSTUP_HOME="/workspace/rustup-home" "/workspace/cargo-home/bin/cargo" "+1.100.0-beta.1" "metadata" "--manifest-path" "Cargo.toml" "--no-deps", kill_on_drop: false }`
[INFO] crate crates.io crate rpdfium 7676.6.4 already has a lockfile, it will not be regenerated
[INFO] running `Command { std: CARGO_HOME="/workspace/cargo-home" RUSTUP_HOME="/workspace/rustup-home" "/workspace/cargo-home/bin/cargo" "+1.100.0-beta.1" "fetch" "--manifest-path" "Cargo.toml", kill_on_drop: false }`
[INFO] [stderr]     Blocking waiting for file lock on package cache
[INFO] [stderr]     Blocking waiting for file lock on package cache
[INFO] running `Command { std: "docker" "create" "-v" "/var/lib/crater-agent-workspace/builds/worker-1-tc2/source:/opt/rustwide/workdir:ro,Z" "-v" "/var/lib/crater-agent-workspace/builds/worker-1-tc2/target:/opt/rustwide/target:rw,Z" "-v" "/var/lib/crater-agent-workspace/cargo-home:/opt/rustwide/cargo-home:ro,Z" "-v" "/var/lib/crater-agent-workspace/rustup-home:/opt/rustwide/rustup-home:ro,Z" "-m" "1610612736" "--network" "none" "ghcr.io/rust-lang/crates-build-env/linux@sha256:77db811e55d90add9212f6832c23229e3de5f1c1f9905e8cb07319ea15df73ac" "sleep" "infinity", kill_on_drop: false }`
[INFO] [stdout] c8a7239862df8a311edf43f33f5a71be3b9aebe958122967d4d01897de4d5350
[INFO] running `Command { std: "docker" "start" "c8a7239862df8a311edf43f33f5a71be3b9aebe958122967d4d01897de4d5350", kill_on_drop: false }`
[INFO] running `Command { std: "docker" "inspect" "c8a7239862df8a311edf43f33f5a71be3b9aebe958122967d4d01897de4d5350", kill_on_drop: false }`
[INFO] running `Command { std: "docker" "exec" "-e" "SOURCE_DIR=/opt/rustwide/workdir" "-e" "CARGO_HOME=/opt/rustwide/cargo-home" "-e" "RUSTUP_HOME=/opt/rustwide/rustup-home" "-e" "CARGO_TARGET_DIR=/opt/rustwide/target" "-w" "/opt/rustwide/workdir" "--user" "0:0" "c8a7239862df8a311edf43f33f5a71be3b9aebe958122967d4d01897de4d5350" "/opt/rustwide/cargo-home/bin/cargo" "+1.100.0-beta.1" "metadata" "--no-deps" "--format-version=1", kill_on_drop: false }`
[INFO] running `Command { std: "docker" "inspect" "c8a7239862df8a311edf43f33f5a71be3b9aebe958122967d4d01897de4d5350", kill_on_drop: false }`
[INFO] running `Command { std: "docker" "exec" "-e" "SOURCE_DIR=/opt/rustwide/workdir" "-e" "CARGO_HOME=/opt/rustwide/cargo-home" "-e" "RUSTUP_HOME=/opt/rustwide/rustup-home" "-e" "CARGO_TARGET_DIR=/opt/rustwide/target" "-e" "CARGO_INCREMENTAL=0" "-e" "RUST_BACKTRACE=full" "-e" "RUSTFLAGS=--cap-lints=warn" "-e" "RUSTDOCFLAGS=--cap-lints=warn" "-w" "/opt/rustwide/workdir" "--user" "0:0" "c8a7239862df8a311edf43f33f5a71be3b9aebe958122967d4d01897de4d5350" "/opt/rustwide/cargo-home/bin/cargo" "+1.100.0-beta.1" "build" "--frozen" "--message-format=json" "--release", kill_on_drop: false }`
[INFO] [stderr]    Compiling simd-adler32 v0.3.8
[INFO] [stderr]    Compiling libc v0.2.180
[INFO] [stderr]    Compiling proc-macro2 v1.0.106
[INFO] [stderr]    Compiling tracing-core v0.1.36
[INFO] [stderr]    Compiling hayro-ccitt v0.2.0
[INFO] [stderr]    Compiling zune-core v0.5.1
[INFO] [stderr]    Compiling hayro-jpeg2000 v0.1.1
[INFO] [stderr]    Compiling num-traits v0.2.19
[INFO] [stderr]    Compiling crossbeam-epoch v0.9.18
[INFO] [stderr]    Compiling arrayvec v0.7.6
[INFO] [stderr]    Compiling block-padding v0.3.3
[INFO] [stderr]    Compiling tinyvec v1.10.0
[INFO] [stderr]    Compiling either v1.15.0
[INFO] [stderr]    Compiling sha1 v0.10.6
[INFO] [stderr]    Compiling md-5 v0.10.6
[INFO] [stderr]    Compiling inout v0.1.4
[INFO] [stderr]    Compiling crossbeam-deque v0.8.6
[INFO] [stderr]    Compiling miniz_oxide v0.8.9
[INFO] [stderr]    Compiling cipher v0.4.4
[INFO] [stderr]    Compiling hayro-jbig2 v0.1.0
[INFO] [stderr]    Compiling fdeflate v0.3.7
[INFO] [stderr]    Compiling unicode-normalization v0.1.25
[INFO] [stderr]    Compiling zune-jpeg v0.5.12
[INFO] [stderr]    Compiling rayon-core v1.13.0
[INFO] [stderr]    Compiling aes v0.8.4
[INFO] [stderr]    Compiling cbc v0.1.2
[INFO] [stderr]    Compiling quote v1.0.44
[INFO] [stderr]    Compiling pxfm v0.1.27
[INFO] [stderr]    Compiling flate2 v1.1.9
[INFO] [stderr]    Compiling syn v2.0.114
[INFO] [stderr]    Compiling rayon v1.11.0
[INFO] [stderr]    Compiling png v0.17.16
[INFO] [stderr]    Compiling parking_lot_core v0.9.12
[INFO] [stderr]    Compiling getrandom v0.3.4
[INFO] [stderr]    Compiling dashmap v6.1.0
[INFO] [stderr]    Compiling bytemuck_derive v1.10.2
[INFO] [stderr]    Compiling thiserror-impl v2.0.18
[INFO] [stderr]    Compiling tracing-attributes v0.1.31
[INFO] [stderr]    Compiling moxcms v0.8.0
[INFO] [stderr]    Compiling bytemuck v1.25.0
[INFO] [stderr]    Compiling thiserror v2.0.18
[INFO] [stderr]    Compiling tracing v0.1.44
[INFO] [stderr]    Compiling font-types v0.9.0
[INFO] [stderr]    Compiling tiny-skia-path v0.11.4
[INFO] [stderr]    Compiling rpdfium-core v7676.6.4
[INFO] [stderr]    Compiling read-fonts v0.34.0
[INFO] [stderr]    Compiling rpdfium-codec v7676.6.4
[INFO] [stderr]    Compiling rpdfium-graphics v7676.6.4
[INFO] [stderr]    Compiling tiny-skia v0.11.4
[INFO] [stderr]    Compiling rpdfium-parser v7676.6.4
[INFO] [stderr]    Compiling skrifa v0.36.0
[INFO] [stderr]    Compiling rpdfium-font v7676.6.4
[INFO] [stderr]    Compiling rpdfium-page v7676.6.4
[INFO] [stderr]    Compiling rpdfium-doc v7676.6.4
[INFO] [stderr]    Compiling rpdfium-text v7676.6.4
[INFO] [stderr]    Compiling rpdfium-render v7676.6.4
[INFO] [stderr]    Compiling rpdfium v7676.6.4 (/opt/rustwide/workdir)
[INFO] [stderr]     Finished `release` profile [optimized] target(s) in 1m 24s
[INFO] running `Command { std: "docker" "inspect" "c8a7239862df8a311edf43f33f5a71be3b9aebe958122967d4d01897de4d5350", kill_on_drop: false }`
[INFO] running `Command { std: "docker" "exec" "-e" "SOURCE_DIR=/opt/rustwide/workdir" "-e" "CARGO_HOME=/opt/rustwide/cargo-home" "-e" "RUSTUP_HOME=/opt/rustwide/rustup-home" "-e" "CARGO_TARGET_DIR=/opt/rustwide/target" "-e" "CARGO_INCREMENTAL=0" "-e" "RUST_BACKTRACE=full" "-e" "RUSTFLAGS=--cap-lints=warn" "-e" "RUSTDOCFLAGS=--cap-lints=warn" "-w" "/opt/rustwide/workdir" "--user" "0:0" "c8a7239862df8a311edf43f33f5a71be3b9aebe958122967d4d01897de4d5350" "/opt/rustwide/cargo-home/bin/cargo" "+1.100.0-beta.1" "test" "--frozen" "--no-run" "--message-format=json" "--release", kill_on_drop: false }`
[INFO] [stderr]    Compiling zerocopy v0.8.39
[INFO] [stderr]    Compiling zerocopy-derive v0.8.39
[INFO] [stderr]    Compiling zmij v1.0.20
[INFO] [stderr]    Compiling serde_derive v1.0.228
[INFO] [stderr]    Compiling clap_lex v0.7.7
[INFO] [stderr]    Compiling rayon v1.11.0
[INFO] [stderr]    Compiling itertools v0.10.5
[INFO] [stderr]    Compiling regex-automata v0.4.14
[INFO] [stderr]    Compiling plotters v0.3.7
[INFO] [stderr]    Compiling is-terminal v0.4.17
[INFO] [stderr]    Compiling clap_builder v4.5.57
[INFO] [stderr]    Compiling serde_json v1.0.149
[INFO] [stderr]    Compiling regex v1.12.3
[INFO] [stderr]    Compiling criterion-plot v0.5.0
[INFO] [stderr]    Compiling serde v1.0.228
[INFO] [stderr]    Compiling rpdfium v7676.6.4 (/opt/rustwide/workdir)
[INFO] [stderr]    Compiling clap v4.5.57
[INFO] [stderr]    Compiling tinytemplate v1.2.1
[INFO] [stderr]    Compiling half v2.7.1
[INFO] [stderr]    Compiling ciborium-ll v0.2.2
[INFO] [stderr]    Compiling ciborium v0.2.2
[INFO] [stderr]    Compiling criterion v0.5.1
[INFO] [stdout] error[E0433]: cannot find module or crate `rpdfium_test_utils` in this scope
[INFO] [stdout]   --> tests/upstream_pdf_test.rs:13:5
[INFO] [stdout]    |
[INFO] [stdout] 13 | use rpdfium_test_utils::helpers::{
[INFO] [stdout]    |     ^^^^^^^^^^^^^^^^^^ use of unresolved module or unlinked crate `rpdfium_test_utils`
[INFO] [stdout]    |
[INFO] [stdout]    = help: if you wanted to use a crate named `rpdfium_test_utils`, use `cargo add rpdfium_test_utils` to add it to your `Cargo.toml`
[INFO] [stdout] 
[INFO] [stdout] 
[INFO] [stdout] error[E0433]: cannot find module or crate `rpdfium_test_utils` in this scope
[INFO] [stdout]   --> tests/upstream_pdf_test.rs:17:5
[INFO] [stdout]    |
[INFO] [stdout] 17 | use rpdfium_test_utils::pixel_diff::{
[INFO] [stdout]    |     ^^^^^^^^^^^^^^^^^^ use of unresolved module or unlinked crate `rpdfium_test_utils`
[INFO] [stdout]    |
[INFO] [stdout]    = help: if you wanted to use a crate named `rpdfium_test_utils`, use `cargo add rpdfium_test_utils` to add it to your `Cargo.toml`
[INFO] [stdout] 
[INFO] [stdout] 
[INFO] [stdout] error[E0433]: cannot find module or crate `rpdfium_test_utils` in this scope
[INFO] [stdout]   --> tests/upstream_pdf_test.rs:20:5
[INFO] [stdout]    |
[INFO] [stdout] 20 | use rpdfium_test_utils::png_io::{read_png, write_png};
[INFO] [stdout]    |     ^^^^^^^^^^^^^^^^^^ use of unresolved module or unlinked crate `rpdfium_test_utils`
[INFO] [stdout]    |
[INFO] [stdout]    = help: if you wanted to use a crate named `rpdfium_test_utils`, use `cargo add rpdfium_test_utils` to add it to your `Cargo.toml`
[INFO] [stdout] 
[INFO] [stdout] 
[INFO] [stdout] error[E0432]: unresolved import `rpdfium_test_utils`
[INFO] [stdout]   --> tests/upstream_pdf_test.rs:21:5
[INFO] [stdout]    |
[INFO] [stdout] 21 | use rpdfium_test_utils::require_pixel_pdf;
[INFO] [stdout]    |     ^^^^^^^^^^^^^^^^^^ use of unresolved module or unlinked crate `rpdfium_test_utils`
[INFO] [stdout]    |
[INFO] [stdout]    = help: if you wanted to use a crate named `rpdfium_test_utils`, use `cargo add rpdfium_test_utils` to add it to your `Cargo.toml`
[INFO] [stdout] 
[INFO] [stdout] 
[INFO] [stdout] error[E0433]: cannot find module or crate `rpdfium_test_utils` in this scope
[INFO] [stdout]    --> tests/upstream_pdf_test.rs:818:23
[INFO] [stdout]     |
[INFO] [stdout] 818 |     let diff_config = rpdfium_test_utils::pixel_diff::PixelDiffConfig {
[INFO] [stdout]     |                       ^^^^^^^^^^^^^^^^^^ use of unresolved module or unlinked crate `rpdfium_test_utils`
[INFO] [stdout]     |
[INFO] [stdout]     = help: if you wanted to use a crate named `rpdfium_test_utils`, use `cargo add rpdfium_test_utils` to add it to your `Cargo.toml`
[INFO] [stdout] 
[INFO] [stdout] 
[INFO] [stdout] error[E0433]: cannot find module or crate `rpdfium_test_utils` in this scope
[INFO] [stdout]    --> tests/upstream_pdf_test.rs:823:18
[INFO] [stdout]     |
[INFO] [stdout] 823 |     let result = rpdfium_test_utils::pixel_diff::compare_bitmaps(&actual, &expected, &diff_config);
[INFO] [stdout]     |                  ^^^^^^^^^^^^^^^^^^ use of unresolved module or unlinked crate `rpdfium_test_utils`
[INFO] [stdout]     |
[INFO] [stdout]     = help: if you wanted to use a crate named `rpdfium_test_utils`, use `cargo add rpdfium_test_utils` to add it to your `Cargo.toml`
[INFO] [stdout] 
[INFO] [stdout] 
[INFO] [stdout] error[E0433]: cannot find module or crate `rpdfium_test_utils` in this scope
[INFO] [stdout]     --> tests/upstream_pdf_test.rs:1538:27
[INFO] [stdout]      |
[INFO] [stdout] 1538 |         let diff_config = rpdfium_test_utils::pixel_diff::PixelDiffConfig {
[INFO] [stdout]      |                           ^^^^^^^^^^^^^^^^^^ use of unresolved module or unlinked crate `rpdfium_test_utils`
[INFO] [stdout]      |
[INFO] [stdout]      = help: if you wanted to use a crate named `rpdfium_test_utils`, use `cargo add rpdfium_test_utils` to add it to your `Cargo.toml`
[INFO] [stdout] 
[INFO] [stdout] 
[INFO] [stdout] error[E0433]: cannot find module or crate `rpdfium_test_utils` in this scope
[INFO] [stdout]     --> tests/upstream_pdf_test.rs:1544:13
[INFO] [stdout]      |
[INFO] [stdout] 1544 |             rpdfium_test_utils::pixel_diff::compare_bitmaps(&actual, &expected, &diff_config);
[INFO] [stdout]      |             ^^^^^^^^^^^^^^^^^^ use of unresolved module or unlinked crate `rpdfium_test_utils`
[INFO] [stdout]      |
[INFO] [stdout]      = help: if you wanted to use a crate named `rpdfium_test_utils`, use `cargo add rpdfium_test_utils` to add it to your `Cargo.toml`
[INFO] [stdout] 
[INFO] [stdout] 
[INFO] [stdout] Some errors have detailed explanations: E0432, E0433.
[INFO] [stdout] 
[INFO] [stdout] For more information about an error, try `rustc --explain E0432`.
[INFO] [stdout] 
[INFO] [stderr] error: could not compile `rpdfium` (test "upstream_pdf_test") due to 8 previous errors
[INFO] [stderr] warning: build failed, waiting for other jobs to finish...
[INFO] running `Command { std: "docker" "inspect" "c8a7239862df8a311edf43f33f5a71be3b9aebe958122967d4d01897de4d5350", kill_on_drop: false }`
[INFO] running `Command { std: "docker" "rm" "-f" "c8a7239862df8a311edf43f33f5a71be3b9aebe958122967d4d01897de4d5350", kill_on_drop: false }`
[INFO] [stdout] c8a7239862df8a311edf43f33f5a71be3b9aebe958122967d4d01897de4d5350
