[INFO] fetching crate routers 0.4.0...
[INFO] testing routers-0.4.0 against 1.99.0-beta.8+cargoflags=--release for beta-release-1.100-2
[INFO] extracting crate routers 0.4.0 into /workspace/builds/worker-5-tc1/source
[INFO] started tweaking crates.io crate routers 0.4.0
[INFO] finished tweaking crates.io crate routers 0.4.0
[INFO] tweaked toml for crates.io crate routers 0.4.0 written to /workspace/builds/worker-5-tc1/source/Cargo.toml
[INFO] validating manifest of crates.io crate routers 0.4.0 on toolchain 1.99.0-beta.8
[INFO] running `Command { std: CARGO_HOME="/workspace/cargo-home" RUSTUP_HOME="/workspace/rustup-home" "/workspace/cargo-home/bin/cargo" "+1.99.0-beta.8" "metadata" "--manifest-path" "Cargo.toml" "--no-deps", kill_on_drop: false }`
[INFO] crate crates.io crate routers 0.4.0 already has a lockfile, it will not be regenerated
[INFO] running `Command { std: CARGO_HOME="/workspace/cargo-home" RUSTUP_HOME="/workspace/rustup-home" "/workspace/cargo-home/bin/cargo" "+1.99.0-beta.8" "fetch" "--manifest-path" "Cargo.toml", kill_on_drop: false }`
[INFO] [stderr]     Updating crates.io index
[INFO] [stderr]  Downloading crates ...
[INFO] [stderr]   Downloaded routers_network v0.3.1
[INFO] [stderr]   Downloaded i_key_sort v0.6.0
[INFO] [stderr]   Downloaded cgmath v0.18.0
[INFO] [stderr]   Downloaded twox-hash v2.1.5
[INFO] [stderr]   Downloaded routers_codec v0.2.3
[INFO] [stderr]   Downloaded zerocopy-derive v0.8.61
[INFO] [stderr]   Downloaded geo v0.31.0
[INFO] [stderr]   Downloaded buffa v0.6.0
[INFO] [stderr]   Downloaded phf_generator v0.12.1
[INFO] [stderr]   Downloaded buffa-descriptor v0.6.0
[INFO] [stderr]   Downloaded i_shape v1.14.0
[INFO] [stderr]   Downloaded s2 v0.0.13
[INFO] [stderr]   Downloaded i_tree v0.16.0
[INFO] [stderr]   Downloaded i_float v1.15.0
[INFO] [stderr]   Downloaded bigdecimal v0.3.1
[INFO] [stderr]   Downloaded routers_transition v0.3.8
[INFO] [stderr]   Downloaded geo-index v0.3.4
[INFO] [stderr]   Downloaded routers_shard v0.2.8
[INFO] [stderr]   Downloaded routers_schema v0.2.2
[INFO] [stderr]   Downloaded wkb v0.9.2
[INFO] [stderr]   Downloaded zerocopy v0.8.61
[INFO] [stderr]   Downloaded float_extras v0.1.6
[INFO] [stderr]   Downloaded phf_macros v0.12.1
[INFO] [stderr]   Downloaded buffa-types v0.6.0
[INFO] [stderr]   Downloaded codspeed-criterion-compat v3.0.5
[INFO] [stderr]   Downloaded codspeed v3.0.5
[INFO] [stderr]   Downloaded codspeed-criterion-compat-walltime v3.0.5
[INFO] [stderr]   Downloaded routers_trellis v0.2.2
[INFO] [stderr]   Downloaded marrow v0.3.1
[INFO] [stderr]   Downloaded i_overlay v4.0.7
[INFO] [stderr]   Downloaded serde_arrow v0.15.1
[INFO] running `Command { std: "docker" "create" "-v" "/var/lib/crater-agent-workspace/builds/worker-5-tc1/source:/opt/rustwide/workdir:ro,Z" "-v" "/var/lib/crater-agent-workspace/builds/worker-5-tc1/target:/opt/rustwide/target:rw,Z" "-v" "/var/lib/crater-agent-workspace/cargo-home:/opt/rustwide/cargo-home:ro,Z" "-v" "/var/lib/crater-agent-workspace/rustup-home:/opt/rustwide/rustup-home:ro,Z" "-m" "1610612736" "--network" "none" "ghcr.io/rust-lang/crates-build-env/linux@sha256:77db811e55d90add9212f6832c23229e3de5f1c1f9905e8cb07319ea15df73ac" "sleep" "infinity", kill_on_drop: false }`
[INFO] [stdout] 34fe2b226f2d56577383399ed63e28cc19a2b3ab1e80922704da86b782104976
[INFO] running `Command { std: "docker" "start" "34fe2b226f2d56577383399ed63e28cc19a2b3ab1e80922704da86b782104976", kill_on_drop: false }`
[INFO] running `Command { std: "docker" "inspect" "34fe2b226f2d56577383399ed63e28cc19a2b3ab1e80922704da86b782104976", kill_on_drop: false }`
[INFO] running `Command { std: "docker" "exec" "-e" "SOURCE_DIR=/opt/rustwide/workdir" "-e" "CARGO_HOME=/opt/rustwide/cargo-home" "-e" "RUSTUP_HOME=/opt/rustwide/rustup-home" "-e" "CARGO_TARGET_DIR=/opt/rustwide/target" "-w" "/opt/rustwide/workdir" "--user" "0:0" "34fe2b226f2d56577383399ed63e28cc19a2b3ab1e80922704da86b782104976" "/opt/rustwide/cargo-home/bin/cargo" "+1.99.0-beta.8" "metadata" "--no-deps" "--format-version=1", kill_on_drop: false }`
[INFO] running `Command { std: "docker" "inspect" "34fe2b226f2d56577383399ed63e28cc19a2b3ab1e80922704da86b782104976", kill_on_drop: false }`
[INFO] running `Command { std: "docker" "exec" "-e" "SOURCE_DIR=/opt/rustwide/workdir" "-e" "CARGO_HOME=/opt/rustwide/cargo-home" "-e" "RUSTUP_HOME=/opt/rustwide/rustup-home" "-e" "CARGO_TARGET_DIR=/opt/rustwide/target" "-e" "CARGO_INCREMENTAL=0" "-e" "RUST_BACKTRACE=full" "-e" "RUSTFLAGS=--cap-lints=warn" "-e" "RUSTDOCFLAGS=--cap-lints=warn" "-w" "/opt/rustwide/workdir" "--user" "0:0" "34fe2b226f2d56577383399ed63e28cc19a2b3ab1e80922704da86b782104976" "/opt/rustwide/cargo-home/bin/cargo" "+1.99.0-beta.8" "build" "--frozen" "--message-format=json" "--release", kill_on_drop: false }`
[INFO] [stderr]    Compiling proc-macro2 v1.0.107
[INFO] [stderr]    Compiling unicode-ident v1.0.26
[INFO] [stderr]    Compiling quote v1.0.47
[INFO] [stderr]    Compiling libm v0.2.16
[INFO] [stderr]    Compiling serde_core v1.0.229
[INFO] [stderr]    Compiling serde v1.0.229
[INFO] [stderr]    Compiling crossbeam-utils v0.8.23
[INFO] [stderr]    Compiling autocfg v1.5.1
[INFO] [stderr]    Compiling crossbeam-epoch v0.9.21
[INFO] [stderr]    Compiling either v1.19.0
[INFO] [stderr]    Compiling crossbeam-deque v0.8.8
[INFO] [stderr]    Compiling rayon-core v1.13.0
[INFO] [stderr]    Compiling thiserror v2.0.21
[INFO] [stderr]    Compiling byteorder v1.5.0
[INFO] [stderr]    Compiling stable_deref_trait v1.2.1
[INFO] [stderr]    Compiling heapless v0.8.0
[INFO] [stderr]    Compiling smallvec v1.16.2
[INFO] [stderr]    Compiling memchr v2.8.3
[INFO] [stderr]    Compiling zmij v1.0.23
[INFO] [stderr]    Compiling equivalent v1.0.2
[INFO] [stderr]    Compiling serde_json v1.0.151
[INFO] [stderr]    Compiling version_check v0.9.5
[INFO] [stderr]    Compiling typenum v1.20.1
[INFO] [stderr]    Compiling foldhash v0.1.5
[INFO] [stderr]    Compiling thiserror v1.0.69
[INFO] [stderr]    Compiling allocator-api2 v0.2.21
[INFO] [stderr]    Compiling num-traits v0.2.19
[INFO] [stderr]    Compiling semver v1.0.28
[INFO] [stderr]    Compiling siphasher v1.0.4
[INFO] [stderr]    Compiling log v0.4.34
[INFO] [stderr]    Compiling hash32 v0.3.1
[INFO] [stderr]    Compiling shlex v2.0.1
[INFO] [stderr]    Compiling itoa v1.0.18
[INFO] [stderr]    Compiling foldhash v0.2.0
[INFO] [stderr]    Compiling find-msvc-tools v0.1.14
[INFO] [stderr]    Compiling phf_shared v0.12.1
[INFO] [stderr]    Compiling cc v1.6.0
[INFO] [stderr]    Compiling itertools v0.11.0
[INFO] [stderr]    Compiling generic-array v0.14.7
[INFO] [stderr]    Compiling once_cell v1.21.4
[INFO] [stderr]    Compiling base64 v0.22.1
[INFO] [stderr]    Compiling rustc_version v0.4.1
[INFO] [stderr]    Compiling i_key_sort v0.6.0
[INFO] [stderr]    Compiling hashbrown v0.16.1
[INFO] [stderr]    Compiling scopeguard v1.2.0
[INFO] [stderr]    Compiling float_next_after v1.0.0
[INFO] [stderr]    Compiling fastrand v2.5.0
[INFO] [stderr]    Compiling i_tree v0.16.0
[INFO] [stderr]    Compiling cfg-if v1.0.5
[INFO] [stderr]    Compiling robust v1.2.0
[INFO] [stderr]    Compiling lock_api v0.4.14
[INFO] [stderr]    Compiling heapless v0.7.17
[INFO] [stderr]    Compiling phf_generator v0.12.1
[INFO] [stderr]    Compiling hashbrown v0.17.1
[INFO] [stderr]    Compiling libc v0.2.190
[INFO] [stderr]    Compiling bytemuck v1.25.2
[INFO] [stderr]    Compiling crc32fast v1.5.2
[INFO] [stderr]    Compiling tinyvec v1.13.3
[INFO] [stderr]    Compiling i_float v1.15.0
[INFO] [stderr]    Compiling geographiclib-rs v0.2.7
[INFO] [stderr]    Compiling syn v3.0.6
[INFO] [stderr]    Compiling syn v2.0.119
[INFO] [stderr]    Compiling spin v0.9.9
[INFO] [stderr]    Compiling aho-corasick v1.1.5
[INFO] [stderr]    Compiling i_shape v1.14.0
[INFO] [stderr]    Compiling hash32 v0.2.1
[INFO] [stderr]    Compiling rayon v1.12.0
[INFO] [stderr]    Compiling simd-adler32 v0.3.10
[INFO] [stderr]    Compiling adler2 v2.0.1
[INFO] [stderr]    Compiling regex-syntax v0.8.11
[INFO] [stderr]    Compiling cgmath v0.18.0
[INFO] [stderr]    Compiling heck v0.5.0
[INFO] [stderr]    Compiling miniz_oxide v0.9.1
[INFO] [stderr]    Compiling block-buffer v0.10.4
[INFO] [stderr]    Compiling crypto-common v0.1.7
[INFO] [stderr]    Compiling itertools v0.14.0
[INFO] [stderr]    Compiling rustc-hash v2.1.3
[INFO] [stderr]    Compiling routers_codec v0.2.3
[INFO] [stderr]    Compiling fixedbitset v0.5.7
[INFO] [stderr]    Compiling zlib-rs v0.6.8
[INFO] [stderr]    Compiling digest v0.10.7
[INFO] [stderr]    Compiling approx v0.5.1
[INFO] [stderr]    Compiling spade v2.15.1
[INFO] [stderr]    Compiling num-integer v0.1.47
[INFO] [stderr]    Compiling approx v0.4.0
[INFO] [stderr]    Compiling cpufeatures v0.2.17
[INFO] [stderr]    Compiling lazy_static v1.5.1
[INFO] [stderr]    Compiling sdd v3.0.10
[INFO] [stderr]    Compiling earcutr v0.4.3
[INFO] [stderr]    Compiling libmimalloc-sys v0.1.49
[INFO] [stderr]    Compiling num-bigint v0.4.8
[INFO] [stderr]    Compiling bitflags v2.13.2
[INFO] [stderr]    Compiling web-time v1.1.0
[INFO] [stderr]    Compiling scc v2.4.0
[INFO] [stderr]    Compiling sha2 v0.10.9
[INFO] [stderr]    Compiling uom v0.38.0
[INFO] [stderr]    Compiling float_extras v0.1.6
[INFO] [stderr]    Compiling serde_derive v1.0.229
[INFO] [stderr]    Compiling thiserror-impl v2.0.21
[INFO] [stderr]    Compiling regex-automata v0.4.18
[INFO] [stderr]    Compiling i_overlay v4.0.7
[INFO] [stderr]    Compiling indexmap v2.14.2
[INFO] [stderr]    Compiling cobs v0.3.0
[INFO] [stderr]    Compiling flate2 v1.1.10
[INFO] [stderr]    Compiling thiserror-impl v1.0.69
[INFO] [stderr]    Compiling phf_macros v0.12.1
[INFO] [stderr]    Compiling strum_macros v0.27.2
[INFO] [stderr]    Compiling routers_shard v0.2.8
[INFO] [stderr]    Compiling phf v0.12.1
[INFO] [stderr]    Compiling strum v0.27.2
[INFO] [stderr]    Compiling regex v1.13.1
[INFO] [stderr]    Compiling rstar v0.12.2
[INFO] [stderr]    Compiling hashbrown v0.15.5
[INFO] [stderr]    Compiling bytes v1.12.1
[INFO] [stderr]    Compiling bigdecimal v0.3.1
[INFO] [stderr]    Compiling routers_trellis v0.2.2
[INFO] [stderr]    Compiling s2 v0.0.13
[INFO] [stderr]    Compiling geo-types v0.7.20
[INFO] [stderr]    Compiling petgraph v0.8.3
[INFO] [stderr]    Compiling buffa v0.6.0
[INFO] [stderr]    Compiling postcard v1.1.3
[INFO] [stderr]    Compiling geo-traits v0.3.0
[INFO] [stderr]    Compiling geo v0.31.0
[INFO] [stderr]    Compiling geo-index v0.3.4
[INFO] [stderr]    Compiling wkt v0.14.0
[INFO] [stderr]    Compiling mimalloc v0.1.52
[INFO] [stderr]    Compiling buffa-types v0.6.0
[INFO] [stderr]    Compiling buffa-descriptor v0.6.0
[INFO] [stderr]    Compiling routers_schema v0.2.2
[INFO] [stderr]    Compiling routers_network v0.3.1
[INFO] [stderr]    Compiling routers_transition v0.3.8
[INFO] [stderr]    Compiling routers v0.4.0 (/opt/rustwide/workdir)
[INFO] [stderr]     Finished `release` profile [optimized] target(s) in 1m 19s
[INFO] running `Command { std: "docker" "inspect" "34fe2b226f2d56577383399ed63e28cc19a2b3ab1e80922704da86b782104976", kill_on_drop: false }`
[INFO] running `Command { std: "docker" "exec" "-e" "SOURCE_DIR=/opt/rustwide/workdir" "-e" "CARGO_HOME=/opt/rustwide/cargo-home" "-e" "RUSTUP_HOME=/opt/rustwide/rustup-home" "-e" "CARGO_TARGET_DIR=/opt/rustwide/target" "-e" "CARGO_INCREMENTAL=0" "-e" "RUST_BACKTRACE=full" "-e" "RUSTFLAGS=--cap-lints=warn" "-e" "RUSTDOCFLAGS=--cap-lints=warn" "-w" "/opt/rustwide/workdir" "--user" "0:0" "34fe2b226f2d56577383399ed63e28cc19a2b3ab1e80922704da86b782104976" "/opt/rustwide/cargo-home/bin/cargo" "+1.99.0-beta.8" "test" "--frozen" "--no-run" "--message-format=json" "--release", kill_on_drop: false }`
[INFO] [stderr]    Compiling memchr v2.8.3
[INFO] [stderr]    Compiling libc v0.2.190
[INFO] [stderr]    Compiling once_cell v1.21.4
[INFO] [stderr]    Compiling bitflags v2.13.2
[INFO] [stderr]    Compiling getrandom v0.4.3
[INFO] [stderr]    Compiling zerocopy v0.8.61
[INFO] [stderr]    Compiling zerocopy-derive v0.8.61
[INFO] [stderr]    Compiling cfg_aliases v0.2.2
[INFO] [stderr]    Compiling anyhow v1.0.104
[INFO] [stderr]    Compiling futures-sink v0.3.34
[INFO] [stderr]    Compiling futures-core v0.3.34
[INFO] [stderr]    Compiling ucd-trie v0.1.7
[INFO] [stderr]    Compiling pin-project-lite v0.2.17
[INFO] [stderr]    Compiling ciborium-io v0.2.2
[INFO] [stderr]    Compiling futures-task v0.3.34
[INFO] [stderr]    Compiling typeid v1.0.3
[INFO] [stderr]    Compiling anstyle v1.0.14
[INFO] [stderr]    Compiling rustix v1.1.5
[INFO] [stderr]    Compiling nix v0.29.0
[INFO] [stderr]    Compiling plotters-backend v0.3.7
[INFO] [stderr]    Compiling clap_lex v1.1.1
[INFO] [stderr]    Compiling futures-util v0.3.34
[INFO] [stderr]    Compiling futures-channel v0.3.34
[INFO] [stderr]    Compiling colored v2.2.0
[INFO] [stderr]    Compiling statrs v0.18.0
[INFO] [stderr]    Compiling bincode v1.3.3
[INFO] [stderr]    Compiling itertools v0.10.5
[INFO] [stderr]    Compiling cast v0.3.0
[INFO] [stderr]    Compiling linux-raw-sys v0.12.1
[INFO] [stderr]    Compiling plotters-svg v0.3.7
[INFO] [stderr]    Compiling clap_builder v4.6.7
[INFO] [stderr]    Compiling same-file v1.0.6
[INFO] [stderr]    Compiling pest v2.9.2
[INFO] [stderr]    Compiling glob v0.3.4
[INFO] [stderr]    Compiling futures-io v0.3.34
[INFO] [stderr]    Compiling walkdir v2.5.0
[INFO] [stderr]    Compiling tokio v1.53.2
[INFO] [stderr]    Compiling unicode-ident v1.0.26
[INFO] [stderr]    Compiling plotters v0.3.7
[INFO] [stderr]    Compiling codspeed-criterion-compat v3.0.5
[INFO] [stderr]    Compiling oorandom v11.1.5
[INFO] [stderr]    Compiling anes v0.1.6
[INFO] [stderr]    Compiling fastrand v2.5.0
[INFO] [stderr]    Compiling serde_json v1.0.151
[INFO] [stderr]    Compiling aho-corasick v1.1.5
[INFO] [stderr]    Compiling ron v0.12.2
[INFO] [stderr]    Compiling similar v2.7.0
[INFO] [stderr]    Compiling pest_meta v2.9.2
[INFO] [stderr]    Compiling clap v4.6.7
[INFO] [stderr]    Compiling futures v0.3.34
[INFO] [stderr]    Compiling float_extras v0.1.6
[INFO] [stderr]    Compiling uuid v1.27.0
[INFO] [stderr]    Compiling s2 v0.0.13
[INFO] [stderr]    Compiling regex-automata v0.4.18
[INFO] [stderr]    Compiling buffa v0.6.0
[INFO] [stderr]    Compiling criterion-plot v0.5.0
[INFO] [stderr]    Compiling tinytemplate v1.2.1
[INFO] [stderr]    Compiling pest_generator v2.9.2
[INFO] [stderr]    Compiling is-terminal v0.4.17
[INFO] [stderr]    Compiling console v0.16.6
[INFO] [stderr]    Compiling pest_derive v2.9.2
[INFO] [stderr]    Compiling codspeed v3.0.5
[INFO] [stderr]    Compiling tempfile v3.27.0
[INFO] [stderr]    Compiling insta v1.49.0
[INFO] [stderr]    Compiling buffa-descriptor v0.6.0
[INFO] [stderr]    Compiling buffa-types v0.6.0
[INFO] [stderr]    Compiling regex v1.13.1
[INFO] [stderr]    Compiling routers_schema v0.2.2
[INFO] [stderr]    Compiling half v2.7.1
[INFO] [stderr]    Compiling ciborium-ll v0.2.2
[INFO] [stderr]    Compiling ciborium v0.2.2
[INFO] [stderr]    Compiling codspeed-criterion-compat-walltime v3.0.5
[INFO] [stderr]    Compiling routers_codec v0.2.3
[INFO] [stderr]    Compiling routers_shard v0.2.8
[INFO] [stderr]    Compiling routers v0.4.0 (/opt/rustwide/workdir)
[INFO] [stdout] error[E0432]: unresolved import `routers_fixtures`
[INFO] [stdout]  --> src/test.rs:3:5
[INFO] [stdout]   |
[INFO] [stdout] 3 | use routers_fixtures::fixture;
[INFO] [stdout]   |     ^^^^^^^^^^^^^^^^ use of unresolved module or unlinked crate `routers_fixtures`
[INFO] [stdout]   |
[INFO] [stdout]   = help: if you wanted to use a crate named `routers_fixtures`, use `cargo add routers_fixtures` to add it to your `Cargo.toml`
[INFO] [stdout] 
[INFO] [stdout] 
[INFO] [stdout] error[E0432]: unresolved import `routers_fixtures`
[INFO] [stdout]   --> src/test.rs:20:9
[INFO] [stdout]    |
[INFO] [stdout] 20 |     use routers_fixtures::{LOS_ANGELES, VENTURA_TRIP};
[INFO] [stdout]    |         ^^^^^^^^^^^^^^^^ use of unresolved module or unlinked crate `routers_fixtures`
[INFO] [stdout]    |
[INFO] [stdout]    = help: if you wanted to use a crate named `routers_fixtures`, use `cargo add routers_fixtures` to add it to your `Cargo.toml`
[INFO] [stdout] 
[INFO] [stdout] 
[INFO] [stdout] error[E0432]: unresolved import `routers_fixtures`
[INFO] [stdout]   --> src/test.rs:37:9
[INFO] [stdout]    |
[INFO] [stdout] 37 |     use routers_fixtures::{LAX_LYNWOOD_TRIP, LOS_ANGELES};
[INFO] [stdout]    |         ^^^^^^^^^^^^^^^^ use of unresolved module or unlinked crate `routers_fixtures`
[INFO] [stdout]    |
[INFO] [stdout]    = help: if you wanted to use a crate named `routers_fixtures`, use `cargo add routers_fixtures` to add it to your `Cargo.toml`
[INFO] [stdout] 
[INFO] [stdout] 
[INFO] [stdout] For more information about this error, try `rustc --explain E0432`.
[INFO] [stdout] 
[INFO] [stderr] error: could not compile `routers` (lib test) due to 3 previous errors
[INFO] running `Command { std: "docker" "inspect" "34fe2b226f2d56577383399ed63e28cc19a2b3ab1e80922704da86b782104976", kill_on_drop: false }`
[INFO] running `Command { std: "docker" "rm" "-f" "34fe2b226f2d56577383399ed63e28cc19a2b3ab1e80922704da86b782104976", kill_on_drop: false }`
[INFO] [stdout] 34fe2b226f2d56577383399ed63e28cc19a2b3ab1e80922704da86b782104976
