[INFO] fetching crate ros2_helpers 0.1.9...
[INFO] testing ros2_helpers-0.1.9 against 1.99.0-beta.8+cargoflags=--release for beta-release-1.100-2
[INFO] extracting crate ros2_helpers 0.1.9 into /workspace/builds/worker-1-tc1/source
[INFO] started tweaking crates.io crate ros2_helpers 0.1.9
[INFO] removed 0 missing examples
[INFO] finished tweaking crates.io crate ros2_helpers 0.1.9
[INFO] tweaked toml for crates.io crate ros2_helpers 0.1.9 written to /workspace/builds/worker-1-tc1/source/Cargo.toml
[INFO] validating manifest of crates.io crate ros2_helpers 0.1.9 on toolchain 1.99.0-beta.8
[INFO] running `Command { std: CARGO_HOME="/workspace/cargo-home" RUSTUP_HOME="/workspace/rustup-home" "/workspace/cargo-home/bin/cargo" "+1.99.0-beta.8" "metadata" "--manifest-path" "Cargo.toml" "--no-deps", kill_on_drop: false }`
[INFO] crate crates.io crate ros2_helpers 0.1.9 already has a lockfile, it will not be regenerated
[INFO] running `Command { std: CARGO_HOME="/workspace/cargo-home" RUSTUP_HOME="/workspace/rustup-home" "/workspace/cargo-home/bin/cargo" "+1.99.0-beta.8" "fetch" "--manifest-path" "Cargo.toml", kill_on_drop: false }`
[INFO] [stderr]     Updating crates.io index
[INFO] [stderr]  Downloading crates ...
[INFO] [stderr]   Downloaded safe_drive v0.4.3
[INFO] running `Command { std: "docker" "create" "-v" "/var/lib/crater-agent-workspace/builds/worker-1-tc1/source:/opt/rustwide/workdir:ro,Z" "-v" "/var/lib/crater-agent-workspace/builds/worker-1-tc1/target:/opt/rustwide/target:rw,Z" "-v" "/var/lib/crater-agent-workspace/cargo-home:/opt/rustwide/cargo-home:ro,Z" "-v" "/var/lib/crater-agent-workspace/rustup-home:/opt/rustwide/rustup-home:ro,Z" "-m" "1610612736" "--network" "none" "ghcr.io/rust-lang/crates-build-env/linux@sha256:77db811e55d90add9212f6832c23229e3de5f1c1f9905e8cb07319ea15df73ac" "sleep" "infinity", kill_on_drop: false }`
[INFO] [stdout] aa99771a226fab5306672a50ea085369cd4c36c5de44887b8a2527e3465f477b
[INFO] running `Command { std: "docker" "start" "aa99771a226fab5306672a50ea085369cd4c36c5de44887b8a2527e3465f477b", kill_on_drop: false }`
[INFO] running `Command { std: "docker" "inspect" "aa99771a226fab5306672a50ea085369cd4c36c5de44887b8a2527e3465f477b", kill_on_drop: false }`
[INFO] running `Command { std: "docker" "exec" "-e" "SOURCE_DIR=/opt/rustwide/workdir" "-e" "CARGO_HOME=/opt/rustwide/cargo-home" "-e" "RUSTUP_HOME=/opt/rustwide/rustup-home" "-e" "CARGO_TARGET_DIR=/opt/rustwide/target" "-w" "/opt/rustwide/workdir" "--user" "0:0" "aa99771a226fab5306672a50ea085369cd4c36c5de44887b8a2527e3465f477b" "/opt/rustwide/cargo-home/bin/cargo" "+1.99.0-beta.8" "metadata" "--no-deps" "--format-version=1", kill_on_drop: false }`
[INFO] running `Command { std: "docker" "inspect" "aa99771a226fab5306672a50ea085369cd4c36c5de44887b8a2527e3465f477b", kill_on_drop: false }`
[INFO] running `Command { std: "docker" "exec" "-e" "SOURCE_DIR=/opt/rustwide/workdir" "-e" "CARGO_HOME=/opt/rustwide/cargo-home" "-e" "RUSTUP_HOME=/opt/rustwide/rustup-home" "-e" "CARGO_TARGET_DIR=/opt/rustwide/target" "-e" "CARGO_INCREMENTAL=0" "-e" "RUST_BACKTRACE=full" "-e" "RUSTFLAGS=--cap-lints=warn" "-e" "RUSTDOCFLAGS=--cap-lints=warn" "-w" "/opt/rustwide/workdir" "--user" "0:0" "aa99771a226fab5306672a50ea085369cd4c36c5de44887b8a2527e3465f477b" "/opt/rustwide/cargo-home/bin/cargo" "+1.99.0-beta.8" "build" "--frozen" "--message-format=json" "--release", kill_on_drop: false }`
[INFO] [stderr]    Compiling tokio v1.48.0
[INFO] [stderr]    Compiling safe_drive v0.4.3
[INFO] [stderr]    Compiling hashbrown v0.16.1
[INFO] [stderr]    Compiling arraydeque v0.5.1
[INFO] [stderr]    Compiling syn v2.0.111
[INFO] [stderr]    Compiling signal-hook-registry v1.4.7
[INFO] [stderr]    Compiling parking_lot_core v0.9.12
[INFO] [stderr]    Compiling signal-hook v0.3.18
[INFO] [stderr]    Compiling parking_lot v0.12.5
[INFO] [stderr]    Compiling hashlink v0.11.0
[INFO] [stderr]    Compiling yaml-rust2 v0.11.0
[INFO] [stderr]    Compiling tokio-util v0.7.17
[INFO] [stderr]    Compiling tokio-stream v0.1.17
[INFO] [stderr]    Compiling futures-macro v0.3.31
[INFO] [stderr]    Compiling pin-project-internal v1.1.10
[INFO] [stderr]    Compiling num-derive v0.4.2
[INFO] [stderr]    Compiling futures-util v0.3.31
[INFO] [stderr]    Compiling pin-project v1.1.10
[INFO] [stderr]    Compiling futures-executor v0.3.31
[INFO] [stderr]    Compiling futures v0.3.31
[INFO] [stderr]    Compiling ros2_helpers v0.1.9 (/opt/rustwide/workdir)
[INFO] [stdout] warning: lint `no_mangle_generic_items` has been removed: converted into hard error, generic items must always be mangled
[INFO] [stdout]   --> src/lib.rs:64:5
[INFO] [stdout]    |
[INFO] [stdout] 64 |     no_mangle_generic_items,
[INFO] [stdout]    |     ^^^^^^^^^^^^^^^^^^^^^^^
[INFO] [stdout]    |
[INFO] [stdout]    = note: `#[warn(renamed_and_removed_lints)]` on by default
[INFO] [stdout] 
[INFO] [stdout] 
[INFO] [stderr]     Finished `release` profile [optimized] target(s) in 23.58s
[INFO] running `Command { std: "docker" "inspect" "aa99771a226fab5306672a50ea085369cd4c36c5de44887b8a2527e3465f477b", kill_on_drop: false }`
[INFO] running `Command { std: "docker" "exec" "-e" "SOURCE_DIR=/opt/rustwide/workdir" "-e" "CARGO_HOME=/opt/rustwide/cargo-home" "-e" "RUSTUP_HOME=/opt/rustwide/rustup-home" "-e" "CARGO_TARGET_DIR=/opt/rustwide/target" "-e" "CARGO_INCREMENTAL=0" "-e" "RUST_BACKTRACE=full" "-e" "RUSTFLAGS=--cap-lints=warn" "-e" "RUSTDOCFLAGS=--cap-lints=warn" "-w" "/opt/rustwide/workdir" "--user" "0:0" "aa99771a226fab5306672a50ea085369cd4c36c5de44887b8a2527e3465f477b" "/opt/rustwide/cargo-home/bin/cargo" "+1.99.0-beta.8" "test" "--frozen" "--no-run" "--message-format=json" "--release", kill_on_drop: false }`
[INFO] [stderr]    Compiling socket2 v0.6.1
[INFO] [stderr]    Compiling mio v1.1.1
[INFO] [stderr]    Compiling tokio-macros v2.6.0
[INFO] [stderr]    Compiling tokio v1.48.0
[INFO] [stderr]    Compiling tokio-stream v0.1.17
[INFO] [stderr]    Compiling tokio-util v0.7.17
[INFO] [stderr]    Compiling ros2_helpers v0.1.9 (/opt/rustwide/workdir)
[INFO] [stdout] warning: lint `no_mangle_generic_items` has been removed: converted into hard error, generic items must always be mangled
[INFO] [stdout]   --> src/lib.rs:64:5
[INFO] [stdout]    |
[INFO] [stdout] 64 |     no_mangle_generic_items,
[INFO] [stdout]    |     ^^^^^^^^^^^^^^^^^^^^^^^
[INFO] [stdout]    |
[INFO] [stdout]    = note: `#[warn(renamed_and_removed_lints)]` on by default
[INFO] [stdout] 
[INFO] [stdout] 
[INFO] [stdout] warning: lint `no_mangle_generic_items` has been removed: converted into hard error, generic items must always be mangled
[INFO] [stdout]   --> src/lib.rs:64:5
[INFO] [stdout]    |
[INFO] [stdout] 64 |     no_mangle_generic_items,
[INFO] [stdout]    |     ^^^^^^^^^^^^^^^^^^^^^^^
[INFO] [stdout]    |
[INFO] [stdout]    = note: `#[warn(renamed_and_removed_lints)]` on by default
[INFO] [stdout] 
[INFO] [stdout] 
[INFO] [stdout] error: linking with `cc` failed: exit status: 1
[INFO] [stdout]   |
[INFO] [stdout]   = note:  "cc" "-m64" "/opt/rustwide/target/release/deps/rustc1Pdqdg/symbols.o" "<2 object files omitted>" "-Wl,--as-needed" "-Wl,-Bstatic" "<sysroot>/lib/rustlib/x86_64-unknown-linux-gnu/lib/{libtest-*,libgetopts-*,librustc_std_workspace_std-*}.rlib" "/opt/rustwide/target/release/deps/{libyaml_rust2-8d0e5f0dc7a8bc12,libencoding_rs-67555cf9c7c10d62,libarraydeque-b37a9bd2694998e4,libhashlink-2585a24d8d8af702,libhashbrown-87c82a2041c29d79,libfoldhash-aad4872049cd9a91,liblog-9f5fd3dda547de7d,libtokio_util-9a900e90e1a8c41a,libtokio_stream-c130408e43cd59ca,libtokio-726bb0c88aef7e3d,libsocket2-d3349626817e19f9,libbytes-ee531cff3ae71f39,libmio-48b66e6283c302ef,libsafe_drive-36d9cccf77412353,libsignal_hook-f330a2b4ed3481d5,libsignal_hook_registry-a5848a5ccae25284,libcrossbeam_channel-05572b463b2a1f6d,libcrossbeam_utils-dfae1366581d5be5,libregex-016880b2bf1996be,libregex_automata-a9d9be6633566534,libaho_corasick-dc484d941911dcd1,libregex_syntax-3f2dd4f0badfd6e9,libnum_traits-c4bb5d617fe10b48,libonce_cell-35d4cc1b6bbf4e72,libparking_lot-223e76e6c07198db,libparking_lot_core-f6ed9a4fd2a704f5,liblibc-bc825f7af4364aad,libcfg_if-6d8dca19095bb388,libsmallvec-841086f162eea166,liblock_api-0c6a3406bef68330,libscopeguard-5f9373ec660020b4,libpin_project-7670539e69661175,libfutures-037adfea81aa1f9e,libfutures_executor-b8ca427f3b6d5465,libfutures_util-ff4192b29d5c5530,libmemchr-f5475d219327462e,libfutures_io-c3a463472a7d129d,libslab-95d41f46a3a02d8a,libfutures_channel-751fae4e787df589,libpin_project_lite-a042d89c9815bfb5,libfutures_sink-260a0ab3d14dcdc8,libfutures_task-4b529e0327c731b5,libpin_utils-bd5b26767cd4a338,libfutures_core-66c9efc205c292af}.rlib" "<sysroot>/lib/rustlib/x86_64-unknown-linux-gnu/lib/{libstd-*,libpanic_unwind-*,libobject-*,libmemchr-*,libaddr2line-*,libgimli-*,libcfg_if-*,librustc_demangle-*,libstd_detect-*,libhashbrown-*,librustc_std_workspace_alloc-*,libminiz_oxide-*,libadler2-*,libunwind-*,liblibc-*,librustc_std_workspace_core-*,liballoc-*,libcore-*,libcompiler_builtins-*}.rlib" "-Wl,-Bdynamic" "-lrcl" "-lrcl_action" "-lrcutils" "-lrmw" "-lrosidl_runtime_c" "-lactionlib_msgs__rosidl_typesupport_c" "-lactionlib_msgs__rosidl_generator_c" "-lbuiltin_interfaces__rosidl_typesupport_c" "-lbuiltin_interfaces__rosidl_generator_c" "-ldiagnostic_msgs__rosidl_typesupport_c" "-ldiagnostic_msgs__rosidl_generator_c" "-lgeometry_msgs__rosidl_typesupport_c" "-lgeometry_msgs__rosidl_generator_c" "-lnav_msgs__rosidl_typesupport_c" "-lnav_msgs__rosidl_generator_c" "-lsensor_msgs__rosidl_typesupport_c" "-lsensor_msgs__rosidl_generator_c" "-lshape_msgs__rosidl_typesupport_c" "-lshape_msgs__rosidl_generator_c" "-lstd_msgs__rosidl_typesupport_c" "-lstd_msgs__rosidl_generator_c" "-lstd_srvs__rosidl_typesupport_c" "-lstd_srvs__rosidl_generator_c" "-lstereo_msgs__rosidl_typesupport_c" "-lstereo_msgs__rosidl_generator_c" "-ltrajectory_msgs__rosidl_typesupport_c" "-ltrajectory_msgs__rosidl_generator_c" "-lunique_identifier_msgs__rosidl_typesupport_c" "-lunique_identifier_msgs__rosidl_generator_c" "-lvisualization_msgs__rosidl_typesupport_c" "-lvisualization_msgs__rosidl_generator_c" "-lrcl_interfaces__rosidl_typesupport_c" "-lrcl_interfaces__rosidl_generator_c" "-laction_msgs__rosidl_typesupport_c" "-laction_msgs__rosidl_generator_c" "-lservice_msgs__rosidl_typesupport_c" "-lservice_msgs__rosidl_generator_c" "-lgcc_s" "-lutil" "-lrt" "-lpthread" "-lm" "-ldl" "-lc" "-L" "/opt/rustwide/target/release/deps/rustc1Pdqdg/raw-dylibs" "-B<sysroot>/lib/rustlib/x86_64-unknown-linux-gnu/bin/gcc-ld" "-fuse-ld=lld" "-Wl,--eh-frame-hdr" "-Wl,-z,noexecstack" "-L" "<sysroot>/lib/rustlib/x86_64-unknown-linux-gnu/lib" "-o" "/opt/rustwide/target/release/deps/ros2_helpers-77ff8cec37dd149b" "-Wl,--gc-sections" "-pie" "-Wl,-z,relro,-z,now" "-Wl,-O1" "-Wl,--strip-debug" "-nodefaultlibs"
[INFO] [stdout]   = note: some arguments are omitted. use `--verbose` to show all linker arguments
[INFO] [stdout]   = note: rust-lld: error: unable to find library -lrcl
[INFO] [stdout]           rust-lld: error: unable to find library -lrcl_action
[INFO] [stdout]           rust-lld: error: unable to find library -lrcutils
[INFO] [stdout]           rust-lld: error: unable to find library -lrmw
[INFO] [stdout]           rust-lld: error: unable to find library -lrosidl_runtime_c
[INFO] [stdout]           rust-lld: error: unable to find library -lactionlib_msgs__rosidl_typesupport_c
[INFO] [stdout]           rust-lld: error: unable to find library -lactionlib_msgs__rosidl_generator_c
[INFO] [stdout]           rust-lld: error: unable to find library -lbuiltin_interfaces__rosidl_typesupport_c
[INFO] [stdout]           rust-lld: error: unable to find library -lbuiltin_interfaces__rosidl_generator_c
[INFO] [stdout]           rust-lld: error: unable to find library -ldiagnostic_msgs__rosidl_typesupport_c
[INFO] [stdout]           rust-lld: error: unable to find library -ldiagnostic_msgs__rosidl_generator_c
[INFO] [stdout]           rust-lld: error: unable to find library -lgeometry_msgs__rosidl_typesupport_c
[INFO] [stdout]           rust-lld: error: unable to find library -lgeometry_msgs__rosidl_generator_c
[INFO] [stdout]           rust-lld: error: unable to find library -lnav_msgs__rosidl_typesupport_c
[INFO] [stdout]           rust-lld: error: unable to find library -lnav_msgs__rosidl_generator_c
[INFO] [stdout]           rust-lld: error: unable to find library -lsensor_msgs__rosidl_typesupport_c
[INFO] [stdout]           rust-lld: error: unable to find library -lsensor_msgs__rosidl_generator_c
[INFO] [stdout]           rust-lld: error: unable to find library -lshape_msgs__rosidl_typesupport_c
[INFO] [stdout]           rust-lld: error: unable to find library -lshape_msgs__rosidl_generator_c
[INFO] [stdout]           rust-lld: error: unable to find library -lstd_msgs__rosidl_typesupport_c
[INFO] [stdout]           rust-lld: error: too many errors emitted, stopping now (use --error-limit=0 to see all errors)
[INFO] [stdout]           collect2: error: ld returned 1 exit status
[INFO] [stdout]           
[INFO] [stdout] 
[INFO] [stdout] 
[INFO] [stderr] error: could not compile `ros2_helpers` (lib test) due to 1 previous error; 1 warning emitted
[INFO] [stderr] warning: build failed, waiting for other jobs to finish...
[INFO] [stdout] error: linking with `cc` failed: exit status: 1
[INFO] [stdout]   |
[INFO] [stdout]   = note:  "cc" "-m64" "/opt/rustwide/target/release/examples/rustc2KGmcA/symbols.o" "<5 object files omitted>" "-Wl,--as-needed" "-Wl,-Bstatic" "/opt/rustwide/target/release/deps/{libros2_helpers-51c149f7a1d5272f,libyaml_rust2-8d0e5f0dc7a8bc12,libencoding_rs-67555cf9c7c10d62,libarraydeque-b37a9bd2694998e4,libhashlink-2585a24d8d8af702,libhashbrown-87c82a2041c29d79,libfoldhash-aad4872049cd9a91,liblog-9f5fd3dda547de7d,libtokio_util-9a900e90e1a8c41a,libtokio_stream-c130408e43cd59ca,libtokio-726bb0c88aef7e3d,libsocket2-d3349626817e19f9,libbytes-ee531cff3ae71f39,libmio-48b66e6283c302ef,libsafe_drive-36d9cccf77412353,libsignal_hook-f330a2b4ed3481d5,libsignal_hook_registry-a5848a5ccae25284,libcrossbeam_channel-05572b463b2a1f6d,libcrossbeam_utils-dfae1366581d5be5,libregex-016880b2bf1996be,libregex_automata-a9d9be6633566534,libaho_corasick-dc484d941911dcd1,libregex_syntax-3f2dd4f0badfd6e9,libnum_traits-c4bb5d617fe10b48,libonce_cell-35d4cc1b6bbf4e72,libparking_lot-223e76e6c07198db,libparking_lot_core-f6ed9a4fd2a704f5,liblibc-bc825f7af4364aad,libcfg_if-6d8dca19095bb388,libsmallvec-841086f162eea166,liblock_api-0c6a3406bef68330,libscopeguard-5f9373ec660020b4,libpin_project-7670539e69661175,libfutures-037adfea81aa1f9e,libfutures_executor-b8ca427f3b6d5465,libfutures_util-ff4192b29d5c5530,libmemchr-f5475d219327462e,libfutures_io-c3a463472a7d129d,libslab-95d41f46a3a02d8a,libfutures_channel-751fae4e787df589,libpin_project_lite-a042d89c9815bfb5,libfutures_sink-260a0ab3d14dcdc8,libfutures_task-4b529e0327c731b5,libpin_utils-bd5b26767cd4a338,libfutures_core-66c9efc205c292af}.rlib" "<sysroot>/lib/rustlib/x86_64-unknown-linux-gnu/lib/{libstd-*,libpanic_unwind-*,libobject-*,libmemchr-*,libaddr2line-*,libgimli-*,libcfg_if-*,librustc_demangle-*,libstd_detect-*,libhashbrown-*,librustc_std_workspace_alloc-*,libminiz_oxide-*,libadler2-*,libunwind-*,liblibc-*,librustc_std_workspace_core-*,liballoc-*,libcore-*,libcompiler_builtins-*}.rlib" "-Wl,-Bdynamic" "-lrcl" "-lrcl_action" "-lrcutils" "-lrmw" "-lrosidl_runtime_c" "-lactionlib_msgs__rosidl_typesupport_c" "-lactionlib_msgs__rosidl_generator_c" "-lbuiltin_interfaces__rosidl_typesupport_c" "-lbuiltin_interfaces__rosidl_generator_c" "-ldiagnostic_msgs__rosidl_typesupport_c" "-ldiagnostic_msgs__rosidl_generator_c" "-lgeometry_msgs__rosidl_typesupport_c" "-lgeometry_msgs__rosidl_generator_c" "-lnav_msgs__rosidl_typesupport_c" "-lnav_msgs__rosidl_generator_c" "-lsensor_msgs__rosidl_typesupport_c" "-lsensor_msgs__rosidl_generator_c" "-lshape_msgs__rosidl_typesupport_c" "-lshape_msgs__rosidl_generator_c" "-lstd_msgs__rosidl_typesupport_c" "-lstd_msgs__rosidl_generator_c" "-lstd_srvs__rosidl_typesupport_c" "-lstd_srvs__rosidl_generator_c" "-lstereo_msgs__rosidl_typesupport_c" "-lstereo_msgs__rosidl_generator_c" "-ltrajectory_msgs__rosidl_typesupport_c" "-ltrajectory_msgs__rosidl_generator_c" "-lunique_identifier_msgs__rosidl_typesupport_c" "-lunique_identifier_msgs__rosidl_generator_c" "-lvisualization_msgs__rosidl_typesupport_c" "-lvisualization_msgs__rosidl_generator_c" "-lrcl_interfaces__rosidl_typesupport_c" "-lrcl_interfaces__rosidl_generator_c" "-laction_msgs__rosidl_typesupport_c" "-laction_msgs__rosidl_generator_c" "-lservice_msgs__rosidl_typesupport_c" "-lservice_msgs__rosidl_generator_c" "-lgcc_s" "-lutil" "-lrt" "-lpthread" "-lm" "-ldl" "-lc" "-L" "/opt/rustwide/target/release/examples/rustc2KGmcA/raw-dylibs" "-B<sysroot>/lib/rustlib/x86_64-unknown-linux-gnu/bin/gcc-ld" "-fuse-ld=lld" "-Wl,--eh-frame-hdr" "-Wl,-z,noexecstack" "-L" "<sysroot>/lib/rustlib/x86_64-unknown-linux-gnu/lib" "-o" "/opt/rustwide/target/release/examples/ex2-3b869e5dc7863820" "-Wl,--gc-sections" "-pie" "-Wl,-z,relro,-z,now" "-Wl,-O1" "-Wl,--strip-debug" "-nodefaultlibs"
[INFO] [stdout]   = note: some arguments are omitted. use `--verbose` to show all linker arguments
[INFO] [stdout]   = note: rust-lld: error: unable to find library -lrcl
[INFO] [stdout]           rust-lld: error: unable to find library -lrcl_action
[INFO] [stdout]           rust-lld: error: unable to find library -lrcutils
[INFO] [stdout]           rust-lld: error: unable to find library -lrmw
[INFO] [stdout]           rust-lld: error: unable to find library -lrosidl_runtime_c
[INFO] [stdout]           rust-lld: error: unable to find library -lactionlib_msgs__rosidl_typesupport_c
[INFO] [stdout]           rust-lld: error: unable to find library -lactionlib_msgs__rosidl_generator_c
[INFO] [stdout]           rust-lld: error: unable to find library -lbuiltin_interfaces__rosidl_typesupport_c
[INFO] [stdout]           rust-lld: error: unable to find library -lbuiltin_interfaces__rosidl_generator_c
[INFO] [stdout]           rust-lld: error: unable to find library -ldiagnostic_msgs__rosidl_typesupport_c
[INFO] [stdout]           rust-lld: error: unable to find library -ldiagnostic_msgs__rosidl_generator_c
[INFO] [stdout]           rust-lld: error: unable to find library -lgeometry_msgs__rosidl_typesupport_c
[INFO] [stdout]           rust-lld: error: unable to find library -lgeometry_msgs__rosidl_generator_c
[INFO] [stdout]           rust-lld: error: unable to find library -lnav_msgs__rosidl_typesupport_c
[INFO] [stdout]           rust-lld: error: unable to find library -lnav_msgs__rosidl_generator_c
[INFO] [stdout]           rust-lld: error: unable to find library -lsensor_msgs__rosidl_typesupport_c
[INFO] [stdout]           rust-lld: error: unable to find library -lsensor_msgs__rosidl_generator_c
[INFO] [stdout]           rust-lld: error: unable to find library -lshape_msgs__rosidl_typesupport_c
[INFO] [stdout]           rust-lld: error: unable to find library -lshape_msgs__rosidl_generator_c
[INFO] [stdout]           rust-lld: error: unable to find library -lstd_msgs__rosidl_typesupport_c
[INFO] [stdout]           rust-lld: error: too many errors emitted, stopping now (use --error-limit=0 to see all errors)
[INFO] [stdout]           collect2: error: ld returned 1 exit status
[INFO] [stdout]           
[INFO] [stdout] 
[INFO] [stdout] 
[INFO] [stderr] error: could not compile `ros2_helpers` (example "ex2") due to 1 previous error
[INFO] [stdout] error: linking with `cc` failed: exit status: 1
[INFO] [stdout]   |
[INFO] [stdout]   = note:  "cc" "-m64" "/opt/rustwide/target/release/examples/rustcZGwI2r/symbols.o" "<6 object files omitted>" "-Wl,--as-needed" "-Wl,-Bstatic" "/opt/rustwide/target/release/deps/{libros2_helpers-51c149f7a1d5272f,libyaml_rust2-8d0e5f0dc7a8bc12,libencoding_rs-67555cf9c7c10d62,libarraydeque-b37a9bd2694998e4,libhashlink-2585a24d8d8af702,libhashbrown-87c82a2041c29d79,libfoldhash-aad4872049cd9a91,liblog-9f5fd3dda547de7d,libtokio_util-9a900e90e1a8c41a,libtokio_stream-c130408e43cd59ca,libtokio-726bb0c88aef7e3d,libsocket2-d3349626817e19f9,libbytes-ee531cff3ae71f39,libmio-48b66e6283c302ef,libsafe_drive-36d9cccf77412353,libsignal_hook-f330a2b4ed3481d5,libsignal_hook_registry-a5848a5ccae25284,libcrossbeam_channel-05572b463b2a1f6d,libcrossbeam_utils-dfae1366581d5be5,libregex-016880b2bf1996be,libregex_automata-a9d9be6633566534,libaho_corasick-dc484d941911dcd1,libregex_syntax-3f2dd4f0badfd6e9,libnum_traits-c4bb5d617fe10b48,libonce_cell-35d4cc1b6bbf4e72,libparking_lot-223e76e6c07198db,libparking_lot_core-f6ed9a4fd2a704f5,liblibc-bc825f7af4364aad,libcfg_if-6d8dca19095bb388,libsmallvec-841086f162eea166,liblock_api-0c6a3406bef68330,libscopeguard-5f9373ec660020b4,libpin_project-7670539e69661175,libfutures-037adfea81aa1f9e,libfutures_executor-b8ca427f3b6d5465,libfutures_util-ff4192b29d5c5530,libmemchr-f5475d219327462e,libfutures_io-c3a463472a7d129d,libslab-95d41f46a3a02d8a,libfutures_channel-751fae4e787df589,libpin_project_lite-a042d89c9815bfb5,libfutures_sink-260a0ab3d14dcdc8,libfutures_task-4b529e0327c731b5,libpin_utils-bd5b26767cd4a338,libfutures_core-66c9efc205c292af}.rlib" "<sysroot>/lib/rustlib/x86_64-unknown-linux-gnu/lib/{libstd-*,libpanic_unwind-*,libobject-*,libmemchr-*,libaddr2line-*,libgimli-*,libcfg_if-*,librustc_demangle-*,libstd_detect-*,libhashbrown-*,librustc_std_workspace_alloc-*,libminiz_oxide-*,libadler2-*,libunwind-*,liblibc-*,librustc_std_workspace_core-*,liballoc-*,libcore-*,libcompiler_builtins-*}.rlib" "-Wl,-Bdynamic" "-lrcl" "-lrcl_action" "-lrcutils" "-lrmw" "-lrosidl_runtime_c" "-lactionlib_msgs__rosidl_typesupport_c" "-lactionlib_msgs__rosidl_generator_c" "-lbuiltin_interfaces__rosidl_typesupport_c" "-lbuiltin_interfaces__rosidl_generator_c" "-ldiagnostic_msgs__rosidl_typesupport_c" "-ldiagnostic_msgs__rosidl_generator_c" "-lgeometry_msgs__rosidl_typesupport_c" "-lgeometry_msgs__rosidl_generator_c" "-lnav_msgs__rosidl_typesupport_c" "-lnav_msgs__rosidl_generator_c" "-lsensor_msgs__rosidl_typesupport_c" "-lsensor_msgs__rosidl_generator_c" "-lshape_msgs__rosidl_typesupport_c" "-lshape_msgs__rosidl_generator_c" "-lstd_msgs__rosidl_typesupport_c" "-lstd_msgs__rosidl_generator_c" "-lstd_srvs__rosidl_typesupport_c" "-lstd_srvs__rosidl_generator_c" "-lstereo_msgs__rosidl_typesupport_c" "-lstereo_msgs__rosidl_generator_c" "-ltrajectory_msgs__rosidl_typesupport_c" "-ltrajectory_msgs__rosidl_generator_c" "-lunique_identifier_msgs__rosidl_typesupport_c" "-lunique_identifier_msgs__rosidl_generator_c" "-lvisualization_msgs__rosidl_typesupport_c" "-lvisualization_msgs__rosidl_generator_c" "-lrcl_interfaces__rosidl_typesupport_c" "-lrcl_interfaces__rosidl_generator_c" "-laction_msgs__rosidl_typesupport_c" "-laction_msgs__rosidl_generator_c" "-lservice_msgs__rosidl_typesupport_c" "-lservice_msgs__rosidl_generator_c" "-lgcc_s" "-lutil" "-lrt" "-lpthread" "-lm" "-ldl" "-lc" "-L" "/opt/rustwide/target/release/examples/rustcZGwI2r/raw-dylibs" "-B<sysroot>/lib/rustlib/x86_64-unknown-linux-gnu/bin/gcc-ld" "-fuse-ld=lld" "-Wl,--eh-frame-hdr" "-Wl,-z,noexecstack" "-L" "<sysroot>/lib/rustlib/x86_64-unknown-linux-gnu/lib" "-o" "/opt/rustwide/target/release/examples/ex1-115f5118b79eb17f" "-Wl,--gc-sections" "-pie" "-Wl,-z,relro,-z,now" "-Wl,-O1" "-Wl,--strip-debug" "-nodefaultlibs"
[INFO] [stdout]   = note: some arguments are omitted. use `--verbose` to show all linker arguments
[INFO] [stdout]   = note: rust-lld: error: unable to find library -lrcl
[INFO] [stdout]           rust-lld: error: unable to find library -lrcl_action
[INFO] [stdout]           rust-lld: error: unable to find library -lrcutils
[INFO] [stdout]           rust-lld: error: unable to find library -lrmw
[INFO] [stdout]           rust-lld: error: unable to find library -lrosidl_runtime_c
[INFO] [stdout]           rust-lld: error: unable to find library -lactionlib_msgs__rosidl_typesupport_c
[INFO] [stdout]           rust-lld: error: unable to find library -lactionlib_msgs__rosidl_generator_c
[INFO] [stdout]           rust-lld: error: unable to find library -lbuiltin_interfaces__rosidl_typesupport_c
[INFO] [stdout]           rust-lld: error: unable to find library -lbuiltin_interfaces__rosidl_generator_c
[INFO] [stdout]           rust-lld: error: unable to find library -ldiagnostic_msgs__rosidl_typesupport_c
[INFO] [stdout]           rust-lld: error: unable to find library -ldiagnostic_msgs__rosidl_generator_c
[INFO] [stdout]           rust-lld: error: unable to find library -lgeometry_msgs__rosidl_typesupport_c
[INFO] [stdout]           rust-lld: error: unable to find library -lgeometry_msgs__rosidl_generator_c
[INFO] [stdout]           rust-lld: error: unable to find library -lnav_msgs__rosidl_typesupport_c
[INFO] [stdout]           rust-lld: error: unable to find library -lnav_msgs__rosidl_generator_c
[INFO] [stdout]           rust-lld: error: unable to find library -lsensor_msgs__rosidl_typesupport_c
[INFO] [stdout]           rust-lld: error: unable to find library -lsensor_msgs__rosidl_generator_c
[INFO] [stdout]           rust-lld: error: unable to find library -lshape_msgs__rosidl_typesupport_c
[INFO] [stdout]           rust-lld: error: unable to find library -lshape_msgs__rosidl_generator_c
[INFO] [stdout]           rust-lld: error: unable to find library -lstd_msgs__rosidl_typesupport_c
[INFO] [stdout]           rust-lld: error: too many errors emitted, stopping now (use --error-limit=0 to see all errors)
[INFO] [stdout]           collect2: error: ld returned 1 exit status
[INFO] [stdout]           
[INFO] [stdout] 
[INFO] [stdout] 
[INFO] [stderr] error: could not compile `ros2_helpers` (example "ex1") due to 1 previous error
[INFO] running `Command { std: "docker" "inspect" "aa99771a226fab5306672a50ea085369cd4c36c5de44887b8a2527e3465f477b", kill_on_drop: false }`
[INFO] running `Command { std: "docker" "rm" "-f" "aa99771a226fab5306672a50ea085369cd4c36c5de44887b8a2527e3465f477b", kill_on_drop: false }`
[INFO] [stdout] aa99771a226fab5306672a50ea085369cd4c36c5de44887b8a2527e3465f477b
