[INFO] fetching crate ros2-interfaces-humble 0.0.1...
[INFO] testing ros2-interfaces-humble-0.0.1 against 1.100.0-beta.1+cargoflags=--release for beta-release-1.100-2
[INFO] extracting crate ros2-interfaces-humble 0.0.1 into /workspace/builds/worker-7-tc2/source
[INFO] started tweaking crates.io crate ros2-interfaces-humble 0.0.1
[INFO] removed 0 missing tests
[INFO] finished tweaking crates.io crate ros2-interfaces-humble 0.0.1
[INFO] tweaked toml for crates.io crate ros2-interfaces-humble 0.0.1 written to /workspace/builds/worker-7-tc2/source/Cargo.toml
[INFO] validating manifest of crates.io crate ros2-interfaces-humble 0.0.1 on toolchain 1.100.0-beta.1
[INFO] running `Command { std: CARGO_HOME="/workspace/cargo-home" RUSTUP_HOME="/workspace/rustup-home" "/workspace/cargo-home/bin/cargo" "+1.100.0-beta.1" "metadata" "--manifest-path" "Cargo.toml" "--no-deps", kill_on_drop: false }`
[INFO] running `Command { std: CARGO_HOME="/workspace/cargo-home" RUSTUP_HOME="/workspace/rustup-home" "/workspace/cargo-home/bin/cargo" "+1.100.0-beta.1" "generate-lockfile" "--manifest-path" "Cargo.toml", kill_on_drop: false }`
[INFO] [stderr]     Updating crates.io index
[INFO] [stderr]      Locking 233 packages to highest compatible versions
[INFO] [stderr]       Adding ros2-client v0.7.6 (available: v0.11.1)
[INFO] running `Command { std: CARGO_HOME="/workspace/cargo-home" RUSTUP_HOME="/workspace/rustup-home" "/workspace/cargo-home/bin/cargo" "+1.100.0-beta.1" "fetch" "--manifest-path" "Cargo.toml", kill_on_drop: false }`
[INFO] running `Command { std: "docker" "create" "-v" "/var/lib/crater-agent-workspace/builds/worker-7-tc2/source:/opt/rustwide/workdir:ro,Z" "-v" "/var/lib/crater-agent-workspace/builds/worker-7-tc2/target:/opt/rustwide/target:rw,Z" "-v" "/var/lib/crater-agent-workspace/cargo-home:/opt/rustwide/cargo-home:ro,Z" "-v" "/var/lib/crater-agent-workspace/rustup-home:/opt/rustwide/rustup-home:ro,Z" "-m" "1610612736" "--network" "none" "ghcr.io/rust-lang/crates-build-env/linux@sha256:77db811e55d90add9212f6832c23229e3de5f1c1f9905e8cb07319ea15df73ac" "sleep" "infinity", kill_on_drop: false }`
[INFO] [stdout] 828653b5fe31fdc257a99c6b8cfab3875c3a8b369bf59accb9e0cf9b344ddd58
[INFO] running `Command { std: "docker" "start" "828653b5fe31fdc257a99c6b8cfab3875c3a8b369bf59accb9e0cf9b344ddd58", kill_on_drop: false }`
[INFO] running `Command { std: "docker" "inspect" "828653b5fe31fdc257a99c6b8cfab3875c3a8b369bf59accb9e0cf9b344ddd58", kill_on_drop: false }`
[INFO] running `Command { std: "docker" "exec" "-e" "SOURCE_DIR=/opt/rustwide/workdir" "-e" "CARGO_HOME=/opt/rustwide/cargo-home" "-e" "RUSTUP_HOME=/opt/rustwide/rustup-home" "-e" "CARGO_TARGET_DIR=/opt/rustwide/target" "-w" "/opt/rustwide/workdir" "--user" "0:0" "828653b5fe31fdc257a99c6b8cfab3875c3a8b369bf59accb9e0cf9b344ddd58" "/opt/rustwide/cargo-home/bin/cargo" "+1.100.0-beta.1" "metadata" "--no-deps" "--format-version=1", kill_on_drop: false }`
[INFO] running `Command { std: "docker" "inspect" "828653b5fe31fdc257a99c6b8cfab3875c3a8b369bf59accb9e0cf9b344ddd58", kill_on_drop: false }`
[INFO] running `Command { std: "docker" "exec" "-e" "SOURCE_DIR=/opt/rustwide/workdir" "-e" "CARGO_HOME=/opt/rustwide/cargo-home" "-e" "RUSTUP_HOME=/opt/rustwide/rustup-home" "-e" "CARGO_TARGET_DIR=/opt/rustwide/target" "-e" "CARGO_INCREMENTAL=0" "-e" "RUST_BACKTRACE=full" "-e" "RUSTFLAGS=--cap-lints=warn" "-e" "RUSTDOCFLAGS=--cap-lints=warn" "-w" "/opt/rustwide/workdir" "--user" "0:0" "828653b5fe31fdc257a99c6b8cfab3875c3a8b369bf59accb9e0cf9b344ddd58" "/opt/rustwide/cargo-home/bin/cargo" "+1.100.0-beta.1" "build" "--frozen" "--message-format=json" "--release", kill_on_drop: false }`
[INFO] [stderr]    Compiling serde_core v1.0.229
[INFO] [stderr]    Compiling serde v1.0.229
[INFO] [stderr]    Compiling memchr v2.8.3
[INFO] [stderr]    Compiling regex-syntax v0.8.11
[INFO] [stderr]    Compiling no-std-net v0.6.0
[INFO] [stderr]    Compiling syn v3.0.9
[INFO] [stderr]    Compiling syn v2.0.119
[INFO] [stderr]    Compiling pnet_base v0.35.0
[INFO] [stderr]    Compiling futures-core v0.3.34
[INFO] [stderr]    Compiling syn v1.0.109
[INFO] [stderr]    Compiling io-lifetimes v2.0.4
[INFO] [stderr]    Compiling futures-sink v0.3.34
[INFO] [stderr]    Compiling futures-channel v0.3.34
[INFO] [stderr]    Compiling getrandom v0.3.4
[INFO] [stderr]    Compiling pnet_macros_support v0.35.0
[INFO] [stderr]    Compiling pnet_sys v0.35.0
[INFO] [stderr]    Compiling memoffset v0.9.1
[INFO] [stderr]    Compiling aho-corasick v1.1.5
[INFO] [stderr]    Compiling num-traits v0.2.19
[INFO] [stderr]    Compiling futures-task v0.3.34
[INFO] [stderr]    Compiling rustix v1.1.5
[INFO] [stderr]    Compiling getrandom v0.4.3
[INFO] [stderr]    Compiling crossbeam-utils v0.8.23
[INFO] [stderr]    Compiling futures-io v0.3.34
[INFO] [stderr]    Compiling io-extras v0.18.4
[INFO] [stderr]    Compiling rand_core v0.10.1
[INFO] [stderr]    Compiling rand_core v0.9.5
[INFO] [stderr]    Compiling cpufeatures v0.3.1
[INFO] [stderr]    Compiling pnet v0.35.0
[INFO] [stderr]    Compiling thiserror v2.0.21
[INFO] [stderr]    Compiling bitflags v2.13.2
[INFO] [stderr]    Compiling socketpair v0.19.8
[INFO] [stderr]    Compiling event-listener v5.4.2
[INFO] [stdout] error[E0433]: cannot find `timespec` in the crate root
[INFO] [stdout]    --> /opt/rustwide/cargo-home/registry/src/index.crates.io-1949cf8c6b5b557f/rustix-1.1.5/src/backend/linux_raw/net/sockopt.rs:289:29
[INFO] [stdout]     |
[INFO] [stdout] 289 |             let ts = crate::timespec::Timespec {
[INFO] [stdout]     |                             ^^^^^^^^ could not find `timespec` in the crate root
[INFO] [stdout]     |
[INFO] [stdout] note: found an item that was configured out
[INFO] [stdout]    --> /opt/rustwide/cargo-home/registry/src/index.crates.io-1949cf8c6b5b557f/rustix-1.1.5/src/lib.rs:410:5
[INFO] [stdout]     |
[INFO] [stdout] 389 |   #[cfg(any(
[INFO] [stdout]     |  __________-
[INFO] [stdout] 390 | |     feature = "fs",
[INFO] [stdout] 391 | |     feature = "event",
[INFO] [stdout] 392 | |     feature = "process",
[INFO] [stdout] ...   |
[INFO] [stdout] 409 | | ))]
[INFO] [stdout]     | |_- the item is gated here
[INFO] [stdout] 410 |   mod timespec;
[INFO] [stdout]     |       ^^^^^^^^
[INFO] [stdout] 
[INFO] [stdout] 
[INFO] [stdout] error[E0433]: cannot find `timespec` in the crate root
[INFO] [stdout]    --> /opt/rustwide/cargo-home/registry/src/index.crates.io-1949cf8c6b5b557f/rustix-1.1.5/src/backend/linux_raw/net/sockopt.rs:293:39
[INFO] [stdout]     |
[INFO] [stdout] 293 |                     .unwrap_or(crate::timespec::Secs::MAX),
[INFO] [stdout]     |                                       ^^^^^^^^ could not find `timespec` in the crate root
[INFO] [stdout]     |
[INFO] [stdout] note: found an item that was configured out
[INFO] [stdout]    --> /opt/rustwide/cargo-home/registry/src/index.crates.io-1949cf8c6b5b557f/rustix-1.1.5/src/lib.rs:410:5
[INFO] [stdout]     |
[INFO] [stdout] 389 |   #[cfg(any(
[INFO] [stdout]     |  __________-
[INFO] [stdout] 390 | |     feature = "fs",
[INFO] [stdout] 391 | |     feature = "event",
[INFO] [stdout] 392 | |     feature = "process",
[INFO] [stdout] ...   |
[INFO] [stdout] 409 | | ))]
[INFO] [stdout]     | |_- the item is gated here
[INFO] [stdout] 410 |   mod timespec;
[INFO] [stdout]     |       ^^^^^^^^
[INFO] [stdout] 
[INFO] [stdout] 
[INFO] [stdout] error[E0433]: cannot find `timespec` in the crate root
[INFO] [stdout]    --> /opt/rustwide/cargo-home/registry/src/index.crates.io-1949cf8c6b5b557f/rustix-1.1.5/src/backend/linux_raw/net/sockopt.rs:296:66
[INFO] [stdout]     |
[INFO] [stdout] 296 |             let (sec, usec) = ts.to_sec_usec().unwrap_or((crate::timespec::Secs::MAX, 0));
[INFO] [stdout]     |                                                                  ^^^^^^^^ could not find `timespec` in the crate root
[INFO] [stdout]     |
[INFO] [stdout] note: found an item that was configured out
[INFO] [stdout]    --> /opt/rustwide/cargo-home/registry/src/index.crates.io-1949cf8c6b5b557f/rustix-1.1.5/src/lib.rs:410:5
[INFO] [stdout]     |
[INFO] [stdout] 389 |   #[cfg(any(
[INFO] [stdout]     |  __________-
[INFO] [stdout] 390 | |     feature = "fs",
[INFO] [stdout] 391 | |     feature = "event",
[INFO] [stdout] 392 | |     feature = "process",
[INFO] [stdout] ...   |
[INFO] [stdout] 409 | | ))]
[INFO] [stdout]     | |_- the item is gated here
[INFO] [stdout] 410 |   mod timespec;
[INFO] [stdout]     |       ^^^^^^^^
[INFO] [stdout] 
[INFO] [stdout] 
[INFO] [stderr]    Compiling regex-automata v0.4.18
[INFO] [stdout] error[E0433]: cannot find `timespec` in the crate root
[INFO] [stdout]    --> /opt/rustwide/cargo-home/registry/src/index.crates.io-1949cf8c6b5b557f/rustix-1.1.5/src/backend/linux_raw/net/sockopt.rs:322:29
[INFO] [stdout]     |
[INFO] [stdout] 322 |             let ts = crate::timespec::Timespec {
[INFO] [stdout]     |                             ^^^^^^^^ could not find `timespec` in the crate root
[INFO] [stdout]     |
[INFO] [stdout] note: found an item that was configured out
[INFO] [stdout]    --> /opt/rustwide/cargo-home/registry/src/index.crates.io-1949cf8c6b5b557f/rustix-1.1.5/src/lib.rs:410:5
[INFO] [stdout]     |
[INFO] [stdout] 389 |   #[cfg(any(
[INFO] [stdout]     |  __________-
[INFO] [stdout] 390 | |     feature = "fs",
[INFO] [stdout] 391 | |     feature = "event",
[INFO] [stdout] 392 | |     feature = "process",
[INFO] [stdout] ...   |
[INFO] [stdout] 409 | | ))]
[INFO] [stdout]     | |_- the item is gated here
[INFO] [stdout] 410 |   mod timespec;
[INFO] [stdout]     |       ^^^^^^^^
[INFO] [stdout] 
[INFO] [stdout] 
[INFO] [stdout] error[E0433]: cannot find `timespec` in the crate root
[INFO] [stdout]    --> /opt/rustwide/cargo-home/registry/src/index.crates.io-1949cf8c6b5b557f/rustix-1.1.5/src/backend/linux_raw/net/sockopt.rs:326:39
[INFO] [stdout]     |
[INFO] [stdout] 326 |                     .unwrap_or(crate::timespec::Secs::MAX),
[INFO] [stdout]     |                                       ^^^^^^^^ could not find `timespec` in the crate root
[INFO] [stdout]     |
[INFO] [stdout] note: found an item that was configured out
[INFO] [stdout]    --> /opt/rustwide/cargo-home/registry/src/index.crates.io-1949cf8c6b5b557f/rustix-1.1.5/src/lib.rs:410:5
[INFO] [stdout]     |
[INFO] [stdout] 389 |   #[cfg(any(
[INFO] [stdout]     |  __________-
[INFO] [stdout] 390 | |     feature = "fs",
[INFO] [stdout] 391 | |     feature = "event",
[INFO] [stdout] 392 | |     feature = "process",
[INFO] [stdout] ...   |
[INFO] [stdout] 409 | | ))]
[INFO] [stdout]     | |_- the item is gated here
[INFO] [stdout] 410 |   mod timespec;
[INFO] [stdout]     |       ^^^^^^^^
[INFO] [stdout] 
[INFO] [stdout] 
[INFO] [stdout] error[E0433]: cannot find `timespec` in the crate root
[INFO] [stdout]    --> /opt/rustwide/cargo-home/registry/src/index.crates.io-1949cf8c6b5b557f/rustix-1.1.5/src/backend/linux_raw/net/sockopt.rs:329:66
[INFO] [stdout]     |
[INFO] [stdout] 329 |             let (sec, usec) = ts.to_sec_usec().unwrap_or((crate::timespec::Secs::MAX, 0));
[INFO] [stdout]     |                                                                  ^^^^^^^^ could not find `timespec` in the crate root
[INFO] [stdout]     |
[INFO] [stdout] note: found an item that was configured out
[INFO] [stdout]    --> /opt/rustwide/cargo-home/registry/src/index.crates.io-1949cf8c6b5b557f/rustix-1.1.5/src/lib.rs:410:5
[INFO] [stdout]     |
[INFO] [stdout] 389 |   #[cfg(any(
[INFO] [stdout]     |  __________-
[INFO] [stdout] 390 | |     feature = "fs",
[INFO] [stdout] 391 | |     feature = "event",
[INFO] [stdout] 392 | |     feature = "process",
[INFO] [stdout] ...   |
[INFO] [stdout] 409 | | ))]
[INFO] [stdout]     | |_- the item is gated here
[INFO] [stdout] 410 |   mod timespec;
[INFO] [stdout]     |       ^^^^^^^^
[INFO] [stdout] 
[INFO] [stdout] 
[INFO] [stderr]    Compiling chacha20 v0.10.2
[INFO] [stderr]    Compiling rand_chacha v0.9.0
[INFO] [stdout] For more information about this error, try `rustc --explain E0433`.
[INFO] [stdout] 
[INFO] [stderr] error: could not compile `rustix` (lib) due to 6 previous errors
[INFO] [stderr] warning: build failed, waiting for other jobs to finish...
[INFO] running `Command { std: "docker" "inspect" "828653b5fe31fdc257a99c6b8cfab3875c3a8b369bf59accb9e0cf9b344ddd58", kill_on_drop: false }`
[INFO] running `Command { std: "docker" "rm" "-f" "828653b5fe31fdc257a99c6b8cfab3875c3a8b369bf59accb9e0cf9b344ddd58", kill_on_drop: false }`
[INFO] [stdout] 828653b5fe31fdc257a99c6b8cfab3875c3a8b369bf59accb9e0cf9b344ddd58
