[INFO] fetching crate rong_modules 0.6.2...
[INFO] testing rong_modules-0.6.2 against 1.100.0-beta.1+cargoflags=--release for beta-release-1.100-2
[INFO] extracting crate rong_modules 0.6.2 into /workspace/builds/worker-4-tc2/source
[INFO] started tweaking crates.io crate rong_modules 0.6.2
[INFO] finished tweaking crates.io crate rong_modules 0.6.2
[INFO] tweaked toml for crates.io crate rong_modules 0.6.2 written to /workspace/builds/worker-4-tc2/source/Cargo.toml
[INFO] validating manifest of crates.io crate rong_modules 0.6.2 on toolchain 1.100.0-beta.1
[INFO] running `Command { std: CARGO_HOME="/workspace/cargo-home" RUSTUP_HOME="/workspace/rustup-home" "/workspace/cargo-home/bin/cargo" "+1.100.0-beta.1" "metadata" "--manifest-path" "Cargo.toml" "--no-deps", kill_on_drop: false }`
[INFO] crate crates.io crate rong_modules 0.6.2 already has a lockfile, it will not be regenerated
[INFO] running `Command { std: CARGO_HOME="/workspace/cargo-home" RUSTUP_HOME="/workspace/rustup-home" "/workspace/cargo-home/bin/cargo" "+1.100.0-beta.1" "fetch" "--manifest-path" "Cargo.toml", kill_on_drop: false }`
[INFO] [stderr] warning: `package.homepage` is redundant with `package.repository`
[INFO] [stderr]    --> Cargo.toml:156:12
[INFO] [stderr]     |
[INFO] [stderr] 156 | homepage = "https://github.com/LingXia-Dev/Rong"
[INFO] [stderr]     |            ^^^^^^^^^^^^^^^^^^^^^^^^^^^^^^^^^^^^^
[INFO] [stderr] ...
[INFO] [stderr] 161 | repository = "https://github.com/LingXia-Dev/Rong"
[INFO] [stderr]     |              -------------------------------------
[INFO] [stderr]     |
[INFO] [stderr]     = note: `cargo::redundant_homepage` is set to `warn` by default
[INFO] [stderr] help: consider removing `package.homepage`
[INFO] [stderr] warning: `rong_modules` (manifest) generated 1 warning
[INFO] running `Command { std: "docker" "create" "-v" "/var/lib/crater-agent-workspace/builds/worker-4-tc2/source:/opt/rustwide/workdir:ro,Z" "-v" "/var/lib/crater-agent-workspace/builds/worker-4-tc2/target:/opt/rustwide/target:rw,Z" "-v" "/var/lib/crater-agent-workspace/cargo-home:/opt/rustwide/cargo-home:ro,Z" "-v" "/var/lib/crater-agent-workspace/rustup-home:/opt/rustwide/rustup-home:ro,Z" "-m" "1610612736" "--network" "none" "ghcr.io/rust-lang/crates-build-env/linux@sha256:77db811e55d90add9212f6832c23229e3de5f1c1f9905e8cb07319ea15df73ac" "sleep" "infinity", kill_on_drop: false }`
[INFO] [stdout] 8586ece1fcf70c5c4aca87c78da9eb6dec989806b40f487c3f08dbba9bb61df0
[INFO] running `Command { std: "docker" "start" "8586ece1fcf70c5c4aca87c78da9eb6dec989806b40f487c3f08dbba9bb61df0", kill_on_drop: false }`
[INFO] running `Command { std: "docker" "inspect" "8586ece1fcf70c5c4aca87c78da9eb6dec989806b40f487c3f08dbba9bb61df0", kill_on_drop: false }`
[INFO] running `Command { std: "docker" "exec" "-e" "SOURCE_DIR=/opt/rustwide/workdir" "-e" "CARGO_HOME=/opt/rustwide/cargo-home" "-e" "RUSTUP_HOME=/opt/rustwide/rustup-home" "-e" "CARGO_TARGET_DIR=/opt/rustwide/target" "-w" "/opt/rustwide/workdir" "--user" "0:0" "8586ece1fcf70c5c4aca87c78da9eb6dec989806b40f487c3f08dbba9bb61df0" "/opt/rustwide/cargo-home/bin/cargo" "+1.100.0-beta.1" "metadata" "--no-deps" "--format-version=1", kill_on_drop: false }`
[INFO] running `Command { std: "docker" "inspect" "8586ece1fcf70c5c4aca87c78da9eb6dec989806b40f487c3f08dbba9bb61df0", kill_on_drop: false }`
[INFO] running `Command { std: "docker" "exec" "-e" "SOURCE_DIR=/opt/rustwide/workdir" "-e" "CARGO_HOME=/opt/rustwide/cargo-home" "-e" "RUSTUP_HOME=/opt/rustwide/rustup-home" "-e" "CARGO_TARGET_DIR=/opt/rustwide/target" "-e" "CARGO_INCREMENTAL=0" "-e" "RUST_BACKTRACE=full" "-e" "RUSTFLAGS=--cap-lints=warn" "-e" "RUSTDOCFLAGS=--cap-lints=warn" "-w" "/opt/rustwide/workdir" "--user" "0:0" "8586ece1fcf70c5c4aca87c78da9eb6dec989806b40f487c3f08dbba9bb61df0" "/opt/rustwide/cargo-home/bin/cargo" "+1.100.0-beta.1" "build" "--frozen" "--message-format=json" "--release", kill_on_drop: false }`
[INFO] [stderr] warning: `package.homepage` is redundant with `package.repository`
[INFO] [stderr]    --> Cargo.toml:156:12
[INFO] [stderr]     |
[INFO] [stderr] 156 | homepage = "https://github.com/LingXia-Dev/Rong"
[INFO] [stderr]     |            ^^^^^^^^^^^^^^^^^^^^^^^^^^^^^^^^^^^^^
[INFO] [stderr] ...
[INFO] [stderr] 161 | repository = "https://github.com/LingXia-Dev/Rong"
[INFO] [stderr]     |              -------------------------------------
[INFO] [stderr]     |
[INFO] [stderr]     = note: `cargo::redundant_homepage` is set to `warn` by default
[INFO] [stderr] help: consider removing `package.homepage`
[INFO] [stderr] warning: `rong_modules` (manifest) generated 1 warning
[INFO] [stderr]    Compiling syn v3.0.9
[INFO] [stderr]    Compiling smallvec v1.16.3
[INFO] [stderr]    Compiling futures-channel v0.3.34
[INFO] [stderr]    Compiling syn v2.0.119
[INFO] [stderr]    Compiling rustls-pki-types v1.15.1
[INFO] [stderr]    Compiling rustls v0.23.45
[INFO] [stderr]    Compiling headers-core v0.3.0
[INFO] [stderr]    Compiling percent-encoding v2.3.2
[INFO] [stderr]    Compiling sha1 v0.10.7
[INFO] [stderr]    Compiling rong_core v0.6.2
[INFO] [stderr]    Compiling form_urlencoded v1.2.2
[INFO] [stderr]    Compiling headers v0.4.2
[INFO] [stderr]    Compiling rustls-webpki v0.103.15
[INFO] [stderr]    Compiling webpki-roots v1.0.9
[INFO] [stderr]    Compiling synstructure v0.14.0
[INFO] [stderr]    Compiling rong_typegen v0.6.2
[INFO] [stderr]    Compiling tracing-attributes v0.1.31
[INFO] [stderr]    Compiling zerofrom-derive v0.1.8
[INFO] [stderr]    Compiling yoke-derive v0.8.4
[INFO] [stderr]    Compiling zerovec-derive v0.11.6
[INFO] [stderr]    Compiling displaydoc v0.2.7
[INFO] [stderr]    Compiling tokio-macros v2.7.2
[INFO] [stderr]    Compiling futures-macro v0.3.34
[INFO] [stderr]    Compiling thiserror-impl v2.0.21
[INFO] [stderr]    Compiling serde_derive v1.0.229
[INFO] [stderr]    Compiling rong_macro v0.6.1
[INFO] [stderr]    Compiling tokio v1.53.2
[INFO] [stderr]    Compiling tracing v0.1.44
[INFO] [stderr]    Compiling futures-util v0.3.34
[INFO] [stderr]    Compiling zerofrom v0.1.8
[INFO] [stderr]    Compiling yoke v0.8.3
[INFO] [stderr]    Compiling zerotrie v0.2.5
[INFO] [stderr]    Compiling zerovec v0.11.8
[INFO] [stderr]    Compiling thiserror v2.0.21
[INFO] [stderr]    Compiling tinystr v0.8.4
[INFO] [stderr]    Compiling potential_utf v0.1.6
[INFO] [stderr]    Compiling icu_collections v2.3.0
[INFO] [stderr]    Compiling icu_locale_core v2.3.0
[INFO] [stderr]    Compiling serde v1.0.229
[INFO] [stderr]    Compiling icu_provider v2.3.1
[INFO] [stderr]    Compiling icu_properties v2.3.0
[INFO] [stderr]    Compiling icu_normalizer v2.3.0
[INFO] [stderr]    Compiling futures-executor v0.3.34
[INFO] [stderr]    Compiling futures v0.3.34
[INFO] [stderr]    Compiling idna_adapter v1.2.2
[INFO] [stderr]    Compiling idna v1.1.0
[INFO] [stderr]    Compiling url v2.5.8
[INFO] [stderr]    Compiling hyper v1.12.0
[INFO] [stderr]    Compiling tokio-rustls v0.26.6
[INFO] [stderr]    Compiling tokio-stream v0.1.19
[INFO] [stderr]    Compiling hyper-util v0.1.21
[INFO] [stderr]    Compiling hyper-http-proxy v1.2.0
[INFO] [stderr]    Compiling hyper-rustls v0.27.10
[INFO] [stderr]    Compiling rong_rt v0.6.3
[INFO] [stderr]    Compiling rong v0.6.3
[INFO] [stderr]    Compiling rong_modules v0.6.2 (/opt/rustwide/workdir)
[INFO] [stdout] error[E0425]: cannot find type `JSContext` in this scope
[INFO] [stdout]   --> src/lib.rs:13:15
[INFO] [stdout]    |
[INFO] [stdout] 13 |     init: fn(&JSContext) -> JSResult<()>,
[INFO] [stdout]    |               ^^^^^^^^^ not found in this scope
[INFO] [stdout] 
[INFO] [stdout] 
[INFO] [stdout] error[E0425]: cannot find type `JSContext` in this scope
[INFO] [stdout]   --> src/lib.rs:13:15
[INFO] [stdout]    |
[INFO] [stdout] 13 |     init: fn(&JSContext) -> JSResult<()>,
[INFO] [stdout]    |               ^^^^^^^^^ not found in this scope
[INFO] [stdout]    |
[INFO] [stdout] help: you might be missing a type parameter
[INFO] [stdout]    |
[INFO] [stdout] 10 | pub struct ModuleDescriptor<JSContext> {
[INFO] [stdout]    |                            +++++++++++
[INFO] [stdout] 
[INFO] [stdout] 
[INFO] [stdout] error[E0425]: cannot find type `JSContext` in this scope
[INFO] [stdout]   --> src/lib.rs:20:19
[INFO] [stdout]    |
[INFO] [stdout] 20 |         init: fn(&JSContext) -> JSResult<()>,
[INFO] [stdout]    |                   ^^^^^^^^^ not found in this scope
[INFO] [stdout] 
[INFO] [stdout] 
[INFO] [stdout] error[E0425]: cannot find type `JSContext` in this scope
[INFO] [stdout]    --> src/lib.rs:172:30
[INFO] [stdout]     |
[INFO] [stdout] 172 | fn initialized_modules(ctx: &JSContext) -> &InitializedModules {
[INFO] [stdout]     |                              ^^^^^^^^^ not found in this scope
[INFO] [stdout] 
[INFO] [stdout] 
[INFO] [stdout] error[E0425]: cannot find type `JSContext` in this scope
[INFO] [stdout]    --> src/lib.rs:220:25
[INFO] [stdout]     |
[INFO] [stdout] 220 | pub fn init<I, S>(ctx: &JSContext, modules: I) -> JSResult<()>
[INFO] [stdout]     |                         ^^^^^^^^^ not found in this scope
[INFO] [stdout] 
[INFO] [stdout] 
[INFO] [stdout] error[E0425]: cannot find type `JSContext` in this scope
[INFO] [stdout]    --> src/lib.rs:246:23
[INFO] [stdout]     |
[INFO] [stdout] 246 | pub fn init_all(ctx: &JSContext) -> JSResult<()> {
[INFO] [stdout]     |                       ^^^^^^^^^ not found in this scope
[INFO] [stdout] 
[INFO] [stdout] 
[INFO] [stdout] error[E0425]: cannot find type `JSContext` in this scope
[INFO] [stdout]    --> src/lib.rs:251:39
[INFO] [stdout]     |
[INFO] [stdout] 251 | pub fn initialized_module_names(ctx: &JSContext) -> Vec<&'static str> {
[INFO] [stdout]     |                                       ^^^^^^^^^ not found in this scope
[INFO] [stdout] 
[INFO] [stdout] 
[INFO] [stdout] error[E0425]: cannot find type `JSContext` in this scope
[INFO] [stdout]    --> src/lib.rs:266:29
[INFO] [stdout]     |
[INFO] [stdout] 266 | pub fn is_initialized(ctx: &JSContext, name: &str) -> bool {
[INFO] [stdout]     |                             ^^^^^^^^^ not found in this scope
[INFO] [stdout] 
[INFO] [stdout] 
[INFO] [stdout] For more information about this error, try `rustc --explain E0425`.
[INFO] [stdout] 
[INFO] [stderr] error: could not compile `rong_modules` (lib) due to 8 previous errors
[INFO] [stderr] warning: build failed, waiting for other jobs to finish...
[INFO] running `Command { std: "docker" "inspect" "8586ece1fcf70c5c4aca87c78da9eb6dec989806b40f487c3f08dbba9bb61df0", kill_on_drop: false }`
[INFO] running `Command { std: "docker" "rm" "-f" "8586ece1fcf70c5c4aca87c78da9eb6dec989806b40f487c3f08dbba9bb61df0", kill_on_drop: false }`
[INFO] [stdout] 8586ece1fcf70c5c4aca87c78da9eb6dec989806b40f487c3f08dbba9bb61df0
