[INFO] fetching crate rong_crypto 0.6.1...
[INFO] testing rong_crypto-0.6.1 against 1.99.0-beta.8+cargoflags=--release for beta-release-1.100-2
[INFO] extracting crate rong_crypto 0.6.1 into /workspace/builds/worker-5-tc1/source
[INFO] started tweaking crates.io crate rong_crypto 0.6.1
[INFO] finished tweaking crates.io crate rong_crypto 0.6.1
[INFO] tweaked toml for crates.io crate rong_crypto 0.6.1 written to /workspace/builds/worker-5-tc1/source/Cargo.toml
[INFO] validating manifest of crates.io crate rong_crypto 0.6.1 on toolchain 1.99.0-beta.8
[INFO] running `Command { std: CARGO_HOME="/workspace/cargo-home" RUSTUP_HOME="/workspace/rustup-home" "/workspace/cargo-home/bin/cargo" "+1.99.0-beta.8" "metadata" "--manifest-path" "Cargo.toml" "--no-deps", kill_on_drop: false }`
[INFO] crate crates.io crate rong_crypto 0.6.1 already has a lockfile, it will not be regenerated
[INFO] running `Command { std: CARGO_HOME="/workspace/cargo-home" RUSTUP_HOME="/workspace/rustup-home" "/workspace/cargo-home/bin/cargo" "+1.99.0-beta.8" "fetch" "--manifest-path" "Cargo.toml", kill_on_drop: false }`
[INFO] [stderr]     Updating crates.io index
[INFO] [stderr]  Downloading crates ...
[INFO] [stderr]   Downloaded hyper-http-proxy v1.2.0
[INFO] [stderr]   Downloaded rong_rt v0.6.1
[INFO] [stderr]   Downloaded rong_encoding v0.6.0
[INFO] [stderr]   Downloaded rong v0.6.1
[INFO] [stderr]   Downloaded rong_typegen v0.6.1
[INFO] [stderr]   Downloaded rong_core v0.6.1
[INFO] running `Command { std: "docker" "create" "-v" "/var/lib/crater-agent-workspace/builds/worker-5-tc1/source:/opt/rustwide/workdir:ro,Z" "-v" "/var/lib/crater-agent-workspace/builds/worker-5-tc1/target:/opt/rustwide/target:rw,Z" "-v" "/var/lib/crater-agent-workspace/cargo-home:/opt/rustwide/cargo-home:ro,Z" "-v" "/var/lib/crater-agent-workspace/rustup-home:/opt/rustwide/rustup-home:ro,Z" "-m" "1610612736" "--network" "none" "ghcr.io/rust-lang/crates-build-env/linux@sha256:77db811e55d90add9212f6832c23229e3de5f1c1f9905e8cb07319ea15df73ac" "sleep" "infinity", kill_on_drop: false }`
[INFO] [stdout] 4cf4f680c19a56cb13c2e32a65fc725baa6560a483158741a489333802a3db7a
[INFO] running `Command { std: "docker" "start" "4cf4f680c19a56cb13c2e32a65fc725baa6560a483158741a489333802a3db7a", kill_on_drop: false }`
[INFO] running `Command { std: "docker" "inspect" "4cf4f680c19a56cb13c2e32a65fc725baa6560a483158741a489333802a3db7a", kill_on_drop: false }`
[INFO] running `Command { std: "docker" "exec" "-e" "SOURCE_DIR=/opt/rustwide/workdir" "-e" "CARGO_HOME=/opt/rustwide/cargo-home" "-e" "RUSTUP_HOME=/opt/rustwide/rustup-home" "-e" "CARGO_TARGET_DIR=/opt/rustwide/target" "-w" "/opt/rustwide/workdir" "--user" "0:0" "4cf4f680c19a56cb13c2e32a65fc725baa6560a483158741a489333802a3db7a" "/opt/rustwide/cargo-home/bin/cargo" "+1.99.0-beta.8" "metadata" "--no-deps" "--format-version=1", kill_on_drop: false }`
[INFO] running `Command { std: "docker" "inspect" "4cf4f680c19a56cb13c2e32a65fc725baa6560a483158741a489333802a3db7a", kill_on_drop: false }`
[INFO] running `Command { std: "docker" "exec" "-e" "SOURCE_DIR=/opt/rustwide/workdir" "-e" "CARGO_HOME=/opt/rustwide/cargo-home" "-e" "RUSTUP_HOME=/opt/rustwide/rustup-home" "-e" "CARGO_TARGET_DIR=/opt/rustwide/target" "-e" "CARGO_INCREMENTAL=0" "-e" "RUST_BACKTRACE=full" "-e" "RUSTFLAGS=--cap-lints=warn" "-e" "RUSTDOCFLAGS=--cap-lints=warn" "-w" "/opt/rustwide/workdir" "--user" "0:0" "4cf4f680c19a56cb13c2e32a65fc725baa6560a483158741a489333802a3db7a" "/opt/rustwide/cargo-home/bin/cargo" "+1.99.0-beta.8" "build" "--frozen" "--message-format=json" "--release", kill_on_drop: false }`
[INFO] [stderr]    Compiling syn v3.0.5
[INFO] [stderr]    Compiling syn v2.0.119
[INFO] [stderr]    Compiling cmov v0.5.4
[INFO] [stderr]    Compiling futures-sink v0.3.34
[INFO] [stderr]    Compiling block-padding v0.4.2
[INFO] [stderr]    Compiling rustls v0.23.44
[INFO] [stderr]    Compiling rustls-webpki v0.103.15
[INFO] [stderr]    Compiling digest v0.10.7
[INFO] [stderr]    Compiling futures-channel v0.3.34
[INFO] [stderr]    Compiling headers-core v0.3.0
[INFO] [stderr]    Compiling inout v0.2.2
[INFO] [stderr]    Compiling webpki-roots v1.0.9
[INFO] [stderr]    Compiling ctutils v0.4.2
[INFO] [stderr]    Compiling sha1 v0.10.7
[INFO] [stderr]    Compiling cipher v0.5.2
[INFO] [stderr]    Compiling cpubits v0.1.1
[INFO] [stderr]    Compiling rong_core v0.6.1
[INFO] [stderr]    Compiling aead v0.6.1
[INFO] [stderr]    Compiling headers v0.4.1
[INFO] [stderr]    Compiling getrandom v0.4.3
[INFO] [stderr]    Compiling digest v0.11.3
[INFO] [stderr]    Compiling universal-hash v0.6.1
[INFO] [stderr]    Compiling ctr v0.10.1
[INFO] [stderr]    Compiling polyval v0.7.3
[INFO] [stderr]    Compiling hmac v0.13.0
[INFO] [stderr]    Compiling aes v0.9.3
[INFO] [stderr]    Compiling hkdf v0.13.0
[INFO] [stderr]    Compiling pbkdf2 v0.13.0
[INFO] [stderr]    Compiling ghash v0.6.0
[INFO] [stderr]    Compiling sha1 v0.11.0
[INFO] [stderr]    Compiling sha2 v0.11.0
[INFO] [stderr]    Compiling cbc v0.2.1
[INFO] [stderr]    Compiling aes-gcm v0.11.1
[INFO] [stderr]    Compiling zerovec-derive v0.11.6
[INFO] [stderr]    Compiling displaydoc v0.2.7
[INFO] [stderr]    Compiling tokio-macros v2.7.2
[INFO] [stderr]    Compiling futures-macro v0.3.34
[INFO] [stderr]    Compiling serde_derive v1.0.229
[INFO] [stderr]    Compiling thiserror-impl v2.0.20
[INFO] [stderr]    Compiling synstructure v0.13.2
[INFO] [stderr]    Compiling tokio v1.53.1
[INFO] [stderr]    Compiling futures-util v0.3.34
[INFO] [stderr]    Compiling rong_typegen v0.6.1
[INFO] [stderr]    Compiling thiserror v2.0.20
[INFO] [stderr]    Compiling zerofrom-derive v0.1.7
[INFO] [stderr]    Compiling yoke-derive v0.8.2
[INFO] [stderr]    Compiling tracing-attributes v0.1.31
[INFO] [stderr]    Compiling rong_macro v0.6.0
[INFO] [stderr]    Compiling zerofrom v0.1.8
[INFO] [stderr]    Compiling yoke v0.8.3
[INFO] [stderr]    Compiling tracing v0.1.44
[INFO] [stderr]    Compiling zerovec v0.11.8
[INFO] [stderr]    Compiling zerotrie v0.2.5
[INFO] [stderr]    Compiling serde v1.0.229
[INFO] [stderr]    Compiling tinystr v0.8.4
[INFO] [stderr]    Compiling potential_utf v0.1.6
[INFO] [stderr]    Compiling icu_collections v2.3.0
[INFO] [stderr]    Compiling icu_locale_core v2.3.0
[INFO] [stderr]    Compiling futures-executor v0.3.34
[INFO] [stderr]    Compiling futures v0.3.34
[INFO] [stderr]    Compiling icu_provider v2.3.1
[INFO] [stderr]    Compiling hyper v1.11.1
[INFO] [stderr]    Compiling tokio-rustls v0.26.5
[INFO] [stderr]    Compiling tokio-stream v0.1.19
[INFO] [stderr]    Compiling icu_properties v2.3.0
[INFO] [stderr]    Compiling icu_normalizer v2.3.0
[INFO] [stderr]    Compiling hyper-util v0.1.20
[INFO] [stderr]    Compiling idna_adapter v1.2.2
[INFO] [stderr]    Compiling idna v1.1.0
[INFO] [stderr]    Compiling url v2.5.8
[INFO] [stderr]    Compiling hyper-http-proxy v1.2.0
[INFO] [stderr]    Compiling hyper-rustls v0.27.9
[INFO] [stderr]    Compiling rong_rt v0.6.1
[INFO] [stderr]    Compiling rong v0.6.1
[INFO] [stderr]    Compiling rong_crypto v0.6.1 (/opt/rustwide/workdir)
[INFO] [stdout] error[E0432]: unresolved imports `rong::JSObject`, `rong::JSValue`
[INFO] [stdout]   --> src/algorithm.rs:10:12
[INFO] [stdout]    |
[INFO] [stdout] 10 | use rong::{JSObject, JSResult, JSValue};
[INFO] [stdout]    |            ^^^^^^^^            ^^^^^^^ no `JSValue` in the root
[INFO] [stdout]    |            |
[INFO] [stdout]    |            no `JSObject` in the root
[INFO] [stdout]    |
[INFO] [stdout] note: found an item that was configured out
[INFO] [stdout]   --> /opt/rustwide/cargo-home/registry/src/index.crates.io-1949cf8c6b5b557f/rong-0.6.1/src/lib.rs:98:10
[INFO] [stdout]    |
[INFO] [stdout] 97 | #[cfg(any(feature = "quickjs", feature = "jscore", feature = "arkjs"))]
[INFO] [stdout]    |          ------------------------------------------------------------ the item is gated here
[INFO] [stdout] 98 | pub type JSObject = CoreJSObject<JSEngineValue>;
[INFO] [stdout]    |          ^^^^^^^^
[INFO] [stdout] note: found an item that was configured out
[INFO] [stdout]   --> /opt/rustwide/cargo-home/registry/src/index.crates.io-1949cf8c6b5b557f/rong-0.6.1/src/lib.rs:96:10
[INFO] [stdout]    |
[INFO] [stdout] 95 | #[cfg(any(feature = "quickjs", feature = "jscore", feature = "arkjs"))]
[INFO] [stdout]    |          ------------------------------------------------------------ the item is gated here
[INFO] [stdout] 96 | pub type JSValue = CoreJSValue<JSEngineValue>;
[INFO] [stdout]    |          ^^^^^^^
[INFO] [stdout] 
[INFO] [stdout] 
[INFO] [stdout] error[E0432]: unresolved imports `rong::AnyJSTypedArray`, `rong::JSArray`, `rong::JSArrayBuffer`, `rong::JSContext`, `rong::JSFunc`, `rong::JSObject`, `rong::JSValue`
[INFO] [stdout]    --> src/buffer.rs:9:5
[INFO] [stdout]     |
[INFO] [stdout]   9 |     AnyJSTypedArray, JSArray, JSArrayBuffer, JSContext, JSFunc, JSObject, JSResult, JSValue, Source,
[INFO] [stdout]     |     ^^^^^^^^^^^^^^^  ^^^^^^^  ^^^^^^^^^^^^^  ^^^^^^^^^  ^^^^^^  ^^^^^^^^            ^^^^^^^ no `JSValue` in the root
[INFO] [stdout]     |     |                |        |              |          |       |
[INFO] [stdout]     |     |                |        |              |          |       no `JSObject` in the root
[INFO] [stdout]     |     |                |        |              |          no `JSFunc` in the root
[INFO] [stdout]     |     |                |        |              no `JSContext` in the root
[INFO] [stdout]     |     |                |        no `JSArrayBuffer` in the root
[INFO] [stdout]     |     |                no `JSArray` in the root
[INFO] [stdout]     |     no `AnyJSTypedArray` in the root
[INFO] [stdout]     |
[INFO] [stdout] note: found an item that was configured out
[INFO] [stdout]    --> /opt/rustwide/cargo-home/registry/src/index.crates.io-1949cf8c6b5b557f/rong-0.6.1/src/lib.rs:120:10
[INFO] [stdout]     |
[INFO] [stdout] 119 | #[cfg(any(feature = "quickjs", feature = "jscore", feature = "arkjs"))]
[INFO] [stdout]     |          ------------------------------------------------------------ the item is gated here
[INFO] [stdout] 120 | pub type AnyJSTypedArray = CoreAnyJSTypedArray<JSEngineValue>;
[INFO] [stdout]     |          ^^^^^^^^^^^^^^^
[INFO] [stdout] note: found an item that was configured out
[INFO] [stdout]    --> /opt/rustwide/cargo-home/registry/src/index.crates.io-1949cf8c6b5b557f/rong-0.6.1/src/lib.rs:114:10
[INFO] [stdout]     |
[INFO] [stdout] 113 | #[cfg(any(feature = "quickjs", feature = "jscore", feature = "arkjs"))]
[INFO] [stdout]     |          ------------------------------------------------------------ the item is gated here
[INFO] [stdout] 114 | pub type JSArray = CoreJSArray<JSEngineValue>;
[INFO] [stdout]     |          ^^^^^^^
[INFO] [stdout] note: found an item that was configured out
[INFO] [stdout]    --> /opt/rustwide/cargo-home/registry/src/index.crates.io-1949cf8c6b5b557f/rong-0.6.1/src/lib.rs:116:10
[INFO] [stdout]     |
[INFO] [stdout] 115 | #[cfg(any(feature = "quickjs", feature = "jscore", feature = "arkjs"))]
[INFO] [stdout]     |          ------------------------------------------------------------ the item is gated here
[INFO] [stdout] 116 | pub type JSArrayBuffer = CoreJSArrayBuffer<JSEngineValue>;
[INFO] [stdout]     |          ^^^^^^^^^^^^^
[INFO] [stdout] note: found an item that was configured out
[INFO] [stdout]    --> /opt/rustwide/cargo-home/registry/src/index.crates.io-1949cf8c6b5b557f/rong-0.6.1/src/lib.rs:91:10
[INFO] [stdout]     |
[INFO] [stdout]  90 | #[cfg(any(feature = "quickjs", feature = "jscore", feature = "arkjs"))]
[INFO] [stdout]     |          ------------------------------------------------------------ the item is gated here
[INFO] [stdout]  91 | pub type JSContext = CoreJSContext<<RongJS as JSEngine>::Context>;
[INFO] [stdout]     |          ^^^^^^^^^
[INFO] [stdout] note: found an item that was configured out
[INFO] [stdout]    --> /opt/rustwide/cargo-home/registry/src/index.crates.io-1949cf8c6b5b557f/rong-0.6.1/src/lib.rs:104:10
[INFO] [stdout]     |
[INFO] [stdout] 103 | #[cfg(any(feature = "quickjs", feature = "jscore", feature = "arkjs"))]
[INFO] [stdout]     |          ------------------------------------------------------------ the item is gated here
[INFO] [stdout] 104 | pub type JSFunc = CoreJSFunc<JSEngineValue>;
[INFO] [stdout]     |          ^^^^^^
[INFO] [stdout] note: found an item that was configured out
[INFO] [stdout]    --> /opt/rustwide/cargo-home/registry/src/index.crates.io-1949cf8c6b5b557f/rong-0.6.1/src/lib.rs:98:10
[INFO] [stdout]     |
[INFO] [stdout]  97 | #[cfg(any(feature = "quickjs", feature = "jscore", feature = "arkjs"))]
[INFO] [stdout]     |          ------------------------------------------------------------ the item is gated here
[INFO] [stdout]  98 | pub type JSObject = CoreJSObject<JSEngineValue>;
[INFO] [stdout]     |          ^^^^^^^^
[INFO] [stdout] note: found an item that was configured out
[INFO] [stdout]    --> /opt/rustwide/cargo-home/registry/src/index.crates.io-1949cf8c6b5b557f/rong-0.6.1/src/lib.rs:96:10
[INFO] [stdout]     |
[INFO] [stdout]  95 | #[cfg(any(feature = "quickjs", feature = "jscore", feature = "arkjs"))]
[INFO] [stdout]     |          ------------------------------------------------------------ the item is gated here
[INFO] [stdout]  96 | pub type JSValue = CoreJSValue<JSEngineValue>;
[INFO] [stdout]     |          ^^^^^^^
[INFO] [stdout] help: a similar name exists in the module
[INFO] [stdout]     |
[INFO] [stdout]   9 |     CoreAnyJSTypedArray, JSArray, JSArrayBuffer, JSContext, JSFunc, JSObject, JSResult, JSValue, Source,
[INFO] [stdout]     |     ++++
[INFO] [stdout] help: a similar name exists in the module
[INFO] [stdout]     |
[INFO] [stdout]   9 |     AnyJSTypedArray, JSArray, CoreJSArrayBuffer, JSContext, JSFunc, JSObject, JSResult, JSValue, Source,
[INFO] [stdout]     |                               ++++
[INFO] [stdout] 
[INFO] [stdout] 
[INFO] [stdout] error[E0432]: unresolved imports `rong::AnyJSTypedArray`, `rong::JSContext`, `rong::JSObject`, `rong::JSValue`
[INFO] [stdout]    --> src/crypto.rs:4:5
[INFO] [stdout]     |
[INFO] [stdout]   4 |     AnyJSTypedArray, JSContext, JSObject, JSResult, JSTypedArrayKind, JSValue, js_class, js_method,
[INFO] [stdout]     |     ^^^^^^^^^^^^^^^  ^^^^^^^^^  ^^^^^^^^ no `JSObject` in the root    ^^^^^^^ no `JSValue` in the root
[INFO] [stdout]     |     |                |
[INFO] [stdout]     |     |                no `JSContext` in the root
[INFO] [stdout]     |     no `AnyJSTypedArray` in the root
[INFO] [stdout]     |
[INFO] [stdout] note: found an item that was configured out
[INFO] [stdout]    --> /opt/rustwide/cargo-home/registry/src/index.crates.io-1949cf8c6b5b557f/rong-0.6.1/src/lib.rs:120:10
[INFO] [stdout]     |
[INFO] [stdout] 119 | #[cfg(any(feature = "quickjs", feature = "jscore", feature = "arkjs"))]
[INFO] [stdout]     |          ------------------------------------------------------------ the item is gated here
[INFO] [stdout] 120 | pub type AnyJSTypedArray = CoreAnyJSTypedArray<JSEngineValue>;
[INFO] [stdout]     |          ^^^^^^^^^^^^^^^
[INFO] [stdout] note: found an item that was configured out
[INFO] [stdout]    --> /opt/rustwide/cargo-home/registry/src/index.crates.io-1949cf8c6b5b557f/rong-0.6.1/src/lib.rs:91:10
[INFO] [stdout]     |
[INFO] [stdout]  90 | #[cfg(any(feature = "quickjs", feature = "jscore", feature = "arkjs"))]
[INFO] [stdout]     |          ------------------------------------------------------------ the item is gated here
[INFO] [stdout]  91 | pub type JSContext = CoreJSContext<<RongJS as JSEngine>::Context>;
[INFO] [stdout]     |          ^^^^^^^^^
[INFO] [stdout] note: found an item that was configured out
[INFO] [stdout]    --> /opt/rustwide/cargo-home/registry/src/index.crates.io-1949cf8c6b5b557f/rong-0.6.1/src/lib.rs:98:10
[INFO] [stdout]     |
[INFO] [stdout]  97 | #[cfg(any(feature = "quickjs", feature = "jscore", feature = "arkjs"))]
[INFO] [stdout]     |          ------------------------------------------------------------ the item is gated here
[INFO] [stdout]  98 | pub type JSObject = CoreJSObject<JSEngineValue>;
[INFO] [stdout]     |          ^^^^^^^^
[INFO] [stdout] note: found an item that was configured out
[INFO] [stdout]    --> /opt/rustwide/cargo-home/registry/src/index.crates.io-1949cf8c6b5b557f/rong-0.6.1/src/lib.rs:96:10
[INFO] [stdout]     |
[INFO] [stdout]  95 | #[cfg(any(feature = "quickjs", feature = "jscore", feature = "arkjs"))]
[INFO] [stdout]     |          ------------------------------------------------------------ the item is gated here
[INFO] [stdout]  96 | pub type JSValue = CoreJSValue<JSEngineValue>;
[INFO] [stdout]     |          ^^^^^^^
[INFO] [stdout] help: a similar name exists in the module
[INFO] [stdout]     |
[INFO] [stdout]   4 |     CoreAnyJSTypedArray, JSContext, JSObject, JSResult, JSTypedArrayKind, JSValue, js_class, js_method,
[INFO] [stdout]     |     ++++
[INFO] [stdout] 
[INFO] [stdout] 
[INFO] [stdout] error[E0432]: unresolved imports `rong::JSArray`, `rong::JSContext`, `rong::JSObject`, `rong::JSValue`
[INFO] [stdout]    --> src/jwk.rs:9:12
[INFO] [stdout]     |
[INFO] [stdout]   9 | use rong::{JSArray, JSContext, JSObject, JSResult, JSValue};
[INFO] [stdout]     |            ^^^^^^^  ^^^^^^^^^  ^^^^^^^^            ^^^^^^^ no `JSValue` in the root
[INFO] [stdout]     |            |        |          |
[INFO] [stdout]     |            |        |          no `JSObject` in the root
[INFO] [stdout]     |            |        no `JSContext` in the root
[INFO] [stdout]     |            no `JSArray` in the root
[INFO] [stdout]     |
[INFO] [stdout] note: found an item that was configured out
[INFO] [stdout]    --> /opt/rustwide/cargo-home/registry/src/index.crates.io-1949cf8c6b5b557f/rong-0.6.1/src/lib.rs:114:10
[INFO] [stdout]     |
[INFO] [stdout] 113 | #[cfg(any(feature = "quickjs", feature = "jscore", feature = "arkjs"))]
[INFO] [stdout]     |          ------------------------------------------------------------ the item is gated here
[INFO] [stdout] 114 | pub type JSArray = CoreJSArray<JSEngineValue>;
[INFO] [stdout]     |          ^^^^^^^
[INFO] [stdout] note: found an item that was configured out
[INFO] [stdout]    --> /opt/rustwide/cargo-home/registry/src/index.crates.io-1949cf8c6b5b557f/rong-0.6.1/src/lib.rs:91:10
[INFO] [stdout]     |
[INFO] [stdout]  90 | #[cfg(any(feature = "quickjs", feature = "jscore", feature = "arkjs"))]
[INFO] [stdout]     |          ------------------------------------------------------------ the item is gated here
[INFO] [stdout]  91 | pub type JSContext = CoreJSContext<<RongJS as JSEngine>::Context>;
[INFO] [stdout]     |          ^^^^^^^^^
[INFO] [stdout] note: found an item that was configured out
[INFO] [stdout]    --> /opt/rustwide/cargo-home/registry/src/index.crates.io-1949cf8c6b5b557f/rong-0.6.1/src/lib.rs:98:10
[INFO] [stdout]     |
[INFO] [stdout]  97 | #[cfg(any(feature = "quickjs", feature = "jscore", feature = "arkjs"))]
[INFO] [stdout]     |          ------------------------------------------------------------ the item is gated here
[INFO] [stdout]  98 | pub type JSObject = CoreJSObject<JSEngineValue>;
[INFO] [stdout]     |          ^^^^^^^^
[INFO] [stdout] note: found an item that was configured out
[INFO] [stdout]    --> /opt/rustwide/cargo-home/registry/src/index.crates.io-1949cf8c6b5b557f/rong-0.6.1/src/lib.rs:96:10
[INFO] [stdout]     |
[INFO] [stdout]  95 | #[cfg(any(feature = "quickjs", feature = "jscore", feature = "arkjs"))]
[INFO] [stdout]     |          ------------------------------------------------------------ the item is gated here
[INFO] [stdout]  96 | pub type JSValue = CoreJSValue<JSEngineValue>;
[INFO] [stdout]     |          ^^^^^^^
[INFO] [stdout] 
[INFO] [stdout] 
[INFO] [stdout] error[E0432]: unresolved imports `rong::Class`, `rong::JSArray`, `rong::JSContext`, `rong::JSFunc`, `rong::JSObject`, `rong::JSValue`
[INFO] [stdout]    --> src/key.rs:3:12
[INFO] [stdout]     |
[INFO] [stdout]   3 | use rong::{Class, JSArray, JSContext, JSFunc, JSObject, JSResult, JSValue, js_class, js_method};
[INFO] [stdout]     |            ^^^^^  ^^^^^^^  ^^^^^^^^^  ^^^^^^  ^^^^^^^^            ^^^^^^^ no `JSValue` in the root
[INFO] [stdout]     |            |      |        |          |       |
[INFO] [stdout]     |            |      |        |          |       no `JSObject` in the root
[INFO] [stdout]     |            |      |        |          no `JSFunc` in the root
[INFO] [stdout]     |            |      |        no `JSContext` in the root
[INFO] [stdout]     |            |      no `JSArray` in the root
[INFO] [stdout]     |            no `Class` in the root
[INFO] [stdout]     |
[INFO] [stdout] note: found an item that was configured out
[INFO] [stdout]    --> /opt/rustwide/cargo-home/registry/src/index.crates.io-1949cf8c6b5b557f/rong-0.6.1/src/lib.rs:108:10
[INFO] [stdout]     |
[INFO] [stdout] 107 | #[cfg(any(feature = "quickjs", feature = "jscore", feature = "arkjs"))]
[INFO] [stdout]     |          ------------------------------------------------------------ the item is gated here
[INFO] [stdout] 108 | pub type Class = CoreClass<JSEngineValue>;
[INFO] [stdout]     |          ^^^^^
[INFO] [stdout] note: found an item that was configured out
[INFO] [stdout]    --> /opt/rustwide/cargo-home/registry/src/index.crates.io-1949cf8c6b5b557f/rong-0.6.1/src/lib.rs:114:10
[INFO] [stdout]     |
[INFO] [stdout] 113 | #[cfg(any(feature = "quickjs", feature = "jscore", feature = "arkjs"))]
[INFO] [stdout]     |          ------------------------------------------------------------ the item is gated here
[INFO] [stdout] 114 | pub type JSArray = CoreJSArray<JSEngineValue>;
[INFO] [stdout]     |          ^^^^^^^
[INFO] [stdout] note: found an item that was configured out
[INFO] [stdout]    --> /opt/rustwide/cargo-home/registry/src/index.crates.io-1949cf8c6b5b557f/rong-0.6.1/src/lib.rs:91:10
[INFO] [stdout]     |
[INFO] [stdout]  90 | #[cfg(any(feature = "quickjs", feature = "jscore", feature = "arkjs"))]
[INFO] [stdout]     |          ------------------------------------------------------------ the item is gated here
[INFO] [stdout]  91 | pub type JSContext = CoreJSContext<<RongJS as JSEngine>::Context>;
[INFO] [stdout]     |          ^^^^^^^^^
[INFO] [stdout] note: found an item that was configured out
[INFO] [stdout]    --> /opt/rustwide/cargo-home/registry/src/index.crates.io-1949cf8c6b5b557f/rong-0.6.1/src/lib.rs:104:10
[INFO] [stdout]     |
[INFO] [stdout] 103 | #[cfg(any(feature = "quickjs", feature = "jscore", feature = "arkjs"))]
[INFO] [stdout]     |          ------------------------------------------------------------ the item is gated here
[INFO] [stdout] 104 | pub type JSFunc = CoreJSFunc<JSEngineValue>;
[INFO] [stdout]     |          ^^^^^^
[INFO] [stdout] note: found an item that was configured out
[INFO] [stdout]    --> /opt/rustwide/cargo-home/registry/src/index.crates.io-1949cf8c6b5b557f/rong-0.6.1/src/lib.rs:98:10
[INFO] [stdout]     |
[INFO] [stdout]  97 | #[cfg(any(feature = "quickjs", feature = "jscore", feature = "arkjs"))]
[INFO] [stdout]     |          ------------------------------------------------------------ the item is gated here
[INFO] [stdout]  98 | pub type JSObject = CoreJSObject<JSEngineValue>;
[INFO] [stdout]     |          ^^^^^^^^
[INFO] [stdout] note: found an item that was configured out
[INFO] [stdout]    --> /opt/rustwide/cargo-home/registry/src/index.crates.io-1949cf8c6b5b557f/rong-0.6.1/src/lib.rs:96:10
[INFO] [stdout]     |
[INFO] [stdout]  95 | #[cfg(any(feature = "quickjs", feature = "jscore", feature = "arkjs"))]
[INFO] [stdout]     |          ------------------------------------------------------------ the item is gated here
[INFO] [stdout]  96 | pub type JSValue = CoreJSValue<JSEngineValue>;
[INFO] [stdout]     |          ^^^^^^^
[INFO] [stdout] 
[INFO] [stdout] 
[INFO] [stdout] error[E0432]: unresolved imports `rong::Class`, `rong::JSContext`, `rong::JSEngineValue`, `rong::JSObject`, `rong::JSValue`, `rong::Promise`
[INFO] [stdout]    --> src/subtle.rs:13:5
[INFO] [stdout]     |
[INFO] [stdout]  13 |     Class, IntoJSValue, JSContext, JSEngineValue, JSObject, JSResult, JSValue, Promise, js_class,
[INFO] [stdout]     |     ^^^^^               ^^^^^^^^^  ^^^^^^^^^^^^^  ^^^^^^^^            ^^^^^^^  ^^^^^^^ no `Promise` in the root
[INFO] [stdout]     |     |                   |          |              |                   |
[INFO] [stdout]     |     |                   |          |              |                   no `JSValue` in the root
[INFO] [stdout]     |     |                   |          |              no `JSObject` in the root
[INFO] [stdout]     |     |                   |          no `JSEngineValue` in the root
[INFO] [stdout]     |     |                   no `JSContext` in the root
[INFO] [stdout]     |     no `Class` in the root
[INFO] [stdout]     |
[INFO] [stdout] note: found an item that was configured out
[INFO] [stdout]    --> /opt/rustwide/cargo-home/registry/src/index.crates.io-1949cf8c6b5b557f/rong-0.6.1/src/lib.rs:108:10
[INFO] [stdout]     |
[INFO] [stdout] 107 | #[cfg(any(feature = "quickjs", feature = "jscore", feature = "arkjs"))]
[INFO] [stdout]     |          ------------------------------------------------------------ the item is gated here
[INFO] [stdout] 108 | pub type Class = CoreClass<JSEngineValue>;
[INFO] [stdout]     |          ^^^^^
[INFO] [stdout] note: found an item that was configured out
[INFO] [stdout]    --> /opt/rustwide/cargo-home/registry/src/index.crates.io-1949cf8c6b5b557f/rong-0.6.1/src/lib.rs:91:10
[INFO] [stdout]     |
[INFO] [stdout]  90 | #[cfg(any(feature = "quickjs", feature = "jscore", feature = "arkjs"))]
[INFO] [stdout]     |          ------------------------------------------------------------ the item is gated here
[INFO] [stdout]  91 | pub type JSContext = CoreJSContext<<RongJS as JSEngine>::Context>;
[INFO] [stdout]     |          ^^^^^^^^^
[INFO] [stdout] note: found an item that was configured out
[INFO] [stdout]    --> /opt/rustwide/cargo-home/registry/src/index.crates.io-1949cf8c6b5b557f/rong-0.6.1/src/lib.rs:86:10
[INFO] [stdout]     |
[INFO] [stdout]  85 | #[cfg(any(feature = "quickjs", feature = "jscore", feature = "arkjs"))]
[INFO] [stdout]     |          ------------------------------------------------------------ the item is gated here
[INFO] [stdout]  86 | pub type JSEngineValue = <RongJS as JSEngine>::Value;
[INFO] [stdout]     |          ^^^^^^^^^^^^^
[INFO] [stdout] note: found an item that was configured out
[INFO] [stdout]    --> /opt/rustwide/cargo-home/registry/src/index.crates.io-1949cf8c6b5b557f/rong-0.6.1/src/lib.rs:98:10
[INFO] [stdout]     |
[INFO] [stdout]  97 | #[cfg(any(feature = "quickjs", feature = "jscore", feature = "arkjs"))]
[INFO] [stdout]     |          ------------------------------------------------------------ the item is gated here
[INFO] [stdout]  98 | pub type JSObject = CoreJSObject<JSEngineValue>;
[INFO] [stdout]     |          ^^^^^^^^
[INFO] [stdout] note: found an item that was configured out
[INFO] [stdout]    --> /opt/rustwide/cargo-home/registry/src/index.crates.io-1949cf8c6b5b557f/rong-0.6.1/src/lib.rs:96:10
[INFO] [stdout]     |
[INFO] [stdout]  95 | #[cfg(any(feature = "quickjs", feature = "jscore", feature = "arkjs"))]
[INFO] [stdout]     |          ------------------------------------------------------------ the item is gated here
[INFO] [stdout]  96 | pub type JSValue = CoreJSValue<JSEngineValue>;
[INFO] [stdout]     |          ^^^^^^^
[INFO] [stdout] note: found an item that was configured out
[INFO] [stdout]    --> /opt/rustwide/cargo-home/registry/src/index.crates.io-1949cf8c6b5b557f/rong-0.6.1/src/lib.rs:110:10
[INFO] [stdout]     |
[INFO] [stdout] 109 | #[cfg(any(feature = "quickjs", feature = "jscore", feature = "arkjs"))]
[INFO] [stdout]     |          ------------------------------------------------------------ the item is gated here
[INFO] [stdout] 110 | pub type Promise = CorePromise<JSEngineValue>;
[INFO] [stdout]     |          ^^^^^^^
[INFO] [stdout] 
[INFO] [stdout] 
[INFO] [stdout] error[E0432]: unresolved import `rong::PropertyDescriptor`
[INFO] [stdout]    --> src/lib.rs:36:22
[INFO] [stdout]     |
[INFO] [stdout]  36 | use rong::{JSResult, PropertyDescriptor};
[INFO] [stdout]     |                      ^^^^^^^^^^^^^^^^^^ no `PropertyDescriptor` in the root
[INFO] [stdout]     |
[INFO] [stdout] note: found an item that was configured out
[INFO] [stdout]    --> /opt/rustwide/cargo-home/registry/src/index.crates.io-1949cf8c6b5b557f/rong-0.6.1/src/lib.rs:124:10
[INFO] [stdout]     |
[INFO] [stdout] 123 | #[cfg(any(feature = "quickjs", feature = "jscore", feature = "arkjs"))]
[INFO] [stdout]     |          ------------------------------------------------------------ the item is gated here
[INFO] [stdout] 124 | pub type PropertyDescriptor = CorePropertyDescriptor<JSEngineValue>;
[INFO] [stdout]     |          ^^^^^^^^^^^^^^^^^^
[INFO] [stdout] help: a similar name exists in the module
[INFO] [stdout]     |
[INFO] [stdout]  36 | use rong::{JSResult, CorePropertyDescriptor};
[INFO] [stdout]     |                      ++++
[INFO] [stdout] 
[INFO] [stdout] 
[INFO] [stdout] error[E0433]: cannot find `Class` in `rong`
[INFO] [stdout]    --> src/crypto.rs:50:1
[INFO] [stdout]     |
[INFO] [stdout]  50 | #[js_class]
[INFO] [stdout]     | ^^^^^^^^^^^ could not find `Class` in `rong`
[INFO] [stdout]     |
[INFO] [stdout] note: found an item that was configured out
[INFO] [stdout]    --> /opt/rustwide/cargo-home/registry/src/index.crates.io-1949cf8c6b5b557f/rong-0.6.1/src/lib.rs:108:10
[INFO] [stdout]     |
[INFO] [stdout] 107 | #[cfg(any(feature = "quickjs", feature = "jscore", feature = "arkjs"))]
[INFO] [stdout]     |          ------------------------------------------------------------ the item is gated here
[INFO] [stdout] 108 | pub type Class = CoreClass<JSEngineValue>;
[INFO] [stdout]     |          ^^^^^
[INFO] [stdout]     = note: this error originates in the attribute macro `js_class` (in Nightly builds, run with -Z macro-backtrace for more info)
[INFO] [stdout] 
[INFO] [stdout] 
[INFO] [stdout] error[E0433]: cannot find `Class` in `rong`
[INFO] [stdout]    --> src/crypto.rs:117:18
[INFO] [stdout]     |
[INFO] [stdout] 117 |         Ok(rong::Class::lookup::<Self>(ctx)?.instance(Self {}))
[INFO] [stdout]     |                  ^^^^^ could not find `Class` in `rong`
[INFO] [stdout]     |
[INFO] [stdout] note: found an item that was configured out
[INFO] [stdout]    --> /opt/rustwide/cargo-home/registry/src/index.crates.io-1949cf8c6b5b557f/rong-0.6.1/src/lib.rs:108:10
[INFO] [stdout]     |
[INFO] [stdout] 107 | #[cfg(any(feature = "quickjs", feature = "jscore", feature = "arkjs"))]
[INFO] [stdout]     |          ------------------------------------------------------------ the item is gated here
[INFO] [stdout] 108 | pub type Class = CoreClass<JSEngineValue>;
[INFO] [stdout]     |          ^^^^^
[INFO] [stdout] 
[INFO] [stdout] 
[INFO] [stdout] error[E0433]: cannot find `Class` in `rong`
[INFO] [stdout]    --> src/key.rs:131:1
[INFO] [stdout]     |
[INFO] [stdout] 131 | #[js_class(clone)]
[INFO] [stdout]     | ^^^^^^^^^^^^^^^^^^ could not find `Class` in `rong`
[INFO] [stdout]     |
[INFO] [stdout] note: found an item that was configured out
[INFO] [stdout]    --> /opt/rustwide/cargo-home/registry/src/index.crates.io-1949cf8c6b5b557f/rong-0.6.1/src/lib.rs:108:10
[INFO] [stdout]     |
[INFO] [stdout] 107 | #[cfg(any(feature = "quickjs", feature = "jscore", feature = "arkjs"))]
[INFO] [stdout]     |          ------------------------------------------------------------ the item is gated here
[INFO] [stdout] 108 | pub type Class = CoreClass<JSEngineValue>;
[INFO] [stdout]     |          ^^^^^
[INFO] [stdout]     = note: this error originates in the attribute macro `js_class` (in Nightly builds, run with -Z macro-backtrace for more info)
[INFO] [stdout] 
[INFO] [stdout] 
[INFO] [stdout] error[E0433]: cannot find `JSObject` in `rong`
[INFO] [stdout]    --> src/key.rs:131:1
[INFO] [stdout]     |
[INFO] [stdout] 131 | #[js_class(clone)]
[INFO] [stdout]     | ^^^^^^^^^^^^^^^^^^ could not find `JSObject` in `rong`
[INFO] [stdout]     |
[INFO] [stdout] note: found an item that was configured out
[INFO] [stdout]    --> /opt/rustwide/cargo-home/registry/src/index.crates.io-1949cf8c6b5b557f/rong-0.6.1/src/lib.rs:98:10
[INFO] [stdout]     |
[INFO] [stdout]  97 | #[cfg(any(feature = "quickjs", feature = "jscore", feature = "arkjs"))]
[INFO] [stdout]     |          ------------------------------------------------------------ the item is gated here
[INFO] [stdout]  98 | pub type JSObject = CoreJSObject<JSEngineValue>;
[INFO] [stdout]     |          ^^^^^^^^
[INFO] [stdout]     = note: this error originates in the attribute macro `js_class` (in Nightly builds, run with -Z macro-backtrace for more info)
[INFO] [stdout] 
[INFO] [stdout] 
[INFO] [stdout] error[E0433]: cannot find `PropertyDescriptor` in `rong`
[INFO] [stdout]    --> src/key.rs:202:1
[INFO] [stdout]     |
[INFO] [stdout] 202 | #[js_class]
[INFO] [stdout]     | ^^^^^^^^^^^ could not find `PropertyDescriptor` in `rong`
[INFO] [stdout]     |
[INFO] [stdout] note: found an item that was configured out
[INFO] [stdout]    --> /opt/rustwide/cargo-home/registry/src/index.crates.io-1949cf8c6b5b557f/rong-0.6.1/src/lib.rs:124:10
[INFO] [stdout]     |
[INFO] [stdout] 123 | #[cfg(any(feature = "quickjs", feature = "jscore", feature = "arkjs"))]
[INFO] [stdout]     |          ------------------------------------------------------------ the item is gated here
[INFO] [stdout] 124 | pub type PropertyDescriptor = CorePropertyDescriptor<JSEngineValue>;
[INFO] [stdout]     |          ^^^^^^^^^^^^^^^^^^
[INFO] [stdout]     = note: this error originates in the attribute macro `js_class` (in Nightly builds, run with -Z macro-backtrace for more info)
[INFO] [stdout] help: a struct with a similar name exists
[INFO] [stdout]     |
[INFO] [stdout] 202 - #[js_class]
[INFO] [stdout] 202 + CorePropertyDescriptor
[INFO] [stdout]     |
[INFO] [stdout] 
[INFO] [stdout] 
[INFO] [stdout] error[E0433]: cannot find `Class` in `rong`
[INFO] [stdout]    --> src/subtle.rs:311:1
[INFO] [stdout]     |
[INFO] [stdout] 311 | #[js_class]
[INFO] [stdout]     | ^^^^^^^^^^^ could not find `Class` in `rong`
[INFO] [stdout]     |
[INFO] [stdout] note: found an item that was configured out
[INFO] [stdout]    --> /opt/rustwide/cargo-home/registry/src/index.crates.io-1949cf8c6b5b557f/rong-0.6.1/src/lib.rs:108:10
[INFO] [stdout]     |
[INFO] [stdout] 107 | #[cfg(any(feature = "quickjs", feature = "jscore", feature = "arkjs"))]
[INFO] [stdout]     |          ------------------------------------------------------------ the item is gated here
[INFO] [stdout] 108 | pub type Class = CoreClass<JSEngineValue>;
[INFO] [stdout]     |          ^^^^^
[INFO] [stdout]     = note: this error originates in the attribute macro `js_class` (in Nightly builds, run with -Z macro-backtrace for more info)
[INFO] [stdout] 
[INFO] [stdout] 
[INFO] [stdout] error[E0425]: cannot find type `JSEngineValue` in crate `rong`
[INFO] [stdout]   --> src/crypto.rs:50:1
[INFO] [stdout]    |
[INFO] [stdout] 50 | #[js_class]
[INFO] [stdout]    | ^^^^^^^^^^^ not found in `rong`
[INFO] [stdout]    |
[INFO] [stdout] note: found an item that was configured out
[INFO] [stdout]   --> /opt/rustwide/cargo-home/registry/src/index.crates.io-1949cf8c6b5b557f/rong-0.6.1/src/lib.rs:86:10
[INFO] [stdout]    |
[INFO] [stdout] 85 | #[cfg(any(feature = "quickjs", feature = "jscore", feature = "arkjs"))]
[INFO] [stdout]    |          ------------------------------------------------------------ the item is gated here
[INFO] [stdout] 86 | pub type JSEngineValue = <RongJS as JSEngine>::Value;
[INFO] [stdout]    |          ^^^^^^^^^^^^^
[INFO] [stdout]    = note: this error originates in the attribute macro `js_class` (in Nightly builds, run with -Z macro-backtrace for more info)
[INFO] [stdout] 
[INFO] [stdout] 
[INFO] [stdout] error[E0425]: cannot find type `JSContext` in crate `rong`
[INFO] [stdout]   --> src/crypto.rs:50:1
[INFO] [stdout]    |
[INFO] [stdout] 50 | #[js_class]
[INFO] [stdout]    | ^^^^^^^^^^^ not found in `rong`
[INFO] [stdout]    |
[INFO] [stdout] note: found an item that was configured out
[INFO] [stdout]   --> /opt/rustwide/cargo-home/registry/src/index.crates.io-1949cf8c6b5b557f/rong-0.6.1/src/lib.rs:91:10
[INFO] [stdout]    |
[INFO] [stdout] 90 | #[cfg(any(feature = "quickjs", feature = "jscore", feature = "arkjs"))]
[INFO] [stdout]    |          ------------------------------------------------------------ the item is gated here
[INFO] [stdout] 91 | pub type JSContext = CoreJSContext<<RongJS as JSEngine>::Context>;
[INFO] [stdout]    |          ^^^^^^^^^
[INFO] [stdout]    = note: this error originates in the attribute macro `js_class` (in Nightly builds, run with -Z macro-backtrace for more info)
[INFO] [stdout] 
[INFO] [stdout] 
[INFO] [stdout] error[E0425]: cannot find type `JSValue` in crate `rong`
[INFO] [stdout]   --> src/crypto.rs:50:1
[INFO] [stdout]    |
[INFO] [stdout] 50 | #[js_class]
[INFO] [stdout]    | ^^^^^^^^^^^ not found in `rong`
[INFO] [stdout]    |
[INFO] [stdout] note: found an item that was configured out
[INFO] [stdout]   --> /opt/rustwide/cargo-home/registry/src/index.crates.io-1949cf8c6b5b557f/rong-0.6.1/src/lib.rs:96:10
[INFO] [stdout]    |
[INFO] [stdout] 95 | #[cfg(any(feature = "quickjs", feature = "jscore", feature = "arkjs"))]
[INFO] [stdout]    |          ------------------------------------------------------------ the item is gated here
[INFO] [stdout] 96 | pub type JSValue = CoreJSValue<JSEngineValue>;
[INFO] [stdout]    |          ^^^^^^^
[INFO] [stdout]    = note: this error originates in the attribute macro `js_class` (in Nightly builds, run with -Z macro-backtrace for more info)
[INFO] [stdout] 
[INFO] [stdout] 
[INFO] [stdout] error[E0425]: cannot find type `JSEngineValue` in crate `rong`
[INFO] [stdout]   --> src/crypto.rs:53:1
[INFO] [stdout]    |
[INFO] [stdout] 53 | #[js_class]
[INFO] [stdout]    | ^^^^^^^^^^^ not found in `rong`
[INFO] [stdout]    |
[INFO] [stdout] note: found an item that was configured out
[INFO] [stdout]   --> /opt/rustwide/cargo-home/registry/src/index.crates.io-1949cf8c6b5b557f/rong-0.6.1/src/lib.rs:86:10
[INFO] [stdout]    |
[INFO] [stdout] 85 | #[cfg(any(feature = "quickjs", feature = "jscore", feature = "arkjs"))]
[INFO] [stdout]    |          ------------------------------------------------------------ the item is gated here
[INFO] [stdout] 86 | pub type JSEngineValue = <RongJS as JSEngine>::Value;
[INFO] [stdout]    |          ^^^^^^^^^^^^^
[INFO] [stdout]    = note: this error originates in the attribute macro `js_class` (in Nightly builds, run with -Z macro-backtrace for more info)
[INFO] [stdout] 
[INFO] [stdout] 
[INFO] [stdout] error[E0425]: cannot find type `JSValue` in crate `rong`
[INFO] [stdout]   --> src/crypto.rs:53:1
[INFO] [stdout]    |
[INFO] [stdout] 53 | #[js_class]
[INFO] [stdout]    | ^^^^^^^^^^^ not found in `rong`
[INFO] [stdout]    |
[INFO] [stdout] note: found an item that was configured out
[INFO] [stdout]   --> /opt/rustwide/cargo-home/registry/src/index.crates.io-1949cf8c6b5b557f/rong-0.6.1/src/lib.rs:96:10
[INFO] [stdout]    |
[INFO] [stdout] 95 | #[cfg(any(feature = "quickjs", feature = "jscore", feature = "arkjs"))]
[INFO] [stdout]    |          ------------------------------------------------------------ the item is gated here
[INFO] [stdout] 96 | pub type JSValue = CoreJSValue<JSEngineValue>;
[INFO] [stdout]    |          ^^^^^^^
[INFO] [stdout]    = note: this error originates in the attribute macro `js_class` (in Nightly builds, run with -Z macro-backtrace for more info)
[INFO] [stdout] 
[INFO] [stdout] 
[INFO] [stdout] error[E0425]: cannot find type `JSEngineValue` in crate `rong`
[INFO] [stdout]    --> src/key.rs:131:1
[INFO] [stdout]     |
[INFO] [stdout] 131 | #[js_class(clone)]
[INFO] [stdout]     | ^^^^^^^^^^^^^^^^^^ not found in `rong`
[INFO] [stdout]     |
[INFO] [stdout] note: found an item that was configured out
[INFO] [stdout]    --> /opt/rustwide/cargo-home/registry/src/index.crates.io-1949cf8c6b5b557f/rong-0.6.1/src/lib.rs:86:10
[INFO] [stdout]     |
[INFO] [stdout]  85 | #[cfg(any(feature = "quickjs", feature = "jscore", feature = "arkjs"))]
[INFO] [stdout]     |          ------------------------------------------------------------ the item is gated here
[INFO] [stdout]  86 | pub type JSEngineValue = <RongJS as JSEngine>::Value;
[INFO] [stdout]     |          ^^^^^^^^^^^^^
[INFO] [stdout]     = note: this error originates in the attribute macro `js_class` (in Nightly builds, run with -Z macro-backtrace for more info)
[INFO] [stdout] 
[INFO] [stdout] 
[INFO] [stdout] error[E0425]: cannot find type `JSContext` in crate `rong`
[INFO] [stdout]    --> src/key.rs:131:1
[INFO] [stdout]     |
[INFO] [stdout] 131 | #[js_class(clone)]
[INFO] [stdout]     | ^^^^^^^^^^^^^^^^^^ not found in `rong`
[INFO] [stdout]     |
[INFO] [stdout] note: found an item that was configured out
[INFO] [stdout]    --> /opt/rustwide/cargo-home/registry/src/index.crates.io-1949cf8c6b5b557f/rong-0.6.1/src/lib.rs:91:10
[INFO] [stdout]     |
[INFO] [stdout]  90 | #[cfg(any(feature = "quickjs", feature = "jscore", feature = "arkjs"))]
[INFO] [stdout]     |          ------------------------------------------------------------ the item is gated here
[INFO] [stdout]  91 | pub type JSContext = CoreJSContext<<RongJS as JSEngine>::Context>;
[INFO] [stdout]     |          ^^^^^^^^^
[INFO] [stdout]     = note: this error originates in the attribute macro `js_class` (in Nightly builds, run with -Z macro-backtrace for more info)
[INFO] [stdout] 
[INFO] [stdout] 
[INFO] [stdout] error[E0425]: cannot find type `JSValue` in crate `rong`
[INFO] [stdout]    --> src/key.rs:131:1
[INFO] [stdout]     |
[INFO] [stdout] 131 | #[js_class(clone)]
[INFO] [stdout]     | ^^^^^^^^^^^^^^^^^^ not found in `rong`
[INFO] [stdout]     |
[INFO] [stdout] note: found an item that was configured out
[INFO] [stdout]    --> /opt/rustwide/cargo-home/registry/src/index.crates.io-1949cf8c6b5b557f/rong-0.6.1/src/lib.rs:96:10
[INFO] [stdout]     |
[INFO] [stdout]  95 | #[cfg(any(feature = "quickjs", feature = "jscore", feature = "arkjs"))]
[INFO] [stdout]     |          ------------------------------------------------------------ the item is gated here
[INFO] [stdout]  96 | pub type JSValue = CoreJSValue<JSEngineValue>;
[INFO] [stdout]     |          ^^^^^^^
[INFO] [stdout]     = note: this error originates in the attribute macro `js_class` (in Nightly builds, run with -Z macro-backtrace for more info)
[INFO] [stdout] 
[INFO] [stdout] 
[INFO] [stdout] error[E0425]: cannot find type `JSEngineValue` in crate `rong`
[INFO] [stdout]    --> src/key.rs:202:1
[INFO] [stdout]     |
[INFO] [stdout] 202 | #[js_class]
[INFO] [stdout]     | ^^^^^^^^^^^ not found in `rong`
[INFO] [stdout]     |
[INFO] [stdout] note: found an item that was configured out
[INFO] [stdout]    --> /opt/rustwide/cargo-home/registry/src/index.crates.io-1949cf8c6b5b557f/rong-0.6.1/src/lib.rs:86:10
[INFO] [stdout]     |
[INFO] [stdout]  85 | #[cfg(any(feature = "quickjs", feature = "jscore", feature = "arkjs"))]
[INFO] [stdout]     |          ------------------------------------------------------------ the item is gated here
[INFO] [stdout]  86 | pub type JSEngineValue = <RongJS as JSEngine>::Value;
[INFO] [stdout]     |          ^^^^^^^^^^^^^
[INFO] [stdout]     = note: this error originates in the attribute macro `js_class` (in Nightly builds, run with -Z macro-backtrace for more info)
[INFO] [stdout] 
[INFO] [stdout] 
[INFO] [stdout] error[E0425]: cannot find type `JSValue` in crate `rong`
[INFO] [stdout]    --> src/key.rs:202:1
[INFO] [stdout]     |
[INFO] [stdout] 202 | #[js_class]
[INFO] [stdout]     | ^^^^^^^^^^^ not found in `rong`
[INFO] [stdout]     |
[INFO] [stdout] note: found an item that was configured out
[INFO] [stdout]    --> /opt/rustwide/cargo-home/registry/src/index.crates.io-1949cf8c6b5b557f/rong-0.6.1/src/lib.rs:96:10
[INFO] [stdout]     |
[INFO] [stdout]  95 | #[cfg(any(feature = "quickjs", feature = "jscore", feature = "arkjs"))]
[INFO] [stdout]     |          ------------------------------------------------------------ the item is gated here
[INFO] [stdout]  96 | pub type JSValue = CoreJSValue<JSEngineValue>;
[INFO] [stdout]     |          ^^^^^^^
[INFO] [stdout]     = note: this error originates in the attribute macro `js_class` (in Nightly builds, run with -Z macro-backtrace for more info)
[INFO] [stdout] 
[INFO] [stdout] 
[INFO] [stdout] error[E0425]: cannot find type `JSEngineValue` in crate `rong`
[INFO] [stdout]    --> src/subtle.rs:311:1
[INFO] [stdout]     |
[INFO] [stdout] 311 | #[js_class]
[INFO] [stdout]     | ^^^^^^^^^^^ not found in `rong`
[INFO] [stdout]     |
[INFO] [stdout] note: found an item that was configured out
[INFO] [stdout]    --> /opt/rustwide/cargo-home/registry/src/index.crates.io-1949cf8c6b5b557f/rong-0.6.1/src/lib.rs:86:10
[INFO] [stdout]     |
[INFO] [stdout]  85 | #[cfg(any(feature = "quickjs", feature = "jscore", feature = "arkjs"))]
[INFO] [stdout]     |          ------------------------------------------------------------ the item is gated here
[INFO] [stdout]  86 | pub type JSEngineValue = <RongJS as JSEngine>::Value;
[INFO] [stdout]     |          ^^^^^^^^^^^^^
[INFO] [stdout]     = note: this error originates in the attribute macro `js_class` (in Nightly builds, run with -Z macro-backtrace for more info)
[INFO] [stdout] 
[INFO] [stdout] 
[INFO] [stdout] error[E0425]: cannot find type `JSContext` in crate `rong`
[INFO] [stdout]    --> src/subtle.rs:311:1
[INFO] [stdout]     |
[INFO] [stdout] 311 | #[js_class]
[INFO] [stdout]     | ^^^^^^^^^^^ not found in `rong`
[INFO] [stdout]     |
[INFO] [stdout] note: found an item that was configured out
[INFO] [stdout]    --> /opt/rustwide/cargo-home/registry/src/index.crates.io-1949cf8c6b5b557f/rong-0.6.1/src/lib.rs:91:10
[INFO] [stdout]     |
[INFO] [stdout]  90 | #[cfg(any(feature = "quickjs", feature = "jscore", feature = "arkjs"))]
[INFO] [stdout]     |          ------------------------------------------------------------ the item is gated here
[INFO] [stdout]  91 | pub type JSContext = CoreJSContext<<RongJS as JSEngine>::Context>;
[INFO] [stdout]     |          ^^^^^^^^^
[INFO] [stdout]     = note: this error originates in the attribute macro `js_class` (in Nightly builds, run with -Z macro-backtrace for more info)
[INFO] [stdout] 
[INFO] [stdout] 
[INFO] [stdout] error[E0425]: cannot find type `JSValue` in crate `rong`
[INFO] [stdout]    --> src/subtle.rs:311:1
[INFO] [stdout]     |
[INFO] [stdout] 311 | #[js_class]
[INFO] [stdout]     | ^^^^^^^^^^^ not found in `rong`
[INFO] [stdout]     |
[INFO] [stdout] note: found an item that was configured out
[INFO] [stdout]    --> /opt/rustwide/cargo-home/registry/src/index.crates.io-1949cf8c6b5b557f/rong-0.6.1/src/lib.rs:96:10
[INFO] [stdout]     |
[INFO] [stdout]  95 | #[cfg(any(feature = "quickjs", feature = "jscore", feature = "arkjs"))]
[INFO] [stdout]     |          ------------------------------------------------------------ the item is gated here
[INFO] [stdout]  96 | pub type JSValue = CoreJSValue<JSEngineValue>;
[INFO] [stdout]     |          ^^^^^^^
[INFO] [stdout]     = note: this error originates in the attribute macro `js_class` (in Nightly builds, run with -Z macro-backtrace for more info)
[INFO] [stdout] 
[INFO] [stdout] 
[INFO] [stdout] error[E0425]: cannot find type `JSEngineValue` in crate `rong`
[INFO] [stdout]    --> src/subtle.rs:314:1
[INFO] [stdout]     |
[INFO] [stdout] 314 | #[js_class]
[INFO] [stdout]     | ^^^^^^^^^^^ not found in `rong`
[INFO] [stdout]     |
[INFO] [stdout] note: found an item that was configured out
[INFO] [stdout]    --> /opt/rustwide/cargo-home/registry/src/index.crates.io-1949cf8c6b5b557f/rong-0.6.1/src/lib.rs:86:10
[INFO] [stdout]     |
[INFO] [stdout]  85 | #[cfg(any(feature = "quickjs", feature = "jscore", feature = "arkjs"))]
[INFO] [stdout]     |          ------------------------------------------------------------ the item is gated here
[INFO] [stdout]  86 | pub type JSEngineValue = <RongJS as JSEngine>::Value;
[INFO] [stdout]     |          ^^^^^^^^^^^^^
[INFO] [stdout]     = note: this error originates in the attribute macro `js_class` (in Nightly builds, run with -Z macro-backtrace for more info)
[INFO] [stdout] 
[INFO] [stdout] 
[INFO] [stdout] error[E0425]: cannot find type `JSValue` in crate `rong`
[INFO] [stdout]    --> src/subtle.rs:314:1
[INFO] [stdout]     |
[INFO] [stdout] 314 | #[js_class]
[INFO] [stdout]     | ^^^^^^^^^^^ not found in `rong`
[INFO] [stdout]     |
[INFO] [stdout] note: found an item that was configured out
[INFO] [stdout]    --> /opt/rustwide/cargo-home/registry/src/index.crates.io-1949cf8c6b5b557f/rong-0.6.1/src/lib.rs:96:10
[INFO] [stdout]     |
[INFO] [stdout]  95 | #[cfg(any(feature = "quickjs", feature = "jscore", feature = "arkjs"))]
[INFO] [stdout]     |          ------------------------------------------------------------ the item is gated here
[INFO] [stdout]  96 | pub type JSValue = CoreJSValue<JSEngineValue>;
[INFO] [stdout]     |          ^^^^^^^
[INFO] [stdout]     = note: this error originates in the attribute macro `js_class` (in Nightly builds, run with -Z macro-backtrace for more info)
[INFO] [stdout] 
[INFO] [stdout] 
[INFO] [stdout] error[E0425]: cannot find type `JSContext` in crate `rong`
[INFO] [stdout]   --> src/lib.rs:44:25
[INFO] [stdout]    |
[INFO] [stdout] 44 | pub fn init(ctx: &rong::JSContext) -> JSResult<()> {
[INFO] [stdout]    |                         ^^^^^^^^^ not found in `rong`
[INFO] [stdout]    |
[INFO] [stdout] note: found an item that was configured out
[INFO] [stdout]   --> /opt/rustwide/cargo-home/registry/src/index.crates.io-1949cf8c6b5b557f/rong-0.6.1/src/lib.rs:91:10
[INFO] [stdout]    |
[INFO] [stdout] 90 | #[cfg(any(feature = "quickjs", feature = "jscore", feature = "arkjs"))]
[INFO] [stdout]    |          ------------------------------------------------------------ the item is gated here
[INFO] [stdout] 91 | pub type JSContext = CoreJSContext<<RongJS as JSEngine>::Context>;
[INFO] [stdout]    |          ^^^^^^^^^
[INFO] [stdout] 
[INFO] [stdout] 
[INFO] [stdout] error[E0277]: the size for values of type `str` cannot be known at compilation time
[INFO] [stdout]    --> src/algorithm.rs:182:68
[INFO] [stdout]     |
[INFO] [stdout] 182 |         error::not_supported(format!("Unrecognized algorithm name: {requested_name}"))
[INFO] [stdout]     |                                                                    ^^^^^^^^^^^^^^^^ doesn't have a size known at compile-time
[INFO] [stdout]     |
[INFO] [stdout]     = help: the trait `Sized` is not implemented for `str`
[INFO] [stdout] 
[INFO] [stdout] 
[INFO] [stdout] error[E0277]: the trait bound `(): rong_core::value::JSValueImpl` is not satisfied
[INFO] [stdout]   --> src/crypto.rs:53:1
[INFO] [stdout]    |
[INFO] [stdout] 53 | #[js_class]
[INFO] [stdout]    | ^^^^^^^^^^^ the trait `rong_core::value::JSValueImpl` is not implemented for `()`
[INFO] [stdout]    |
[INFO] [stdout] note: required by a bound in `rong_core::function::parameter::JSClassRef`
[INFO] [stdout]   --> /opt/rustwide/cargo-home/registry/src/index.crates.io-1949cf8c6b5b557f/rong_core-0.6.1/src/function/parameter.rs:74:29
[INFO] [stdout]    |
[INFO] [stdout] 74 | pub struct JSClassRef<T, V: JSValueImpl>(JSObject<V>, PhantomData<T>);
[INFO] [stdout]    |                             ^^^^^^^^^^^ required by this bound in `JSClassRef`
[INFO] [stdout]    = note: this error originates in the attribute macro `js_class` (in Nightly builds, run with -Z macro-backtrace for more info)
[INFO] [stdout] 
[INFO] [stdout] 
[INFO] [stdout] error[E0599]: the method `borrow` exists for struct `This<rong_core::function::parameter::JSClassRef<Crypto, ()>>`, but its trait bounds were not satisfied
[INFO] [stdout]   --> src/crypto.rs:53:1
[INFO] [stdout]    |
[INFO] [stdout] 53 | #[js_class]
[INFO] [stdout]    | ^^^^^^^^^^^
[INFO] [stdout]    |
[INFO] [stdout]    = note: the following trait bounds were not satisfied:
[INFO] [stdout]            `(): rong_core::value::object::JSObjectOps`
[INFO] [stdout]    = help: items from traits can only be used if the trait is in scope
[INFO] [stdout]    = note: this error originates in the attribute macro `js_class` (in Nightly builds, run with -Z macro-backtrace for more info)
[INFO] [stdout] help: trait `Borrow` which provides `borrow` is implemented but not in scope; perhaps you want to import it
[INFO] [stdout]    |
[INFO] [stdout]  3 + use std::borrow::Borrow;
[INFO] [stdout]    |
[INFO] [stdout] 
[INFO] [stdout] 
[INFO] [stdout] warning: method call on a diverging inference variable
[INFO] [stdout]    --> src/jwk.rs:122:18
[INFO] [stdout]     |
[INFO] [stdout] 122 |                 .to_rust::<String>()
[INFO] [stdout]     |                  ^^^^^^^
[INFO] [stdout]     |
[INFO] [stdout]     = help: consider providing a type annotation
[INFO] [stdout]     = warning: this was previously accepted by the compiler but is being phased out; it will become a hard error in a future release!
[INFO] [stdout]     = note: for more information, see issue #156047 <https://github.com/rust-lang/rust/issues/156047>
[INFO] [stdout]     = note: `#[warn(method_call_on_diverging_infer_var)]` (part of `#[warn(future_incompatible)]`) on by default
[INFO] [stdout] 
[INFO] [stdout] 
[INFO] [stdout] error[E0599]: no method named `to_rust` found for type `_` in the current scope
[INFO] [stdout]    --> src/jwk.rs:122:18
[INFO] [stdout]     |
[INFO] [stdout] 121 |               let name = entry?
[INFO] [stdout]     |  ________________________-
[INFO] [stdout] 122 | |                 .to_rust::<String>()
[INFO] [stdout]     | |                 -^^^^^^^ method not found in `_`
[INFO] [stdout]     | |_________________|
[INFO] [stdout]     |
[INFO] [stdout] 
[INFO] [stdout] 
[INFO] [stdout] warning: method call on a diverging inference variable
[INFO] [stdout]   --> src/key.rs:64:14
[INFO] [stdout]    |
[INFO] [stdout] 64 |             .to_rust::<String>()
[INFO] [stdout]    |              ^^^^^^^
[INFO] [stdout]    |
[INFO] [stdout]    = help: consider providing a type annotation
[INFO] [stdout]    = warning: this was previously accepted by the compiler but is being phased out; it will become a hard error in a future release!
[INFO] [stdout]    = note: for more information, see issue #156047 <https://github.com/rust-lang/rust/issues/156047>
[INFO] [stdout] 
[INFO] [stdout] 
[INFO] [stdout] error[E0599]: no method named `to_rust` found for type `_` in the current scope
[INFO] [stdout]   --> src/key.rs:64:14
[INFO] [stdout]    |
[INFO] [stdout] 63 |           let name = entry?
[INFO] [stdout]    |  ____________________-
[INFO] [stdout] 64 | |             .to_rust::<String>()
[INFO] [stdout]    | |             -^^^^^^^ method not found in `_`
[INFO] [stdout]    | |_____________|
[INFO] [stdout]    |
[INFO] [stdout] 
[INFO] [stdout] 
[INFO] [stdout] error[E0277]: the trait bound `(): rong_core::value::JSValueImpl` is not satisfied
[INFO] [stdout]    --> src/key.rs:202:1
[INFO] [stdout]     |
[INFO] [stdout] 202 | #[js_class]
[INFO] [stdout]     | ^^^^^^^^^^^ the trait `rong_core::value::JSValueImpl` is not implemented for `()`
[INFO] [stdout]     |
[INFO] [stdout] note: required by a bound in `rong_core::function::parameter::JSClassRef`
[INFO] [stdout]    --> /opt/rustwide/cargo-home/registry/src/index.crates.io-1949cf8c6b5b557f/rong_core-0.6.1/src/function/parameter.rs:74:29
[INFO] [stdout]     |
[INFO] [stdout]  74 | pub struct JSClassRef<T, V: JSValueImpl>(JSObject<V>, PhantomData<T>);
[INFO] [stdout]     |                             ^^^^^^^^^^^ required by this bound in `JSClassRef`
[INFO] [stdout]     = note: this error originates in the attribute macro `js_class` (in Nightly builds, run with -Z macro-backtrace for more info)
[INFO] [stdout] 
[INFO] [stdout] 
[INFO] [stdout] error[E0599]: the method `borrow` exists for struct `This<rong_core::function::parameter::JSClassRef<CryptoKey, ()>>`, but its trait bounds were not satisfied
[INFO] [stdout]    --> src/key.rs:202:1
[INFO] [stdout]     |
[INFO] [stdout] 202 | #[js_class]
[INFO] [stdout]     | ^^^^^^^^^^^
[INFO] [stdout]     |
[INFO] [stdout]     = note: the following trait bounds were not satisfied:
[INFO] [stdout]             `(): rong_core::value::object::JSObjectOps`
[INFO] [stdout]     = help: items from traits can only be used if the trait is in scope
[INFO] [stdout]     = note: this error originates in the attribute macro `js_class` (in Nightly builds, run with -Z macro-backtrace for more info)
[INFO] [stdout] help: trait `Borrow` which provides `borrow` is implemented but not in scope; perhaps you want to import it
[INFO] [stdout]     |
[INFO] [stdout]   3 + use std::borrow::Borrow;
[INFO] [stdout]     |
[INFO] [stdout] 
[INFO] [stdout] 
[INFO] [stdout] error[E0277]: the trait bound `(): rong_core::value::JSValueImpl` is not satisfied
[INFO] [stdout]    --> src/subtle.rs:314:1
[INFO] [stdout]     |
[INFO] [stdout] 314 | #[js_class]
[INFO] [stdout]     | ^^^^^^^^^^^ the trait `rong_core::value::JSValueImpl` is not implemented for `()`
[INFO] [stdout]     |
[INFO] [stdout] note: required by a bound in `rong_core::function::parameter::JSClassRef`
[INFO] [stdout]    --> /opt/rustwide/cargo-home/registry/src/index.crates.io-1949cf8c6b5b557f/rong_core-0.6.1/src/function/parameter.rs:74:29
[INFO] [stdout]     |
[INFO] [stdout]  74 | pub struct JSClassRef<T, V: JSValueImpl>(JSObject<V>, PhantomData<T>);
[INFO] [stdout]     |                             ^^^^^^^^^^^ required by this bound in `JSClassRef`
[INFO] [stdout]     = note: this error originates in the attribute macro `js_class` (in Nightly builds, run with -Z macro-backtrace for more info)
[INFO] [stdout] 
[INFO] [stdout] 
[INFO] [stdout] error[E0599]: the method `borrow` exists for struct `This<rong_core::function::parameter::JSClassRef<SubtleCrypto, ()>>`, but its trait bounds were not satisfied
[INFO] [stdout]    --> src/subtle.rs:314:1
[INFO] [stdout]     |
[INFO] [stdout] 314 | #[js_class]
[INFO] [stdout]     | ^^^^^^^^^^^
[INFO] [stdout]     |
[INFO] [stdout]     = note: the following trait bounds were not satisfied:
[INFO] [stdout]             `(): rong_core::value::object::JSObjectOps`
[INFO] [stdout]     = help: items from traits can only be used if the trait is in scope
[INFO] [stdout]     = note: this error originates in the attribute macro `js_class` (in Nightly builds, run with -Z macro-backtrace for more info)
[INFO] [stdout] help: trait `Borrow` which provides `borrow` is implemented but not in scope; perhaps you want to import it
[INFO] [stdout]     |
[INFO] [stdout]  11 + use std::borrow::Borrow;
[INFO] [stdout]     |
[INFO] [stdout] 
[INFO] [stdout] 
[INFO] [stdout] Some errors have detailed explanations: E0277, E0425, E0432, E0433, E0599.
[INFO] [stdout] 
[INFO] [stdout] For more information about an error, try `rustc --explain E0277`.
[INFO] [stdout] 
[INFO] [stderr] error: could not compile `rong_crypto` (lib) due to 38 previous errors; 4 warnings emitted
[INFO] running `Command { std: "docker" "inspect" "4cf4f680c19a56cb13c2e32a65fc725baa6560a483158741a489333802a3db7a", kill_on_drop: false }`
[INFO] running `Command { std: "docker" "rm" "-f" "4cf4f680c19a56cb13c2e32a65fc725baa6560a483158741a489333802a3db7a", kill_on_drop: false }`
[INFO] [stdout] 4cf4f680c19a56cb13c2e32a65fc725baa6560a483158741a489333802a3db7a
