[INFO] fetching crate rofr 0.1.2...
[INFO] testing rofr-0.1.2 against 1.100.0-beta.1+cargoflags=--release for beta-release-1.100-2
[INFO] extracting crate rofr 0.1.2 into /workspace/builds/worker-4-tc2/source
[INFO] started tweaking crates.io crate rofr 0.1.2
[INFO] removed 0 missing tests
[INFO] finished tweaking crates.io crate rofr 0.1.2
[INFO] tweaked toml for crates.io crate rofr 0.1.2 written to /workspace/builds/worker-4-tc2/source/Cargo.toml
[INFO] validating manifest of crates.io crate rofr 0.1.2 on toolchain 1.100.0-beta.1
[INFO] running `Command { std: CARGO_HOME="/workspace/cargo-home" RUSTUP_HOME="/workspace/rustup-home" "/workspace/cargo-home/bin/cargo" "+1.100.0-beta.1" "metadata" "--manifest-path" "Cargo.toml" "--no-deps", kill_on_drop: false }`
[INFO] crate crates.io crate rofr 0.1.2 already has a lockfile, it will not be regenerated
[INFO] running `Command { std: CARGO_HOME="/workspace/cargo-home" RUSTUP_HOME="/workspace/rustup-home" "/workspace/cargo-home/bin/cargo" "+1.100.0-beta.1" "fetch" "--manifest-path" "Cargo.toml", kill_on_drop: false }`
[INFO] running `Command { std: "docker" "create" "-v" "/var/lib/crater-agent-workspace/builds/worker-4-tc2/source:/opt/rustwide/workdir:ro,Z" "-v" "/var/lib/crater-agent-workspace/builds/worker-4-tc2/target:/opt/rustwide/target:rw,Z" "-v" "/var/lib/crater-agent-workspace/cargo-home:/opt/rustwide/cargo-home:ro,Z" "-v" "/var/lib/crater-agent-workspace/rustup-home:/opt/rustwide/rustup-home:ro,Z" "-m" "1610612736" "--network" "none" "ghcr.io/rust-lang/crates-build-env/linux@sha256:77db811e55d90add9212f6832c23229e3de5f1c1f9905e8cb07319ea15df73ac" "sleep" "infinity", kill_on_drop: false }`
[INFO] [stdout] ed857dd62b2dc45a137b068087f9a0b30a944fd44da912d7fc4415ccbf6a7311
[INFO] running `Command { std: "docker" "start" "ed857dd62b2dc45a137b068087f9a0b30a944fd44da912d7fc4415ccbf6a7311", kill_on_drop: false }`
[INFO] running `Command { std: "docker" "inspect" "ed857dd62b2dc45a137b068087f9a0b30a944fd44da912d7fc4415ccbf6a7311", kill_on_drop: false }`
[INFO] running `Command { std: "docker" "exec" "-e" "SOURCE_DIR=/opt/rustwide/workdir" "-e" "CARGO_HOME=/opt/rustwide/cargo-home" "-e" "RUSTUP_HOME=/opt/rustwide/rustup-home" "-e" "CARGO_TARGET_DIR=/opt/rustwide/target" "-w" "/opt/rustwide/workdir" "--user" "0:0" "ed857dd62b2dc45a137b068087f9a0b30a944fd44da912d7fc4415ccbf6a7311" "/opt/rustwide/cargo-home/bin/cargo" "+1.100.0-beta.1" "metadata" "--no-deps" "--format-version=1", kill_on_drop: false }`
[INFO] running `Command { std: "docker" "inspect" "ed857dd62b2dc45a137b068087f9a0b30a944fd44da912d7fc4415ccbf6a7311", kill_on_drop: false }`
[INFO] running `Command { std: "docker" "exec" "-e" "SOURCE_DIR=/opt/rustwide/workdir" "-e" "CARGO_HOME=/opt/rustwide/cargo-home" "-e" "RUSTUP_HOME=/opt/rustwide/rustup-home" "-e" "CARGO_TARGET_DIR=/opt/rustwide/target" "-e" "CARGO_INCREMENTAL=0" "-e" "RUST_BACKTRACE=full" "-e" "RUSTFLAGS=--cap-lints=warn" "-e" "RUSTDOCFLAGS=--cap-lints=warn" "-w" "/opt/rustwide/workdir" "--user" "0:0" "ed857dd62b2dc45a137b068087f9a0b30a944fd44da912d7fc4415ccbf6a7311" "/opt/rustwide/cargo-home/bin/cargo" "+1.100.0-beta.1" "build" "--frozen" "--message-format=json" "--release", kill_on_drop: false }`
[INFO] [stderr]    Compiling rustls-pki-types v1.14.1
[INFO] [stderr]    Compiling futures-channel v0.3.32
[INFO] [stderr]    Compiling rustls v0.23.39
[INFO] [stderr]    Compiling mio v1.2.0
[INFO] [stderr]    Compiling socket2 v0.6.3
[INFO] [stderr]    Compiling getrandom v0.2.17
[INFO] [stderr]    Compiling getrandom v0.3.4
[INFO] [stderr]    Compiling futures-macro v0.3.32
[INFO] [stderr]    Compiling pin-project-internal v1.1.11
[INFO] [stderr]    Compiling bytes v1.11.1
[INFO] [stderr]    Compiling regex-automata v0.4.14
[INFO] [stderr]    Compiling thiserror-impl v1.0.69
[INFO] [stderr]    Compiling tracing v0.1.44
[INFO] [stderr]    Compiling time v0.3.47
[INFO] [stderr]    Compiling serde_json v1.0.149
[INFO] [stderr]    Compiling icu_normalizer v2.2.0
[INFO] [stderr]    Compiling rand_core v0.9.5
[INFO] [stderr]    Compiling serde_nanos v0.1.4
[INFO] [stderr]    Compiling rand_core v0.6.4
[INFO] [stderr]    Compiling ahash v0.8.12
[INFO] [stderr]    Compiling serde_repr v0.1.20
[INFO] [stderr]    Compiling async-trait v0.1.89
[INFO] [stderr]    Compiling rand_chacha v0.9.0
[INFO] [stderr]    Compiling rand_chacha v0.3.1
[INFO] [stderr]    Compiling rustls-webpki v0.103.13
[INFO] [stderr]    Compiling idna_adapter v1.2.2
[INFO] [stderr]    Compiling rand v0.8.6
[INFO] [stderr]    Compiling tokio v1.52.1
[INFO] [stderr]    Compiling idna v1.1.0
[INFO] [stderr]    Compiling rand v0.9.4
[INFO] [stderr]    Compiling rustls-native-certs v0.8.3
[INFO] [stderr]    Compiling metrics v0.24.3
[INFO] [stderr]    Compiling rofr-macros v0.1.2
[INFO] [stderr]    Compiling futures-util v0.3.32
[INFO] [stderr]    Compiling thiserror v1.0.69
[INFO] [stderr]    Compiling url v2.5.8
[INFO] [stderr]    Compiling pin-project v1.1.11
[INFO] [stderr]    Compiling ulid v1.2.1
[INFO] [stderr]    Compiling regex v1.12.3
[INFO] [stderr]    Compiling futures-executor v0.3.32
[INFO] [stderr]    Compiling futures v0.3.32
[INFO] [stderr]    Compiling tokio-stream v0.1.18
[INFO] [stderr]    Compiling tokio-util v0.7.18
[INFO] [stderr]    Compiling tokio-rustls v0.26.4
[INFO] [stderr]    Compiling tryhard v0.5.2
[INFO] [stderr]    Compiling async-nats v0.47.0
[INFO] [stderr]    Compiling rofr v0.1.2 (/opt/rustwide/workdir)
[INFO] [stderr]     Finished `release` profile [optimized] target(s) in 1m 05s
[INFO] running `Command { std: "docker" "inspect" "ed857dd62b2dc45a137b068087f9a0b30a944fd44da912d7fc4415ccbf6a7311", kill_on_drop: false }`
[INFO] running `Command { std: "docker" "exec" "-e" "SOURCE_DIR=/opt/rustwide/workdir" "-e" "CARGO_HOME=/opt/rustwide/cargo-home" "-e" "RUSTUP_HOME=/opt/rustwide/rustup-home" "-e" "CARGO_TARGET_DIR=/opt/rustwide/target" "-e" "CARGO_INCREMENTAL=0" "-e" "RUST_BACKTRACE=full" "-e" "RUSTFLAGS=--cap-lints=warn" "-e" "RUSTDOCFLAGS=--cap-lints=warn" "-w" "/opt/rustwide/workdir" "--user" "0:0" "ed857dd62b2dc45a137b068087f9a0b30a944fd44da912d7fc4415ccbf6a7311" "/opt/rustwide/cargo-home/bin/cargo" "+1.100.0-beta.1" "test" "--frozen" "--no-run" "--message-format=json" "--release", kill_on_drop: false }`
[INFO] [stderr]    Compiling rofr v0.1.2 (/opt/rustwide/workdir)
[INFO] [stdout] error[E0433]: cannot find module or crate `nats_server` in this scope
[INFO] [stdout]   --> tests/test_integration.rs:62:18
[INFO] [stdout]    |
[INFO] [stdout] 62 |     let server = nats_server::run_server("tests/nats/default.conf");
[INFO] [stdout]    |                  ^^^^^^^^^^^ use of unresolved module or unlinked crate `nats_server`
[INFO] [stdout]    |
[INFO] [stdout]    = help: if you wanted to use a crate named `nats_server`, use `cargo add nats_server` to add it to your `Cargo.toml`
[INFO] [stdout] 
[INFO] [stdout] 
[INFO] [stdout] error[E0433]: cannot find module or crate `nats_server` in this scope
[INFO] [stdout]   --> tests/test_integration.rs:92:18
[INFO] [stdout]    |
[INFO] [stdout] 92 |     let server = nats_server::run_server("tests/nats/default.conf");
[INFO] [stdout]    |                  ^^^^^^^^^^^ use of unresolved module or unlinked crate `nats_server`
[INFO] [stdout]    |
[INFO] [stdout]    = help: if you wanted to use a crate named `nats_server`, use `cargo add nats_server` to add it to your `Cargo.toml`
[INFO] [stdout] 
[INFO] [stdout] 
[INFO] [stdout] error[E0433]: cannot find module or crate `nats_server` in this scope
[INFO] [stdout]    --> tests/test_integration.rs:120:18
[INFO] [stdout]     |
[INFO] [stdout] 120 |     let server = nats_server::run_server("tests/nats/default.conf");
[INFO] [stdout]     |                  ^^^^^^^^^^^ use of unresolved module or unlinked crate `nats_server`
[INFO] [stdout]     |
[INFO] [stdout]     = help: if you wanted to use a crate named `nats_server`, use `cargo add nats_server` to add it to your `Cargo.toml`
[INFO] [stdout] 
[INFO] [stdout] 
[INFO] [stdout] error[E0433]: cannot find module or crate `nats_server` in this scope
[INFO] [stdout]    --> tests/test_integration.rs:145:18
[INFO] [stdout]     |
[INFO] [stdout] 145 |     let server = nats_server::run_server("tests/nats/default.conf");
[INFO] [stdout]     |                  ^^^^^^^^^^^ use of unresolved module or unlinked crate `nats_server`
[INFO] [stdout]     |
[INFO] [stdout]     = help: if you wanted to use a crate named `nats_server`, use `cargo add nats_server` to add it to your `Cargo.toml`
[INFO] [stdout] 
[INFO] [stdout] 
[INFO] [stdout] error[E0433]: cannot find module or crate `nats_server` in this scope
[INFO] [stdout]    --> tests/test_integration.rs:188:18
[INFO] [stdout]     |
[INFO] [stdout] 188 |     let server = nats_server::run_server("tests/nats/default.conf");
[INFO] [stdout]     |                  ^^^^^^^^^^^ use of unresolved module or unlinked crate `nats_server`
[INFO] [stdout]     |
[INFO] [stdout]     = help: if you wanted to use a crate named `nats_server`, use `cargo add nats_server` to add it to your `Cargo.toml`
[INFO] [stdout] 
[INFO] [stdout] 
[INFO] [stdout] error[E0433]: cannot find module or crate `nats_server` in this scope
[INFO] [stdout]    --> tests/test_integration.rs:213:18
[INFO] [stdout]     |
[INFO] [stdout] 213 |     let server = nats_server::run_server("tests/nats/default.conf");
[INFO] [stdout]     |                  ^^^^^^^^^^^ use of unresolved module or unlinked crate `nats_server`
[INFO] [stdout]     |
[INFO] [stdout]     = help: if you wanted to use a crate named `nats_server`, use `cargo add nats_server` to add it to your `Cargo.toml`
[INFO] [stdout] 
[INFO] [stdout] 
[INFO] [stdout] error[E0433]: cannot find module or crate `nats_server` in this scope
[INFO] [stdout]    --> tests/test_integration.rs:243:18
[INFO] [stdout]     |
[INFO] [stdout] 243 |     let server = nats_server::run_server("tests/nats/default.conf");
[INFO] [stdout]     |                  ^^^^^^^^^^^ use of unresolved module or unlinked crate `nats_server`
[INFO] [stdout]     |
[INFO] [stdout]     = help: if you wanted to use a crate named `nats_server`, use `cargo add nats_server` to add it to your `Cargo.toml`
[INFO] [stdout] 
[INFO] [stdout] 
[INFO] [stdout] error[E0433]: cannot find module or crate `nats_server` in this scope
[INFO] [stdout]    --> tests/test_integration.rs:301:18
[INFO] [stdout]     |
[INFO] [stdout] 301 |     let server = nats_server::run_server("tests/nats/default.conf");
[INFO] [stdout]     |                  ^^^^^^^^^^^ use of unresolved module or unlinked crate `nats_server`
[INFO] [stdout]     |
[INFO] [stdout]     = help: if you wanted to use a crate named `nats_server`, use `cargo add nats_server` to add it to your `Cargo.toml`
[INFO] [stdout] 
[INFO] [stdout] 
[INFO] [stdout] For more information about this error, try `rustc --explain E0433`.
[INFO] [stdout] 
[INFO] [stderr] error: could not compile `rofr` (test "test_integration") due to 8 previous errors
[INFO] running `Command { std: "docker" "inspect" "ed857dd62b2dc45a137b068087f9a0b30a944fd44da912d7fc4415ccbf6a7311", kill_on_drop: false }`
[INFO] running `Command { std: "docker" "rm" "-f" "ed857dd62b2dc45a137b068087f9a0b30a944fd44da912d7fc4415ccbf6a7311", kill_on_drop: false }`
[INFO] [stdout] ed857dd62b2dc45a137b068087f9a0b30a944fd44da912d7fc4415ccbf6a7311
