[INFO] fetching crate rodao_runtime 0.0.1...
[INFO] testing rodao_runtime-0.0.1 against 1.100.0-beta.1+cargoflags=--release for beta-release-1.100-2
[INFO] extracting crate rodao_runtime 0.0.1 into /workspace/builds/worker-0-tc2/source
[INFO] started tweaking crates.io crate rodao_runtime 0.0.1
[INFO] finished tweaking crates.io crate rodao_runtime 0.0.1
[INFO] tweaked toml for crates.io crate rodao_runtime 0.0.1 written to /workspace/builds/worker-0-tc2/source/Cargo.toml
[INFO] validating manifest of crates.io crate rodao_runtime 0.0.1 on toolchain 1.100.0-beta.1
[INFO] running `Command { std: CARGO_HOME="/workspace/cargo-home" RUSTUP_HOME="/workspace/rustup-home" "/workspace/cargo-home/bin/cargo" "+1.100.0-beta.1" "metadata" "--manifest-path" "Cargo.toml" "--no-deps", kill_on_drop: false }`
[INFO] running `Command { std: CARGO_HOME="/workspace/cargo-home" RUSTUP_HOME="/workspace/rustup-home" "/workspace/cargo-home/bin/cargo" "+1.100.0-beta.1" "generate-lockfile" "--manifest-path" "Cargo.toml", kill_on_drop: false }`
[INFO] [stderr]     Updating crates.io index
[INFO] [stderr]      Locking 429 packages to highest compatible versions
[INFO] [stderr]       Adding aes v0.8.3 (available: v0.8.4)
[INFO] [stderr]       Adding brotli-decompressor v6.0.1 (available: v6.1.0)
[INFO] [stderr]       Adding data-url v0.3.0 (available: v0.3.2)
[INFO] [stderr]       Adding deno_ast v0.39.2 (available: v0.53.3)
[INFO] [stderr]       Adding deno_cache v0.88.0 (available: v0.192.0)
[INFO] [stderr]       Adding deno_console v0.156.0 (available: v0.222.0)
[INFO] [stderr]       Adding deno_core v0.288.0 (available: v0.412.0)
[INFO] [stderr]       Adding deno_crypto v0.170.0 (available: v0.273.0)
[INFO] [stderr]       Adding deno_fetch v0.180.0 (available: v0.283.0)
[INFO] [stderr]       Adding deno_net v0.148.0 (available: v0.251.0)
[INFO] [stderr]       Adding deno_permissions v0.16.0 (available: v0.118.0)
[INFO] [stderr]       Adding deno_tls v0.143.0 (available: v0.246.0)
[INFO] [stderr]       Adding deno_url v0.156.0 (available: v0.222.0)
[INFO] [stderr]       Adding deno_web v0.187.0 (available: v0.290.0)
[INFO] [stderr]       Adding deno_webidl v0.156.0 (available: v0.259.0)
[INFO] [stderr]       Adding deno_websocket v0.161.0 (available: v0.264.0)
[INFO] [stderr]       Adding encoding_rs v0.8.33 (available: v0.8.42)
[INFO] [stderr]       Adding generic-array v0.14.7 (available: v0.14.9)
[INFO] [stderr]       Adding hyper v1.1.0 (available: v1.12.0)
[INFO] [stderr]       Adding hyper-util v0.1.2 (available: v0.1.21)
[INFO] [stderr]       Adding rand v0.8.5 (available: v0.8.8)
[INFO] [stderr]       Adding reqwest v0.11.20 (available: v0.11.27)
[INFO] [stderr]       Adding rustls v0.21.11 (available: v0.21.12)
[INFO] [stderr]       Adding sha-1 v0.10.0 (available: v0.10.1)
[INFO] [stderr]       Adding swc_config v0.1.14 (available: v0.1.15)
[INFO] [stderr]       Adding swc_ecma_codegen_macros v0.7.6 (available: v0.7.7)
[INFO] [stderr]       Adding swc_eq_ignore_macros v0.1.3 (available: v0.1.4)
[INFO] [stderr]       Adding swc_macros_common v0.3.11 (available: v0.3.14)
[INFO] [stderr]       Adding swc_visit_macros v0.5.12 (available: v0.5.13)
[INFO] [stderr]       Adding unicode-id-start v1.0.4 (available: v1.5.0)
[INFO] running `Command { std: CARGO_HOME="/workspace/cargo-home" RUSTUP_HOME="/workspace/rustup-home" "/workspace/cargo-home/bin/cargo" "+1.100.0-beta.1" "fetch" "--manifest-path" "Cargo.toml", kill_on_drop: false }`
[INFO] running `Command { std: "docker" "create" "-v" "/var/lib/crater-agent-workspace/builds/worker-0-tc2/source:/opt/rustwide/workdir:ro,Z" "-v" "/var/lib/crater-agent-workspace/builds/worker-0-tc2/target:/opt/rustwide/target:rw,Z" "-v" "/var/lib/crater-agent-workspace/cargo-home:/opt/rustwide/cargo-home:ro,Z" "-v" "/var/lib/crater-agent-workspace/rustup-home:/opt/rustwide/rustup-home:ro,Z" "-m" "1610612736" "--network" "none" "ghcr.io/rust-lang/crates-build-env/linux@sha256:77db811e55d90add9212f6832c23229e3de5f1c1f9905e8cb07319ea15df73ac" "sleep" "infinity", kill_on_drop: false }`
[INFO] [stdout] 9243c47be5db7a68d66955eb7b62a710cbe0fe6de90ebd0a9835c19b7e921987
[INFO] running `Command { std: "docker" "start" "9243c47be5db7a68d66955eb7b62a710cbe0fe6de90ebd0a9835c19b7e921987", kill_on_drop: false }`
[INFO] running `Command { std: "docker" "inspect" "9243c47be5db7a68d66955eb7b62a710cbe0fe6de90ebd0a9835c19b7e921987", kill_on_drop: false }`
[INFO] running `Command { std: "docker" "exec" "-e" "SOURCE_DIR=/opt/rustwide/workdir" "-e" "CARGO_HOME=/opt/rustwide/cargo-home" "-e" "RUSTUP_HOME=/opt/rustwide/rustup-home" "-e" "CARGO_TARGET_DIR=/opt/rustwide/target" "-w" "/opt/rustwide/workdir" "--user" "0:0" "9243c47be5db7a68d66955eb7b62a710cbe0fe6de90ebd0a9835c19b7e921987" "/opt/rustwide/cargo-home/bin/cargo" "+1.100.0-beta.1" "metadata" "--no-deps" "--format-version=1", kill_on_drop: false }`
[INFO] running `Command { std: "docker" "inspect" "9243c47be5db7a68d66955eb7b62a710cbe0fe6de90ebd0a9835c19b7e921987", kill_on_drop: false }`
[INFO] running `Command { std: "docker" "exec" "-e" "SOURCE_DIR=/opt/rustwide/workdir" "-e" "CARGO_HOME=/opt/rustwide/cargo-home" "-e" "RUSTUP_HOME=/opt/rustwide/rustup-home" "-e" "CARGO_TARGET_DIR=/opt/rustwide/target" "-e" "CARGO_INCREMENTAL=0" "-e" "RUST_BACKTRACE=full" "-e" "RUSTFLAGS=--cap-lints=warn" "-e" "RUSTDOCFLAGS=--cap-lints=warn" "-w" "/opt/rustwide/workdir" "--user" "0:0" "9243c47be5db7a68d66955eb7b62a710cbe0fe6de90ebd0a9835c19b7e921987" "/opt/rustwide/cargo-home/bin/cargo" "+1.100.0-beta.1" "build" "--frozen" "--message-format=json" "--release", kill_on_drop: false }`
[INFO] [stderr]    Compiling smallvec v1.16.3
[INFO] [stderr]    Compiling zeroize_derive v1.5.0
[INFO] [stderr]    Compiling serde v1.0.229
[INFO] [stderr]    Compiling serde_json v1.0.154
[INFO] [stderr]    Compiling rand_chacha v0.3.1
[INFO] [stderr]    Compiling num-integer v0.1.47
[INFO] [stderr]    Compiling outref v0.1.0
[INFO] [stderr]    Compiling tracing-attributes v0.1.31
[INFO] [stderr]    Compiling uuid v1.28.0
[INFO] [stderr]    Compiling unicode-id-start v1.0.4
[INFO] [stderr]    Compiling bitvec v1.1.1
[INFO] [stderr]    Compiling futures-util v0.3.34
[INFO] [stderr]    Compiling either v1.19.0
[INFO] [stderr]    Compiling ahash v0.8.12
[INFO] [stderr]    Compiling swc_macros_common v0.3.11
[INFO] [stderr]    Compiling thiserror-impl v1.0.69
[INFO] [stderr]    Compiling phf_shared v0.11.3
[INFO] [stderr]    Compiling simd-abstraction v0.7.1
[INFO] [stderr]    Compiling aho-corasick v1.1.5
[INFO] [stderr]    Compiling rand v0.8.5
[INFO] [stderr]    Compiling parking_lot_core v0.9.12
[INFO] [stderr]    Compiling icu_normalizer v2.3.0
[INFO] [stderr]    Compiling base64-simd v0.7.0
[INFO] [stderr]    Compiling zeroize v1.9.1
[INFO] [stderr]    Compiling generic-array v0.14.7
[INFO] [stderr]    Compiling parking_lot v0.12.5
[INFO] [stderr]    Compiling debugid v0.8.0
[INFO] [stderr]    Compiling hashbrown v0.14.5
[INFO] [stderr]    Compiling crc32fast v1.5.2
[INFO] [stderr]    Compiling tokio v1.53.3
[INFO] [stderr]    Compiling libc v0.2.191
[INFO] [stderr]    Compiling phf_generator v0.11.3
[INFO] [stderr]    Compiling rustix v0.38.44
[INFO] [stderr]    Compiling linux-raw-sys v0.4.15
[INFO] [stderr]    Compiling siphasher v1.0.4
[INFO] [stderr]    Compiling phf_macros v0.11.3
[INFO] [stderr]    Compiling idna_adapter v1.2.2
[INFO] [stderr]    Compiling idna v1.1.0
[INFO] [stderr]    Compiling tracing v0.1.44
[INFO] [stderr]    Compiling num-bigint v0.4.8
[INFO] [stderr]    Compiling home v0.5.12
[INFO] [stderr]    Compiling crypto-common v0.1.7
[INFO] [stderr]    Compiling block-buffer v0.10.4
[INFO] [stderr]    Compiling thiserror v1.0.69
[INFO] [stderr]    Compiling regex-automata v0.4.18
[INFO] [stderr]    Compiling adler v1.0.2
[INFO] [stderr]    Compiling url v2.5.8
[INFO] [stderr]    Compiling digest v0.10.7
[INFO] [stderr]    Compiling miniz_oxide v0.7.4
[INFO] [stderr]    Compiling phf v0.11.3
[INFO] [stderr]    Compiling gzip-header v1.1.0
[INFO] [stderr]    Compiling triomphe v0.1.17
[INFO] [stderr]    Compiling ring v0.17.14
[INFO] [stderr]    Compiling object v0.39.1
[INFO] [stderr]    Compiling proc-macro-rules-macros v0.4.0
[INFO] [stderr]    Compiling hstr v0.2.17
[INFO] [stderr]    Compiling better_scoped_tls v0.1.2
[INFO] [stderr]    Compiling strum_macros v0.25.3
[INFO] [stderr]    Compiling ast_node v0.9.9
[INFO] [stderr]    Compiling swc_atoms v0.6.7
[INFO] [stderr]    Compiling from_variant v0.1.9
[INFO] [stderr]    Compiling swc_eq_ignore_macros v0.1.3
[INFO] [stderr]    Compiling pin-project-internal v1.1.13
[INFO] [stderr]    Compiling pem-rfc7468 v0.7.0
[INFO] [stderr]    Compiling proc-macro-rules v0.4.0
[INFO] [stderr]    Compiling fslock v0.2.1
[INFO] [stderr]    Compiling bit-vec v0.10.1
[INFO] [stderr]    Compiling der v0.7.10
[INFO] [stderr]    Compiling bit-set v0.11.1
[INFO] [stderr]    Compiling is-macro v0.3.8
[INFO] [stderr]    Compiling string_enum v0.4.4
[INFO] [stderr]    Compiling regex v1.13.1
[INFO] [stderr]    Compiling strum v0.25.0
[INFO] [stderr]    Compiling bincode v1.3.3
[INFO] [stderr]    Compiling deno_ops v0.164.0
[INFO] [stderr]    Compiling futures-executor v0.3.34
[INFO] [stderr]    Compiling which v6.0.3
[INFO] [stderr]    Compiling sourcemap v8.0.1
[INFO] [stderr]    Compiling pin-project v1.1.13
[INFO] [stderr]    Compiling futures v0.3.34
[INFO] [stderr]    Compiling cooked-waker v5.0.0
[INFO] [stderr]    Compiling deno_core_icudata v0.0.73
[INFO] [stderr]    Compiling spki v0.7.3
[INFO] [stderr]    Compiling v8 v0.93.1
[INFO] [stderr]    Compiling Inflector v0.11.4
[INFO] [stderr]    Compiling socket2 v0.5.10
[INFO] [stderr]    Compiling smartstring v1.0.1
[INFO] [stderr]    Compiling pkcs8 v0.10.2
[INFO] [stderr]    Compiling rustls v0.21.11
[INFO] [stderr]    Compiling hmac v0.12.1
[INFO] [stderr]    Compiling block-padding v0.3.3
[INFO] [stderr]    Compiling typed-arena v2.0.2
[INFO] [stderr]    Compiling miniz_oxide v0.9.1
[INFO] [stderr]    Compiling deno_terminal v0.1.1
[INFO] [stderr]    Compiling sec1 v0.7.3
[INFO] [stderr]    Compiling inout v0.1.4
[INFO] [stderr]    Compiling swc_visit_macros v0.5.12
[INFO] [stderr]    Compiling hkdf v0.12.4
[INFO] [stderr]    Compiling rustls-pemfile v1.0.4
[INFO] [stderr]    Compiling crypto-bigint v0.5.5
[INFO] [stderr]    Compiling num_cpus v1.17.0
[INFO] [stderr]    Compiling unicode-id v0.3.7
[INFO] [stderr]    Compiling ryu-js v1.0.3
[INFO] [stderr]    Compiling which v4.4.2
[INFO] [stderr]    Compiling flate2 v1.1.10
[INFO] [stderr]    Compiling cipher v0.4.4
[INFO] [stderr]    Compiling signature v2.2.0
[INFO] [stderr]    Compiling fqdn v0.3.12
[INFO] [stderr]    Compiling tinyvec v1.13.3
[INFO] [stderr]    Compiling rustls-native-certs v0.6.3
[INFO] [stderr]    Compiling brotli-decompressor v6.0.1
[INFO] [stderr]    Compiling rfc6979 v0.4.0
[INFO] [stderr]    Compiling sha2 v0.10.9
[INFO] [stderr]    Compiling dashmap v5.5.3
[INFO] [stderr]    Compiling proc-macro2 v1.0.107
[INFO] [stderr]    Compiling swc_visit v0.5.14
[INFO] [stderr]    Compiling unicode-bidi v0.3.18
[INFO] [stderr]    Compiling swc_common v0.33.26
[INFO] [stderr]    Compiling unicode-normalization v0.1.26
[INFO] [stderr]    Compiling webpki-roots v0.25.4
[INFO] [stderr]    Compiling libsqlite3-sys v0.26.0
[INFO] [stdout] error[E0432]: unresolved import `serde::__private`
[INFO] [stdout]  --> /opt/rustwide/cargo-home/registry/src/index.crates.io-1949cf8c6b5b557f/swc_common-0.33.26/src/private/mod.rs:3:9
[INFO] [stdout]   |
[INFO] [stdout] 3 | pub use serde::__private as serde;
[INFO] [stdout]   |         ^^^^^^^---------^^^^^^^^^
[INFO] [stdout]   |                |
[INFO] [stdout]   |                no `__private` in the root
[INFO] [stdout]   |
[INFO] [stdout] help: a similar name exists in the module
[INFO] [stdout]   |
[INFO] [stdout] 3 - pub use serde::__private as serde;
[INFO] [stdout] 3 + pub use serde::private as serde;
[INFO] [stdout]   |
[INFO] [stdout] 
[INFO] [stdout] 
[INFO] [stderr]    Compiling elliptic-curve v0.13.8
[INFO] [stderr] error: could not compile `tokio` (lib)
[INFO] [stderr] 
[INFO] [stderr] Caused by:
[INFO] [stderr]   process didn't exit successfully: `/opt/rustwide/rustup-home/toolchains/1.100.0-beta.1-x86_64-unknown-linux-gnu/bin/rustc --crate-name tokio --edition=2021 /opt/rustwide/cargo-home/registry/src/index.crates.io-1949cf8c6b5b557f/tokio-1.53.3/src/lib.rs --error-format=json --json=diagnostic-rendered-ansi,artifacts,future-incompat,unused-externs-silent --crate-type lib --emit=dep-info,metadata,link -C opt-level=3 -C embed-bitcode=no --cfg 'feature="bytes"' --cfg 'feature="default"' --cfg 'feature="fs"' --cfg 'feature="full"' --cfg 'feature="io-std"' --cfg 'feature="io-util"' --cfg 'feature="libc"' --cfg 'feature="macros"' --cfg 'feature="mio"' --cfg 'feature="net"' --cfg 'feature="parking_lot"' --cfg 'feature="process"' --cfg 'feature="rt"' --cfg 'feature="rt-multi-thread"' --cfg 'feature="signal"' --cfg 'feature="signal-hook-registry"' --cfg 'feature="socket2"' --cfg 'feature="sync"' --cfg 'feature="time"' --cfg 'feature="tokio-macros"' --check-cfg 'cfg(docsrs,test)' --check-cfg 'cfg(feature, values("bytes", "default", "fs", "full", "io-std", "io-uring", "io-util", "libc", "macros", "mio", "net", "parking_lot", "process", "rt", "rt-multi-thread", "schedule-latency", "signal", "signal-hook-registry", "socket2", "sync", "taskdump", "test-util", "time", "tokio-macros", "tracing", "windows-sys"))' -C metadata=c3cf4e8819c45af5 -C extra-filename=-83f5547dd19a9234 --out-dir /opt/rustwide/target/release/build/tokio/83f5547dd19a9234/out -C strip=debuginfo -L dependency=/opt/rustwide/target/release/build/cfg-if/aebc73b2fc35ea49/out -L dependency=/opt/rustwide/target/release/build/errno/d32188589baf5234/out -L dependency=/opt/rustwide/target/release/build/libc/a0a6e54f1566fa83/out -L dependency=/opt/rustwide/target/release/build/lock_api/0c6a3406bef68330/out -L dependency=/opt/rustwide/target/release/build/parking_lot_core/3c7240dfda908f52/out -L dependency=/opt/rustwide/target/release/build/scopeguard/5f9373ec660020b4/out -L dependency=/opt/rustwide/target/release/build/smallvec/bae809fba5bb3072/out --extern bytes=/opt/rustwide/target/release/build/bytes/654f8a7a557a4087/out/libbytes-654f8a7a557a4087.rmeta --extern libc=/opt/rustwide/target/release/build/libc/a0a6e54f1566fa83/out/liblibc-a0a6e54f1566fa83.rmeta --extern mio=/opt/rustwide/target/release/build/mio/53909504ada076ee/out/libmio-53909504ada076ee.rmeta --extern parking_lot=/opt/rustwide/target/release/build/parking_lot/4971d1bfe6e28173/out/libparking_lot-4971d1bfe6e28173.rmeta --extern pin_project_lite=/opt/rustwide/target/release/build/pin-project-lite/9a89bb36c0c56875/out/libpin_project_lite-9a89bb36c0c56875.rmeta --extern signal_hook_registry=/opt/rustwide/target/release/build/signal-hook-registry/b028cb6efb78edfa/out/libsignal_hook_registry-b028cb6efb78edfa.rmeta --extern socket2=/opt/rustwide/target/release/build/socket2/224666075fb59305/out/libsocket2-224666075fb59305.rmeta --extern tokio_macros=/opt/rustwide/target/release/build/tokio-macros/853bfb54cd24e760/out/libtokio_macros-853bfb54cd24e760.so --cap-lints allow --cap-lints=warn --force-warn=unused_crate_dependencies` (signal: 9, SIGKILL: kill)
[INFO] [stderr] warning: build failed, waiting for other jobs to finish...
[INFO] [stdout] For more information about this error, try `rustc --explain E0432`.
[INFO] [stdout] 
[INFO] [stderr] error: could not compile `swc_common` (lib) due to 1 previous error
[INFO] [stderr] error: failed to run custom build command for `v8 v0.93.1`
[INFO] [stderr] note: To improve backtraces for build dependencies, set the CARGO_PROFILE_RELEASE_BUILD_OVERRIDE_DEBUG=true environment variable to enable debug information generation.
[INFO] [stderr] 
[INFO] [stderr] Caused by:
[INFO] [stderr]   process didn't exit successfully: `/opt/rustwide/target/release/build/v8/69c5f333d530fe44/out/build_script_build` (exit status: 101)
[INFO] [stderr]   --- stdout
[INFO] [stderr]   cargo:rerun-if-changed=.gn
[INFO] [stderr]   cargo:rerun-if-changed=BUILD.gn
[INFO] [stderr]   cargo:rerun-if-changed=src/binding.cc
[INFO] [stderr]   cargo:rerun-if-env-changed=CCACHE
[INFO] [stderr]   cargo:rerun-if-env-changed=CLANG_BASE_PATH
[INFO] [stderr]   cargo:rerun-if-env-changed=CXXSTDLIB
[INFO] [stderr]   cargo:rerun-if-env-changed=DENO_TRYBUILD
[INFO] [stderr]   cargo:rerun-if-env-changed=DOCS_RS
[INFO] [stderr]   cargo:rerun-if-env-changed=GN
[INFO] [stderr]   cargo:rerun-if-env-changed=GN_ARGS
[INFO] [stderr]   cargo:rerun-if-env-changed=HOST
[INFO] [stderr]   cargo:rerun-if-env-changed=NINJA
[INFO] [stderr]   cargo:rerun-if-env-changed=OUT_DIR
[INFO] [stderr]   cargo:rerun-if-env-changed=RUSTY_V8_ARCHIVE
[INFO] [stderr]   cargo:rerun-if-env-changed=RUSTY_V8_MIRROR
[INFO] [stderr]   cargo:rerun-if-env-changed=SCCACHE
[INFO] [stderr]   cargo:rerun-if-env-changed=V8_FORCE_DEBUG
[INFO] [stderr]   cargo:rerun-if-env-changed=V8_FROM_SOURCE
[INFO] [stderr]   cargo:rerun-if-env-changed=PYTHON
[INFO] [stderr]   cargo:rerun-if-env-changed=DISABLE_CLANG
[INFO] [stderr]   cargo:rerun-if-env-changed=EXTRA_GN_ARGS
[INFO] [stderr]   cargo:rerun-if-env-changed=NO_PRINT_GN_ARGS
[INFO] [stderr]   cargo:rerun-if-env-changed=CARGO_ENCODED_RUSTFLAGS
[INFO] [stderr]   cargo:rustc-link-lib=static=rusty_v8
[INFO] [stderr]   download lockfile: "/opt/rustwide/target/release/build/v8/lib_download.fslock"
[INFO] [stderr]   static lib URL: https://github.com/denoland/rusty_v8/releases/download/v0.93.1/librusty_v8_release_x86_64-unknown-linux-gnu.a.gz
[INFO] [stderr]   cargo:rustc-link-search=/opt/rustwide/target/release/build/gn_out/obj
[INFO] [stderr]   Looking for download in '"/opt/rustwide/cargo-home/.rusty_v8/https___github_com_denoland_rusty_v8_releases_download_v0_93_1_librusty_v8_release_x86_64_unknown_linux_gnu_a_gz"'
[INFO] [stderr]   Downloading (using Python) https://github.com/denoland/rusty_v8/releases/download/v0.93.1/librusty_v8_release_x86_64-unknown-linux-gnu.a.gz
[INFO] [stderr]   Downloading https://github.com/denoland/rusty_v8/releases/download/v0.93.1/librusty_v8_release_x86_64-unknown-linux-gnu.a.gz...
[INFO] [stderr]   <urlopen error [Errno -3] Temporary failure in name resolution>
[INFO] [stderr]   Retrying in 5 s ...
[INFO] [stderr]   Downloading https://github.com/denoland/rusty_v8/releases/download/v0.93.1/librusty_v8_release_x86_64-unknown-linux-gnu.a.gz...
[INFO] [stderr]   <urlopen error [Errno -3] Temporary failure in name resolution>
[INFO] [stderr]   Retrying in 10 s ...
[INFO] [stderr]   Downloading https://github.com/denoland/rusty_v8/releases/download/v0.93.1/librusty_v8_release_x86_64-unknown-linux-gnu.a.gz...
[INFO] [stderr]   <urlopen error [Errno -3] Temporary failure in name resolution>
[INFO] [stderr]   Retrying in 20 s ...
[INFO] [stderr]   Downloading https://github.com/denoland/rusty_v8/releases/download/v0.93.1/librusty_v8_release_x86_64-unknown-linux-gnu.a.gz...
[INFO] [stderr]   <urlopen error [Errno -3] Temporary failure in name resolution>
[INFO] [stderr]   Python downloader failed, trying with curl.
[INFO] [stderr] 
[INFO] [stderr]   --- stderr
[INFO] [stderr]   Traceback (most recent call last):
[INFO] [stderr]     File "/usr/lib/python3.14/urllib/request.py", line 1321, in do_open
[INFO] [stderr]       h.request(req.get_method(), req.selector, req.data, headers,
[INFO] [stderr]       ~~~~~~~~~^^^^^^^^^^^^^^^^^^^^^^^^^^^^^^^^^^^^^^^^^^^^^^^^^^^
[INFO] [stderr]                 encode_chunked=req.has_header('Transfer-encoding'))
[INFO] [stderr]                 ^^^^^^^^^^^^^^^^^^^^^^^^^^^^^^^^^^^^^^^^^^^^^^^^^^^
[INFO] [stderr]     File "/usr/lib/python3.14/http/client.py", line 1367, in request
[INFO] [stderr]       self._send_request(method, url, body, headers, encode_chunked)
[INFO] [stderr]       ~~~~~~~~~~~~~~~~~~^^^^^^^^^^^^^^^^^^^^^^^^^^^^^^^^^^^^^^^^^^^^
[INFO] [stderr]     File "/usr/lib/python3.14/http/client.py", line 1413, in _send_request
[INFO] [stderr]       self.endheaders(body, encode_chunked=encode_chunked)
[INFO] [stderr]       ~~~~~~~~~~~~~~~^^^^^^^^^^^^^^^^^^^^^^^^^^^^^^^^^^^^^
[INFO] [stderr]     File "/usr/lib/python3.14/http/client.py", line 1362, in endheaders
[INFO] [stderr]       self._send_output(message_body, encode_chunked=encode_chunked)
[INFO] [stderr]       ~~~~~~~~~~~~~~~~~^^^^^^^^^^^^^^^^^^^^^^^^^^^^^^^^^^^^^^^^^^^^^
[INFO] [stderr]     File "/usr/lib/python3.14/http/client.py", line 1122, in _send_output
[INFO] [stderr]       self.send(msg)
[INFO] [stderr]       ~~~~~~~~~^^^^^
[INFO] [stderr]     File "/usr/lib/python3.14/http/client.py", line 1066, in send
[INFO] [stderr]       self.connect()
[INFO] [stderr]       ~~~~~~~~~~~~^^
[INFO] [stderr]     File "/usr/lib/python3.14/http/client.py", line 1501, in connect
[INFO] [stderr]       super().connect()
[INFO] [stderr]       ~~~~~~~~~~~~~~~^^
[INFO] [stderr]     File "/usr/lib/python3.14/http/client.py", line 1032, in connect
[INFO] [stderr]       self.sock = self._create_connection(
[INFO] [stderr]                   ~~~~~~~~~~~~~~~~~~~~~~~^
[INFO] [stderr]           (self.host,self.port), self.timeout, self.source_address)
[INFO] [stderr]           ^^^^^^^^^^^^^^^^^^^^^^^^^^^^^^^^^^^^^^^^^^^^^^^^^^^^^^^^^
[INFO] [stderr]     File "/usr/lib/python3.14/socket.py", line 846, in create_connection
[INFO] [stderr]       for res in getaddrinfo(host, port, 0, SOCK_STREAM):
[INFO] [stderr]                  ~~~~~~~~~~~^^^^^^^^^^^^^^^^^^^^^^^^^^^^
[INFO] [stderr]     File "/usr/lib/python3.14/socket.py", line 983, in getaddrinfo
[INFO] [stderr]       for res in _socket.getaddrinfo(host, port, family, type, proto, flags):
[INFO] [stderr]                  ~~~~~~~~~~~~~~~~~~~^^^^^^^^^^^^^^^^^^^^^^^^^^^^^^^^^^^^^^^^
[INFO] [stderr]   socket.gaierror: [Errno -3] Temporary failure in name resolution
[INFO] [stderr] 
[INFO] [stderr]   During handling of the above exception, another exception occurred:
[INFO] [stderr] 
[INFO] [stderr]   Traceback (most recent call last):
[INFO] [stderr]     File "/opt/rustwide/cargo-home/registry/src/index.crates.io-1949cf8c6b5b557f/v8-0.93.1/./tools/download_file.py", line 64, in <module>
[INFO] [stderr]       sys.exit(main())
[INFO] [stderr]                ~~~~^^
[INFO] [stderr]     File "/opt/rustwide/cargo-home/registry/src/index.crates.io-1949cf8c6b5b557f/v8-0.93.1/./tools/download_file.py", line 59, in main
[INFO] [stderr]       DownloadUrl(args.url, f)
[INFO] [stderr]       ~~~~~~~~~~~^^^^^^^^^^^^^
[INFO] [stderr]     File "/opt/rustwide/cargo-home/registry/src/index.crates.io-1949cf8c6b5b557f/v8-0.93.1/./tools/download_file.py", line 45, in DownloadUrl
[INFO] [stderr]       raise e
[INFO] [stderr]     File "/opt/rustwide/cargo-home/registry/src/index.crates.io-1949cf8c6b5b557f/v8-0.93.1/./tools/download_file.py", line 29, in DownloadUrl
[INFO] [stderr]       response = urlopen(url)
[INFO] [stderr]     File "/usr/lib/python3.14/urllib/request.py", line 187, in urlopen
[INFO] [stderr]       return opener.open(url, data, timeout)
[INFO] [stderr]              ~~~~~~~~~~~^^^^^^^^^^^^^^^^^^^^
[INFO] [stderr]     File "/usr/lib/python3.14/urllib/request.py", line 487, in open
[INFO] [stderr]       response = self._open(req, data)
[INFO] [stderr]     File "/usr/lib/python3.14/urllib/request.py", line 504, in _open
[INFO] [stderr]       result = self._call_chain(self.handle_open, protocol, protocol +
[INFO] [stderr]                                 '_open', req)
[INFO] [stderr]     File "/usr/lib/python3.14/urllib/request.py", line 464, in _call_chain
[INFO] [stderr]       result = func(*args)
[INFO] [stderr]     File "/usr/lib/python3.14/urllib/request.py", line 1369, in https_open
[INFO] [stderr]       return self.do_open(http.client.HTTPSConnection, req,
[INFO] [stderr]              ~~~~~~~~~~~~^^^^^^^^^^^^^^^^^^^^^^^^^^^^^^^^^^
[INFO] [stderr]                           context=self._context)
[INFO] [stderr]                           ^^^^^^^^^^^^^^^^^^^^^^
[INFO] [stderr]     File "/usr/lib/python3.14/urllib/request.py", line 1324, in do_open
[INFO] [stderr]       raise URLError(err)
[INFO] [stderr]   urllib.error.URLError: <urlopen error [Errno -3] Temporary failure in name resolution>
[INFO] [stderr] 
[INFO] [stderr]   thread 'main' (1343) panicked at /opt/rustwide/cargo-home/registry/src/index.crates.io-1949cf8c6b5b557f/v8-0.93.1/build.rs:513:3:
[INFO] [stderr]   assertion failed: status.success()
[INFO] [stderr]   stack backtrace:
[INFO] [stderr]      0:     0x636a3e755b71 - <<std[617be2ca0a6fd877]::sys::backtrace::BacktraceLock>::print::DisplayBacktrace as core[a373ad73a504971]::fmt::Display>::fmt
[INFO] [stderr]      1:     0x636a3e7680aa - core[a373ad73a504971]::fmt::write
[INFO] [stderr]      2:     0x636a3e759ebc - <std[617be2ca0a6fd877]::sys::stdio::unix::Stderr as core[a373ad73a504971]::io::write::Write>::write_fmt
[INFO] [stderr]      3:     0x636a3e735286 - std[617be2ca0a6fd877]::panicking::default_hook::{closure#0}
[INFO] [stderr]      4:     0x636a3e750331 - std[617be2ca0a6fd877]::panicking::default_hook
[INFO] [stderr]      5:     0x636a3e7504eb - std[617be2ca0a6fd877]::panicking::panic_with_hook
[INFO] [stderr]      6:     0x636a3e735364 - std[617be2ca0a6fd877]::panicking::panic_handler::{closure#0}
[INFO] [stderr]      7:     0x636a3e72dab9 - std[617be2ca0a6fd877]::sys::backtrace::__rust_end_short_backtrace::<std[617be2ca0a6fd877]::panicking::panic_handler::{closure#0}, !>
[INFO] [stderr]      8:     0x636a3e735cad - __rustc[ea4f61d10b84890b]::rust_begin_unwind
[INFO] [stderr]      9:     0x636a3e7687dc - core[a373ad73a504971]::panicking::panic_fmt
[INFO] [stderr]     10:     0x636a3e7687a2 - core[a373ad73a504971]::panicking::panic
[INFO] [stderr]     11:     0x636a3e6f098d - build_script_build[f2a2d72603e5a18]::download_file
[INFO] [stderr]     12:     0x636a3e6f5386 - build_script_build[f2a2d72603e5a18]::download_static_lib_binaries
[INFO] [stderr]     13:     0x636a3e6f6528 - build_script_build[f2a2d72603e5a18]::main
[INFO] [stderr]     14:     0x636a3e7009d3 - <fn() as core[a373ad73a504971]::ops::function::FnOnce<()>>::call_once
[INFO] [stderr]     15:     0x636a3e702d4e - std[617be2ca0a6fd877]::sys::backtrace::__rust_begin_short_backtrace::<fn(), ()>
[INFO] [stderr]     16:     0x636a3e7081b9 - std[617be2ca0a6fd877]::rt::lang_start::<()>::{closure#0}
[INFO] [stderr]     17:     0x636a3e74f518 - std[617be2ca0a6fd877]::rt::lang_start_internal
[INFO] [stderr]     18:     0x636a3e707511 - std[617be2ca0a6fd877]::rt::lang_start::<()>
[INFO] [stderr]     19:     0x636a3e6fb5c5 - main
[INFO] [stderr]     20:     0x77a00e4f6601 - <unknown>
[INFO] [stderr]     21:     0x77a00e4f6718 - __libc_start_main
[INFO] [stderr]     22:     0x636a3e6e80b5 - _start
[INFO] [stderr]     23:                0x0 - <unknown>
[INFO] running `Command { std: "docker" "inspect" "9243c47be5db7a68d66955eb7b62a710cbe0fe6de90ebd0a9835c19b7e921987", kill_on_drop: false }`
[INFO] running `Command { std: "docker" "rm" "-f" "9243c47be5db7a68d66955eb7b62a710cbe0fe6de90ebd0a9835c19b7e921987", kill_on_drop: false }`
[INFO] [stdout] 9243c47be5db7a68d66955eb7b62a710cbe0fe6de90ebd0a9835c19b7e921987
