[INFO] fetching crate rnicro 0.3.0...
[INFO] testing rnicro-0.3.0 against 1.100.0-beta.1+cargoflags=--release for beta-release-1.100-2
[INFO] extracting crate rnicro 0.3.0 into /workspace/builds/worker-6-tc2/source
[INFO] started tweaking crates.io crate rnicro 0.3.0
[INFO] finished tweaking crates.io crate rnicro 0.3.0
[INFO] tweaked toml for crates.io crate rnicro 0.3.0 written to /workspace/builds/worker-6-tc2/source/Cargo.toml
[INFO] validating manifest of crates.io crate rnicro 0.3.0 on toolchain 1.100.0-beta.1
[INFO] running `Command { std: CARGO_HOME="/workspace/cargo-home" RUSTUP_HOME="/workspace/rustup-home" "/workspace/cargo-home/bin/cargo" "+1.100.0-beta.1" "metadata" "--manifest-path" "Cargo.toml" "--no-deps", kill_on_drop: false }`
[INFO] crate crates.io crate rnicro 0.3.0 already has a lockfile, it will not be regenerated
[INFO] running `Command { std: CARGO_HOME="/workspace/cargo-home" RUSTUP_HOME="/workspace/rustup-home" "/workspace/cargo-home/bin/cargo" "+1.100.0-beta.1" "fetch" "--manifest-path" "Cargo.toml", kill_on_drop: false }`
[INFO] [stderr] warning: `package.homepage` is redundant with `package.repository`
[INFO] [stderr]   --> Cargo.toml:85:12
[INFO] [stderr]    |
[INFO] [stderr] 85 | homepage = "https://github.com/uky007/rnicro"
[INFO] [stderr]    |            ^^^^^^^^^^^^^^^^^^^^^^^^^^^^^^^^^^
[INFO] [stderr] ...
[INFO] [stderr] 91 | repository = "https://github.com/uky007/rnicro"
[INFO] [stderr]    |              ----------------------------------
[INFO] [stderr]    |
[INFO] [stderr]    = note: `cargo::redundant_homepage` is set to `warn` by default
[INFO] [stderr] help: consider removing `package.homepage`
[INFO] [stderr] warning: `rnicro` (manifest) generated 1 warning
[INFO] running `Command { std: "docker" "create" "-v" "/var/lib/crater-agent-workspace/builds/worker-6-tc2/source:/opt/rustwide/workdir:ro,Z" "-v" "/var/lib/crater-agent-workspace/builds/worker-6-tc2/target:/opt/rustwide/target:rw,Z" "-v" "/var/lib/crater-agent-workspace/cargo-home:/opt/rustwide/cargo-home:ro,Z" "-v" "/var/lib/crater-agent-workspace/rustup-home:/opt/rustwide/rustup-home:ro,Z" "-m" "1610612736" "--network" "none" "ghcr.io/rust-lang/crates-build-env/linux@sha256:77db811e55d90add9212f6832c23229e3de5f1c1f9905e8cb07319ea15df73ac" "sleep" "infinity", kill_on_drop: false }`
[INFO] [stdout] 33ea566b820ee6bf128f5a67d04b54c572750175cefa45dfec00ab3dfd7143a0
[INFO] running `Command { std: "docker" "start" "33ea566b820ee6bf128f5a67d04b54c572750175cefa45dfec00ab3dfd7143a0", kill_on_drop: false }`
[INFO] running `Command { std: "docker" "inspect" "33ea566b820ee6bf128f5a67d04b54c572750175cefa45dfec00ab3dfd7143a0", kill_on_drop: false }`
[INFO] running `Command { std: "docker" "exec" "-e" "SOURCE_DIR=/opt/rustwide/workdir" "-e" "CARGO_HOME=/opt/rustwide/cargo-home" "-e" "RUSTUP_HOME=/opt/rustwide/rustup-home" "-e" "CARGO_TARGET_DIR=/opt/rustwide/target" "-w" "/opt/rustwide/workdir" "--user" "0:0" "33ea566b820ee6bf128f5a67d04b54c572750175cefa45dfec00ab3dfd7143a0" "/opt/rustwide/cargo-home/bin/cargo" "+1.100.0-beta.1" "metadata" "--no-deps" "--format-version=1", kill_on_drop: false }`
[INFO] running `Command { std: "docker" "inspect" "33ea566b820ee6bf128f5a67d04b54c572750175cefa45dfec00ab3dfd7143a0", kill_on_drop: false }`
[INFO] running `Command { std: "docker" "exec" "-e" "SOURCE_DIR=/opt/rustwide/workdir" "-e" "CARGO_HOME=/opt/rustwide/cargo-home" "-e" "RUSTUP_HOME=/opt/rustwide/rustup-home" "-e" "CARGO_TARGET_DIR=/opt/rustwide/target" "-e" "CARGO_INCREMENTAL=0" "-e" "RUST_BACKTRACE=full" "-e" "RUSTFLAGS=--cap-lints=warn" "-e" "RUSTDOCFLAGS=--cap-lints=warn" "-w" "/opt/rustwide/workdir" "--user" "0:0" "33ea566b820ee6bf128f5a67d04b54c572750175cefa45dfec00ab3dfd7143a0" "/opt/rustwide/cargo-home/bin/cargo" "+1.100.0-beta.1" "build" "--frozen" "--message-format=json" "--release", kill_on_drop: false }`
[INFO] [stderr] warning: `package.homepage` is redundant with `package.repository`
[INFO] [stderr]   --> Cargo.toml:85:12
[INFO] [stderr]    |
[INFO] [stderr] 85 | homepage = "https://github.com/uky007/rnicro"
[INFO] [stderr]    |            ^^^^^^^^^^^^^^^^^^^^^^^^^^^^^^^^^^
[INFO] [stderr] ...
[INFO] [stderr] 91 | repository = "https://github.com/uky007/rnicro"
[INFO] [stderr]    |              ----------------------------------
[INFO] [stderr]    |
[INFO] [stderr]    = note: `cargo::redundant_homepage` is set to `warn` by default
[INFO] [stderr] help: consider removing `package.homepage`
[INFO] [stderr] warning: `rnicro` (manifest) generated 1 warning
[INFO] [stderr]    Compiling unicode-ident v1.0.23
[INFO] [stderr]    Compiling quote v1.0.44
[INFO] [stderr]    Compiling glob v0.3.3
[INFO] [stderr]    Compiling libc v0.2.181
[INFO] [stderr]    Compiling prettyplease v0.2.37
[INFO] [stderr]    Compiling cfg-if v1.0.4
[INFO] [stderr]    Compiling memchr v2.8.0
[INFO] [stderr]    Compiling regex-syntax v0.8.10
[INFO] [stderr]    Compiling bindgen v0.71.1
[INFO] [stderr]    Compiling cc v1.2.58
[INFO] [stderr]    Compiling rustc-hash v2.1.2
[INFO] [stderr]    Compiling bitflags v2.10.0
[INFO] [stderr]    Compiling log v0.4.29
[INFO] [stderr]    Compiling simd-adler32 v0.3.8
[INFO] [stderr]    Compiling cfg_aliases v0.1.1
[INFO] [stderr]    Compiling libloading v0.8.9
[INFO] [stderr]    Compiling zmij v1.0.20
[INFO] [stderr]    Compiling proc-macro2 v1.0.106
[INFO] [stderr]    Compiling rustix v1.1.3
[INFO] [stderr]    Compiling pkg-config v0.3.32
[INFO] [stderr]    Compiling miniz_oxide v0.8.9
[INFO] [stderr]    Compiling nix v0.28.0
[INFO] [stderr]    Compiling anstyle v1.0.13
[INFO] [stderr]    Compiling linux-raw-sys v0.11.0
[INFO] [stderr]    Compiling cpp_demangle v0.4.5
[INFO] [stderr]    Compiling clang-sys v1.8.1
[INFO] [stderr]    Compiling object v0.36.7
[INFO] [stderr]    Compiling nom v7.1.3
[INFO] [stderr]    Compiling serde_json v1.0.149
[INFO] [stderr]    Compiling anstream v0.6.21
[INFO] [stderr]    Compiling indexmap v2.13.0
[INFO] [stderr]    Compiling nix v0.29.0
[INFO] [stderr]    Compiling nibble_vec v0.1.0
[INFO] [stderr]    Compiling stable_deref_trait v1.2.1
[INFO] [stderr]    Compiling anyhow v1.0.101
[INFO] [stderr]    Compiling itoa v1.0.17
[INFO] [stderr]    Compiling clap_builder v4.5.57
[INFO] [stderr]    Compiling radix_trie v0.2.1
[INFO] [stderr]    Compiling typed-arena v2.0.2
[INFO] [stderr]    Compiling unicode-width v0.1.14
[INFO] [stderr]    Compiling syn v2.0.114
[INFO] [stderr]    Compiling flate2 v1.1.9
[INFO] [stderr]    Compiling rustc-demangle v0.1.27
[INFO] [stderr]    Compiling cmake v0.1.58
[INFO] [stderr]    Compiling home v0.5.12
[INFO] [stderr]    Compiling regex-automata v0.4.14
[INFO] [stderr]    Compiling plain v0.2.3
[INFO] [stderr]    Compiling gimli v0.31.1
[INFO] [stderr]    Compiling colored v2.2.0
[INFO] [stderr]    Compiling cexpr v0.6.0
[INFO] [stderr]    Compiling iced-x86 v1.21.0
[INFO] [stderr]    Compiling memmap2 v0.9.9
[INFO] [stderr]    Compiling fd-lock v4.0.4
[INFO] [stderr]    Compiling regex v1.12.3
[INFO] [stderr]    Compiling rustyline v14.0.0
[INFO] [stderr]    Compiling scroll_derive v0.12.1
[INFO] [stderr]    Compiling serde_derive v1.0.228
[INFO] [stderr]    Compiling thiserror-impl v1.0.69
[INFO] [stderr]    Compiling thiserror-impl v2.0.18
[INFO] [stderr]    Compiling clap_derive v4.5.55
[INFO] [stderr]    Compiling scroll v0.12.0
[INFO] [stderr]    Compiling goblin v0.9.3
[INFO] [stderr]    Compiling thiserror v2.0.18
[INFO] [stderr]    Compiling thiserror v1.0.69
[INFO] [stderr]    Compiling clap v4.5.57
[INFO] [stderr]    Compiling addr2line v0.24.2
[INFO] [stderr]    Compiling serde v1.0.228
[INFO] [stderr]    Compiling dap v0.4.1-alpha1
[INFO] [stderr]    Compiling unicorn-engine-sys v2.1.5
[INFO] [stderr] error: failed to run custom build command for `unicorn-engine-sys v2.1.5`
[INFO] [stderr] note: To improve backtraces for build dependencies, set the CARGO_PROFILE_RELEASE_BUILD_OVERRIDE_DEBUG=true environment variable to enable debug information generation.
[INFO] [stderr] 
[INFO] [stderr] Caused by:
[INFO] [stderr]   process didn't exit successfully: `/opt/rustwide/target/release/build/unicorn-engine-sys/526d4ba720b08844/out/build_script_build` (exit status: 101)
[INFO] [stderr]   --- stdout
[INFO] [stderr]   cargo:rerun-if-changed=/opt/rustwide/cargo-home/registry/uc.c
[INFO] [stderr]   cargo:rerun-if-changed=/opt/rustwide/cargo-home/registry/list.c
[INFO] [stderr]   cargo:rerun-if-env-changed=UNICORN_NO_PKG_CONFIG
[INFO] [stderr]   cargo:rerun-if-env-changed=PKG_CONFIG_x86_64-unknown-linux-gnu
[INFO] [stderr]   cargo:rerun-if-env-changed=PKG_CONFIG_x86_64_unknown_linux_gnu
[INFO] [stderr]   cargo:rerun-if-env-changed=HOST_PKG_CONFIG
[INFO] [stderr]   cargo:rerun-if-env-changed=PKG_CONFIG
[INFO] [stderr]   cargo:rerun-if-env-changed=UNICORN_STATIC
[INFO] [stderr]   cargo:rerun-if-env-changed=UNICORN_DYNAMIC
[INFO] [stderr]   cargo:rerun-if-env-changed=PKG_CONFIG_ALL_STATIC
[INFO] [stderr]   cargo:rerun-if-env-changed=PKG_CONFIG_ALL_DYNAMIC
[INFO] [stderr]   cargo:rerun-if-env-changed=PKG_CONFIG_PATH_x86_64-unknown-linux-gnu
[INFO] [stderr]   cargo:rerun-if-env-changed=PKG_CONFIG_PATH_x86_64_unknown_linux_gnu
[INFO] [stderr]   cargo:rerun-if-env-changed=HOST_PKG_CONFIG_PATH
[INFO] [stderr]   cargo:rerun-if-env-changed=PKG_CONFIG_PATH
[INFO] [stderr]   cargo:rerun-if-env-changed=PKG_CONFIG_LIBDIR_x86_64-unknown-linux-gnu
[INFO] [stderr]   cargo:rerun-if-env-changed=PKG_CONFIG_LIBDIR_x86_64_unknown_linux_gnu
[INFO] [stderr]   cargo:rerun-if-env-changed=HOST_PKG_CONFIG_LIBDIR
[INFO] [stderr]   cargo:rerun-if-env-changed=PKG_CONFIG_LIBDIR
[INFO] [stderr]   cargo:rerun-if-env-changed=PKG_CONFIG_SYSROOT_DIR_x86_64-unknown-linux-gnu
[INFO] [stderr]   cargo:rerun-if-env-changed=PKG_CONFIG_SYSROOT_DIR_x86_64_unknown_linux_gnu
[INFO] [stderr]   cargo:rerun-if-env-changed=HOST_PKG_CONFIG_SYSROOT_DIR
[INFO] [stderr]   cargo:rerun-if-env-changed=PKG_CONFIG_SYSROOT_DIR
[INFO] [stderr]   cargo:rerun-if-env-changed=CC_x86_64-unknown-linux-gnu
[INFO] [stderr]   CC_x86_64-unknown-linux-gnu = None
[INFO] [stderr]   cargo:rerun-if-env-changed=CC_x86_64_unknown_linux_gnu
[INFO] [stderr]   CC_x86_64_unknown_linux_gnu = None
[INFO] [stderr]   cargo:rerun-if-env-changed=HOST_CC
[INFO] [stderr]   HOST_CC = None
[INFO] [stderr]   cargo:rerun-if-env-changed=CC
[INFO] [stderr]   CC = None
[INFO] [stderr]   cargo:rerun-if-env-changed=CC_ENABLE_DEBUG_OUTPUT
[INFO] [stderr]   cargo:rerun-if-env-changed=CRATE_CC_NO_DEFAULTS
[INFO] [stderr]   CRATE_CC_NO_DEFAULTS = None
[INFO] [stderr]   cargo:rerun-if-env-changed=CFLAGS
[INFO] [stderr]   CFLAGS = None
[INFO] [stderr]   cargo:rerun-if-env-changed=HOST_CFLAGS
[INFO] [stderr]   HOST_CFLAGS = None
[INFO] [stderr]   cargo:rerun-if-env-changed=CFLAGS_x86_64_unknown_linux_gnu
[INFO] [stderr]   CFLAGS_x86_64_unknown_linux_gnu = None
[INFO] [stderr]   cargo:rerun-if-env-changed=CFLAGS_x86_64-unknown-linux-gnu
[INFO] [stderr]   CFLAGS_x86_64-unknown-linux-gnu = None
[INFO] [stderr]   CMAKE_TOOLCHAIN_FILE_x86_64-unknown-linux-gnu = None
[INFO] [stderr]   CMAKE_TOOLCHAIN_FILE_x86_64_unknown_linux_gnu = None
[INFO] [stderr]   HOST_CMAKE_TOOLCHAIN_FILE = None
[INFO] [stderr]   CMAKE_TOOLCHAIN_FILE = None
[INFO] [stderr]   1.13.2
[INFO] [stderr]   CMAKE_PREFIX_PATH_x86_64-unknown-linux-gnu = None
[INFO] [stderr]   CMAKE_PREFIX_PATH_x86_64_unknown_linux_gnu = None
[INFO] [stderr]   HOST_CMAKE_PREFIX_PATH = None
[INFO] [stderr]   CMAKE_PREFIX_PATH = None
[INFO] [stderr]   CMAKE_x86_64-unknown-linux-gnu = None
[INFO] [stderr]   CMAKE_x86_64_unknown_linux_gnu = None
[INFO] [stderr]   HOST_CMAKE = None
[INFO] [stderr]   CMAKE = None
[INFO] [stderr]   -- The C compiler identification is GNU 15.2.0
[INFO] [stderr]   -- Detecting C compiler ABI info
[INFO] [stderr]   -- Detecting C compiler ABI info - done
[INFO] [stderr]   -- Check for working C compiler: /usr/bin/cc - skipped
[INFO] [stderr]   -- Detecting C compile features
[INFO] [stderr]   -- Detecting C compile features - done
[INFO] [stderr]   Install prefix    /usr/local
[INFO] [stderr]   binary directory  /usr/local/bin
[INFO] [stderr]   library directory /usr/local/lib
[INFO] [stderr]   libexec directory /usr/local/libexec
[INFO] [stderr]   include directory /usr/local/include
[INFO] [stderr]   config directory  /usr/local/etc
[INFO] [stderr]   local state directory   /usr/local/var
[INFO] [stderr]   ELF interp prefix /usr/gnemul/qemu-%M
[INFO] [stderr]   Build directory   /opt/rustwide/target/release/build/unicorn-engine-sys/43c3d1fdf47d7980/out/build
[INFO] [stderr]   Source path       /opt/rustwide/cargo-home/registry/src/index.crates.io-1949cf8c6b5b557f/unicorn-engine-sys-2.1.5/qemu
[INFO] [stderr]   GIT binary        git
[INFO] [stderr]   GIT submodules    
[INFO] [stderr]   C compiler        /usr/bin/cc
[INFO] [stderr]   Host C compiler   cc
[INFO] [stderr]   C++ compiler      c++
[INFO] [stderr]   Objective-C compiler clang
[INFO] [stderr]   ARFLAGS           rv
[INFO] [stderr]   CFLAGS            -g 
[INFO] [stderr]   QEMU_CFLAGS       -fPIE -DPIE -m64 -mcx16 -D_GNU_SOURCE -D_FILE_OFFSET_BITS=64 -D_LARGEFILE_SOURCE -Wstrict-prototypes -Wredundant-decls -Wall -Wundef -Wwrite-strings -Wmissing-prototypes -fno-strict-aliasing -fno-common -fwrapv -std=gnu99  -DUNICORN_HAS_X86 -DUNICORN_HAS_ARM -DUNICORN_HAS_ARM64 -DUNICORN_HAS_M68K -DUNICORN_HAS_MIPS -DUNICORN_HAS_MIPSEL -DUNICORN_HAS_MIPS64 -DUNICORN_HAS_MIPS64EL -DUNICORN_HAS_SPARC -DUNICORN_HAS_PPC -DUNICORN_HAS_RISCV -DUNICORN_HAS_S390X -DUNICORN_HAS_TRICORE -fPIC -Wexpansion-to-defined -Wendif-labels -Wno-shift-negative-value -Wno-missing-include-dirs -Wempty-body -Wnested-externs -Wformat-security -Wformat-y2k -Winit-self -Wignored-qualifiers -Wold-style-declaration -Wold-style-definition -Wtype-limits -fstack-protector-strong
[INFO] [stderr]   QEMU_LDFLAGS      -Wl,--warn-common -Wl,-z,relro -Wl,-z,now -pie -m64  -DUNICORN_HAS_X86 -DUNICORN_HAS_ARM -DUNICORN_HAS_ARM64 -DUNICORN_HAS_M68K -DUNICORN_HAS_MIPS -DUNICORN_HAS_MIPSEL -DUNICORN_HAS_MIPS64 -DUNICORN_HAS_MIPS64EL -DUNICORN_HAS_SPARC -DUNICORN_HAS_PPC -DUNICORN_HAS_RISCV -DUNICORN_HAS_S390X -DUNICORN_HAS_TRICORE -fPIC -fstack-protector-strong
[INFO] [stderr]   make              make
[INFO] [stderr]   install           install
[INFO] [stderr]   host CPU          x86_64
[INFO] [stderr]   host big endian   no
[INFO] [stderr]   target list       x86_64-softmmu  arm-softmmu  aarch64-softmmu  m68k-softmmu  mips-softmmu  mipsel-softmmu  mips64-softmmu  mips64el-softmmu  sparc-softmmu  sparc64-softmmu  ppc-softmmu  ppc64-softmmu  riscv32-softmmu  riscv64-softmmu  s390x-softmmu  tricore-softmmu   
[INFO] [stderr]   strip binaries    yes
[INFO] [stderr]   static build      no
[INFO] [stderr]   mingw32 support   no
[INFO] [stderr]   PIE               yes
[INFO] [stderr]   TCG support       yes
[INFO] [stderr]   malloc trim support yes
[INFO] [stderr]   membarrier        no
[INFO] [stderr]   madvise           yes
[INFO] [stderr]   posix_madvise     yes
[INFO] [stderr]   posix_memalign    yes
[INFO] [stderr]   debug stack usage no
[INFO] [stderr]   tcmalloc support  no
[INFO] [stderr]   jemalloc support  no
[INFO] [stderr]   avx2 optimization yes
[INFO] [stderr]   avx512f optimization no
[INFO] [stderr]   -- Configuring done (8.2s)
[INFO] [stderr]   -- Generating done (0.2s)
[INFO] [stderr]   -- Build files have been written to: /opt/rustwide/target/release/build/unicorn-engine-sys/43c3d1fdf47d7980/out/build
[INFO] [stderr]   [1/608] Building C object CMakeFiles/unicorn-common.dir/glib_compat/gtestutils.c.o
[INFO] [stderr]   [2/608] Building C object CMakeFiles/unicorn-common.dir/glib_compat/gslice.c.o
[INFO] [stderr]   [3/608] Building C object CMakeFiles/unicorn-common.dir/qemu/util/cutils.c.o
[INFO] [stderr]   [4/608] Building C object CMakeFiles/unicorn-common.dir/glib_compat/glist.c.o
[INFO] [stderr]   [5/608] Building C object CMakeFiles/unicorn-common.dir/qemu/util/crc32c.c.o
[INFO] [stderr]   [6/608] Building C object CMakeFiles/unicorn-common.dir/qemu/util/osdep.c.o
[INFO] [stderr]   [7/608] Building C object CMakeFiles/unicorn-common.dir/qemu/util/getauxval.c.o
[INFO] [stderr]   [8/608] Building C object CMakeFiles/unicorn-common.dir/glib_compat/gtree.c.o
[INFO] [stderr]   [9/608] Building C object CMakeFiles/unicorn-common.dir/list.c.o
[INFO] [stderr]   [10/608] Building C object CMakeFiles/unicorn-common.dir/glib_compat/gmem.c.o
[INFO] [stderr]   [11/608] Building C object CMakeFiles/unicorn-common.dir/qemu/util/qemu-timer.c.o
[INFO] [stderr]   [12/608] Building C object CMakeFiles/unicorn-common.dir/qemu/util/bitmap.c.o
[INFO] [stderr]   [13/608] Building C object CMakeFiles/unicorn-common.dir/qemu/util/qemu-timer-common.c.o
[INFO] [stderr]   [14/608] Building C object CMakeFiles/unicorn-common.dir/qemu/util/oslib-posix.c.o
[INFO] [stderr]   [15/608] Building C object CMakeFiles/unicorn-common.dir/qemu/util/guest-random.c.o
[INFO] [stderr]   [16/608] Building C object CMakeFiles/unicorn-common.dir/qemu/util/host-utils.c.o
[INFO] [stderr]   [17/608] Building C object CMakeFiles/unicorn-common.dir/qemu/util/bitops.c.o
[INFO] [stderr]   [18/608] Building C object CMakeFiles/unicorn-common.dir/qemu/util/range.c.o
[INFO] [stderr]   [19/608] Building C object CMakeFiles/x86_64-softmmu.dir/qemu/softmmu/cpus.c.o
[INFO] [stderr]   [20/608] Building C object CMakeFiles/unicorn-common.dir/glib_compat/gpattern.c.o
[INFO] [stderr]   [21/608] Building C object CMakeFiles/unicorn-common.dir/qemu/util/pagesize.c.o
[INFO] [stderr]   [22/608] Building C object CMakeFiles/unicorn-common.dir/glib_compat/grand.c.o
[INFO] [stderr]   [23/608] Building C object CMakeFiles/unicorn-common.dir/qemu/crypto/aes.c.o
[INFO] [stderr]   [24/608] Building C object CMakeFiles/unicorn-common.dir/qemu/util/cacheinfo.c.o
[INFO] [stderr]   [25/608] Building C object CMakeFiles/unicorn-common.dir/qemu/util/qemu-thread-posix.c.o
[INFO] [stderr]   [26/608] Building C object CMakeFiles/x86_64-softmmu.dir/qemu/exec-vary.c.o
[INFO] [stderr]   [27/608] Building C object CMakeFiles/unicorn-common.dir/glib_compat/glib_compat.c.o
[INFO] [stderr]   [28/608] Building C object CMakeFiles/unicorn-common.dir/qemu/util/qdist.c.o
[INFO] [stderr]   [29/608] Building C object CMakeFiles/x86_64-softmmu.dir/qemu/accel/tcg/cpu-exec-common.c.o
[INFO] [stderr]   [30/608] Building C object CMakeFiles/x86_64-softmmu.dir/qemu/softmmu/ioport.c.o
[INFO] [stderr]   [31/608] Building C object CMakeFiles/x86_64-softmmu.dir/qemu/softmmu/memory_mapping.c.o
[INFO] [stderr]   [32/608] Building C object CMakeFiles/unicorn-common.dir/glib_compat/garray.c.o
[INFO] [stderr]   [33/608] Building C object CMakeFiles/x86_64-softmmu.dir/qemu/accel/tcg/tcg-all.c.o
[INFO] [stderr]   [34/608] Building C object CMakeFiles/unicorn-common.dir/qemu/util/qht.c.o
[INFO] [stderr]   [35/608] Building C object CMakeFiles/x86_64-softmmu.dir/qemu/accel/tcg/tcg-runtime.c.o
[INFO] [stderr]   [36/608] Building C object CMakeFiles/x86_64-softmmu.dir/qemu/accel/tcg/cpu-exec.c.o
[INFO] [stderr]   [37/608] Building C object CMakeFiles/x86_64-softmmu.dir/qemu/hw/i386/x86.c.o
[INFO] [stderr]   [38/608] Building C object CMakeFiles/x86_64-softmmu.dir/qemu/softmmu/unicorn_vtlb.c.o
[INFO] [stderr]   [39/608] Building C object CMakeFiles/x86_64-softmmu.dir/qemu/softmmu/memory.c.o
[INFO] [stderr]   [40/608] Building C object CMakeFiles/x86_64-softmmu.dir/qemu/target/i386/arch_memory_mapping.c.o
[INFO] [stderr]   [41/608] Building C object CMakeFiles/x86_64-softmmu.dir/qemu/tcg/tcg-op-vec.c.o
[INFO] [stderr]   [42/608] Building C object CMakeFiles/x86_64-softmmu.dir/qemu/accel/tcg/translator.c.o
[INFO] [stderr]   [43/608] Building C object CMakeFiles/x86_64-softmmu.dir/qemu/target/i386/bpt_helper.c.o
[INFO] [stderr]   [44/608] Building C object CMakeFiles/x86_64-softmmu.dir/qemu/target/i386/cpu.c.o
[INFO] [stderr]   [45/608] Building C object CMakeFiles/x86_64-softmmu.dir/qemu/target/i386/helper.c.o
[INFO] [stderr]   [46/608] Building C object CMakeFiles/x86_64-softmmu.dir/qemu/target/i386/machine.c.o
[INFO] [stderr]   [47/608] Building C object CMakeFiles/x86_64-softmmu.dir/qemu/target/i386/cc_helper.c.o
[INFO] [stderr]   [48/608] Building C object CMakeFiles/x86_64-softmmu.dir/qemu/target/i386/excp_helper.c.o
[INFO] [stderr]   [49/608] Building C object CMakeFiles/x86_64-softmmu.dir/qemu/target/i386/mem_helper.c.o
[INFO] [stderr]   [50/608] Building C object CMakeFiles/x86_64-softmmu.dir/qemu/accel/tcg/translate-all.c.o
[INFO] [stderr]   [51/608] Building C object CMakeFiles/x86_64-softmmu.dir/qemu/target/i386/int_helper.c.o
[INFO] [stderr]   [52/608] Building C object CMakeFiles/x86_64-softmmu.dir/qemu/target/i386/mpx_helper.c.o
[INFO] [stderr]   [53/608] Building C object CMakeFiles/x86_64-softmmu.dir/qemu/target/i386/misc_helper.c.o
[INFO] [stderr]   [54/608] Building C object CMakeFiles/x86_64-softmmu.dir/qemu/exec.c.o
[INFO] [stderr]   [55/608] Building C object CMakeFiles/x86_64-softmmu.dir/qemu/target/i386/smm_helper.c.o
[INFO] [stderr]   [56/608] Building C object CMakeFiles/arm-softmmu.dir/qemu/exec-vary.c.o
[INFO] [stderr]   [57/608] Building C object CMakeFiles/x86_64-softmmu.dir/qemu/target/i386/xsave_helper.c.o
[INFO] [stderr]   [58/608] Building C object CMakeFiles/arm-softmmu.dir/qemu/softmmu/cpus.c.o
[INFO] [stderr]   [59/608] Building C object CMakeFiles/x86_64-softmmu.dir/qemu/target/i386/svm_helper.c.o
[INFO] [stderr]   [60/608] Building C object CMakeFiles/arm-softmmu.dir/qemu/softmmu/ioport.c.o
[INFO] [stderr]   [61/608] Building C object CMakeFiles/arm-softmmu.dir/qemu/softmmu/memory_mapping.c.o
[INFO] [stderr]   [62/608] Building C object CMakeFiles/x86_64-softmmu.dir/qemu/tcg/optimize.c.o
[INFO] [stderr]   [63/608] Building C object CMakeFiles/x86_64-softmmu.dir/qemu/target/i386/unicorn.c.o
[INFO] [stderr]   [64/608] Building C object CMakeFiles/arm-softmmu.dir/qemu/softmmu/memory.c.o
[INFO] [stderr]   [65/608] Building C object CMakeFiles/arm-softmmu.dir/qemu/exec.c.o
[INFO] [stderr]   [66/608] Building C object CMakeFiles/arm-softmmu.dir/qemu/tcg/optimize.c.o
[INFO] [stderr]   [67/608] Building C object CMakeFiles/x86_64-softmmu.dir/qemu/tcg/tcg-op.c.o
[INFO] [stderr]   [68/608] Building C object CMakeFiles/arm-softmmu.dir/qemu/tcg/tcg-op-vec.c.o
[INFO] [stderr]   [69/608] Building C object CMakeFiles/x86_64-softmmu.dir/qemu/tcg/tcg.c.o
[INFO] [stderr]   [70/608] Building C object CMakeFiles/x86_64-softmmu.dir/qemu/accel/tcg/cputlb.c.o
[INFO] [stderr]   [71/608] Building C object CMakeFiles/arm-softmmu.dir/qemu/accel/tcg/cpu-exec.c.o
[INFO] [stderr]   [72/608] Building C object CMakeFiles/arm-softmmu.dir/qemu/accel/tcg/cpu-exec-common.c.o
[INFO] [stderr]   [73/608] Building C object CMakeFiles/arm-softmmu.dir/qemu/accel/tcg/tcg-all.c.o
[INFO] [stderr]   [74/608] Building C object CMakeFiles/x86_64-softmmu.dir/qemu/accel/tcg/tcg-runtime-gvec.c.o
[INFO] [stderr]   [75/608] Building C object CMakeFiles/arm-softmmu.dir/qemu/softmmu/unicorn_vtlb.c.o
[INFO] [stderr]   [76/608] Building C object CMakeFiles/arm-softmmu.dir/qemu/accel/tcg/tcg-runtime.c.o
[INFO] [stderr]   [77/608] Building C object CMakeFiles/x86_64-softmmu.dir/qemu/target/i386/seg_helper.c.o
[INFO] [stderr]   [78/608] Building C object CMakeFiles/arm-softmmu.dir/qemu/accel/tcg/translator.c.o
[INFO] [stderr]   [79/608] Building C object CMakeFiles/x86_64-softmmu.dir/qemu/tcg/tcg-op-gvec.c.o
[INFO] [stderr]   [80/608] Building C object CMakeFiles/arm-softmmu.dir/qemu/target/arm/crypto_helper.c.o
[INFO] [stderr]   [81/608] Building C object CMakeFiles/arm-softmmu.dir/qemu/target/arm/cpu.c.o
[INFO] [stderr]   [82/608] Building C object CMakeFiles/arm-softmmu.dir/qemu/accel/tcg/translate-all.c.o
[INFO] [stderr]   [83/608] Building C object CMakeFiles/arm-softmmu.dir/qemu/target/arm/debug_helper.c.o
[INFO] [stderr]   [84/608] Building C object CMakeFiles/arm-softmmu.dir/qemu/target/arm/psci.c.o
[INFO] [stderr]   [85/608] Building C object CMakeFiles/x86_64-softmmu.dir/qemu/target/i386/fpu_helper.c.o
[INFO] [stderr]   [86/608] Building C object CMakeFiles/arm-softmmu.dir/qemu/target/arm/tlb_helper.c.o
[INFO] [stderr]   [87/608] Building C object CMakeFiles/arm-softmmu.dir/qemu/target/arm/m_helper.c.o
[INFO] [stderr]   [88/608] Building C object CMakeFiles/arm-softmmu.dir/qemu/target/arm/op_helper.c.o
[INFO] [stderr]   [89/608] Building C object CMakeFiles/arm-softmmu.dir/qemu/tcg/tcg-op.c.o
[INFO] [stderr]   [90/608] Building C object CMakeFiles/arm-softmmu.dir/qemu/target/arm/neon_helper.c.o
[INFO] [stderr]   [91/608] Building C object CMakeFiles/arm-softmmu.dir/qemu/target/arm/unicorn_arm.c.o
[INFO] [stderr]   [92/608] Building C object CMakeFiles/aarch64-softmmu.dir/qemu/exec-vary.c.o
[INFO] [stderr]   [93/608] Building C object CMakeFiles/arm-softmmu.dir/qemu/target/arm/iwmmxt_helper.c.o
[INFO] [stderr]   [94/608] Building C object CMakeFiles/aarch64-softmmu.dir/qemu/softmmu/cpus.c.o
[INFO] [stderr]   [95/608] Building C object CMakeFiles/aarch64-softmmu.dir/qemu/softmmu/ioport.c.o
[INFO] [stderr]   [96/608] Building C object CMakeFiles/arm-softmmu.dir/qemu/target/arm/vfp_helper.c.o
[INFO] [stderr]   [97/608] Building C object CMakeFiles/aarch64-softmmu.dir/qemu/softmmu/memory_mapping.c.o
[INFO] [stderr]   [98/608] Building C object CMakeFiles/arm-softmmu.dir/qemu/tcg/tcg.c.o
[INFO] [stderr]   [99/608] Building C object CMakeFiles/arm-softmmu.dir/qemu/tcg/tcg-op-gvec.c.o
[INFO] [stderr]   [100/608] Building C object CMakeFiles/aarch64-softmmu.dir/qemu/softmmu/memory.c.o
[INFO] [stderr]   [101/608] Building C object CMakeFiles/arm-softmmu.dir/qemu/accel/tcg/cputlb.c.o
[INFO] [stderr]   [102/608] Building C object CMakeFiles/aarch64-softmmu.dir/qemu/exec.c.o
[INFO] [stderr]   [103/608] Building C object CMakeFiles/aarch64-softmmu.dir/qemu/accel/tcg/cpu-exec.c.o
[INFO] [stderr]   [104/608] Building C object CMakeFiles/aarch64-softmmu.dir/qemu/accel/tcg/cpu-exec-common.c.o
[INFO] [stderr]   [105/608] Building C object CMakeFiles/aarch64-softmmu.dir/qemu/accel/tcg/tcg-all.c.o
[INFO] [stderr]   [106/608] Building C object CMakeFiles/x86_64-softmmu.dir/qemu/target/i386/translate.c.o
[INFO] [stderr]   FAILED: [code=1] CMakeFiles/x86_64-softmmu.dir/qemu/target/i386/translate.c.o 
[INFO] [stderr]   /usr/bin/cc  -I/opt/rustwide/target/release/build/unicorn-engine-sys/43c3d1fdf47d7980/out/build -I/opt/rustwide/cargo-home/registry/src/index.crates.io-1949cf8c6b5b557f/unicorn-engine-sys-2.1.5/glib_compat -I/opt/rustwide/cargo-home/registry/src/index.crates.io-1949cf8c6b5b557f/unicorn-engine-sys-2.1.5/qemu -I/opt/rustwide/cargo-home/registry/src/index.crates.io-1949cf8c6b5b557f/unicorn-engine-sys-2.1.5/qemu/include -I/opt/rustwide/cargo-home/registry/src/index.crates.io-1949cf8c6b5b557f/unicorn-engine-sys-2.1.5/include -I/opt/rustwide/cargo-home/registry/src/index.crates.io-1949cf8c6b5b557f/unicorn-engine-sys-2.1.5/qemu/tcg -ffunction-sections -fdata-sections -fPIC -m64 -w -O3 -DNDEBUG -std=gnu11 -m64 -mcx16 -I/opt/rustwide/cargo-home/registry/src/index.crates.io-1949cf8c6b5b557f/unicorn-engine-sys-2.1.5/qemu/tcg/i386 -D_GNU_SOURCE -D_FILE_OFFSET_BITS=64 -D_LARGEFILE_SOURCE -Wall -fPIC -DNEED_CPU_H -include x86_64.h -I/opt/rustwide/target/release/build/unicorn-engine-sys/43c3d1fdf47d7980/out/build/x86_64-softmmu -I/opt/rustwide/cargo-home/registry/src/index.crates.io-1949cf8c6b5b557f/unicorn-engine-sys-2.1.5/qemu/target/i386 -MD -MT CMakeFiles/x86_64-softmmu.dir/qemu/target/i386/translate.c.o -MF CMakeFiles/x86_64-softmmu.dir/qemu/target/i386/translate.c.o.d -o CMakeFiles/x86_64-softmmu.dir/qemu/target/i386/translate.c.o -c /opt/rustwide/cargo-home/registry/src/index.crates.io-1949cf8c6b5b557f/unicorn-engine-sys-2.1.5/qemu/target/i386/translate.c
[INFO] [stderr]   cc: fatal error: Killed signal terminated program cc1
[INFO] [stderr]   compilation terminated.
[INFO] [stderr]   [107/608] Building C object CMakeFiles/arm-softmmu.dir/qemu/target/arm/vec_helper.c.o
[INFO] [stderr]   [108/608] Building C object CMakeFiles/aarch64-softmmu.dir/qemu/accel/tcg/tcg-runtime.c.o
[INFO] [stderr]   [109/608] Building C object CMakeFiles/aarch64-softmmu.dir/qemu/tcg/tcg-op-vec.c.o
[INFO] [stderr]   [110/608] Building C object CMakeFiles/aarch64-softmmu.dir/qemu/tcg/optimize.c.o
[INFO] [stderr]   [111/608] Building C object CMakeFiles/arm-softmmu.dir/qemu/fpu/softfloat.c.o
[INFO] [stderr]   [112/608] Building C object CMakeFiles/arm-softmmu.dir/qemu/accel/tcg/tcg-runtime-gvec.c.o
[INFO] [stderr]   [113/608] Building C object CMakeFiles/x86_64-softmmu.dir/qemu/fpu/softfloat.c.o
[INFO] [stderr]   [114/608] Building C object CMakeFiles/arm-softmmu.dir/qemu/target/arm/helper.c.o
[INFO] [stderr]   [115/608] Building C object CMakeFiles/aarch64-softmmu.dir/qemu/accel/tcg/cputlb.c.o
[INFO] [stderr]   [116/608] Building C object CMakeFiles/aarch64-softmmu.dir/qemu/tcg/tcg-op.c.o
[INFO] [stderr]   [117/608] Building C object CMakeFiles/aarch64-softmmu.dir/qemu/tcg/tcg.c.o
[INFO] [stderr]   [118/608] Building C object CMakeFiles/aarch64-softmmu.dir/qemu/tcg/tcg-op-gvec.c.o
[INFO] [stderr]   [119/608] Building C object CMakeFiles/aarch64-softmmu.dir/qemu/accel/tcg/tcg-runtime-gvec.c.o
[INFO] [stderr]   [120/608] Building C object CMakeFiles/aarch64-softmmu.dir/qemu/fpu/softfloat.c.o
[INFO] [stderr]   [121/608] Building C object CMakeFiles/arm-softmmu.dir/qemu/target/arm/translate.c.o
[INFO] [stderr]   ninja: build stopped: subcommand failed.
[INFO] [stderr] 
[INFO] [stderr]   --- stderr
[INFO] [stderr]   error: 'rustfmt' is not installed for the toolchain '1.100.0-beta.1-x86_64-unknown-linux-gnu'.
[INFO] [stderr]   help: run `rustup component add --toolchain 1.100.0-beta.1-x86_64-unknown-linux-gnu rustfmt` to install it
[INFO] [stderr]   Failed to run rustfmt: Internal rustfmt error (non-fatal, continuing)
[INFO] [stderr]   running: cd "/opt/rustwide/target/release/build/unicorn-engine-sys/43c3d1fdf47d7980/out/build" && CMAKE_PREFIX_PATH="" LC_ALL="C" "cmake" "/opt/rustwide/cargo-home/registry/src/index.crates.io-1949cf8c6b5b557f/unicorn-engine-sys-2.1.5" "-B" "/opt/rustwide/target/release/build/unicorn-engine-sys/43c3d1fdf47d7980/out/build" "-G" "Ninja" "-DUNICORN_BUILD_TESTS=OFF" "-DUNICORN_INSTALL=ON" "-DUNICORN_ARCH=x86;arm;aarch64;riscv;mips;sparc;m68k;ppc;s390x;tricore" "-DCMAKE_INSTALL_PREFIX=/opt/rustwide/target/release/build/unicorn-engine-sys/43c3d1fdf47d7980/out" "-DCMAKE_C_FLAGS= -ffunction-sections -fdata-sections -fPIC -m64 -w" "-DCMAKE_C_COMPILER=/usr/bin/cc" "-DCMAKE_CXX_FLAGS= -ffunction-sections -fdata-sections -fPIC -m64 -w" "-DCMAKE_CXX_COMPILER=/usr/bin/c++" "-DCMAKE_ASM_FLAGS= -ffunction-sections -fdata-sections -fPIC -m64 -w" "-DCMAKE_ASM_COMPILER=/usr/bin/cc" "-DCMAKE_BUILD_TYPE=Release"
[INFO] [stderr]   CMake Warning:
[INFO] [stderr]     Manually-specified variables were not used by the project:
[INFO] [stderr] 
[INFO] [stderr]       CMAKE_ASM_COMPILER
[INFO] [stderr]       CMAKE_ASM_FLAGS
[INFO] [stderr]       CMAKE_CXX_COMPILER
[INFO] [stderr]       CMAKE_CXX_FLAGS
[INFO] [stderr] 
[INFO] [stderr] 
[INFO] [stderr]   running: cd "/opt/rustwide/target/release/build/unicorn-engine-sys/43c3d1fdf47d7980/out/build" && LC_ALL="C" "cmake" "--build" "/opt/rustwide/target/release/build/unicorn-engine-sys/43c3d1fdf47d7980/out/build" "--target" "install" "--config" "Release" "--parallel" "16"
[INFO] [stderr] 
[INFO] [stderr]   thread 'main' (1504) panicked at /opt/rustwide/cargo-home/registry/src/index.crates.io-1949cf8c6b5b557f/cmake-0.1.58/src/lib.rs:1132:5:
[INFO] [stderr] 
[INFO] [stderr]   command did not execute successfully, got: exit status: 1
[INFO] [stderr] 
[INFO] [stderr]   build script failed, must exit now
[INFO] [stderr]   stack backtrace:
[INFO] [stderr]      0:     0x631b0759b3c1 - <<std[617be2ca0a6fd877]::sys::backtrace::BacktraceLock>::print::DisplayBacktrace as core[a373ad73a504971]::fmt::Display>::fmt
[INFO] [stderr]      1:     0x631b075b318a - core[a373ad73a504971]::fmt::write
[INFO] [stderr]      2:     0x631b075a154c - <std[617be2ca0a6fd877]::sys::stdio::unix::Stderr as core[a373ad73a504971]::io::write::Write>::write_fmt
[INFO] [stderr]      3:     0x631b07577fb6 - std[617be2ca0a6fd877]::panicking::default_hook::{closure#0}
[INFO] [stderr]      4:     0x631b075950c1 - std[617be2ca0a6fd877]::panicking::default_hook
[INFO] [stderr]      5:     0x631b075953eb - std[617be2ca0a6fd877]::panicking::panic_with_hook
[INFO] [stderr]      6:     0x631b07578062 - std[617be2ca0a6fd877]::panicking::panic_handler::{closure#0}
[INFO] [stderr]      7:     0x631b07570b89 - std[617be2ca0a6fd877]::sys::backtrace::__rust_end_short_backtrace::<std[617be2ca0a6fd877]::panicking::panic_handler::{closure#0}, !>
[INFO] [stderr]      8:     0x631b0757889d - __rustc[ea4f61d10b84890b]::rust_begin_unwind
[INFO] [stderr]      9:     0x631b075b39ac - core[a373ad73a504971]::panicking::panic_fmt
[INFO] [stderr]     10:     0x631b0702af57 - cmake[4f6c8871dc37356e]::fail
[INFO] [stderr]     11:     0x631b0702abe3 - cmake[4f6c8871dc37356e]::run
[INFO] [stderr]     12:     0x631b07030bb5 - <cmake[4f6c8871dc37356e]::Config>::build
[INFO] [stderr]     13:     0x631b06ffbd55 - build_script_build[7814384f6845289a]::build_with_cmake
[INFO] [stderr]     14:     0x631b06ffddc2 - build_script_build[7814384f6845289a]::main
[INFO] [stderr]     15:     0x631b070010c3 - <fn() as core[a373ad73a504971]::ops::function::FnOnce<()>>::call_once
[INFO] [stderr]     16:     0x631b06ff95ce - std[617be2ca0a6fd877]::sys::backtrace::__rust_begin_short_backtrace::<fn(), ()>
[INFO] [stderr]     17:     0x631b06ff9c89 - std[617be2ca0a6fd877]::rt::lang_start::<()>::{closure#0}
[INFO] [stderr]     18:     0x631b075943b8 - std[617be2ca0a6fd877]::rt::lang_start_internal
[INFO] [stderr]     19:     0x631b06ff8e91 - std[617be2ca0a6fd877]::rt::lang_start::<()>
[INFO] [stderr]     20:     0x631b07001375 - main
[INFO] [stderr]     21:     0x7dcf92cdf601 - <unknown>
[INFO] [stderr]     22:     0x7dcf92cdf718 - __libc_start_main
[INFO] [stderr]     23:     0x631b06ff6ee5 - _start
[INFO] [stderr]     24:                0x0 - <unknown>
[INFO] running `Command { std: "docker" "inspect" "33ea566b820ee6bf128f5a67d04b54c572750175cefa45dfec00ab3dfd7143a0", kill_on_drop: false }`
[INFO] running `Command { std: "docker" "rm" "-f" "33ea566b820ee6bf128f5a67d04b54c572750175cefa45dfec00ab3dfd7143a0", kill_on_drop: false }`
[INFO] [stdout] 33ea566b820ee6bf128f5a67d04b54c572750175cefa45dfec00ab3dfd7143a0
