[INFO] fetching crate rma-lsp 0.20.1...
[INFO] testing rma-lsp-0.20.1 against 1.100.0-beta.1+cargoflags=--release for beta-release-1.100-2
[INFO] extracting crate rma-lsp 0.20.1 into /workspace/builds/worker-2-tc2/source
[INFO] started tweaking crates.io crate rma-lsp 0.20.1
[INFO] finished tweaking crates.io crate rma-lsp 0.20.1
[INFO] tweaked toml for crates.io crate rma-lsp 0.20.1 written to /workspace/builds/worker-2-tc2/source/Cargo.toml
[INFO] validating manifest of crates.io crate rma-lsp 0.20.1 on toolchain 1.100.0-beta.1
[INFO] running `Command { std: CARGO_HOME="/workspace/cargo-home" RUSTUP_HOME="/workspace/rustup-home" "/workspace/cargo-home/bin/cargo" "+1.100.0-beta.1" "metadata" "--manifest-path" "Cargo.toml" "--no-deps", kill_on_drop: false }`
[INFO] crate crates.io crate rma-lsp 0.20.1 already has a lockfile, it will not be regenerated
[INFO] running `Command { std: CARGO_HOME="/workspace/cargo-home" RUSTUP_HOME="/workspace/rustup-home" "/workspace/cargo-home/bin/cargo" "+1.100.0-beta.1" "fetch" "--manifest-path" "Cargo.toml", kill_on_drop: false }`
[INFO] running `Command { std: "docker" "create" "-v" "/var/lib/crater-agent-workspace/builds/worker-2-tc2/source:/opt/rustwide/workdir:ro,Z" "-v" "/var/lib/crater-agent-workspace/builds/worker-2-tc2/target:/opt/rustwide/target:rw,Z" "-v" "/var/lib/crater-agent-workspace/cargo-home:/opt/rustwide/cargo-home:ro,Z" "-v" "/var/lib/crater-agent-workspace/rustup-home:/opt/rustwide/rustup-home:ro,Z" "-m" "1610612736" "--network" "none" "ghcr.io/rust-lang/crates-build-env/linux@sha256:77db811e55d90add9212f6832c23229e3de5f1c1f9905e8cb07319ea15df73ac" "sleep" "infinity", kill_on_drop: false }`
[INFO] [stdout] 1962b9a53ab2eb305c0bd5c4e133313f65e1874b1e60e92056bc541ce8ec59c2
[INFO] running `Command { std: "docker" "start" "1962b9a53ab2eb305c0bd5c4e133313f65e1874b1e60e92056bc541ce8ec59c2", kill_on_drop: false }`
[INFO] running `Command { std: "docker" "inspect" "1962b9a53ab2eb305c0bd5c4e133313f65e1874b1e60e92056bc541ce8ec59c2", kill_on_drop: false }`
[INFO] running `Command { std: "docker" "exec" "-e" "SOURCE_DIR=/opt/rustwide/workdir" "-e" "CARGO_HOME=/opt/rustwide/cargo-home" "-e" "RUSTUP_HOME=/opt/rustwide/rustup-home" "-e" "CARGO_TARGET_DIR=/opt/rustwide/target" "-w" "/opt/rustwide/workdir" "--user" "0:0" "1962b9a53ab2eb305c0bd5c4e133313f65e1874b1e60e92056bc541ce8ec59c2" "/opt/rustwide/cargo-home/bin/cargo" "+1.100.0-beta.1" "metadata" "--no-deps" "--format-version=1", kill_on_drop: false }`
[INFO] running `Command { std: "docker" "inspect" "1962b9a53ab2eb305c0bd5c4e133313f65e1874b1e60e92056bc541ce8ec59c2", kill_on_drop: false }`
[INFO] running `Command { std: "docker" "exec" "-e" "SOURCE_DIR=/opt/rustwide/workdir" "-e" "CARGO_HOME=/opt/rustwide/cargo-home" "-e" "RUSTUP_HOME=/opt/rustwide/rustup-home" "-e" "CARGO_TARGET_DIR=/opt/rustwide/target" "-e" "CARGO_INCREMENTAL=0" "-e" "RUST_BACKTRACE=full" "-e" "RUSTFLAGS=--cap-lints=warn" "-e" "RUSTDOCFLAGS=--cap-lints=warn" "-w" "/opt/rustwide/workdir" "--user" "0:0" "1962b9a53ab2eb305c0bd5c4e133313f65e1874b1e60e92056bc541ce8ec59c2" "/opt/rustwide/cargo-home/bin/cargo" "+1.100.0-beta.1" "build" "--frozen" "--message-format=json" "--release", kill_on_drop: false }`
[INFO] [stderr]    Compiling proc-macro2 v1.0.106
[INFO] [stderr]    Compiling libc v0.2.180
[INFO] [stderr]    Compiling smallvec v1.15.1
[INFO] [stderr]    Compiling tree-sitter-language v0.1.6
[INFO] [stderr]    Compiling aho-corasick v1.1.4
[INFO] [stderr]    Compiling gix-trace v0.1.17
[INFO] [stderr]    Compiling cc v1.2.55
[INFO] [stderr]    Compiling unicode-normalization v0.1.25
[INFO] [stderr]    Compiling zlib-rs v0.5.5
[INFO] [stderr]    Compiling hashbrown v0.16.1
[INFO] [stderr]    Compiling heapless v0.8.0
[INFO] [stderr]    Compiling hash32 v0.3.1
[INFO] [stderr]    Compiling winnow v0.7.14
[INFO] [stderr]    Compiling digest v0.10.7
[INFO] [stderr]    Compiling serde v1.0.228
[INFO] [stderr]    Compiling jiff v0.2.18
[INFO] [stderr]    Compiling zmij v1.0.18
[INFO] [stderr]    Compiling rustix v1.1.3
[INFO] [stderr]    Compiling getrandom v0.3.4
[INFO] [stderr]    Compiling http v1.4.0
[INFO] [stderr]    Compiling simd-adler32 v0.3.8
[INFO] [stderr]    Compiling unicode-bom v2.0.3
[INFO] [stderr]    Compiling serde_json v1.0.149
[INFO] [stderr]    Compiling sha1 v0.10.6
[INFO] [stderr]    Compiling quote v1.0.44
[INFO] [stderr]    Compiling syn v2.0.114
[INFO] [stderr]    Compiling gix-utils v0.3.1
[INFO] [stderr]    Compiling faster-hex v0.10.0
[INFO] [stderr]    Compiling sha1-checked v0.10.0
[INFO] [stderr]    Compiling miniz_oxide v0.8.9
[INFO] [stderr]    Compiling shell-words v1.1.1
[INFO] [stderr]    Compiling kstring v2.0.2
[INFO] [stderr]    Compiling compression-core v0.4.31
[INFO] [stderr]    Compiling indexmap v2.13.0
[INFO] [stderr]    Compiling ryu v1.0.22
[INFO] [stderr]    Compiling flate2 v1.1.8
[INFO] [stderr]    Compiling parking_lot_core v0.9.12
[INFO] [stderr]    Compiling memmap2 v0.9.9
[INFO] [stderr]    Compiling errno v0.3.14
[INFO] [stderr]    Compiling signal-hook-registry v1.4.8
[INFO] [stderr]    Compiling parking_lot v0.12.5
[INFO] [stderr]    Compiling mio v1.1.1
[INFO] [stderr]    Compiling socket2 v0.6.2
[INFO] [stderr]    Compiling regex-automata v0.4.13
[INFO] [stderr]    Compiling prodash v30.0.1
[INFO] [stderr]    Compiling ring v0.17.14
[INFO] [stderr]    Compiling http-body v1.0.1
[INFO] [stderr]    Compiling getrandom v0.2.17
[INFO] [stderr]    Compiling gix-sec v0.12.2
[INFO] [stderr]    Compiling compression-codecs v0.4.36
[INFO] [stderr]    Compiling http-body-util v0.1.3
[INFO] [stderr]    Compiling crossbeam-deque v0.8.6
[INFO] [stderr]    Compiling parking_lot_core v0.8.6
[INFO] [stderr]    Compiling iri-string v0.7.10
[INFO] [stderr]    Compiling zstd-sys v2.0.16+zstd.1.5.7
[INFO] [stderr]    Compiling filetime v0.2.27
[INFO] [stderr]    Compiling instant v0.1.13
[INFO] [stderr]    Compiling arrayvec v0.7.6
[INFO] [stderr]    Compiling rayon-core v1.13.0
[INFO] [stderr]    Compiling uluru v3.1.0
[INFO] [stderr]    Compiling clru v0.6.2
[INFO] [stderr]    Compiling tempfile v3.24.0
[INFO] [stderr]    Compiling parking_lot v0.11.2
[INFO] [stderr]    Compiling libz-rs-sys v0.5.5
[INFO] [stderr]    Compiling rayon v1.11.0
[INFO] [stderr]    Compiling arc-swap v1.8.0
[INFO] [stderr]    Compiling tree-sitter-bash v0.23.3
[INFO] [stderr]    Compiling tree-sitter-c v0.23.4
[INFO] [stderr]    Compiling tree-sitter v0.25.10
[INFO] [stderr]    Compiling tree-sitter-c-sharp v0.23.1
[INFO] [stderr]    Compiling tree-sitter-cpp v0.23.4
[INFO] [stderr]    Compiling tree-sitter-css v0.23.2
[INFO] [stderr]    Compiling tree-sitter-elixir v0.3.4
[INFO] [stderr]    Compiling tree-sitter-go v0.23.4
[INFO] [stderr]    Compiling tree-sitter-haskell v0.23.1
[INFO] [stderr]    Compiling tree-sitter-hcl v1.1.0
[INFO] [stderr]    Compiling tree-sitter-html v0.23.2
[INFO] [stderr]    Compiling tree-sitter-java v0.23.5
[INFO] [stderr]    Compiling tree-sitter-javascript v0.23.1
[INFO] [stderr]    Compiling tree-sitter-json v0.24.8
[INFO] [stderr]    Compiling tree-sitter-rust v0.24.0
[INFO] [stderr]    Compiling tree-sitter-kotlin-ng v1.1.0
[INFO] [stderr]    Compiling tree-sitter-solidity v1.2.13
[INFO] [stderr]    Compiling tree-sitter-swift v0.6.0
[INFO] [stderr]    Compiling tree-sitter-php v0.23.11
[INFO] [stderr]    Compiling tree-sitter-toml-ng v0.7.0
[INFO] [stderr]    Compiling tree-sitter-python v0.23.6
[INFO] [stderr]    Compiling tree-sitter-typescript v0.23.2
[INFO] [stderr]    Compiling tree-sitter-ruby v0.23.1
[INFO] [stderr]    Compiling tree-sitter-yaml v0.7.2
[INFO] [stderr]    Compiling bzip2-sys v0.1.13+1.0.8
[INFO] [stderr]    Compiling lzma-sys v0.1.20
[INFO] [stderr]    Compiling tree-sitter-lua v0.2.0
[INFO] [stderr]    Compiling tree-sitter-md v0.5.2
[INFO] [stderr]    Compiling tree-sitter-ocaml v0.23.2
[INFO] [stderr]    Compiling tree-sitter-scala v0.23.4
[INFO] [stderr]    Compiling fs2 v0.4.3
[INFO] [stderr]    Compiling io-close v0.3.7
[INFO] [stderr]    Compiling fxhash v0.2.1
[INFO] [stderr]    Compiling unsafe-libyaml v0.2.11
[INFO] [stderr]    Compiling camino v1.2.2
[INFO] [stderr]    Compiling sled v0.34.7
[INFO] [stderr]    Compiling deranged v0.5.5
[INFO] [stderr]    Compiling chrono v0.4.43
[INFO] [stderr] error: could not compile `syn` (lib)
[INFO] [stderr] 
[INFO] [stderr] Caused by:
[INFO] [stderr]   process didn't exit successfully: `/opt/rustwide/rustup-home/toolchains/1.100.0-beta.1-x86_64-unknown-linux-gnu/bin/rustc --crate-name syn --edition=2021 /opt/rustwide/cargo-home/registry/src/index.crates.io-1949cf8c6b5b557f/syn-2.0.114/src/lib.rs --error-format=json --json=diagnostic-rendered-ansi,artifacts,future-incompat,unused-externs-silent --crate-type lib --emit=dep-info,metadata,link -C embed-bitcode=no -C debug-assertions=off --cfg 'feature="clone-impls"' --cfg 'feature="default"' --cfg 'feature="derive"' --cfg 'feature="extra-traits"' --cfg 'feature="fold"' --cfg 'feature="full"' --cfg 'feature="parsing"' --cfg 'feature="printing"' --cfg 'feature="proc-macro"' --cfg 'feature="visit"' --cfg 'feature="visit-mut"' --check-cfg 'cfg(docsrs,test)' --check-cfg 'cfg(feature, values("clone-impls", "default", "derive", "extra-traits", "fold", "full", "parsing", "printing", "proc-macro", "test", "visit", "visit-mut"))' -C metadata=958aff788e9179f0 -C extra-filename=-e03f98a4c8b5c2c9 --out-dir /opt/rustwide/target/release/build/syn/e03f98a4c8b5c2c9/out -C strip=debuginfo -L dependency=/opt/rustwide/target/release/build/proc-macro2/a5cf236265928930/out -L dependency=/opt/rustwide/target/release/build/unicode-ident/c79326c9fe5e1db9/out --extern proc_macro2=/opt/rustwide/target/release/build/proc-macro2/a5cf236265928930/out/libproc_macro2-a5cf236265928930.rmeta --extern quote=/opt/rustwide/target/release/build/quote/724e17c52ff56868/out/libquote-724e17c52ff56868.rmeta --extern unicode_ident=/opt/rustwide/target/release/build/unicode-ident/c79326c9fe5e1db9/out/libunicode_ident-c79326c9fe5e1db9.rmeta --cap-lints allow --cap-lints=warn --force-warn=unused_crate_dependencies` (signal: 9, SIGKILL: kill)
[INFO] [stderr] warning: build failed, waiting for other jobs to finish...
[INFO] [stderr] error: could not compile `jiff` (lib)
[INFO] [stderr] 
[INFO] [stderr] Caused by:
[INFO] [stderr]   process didn't exit successfully: `/opt/rustwide/rustup-home/toolchains/1.100.0-beta.1-x86_64-unknown-linux-gnu/bin/rustc --crate-name jiff --edition=2021 /opt/rustwide/cargo-home/registry/src/index.crates.io-1949cf8c6b5b557f/jiff-0.2.18/src/lib.rs --error-format=json --json=diagnostic-rendered-ansi,artifacts,future-incompat,unused-externs-silent --crate-type lib --emit=dep-info,metadata,link -C opt-level=3 -C embed-bitcode=no --cfg 'feature="alloc"' --cfg 'feature="default"' --cfg 'feature="perf-inline"' --cfg 'feature="std"' --cfg 'feature="tz-fat"' --cfg 'feature="tz-system"' --cfg 'feature="tzdb-bundle-platform"' --cfg 'feature="tzdb-concatenated"' --cfg 'feature="tzdb-zoneinfo"' --check-cfg 'cfg(docsrs,test)' --check-cfg 'cfg(feature, values("alloc", "default", "js", "logging", "perf-inline", "serde", "static", "static-tz", "std", "tz-fat", "tz-system", "tzdb-bundle-always", "tzdb-bundle-platform", "tzdb-concatenated", "tzdb-zoneinfo"))' -C metadata=fa0b0a394f804073 -C extra-filename=-d54489925628fa1a --out-dir /opt/rustwide/target/release/build/jiff/d54489925628fa1a/out -C strip=debuginfo --cap-lints allow --cap-lints=warn --force-warn=unused_crate_dependencies` (signal: 9, SIGKILL: kill)
[INFO] [stderr] error: could not compile `regex-automata` (lib)
[INFO] [stderr] 
[INFO] [stderr] Caused by:
[INFO] [stderr]   process didn't exit successfully: `/opt/rustwide/rustup-home/toolchains/1.100.0-beta.1-x86_64-unknown-linux-gnu/bin/rustc --crate-name regex_automata --edition=2021 /opt/rustwide/cargo-home/registry/src/index.crates.io-1949cf8c6b5b557f/regex-automata-0.4.13/src/lib.rs --error-format=json --json=diagnostic-rendered-ansi,artifacts,future-incompat,unused-externs-silent --crate-type lib --emit=dep-info,metadata,link -C opt-level=3 -C embed-bitcode=no --cfg 'feature="alloc"' --cfg 'feature="dfa-build"' --cfg 'feature="dfa-onepass"' --cfg 'feature="dfa-search"' --cfg 'feature="hybrid"' --cfg 'feature="meta"' --cfg 'feature="nfa"' --cfg 'feature="nfa-backtrack"' --cfg 'feature="nfa-pikevm"' --cfg 'feature="nfa-thompson"' --cfg 'feature="perf"' --cfg 'feature="perf-inline"' --cfg 'feature="perf-literal"' --cfg 'feature="perf-literal-multisubstring"' --cfg 'feature="perf-literal-substring"' --cfg 'feature="std"' --cfg 'feature="syntax"' --cfg 'feature="unicode"' --cfg 'feature="unicode-age"' --cfg 'feature="unicode-bool"' --cfg 'feature="unicode-case"' --cfg 'feature="unicode-gencat"' --cfg 'feature="unicode-perl"' --cfg 'feature="unicode-script"' --cfg 'feature="unicode-segment"' --cfg 'feature="unicode-word-boundary"' --check-cfg 'cfg(docsrs,test)' --check-cfg 'cfg(feature, values("alloc", "default", "dfa", "dfa-build", "dfa-onepass", "dfa-search", "hybrid", "internal-instrument", "internal-instrument-pikevm", "logging", "meta", "nfa", "nfa-backtrack", "nfa-pikevm", "nfa-thompson", "perf", "perf-inline", "perf-literal", "perf-literal-multisubstring", "perf-literal-substring", "std", "syntax", "unicode", "unicode-age", "unicode-bool", "unicode-case", "unicode-gencat", "unicode-perl", "unicode-script", "unicode-segment", "unicode-word-boundary"))' -C metadata=bd0fe56b7db4d34c -C extra-filename=-60e4aef273c1fd21 --out-dir /opt/rustwide/target/release/build/regex-automata/60e4aef273c1fd21/out -C strip=debuginfo -L dependency=/opt/rustwide/target/release/build/memchr/f5475d219327462e/out --extern aho_corasick=/opt/rustwide/target/release/build/aho-corasick/6a93cb87537d151a/out/libaho_corasick-6a93cb87537d151a.rmeta --extern memchr=/opt/rustwide/target/release/build/memchr/f5475d219327462e/out/libmemchr-f5475d219327462e.rmeta --extern regex_syntax=/opt/rustwide/target/release/build/regex-syntax/3f2dd4f0badfd6e9/out/libregex_syntax-3f2dd4f0badfd6e9.rmeta --cap-lints allow --cap-lints=warn --force-warn=unused_crate_dependencies` (signal: 9, SIGKILL: kill)
[INFO] [stderr] error: could not compile `sled` (lib)
[INFO] [stderr] 
[INFO] [stderr] Caused by:
[INFO] [stderr]   process didn't exit successfully: `/opt/rustwide/rustup-home/toolchains/1.100.0-beta.1-x86_64-unknown-linux-gnu/bin/rustc --crate-name sled --edition=2018 /opt/rustwide/cargo-home/registry/src/index.crates.io-1949cf8c6b5b557f/sled-0.34.7/src/lib.rs --error-format=json --json=diagnostic-rendered-ansi,artifacts,future-incompat,unused-externs-silent --crate-type lib --emit=dep-info,metadata,link -C opt-level=3 -C embed-bitcode=no --cfg 'feature="default"' --cfg 'feature="no_metrics"' --check-cfg 'cfg(docsrs,test)' --check-cfg 'cfg(feature, values("backtrace", "color-backtrace", "compression", "default", "docs", "event_log", "failpoints", "io_uring", "lock_free_delays", "measure_allocs", "miri_optimizations", "mutex", "no_inline", "no_logs", "no_metrics", "pretty_backtrace", "rio", "testing", "zstd"))' -C metadata=8a9d29c4065d0163 -C extra-filename=-0fb48c55aa60bdb7 --out-dir /opt/rustwide/target/release/build/sled/0fb48c55aa60bdb7/out -C strip=debuginfo -L dependency=/opt/rustwide/target/release/build/byteorder/612182941aaee0f7/out -L dependency=/opt/rustwide/target/release/build/cfg-if/6d8dca19095bb388/out -L dependency=/opt/rustwide/target/release/build/crossbeam-utils/c35c21890820cf1a/out -L dependency=/opt/rustwide/target/release/build/instant/c69aba7c0fd421b5/out -L dependency=/opt/rustwide/target/release/build/libc/6e32314a1a8360bf/out -L dependency=/opt/rustwide/target/release/build/lock_api/0c6a3406bef68330/out -L dependency=/opt/rustwide/target/release/build/parking_lot_core/ccbb8b409ba742f3/out -L dependency=/opt/rustwide/target/release/build/scopeguard/5f9373ec660020b4/out -L dependency=/opt/rustwide/target/release/build/smallvec/b69103e2947882a3/out --extern crc32fast=/opt/rustwide/target/release/build/crc32fast/de10743154edaffb/out/libcrc32fast-de10743154edaffb.rmeta --extern crossbeam_epoch=/opt/rustwide/target/release/build/crossbeam-epoch/dc2aa68b91736bf1/out/libcrossbeam_epoch-dc2aa68b91736bf1.rmeta --extern crossbeam_utils=/opt/rustwide/target/release/build/crossbeam-utils/c35c21890820cf1a/out/libcrossbeam_utils-c35c21890820cf1a.rmeta --extern fs2=/opt/rustwide/target/release/build/fs2/08fe13d7acb43d83/out/libfs2-08fe13d7acb43d83.rmeta --extern fxhash=/opt/rustwide/target/release/build/fxhash/79ea38955f5d78ca/out/libfxhash-79ea38955f5d78ca.rmeta --extern libc=/opt/rustwide/target/release/build/libc/6e32314a1a8360bf/out/liblibc-6e32314a1a8360bf.rmeta --extern log=/opt/rustwide/target/release/build/log/9f5fd3dda547de7d/out/liblog-9f5fd3dda547de7d.rmeta --extern parking_lot=/opt/rustwide/target/release/build/parking_lot/77d4f33054eae091/out/libparking_lot-77d4f33054eae091.rmeta --cap-lints allow --cap-lints=warn --force-warn=unused_crate_dependencies` (signal: 9, SIGKILL: kill)
[INFO] [stderr] warning: tree-sitter-scala@0.23.4: cc: fatal error: Killed signal terminated program cc1
[INFO] [stderr] warning: tree-sitter-scala@0.23.4: compilation terminated.
[INFO] [stderr] warning: tree-sitter-scala@0.23.4: ToolExecError: command did not execute successfully (status code exit status: 1): LC_ALL="C" "cc" "-O3" "-ffunction-sections" "-fdata-sections" "-fPIC" "-m64" "-std=c11" "-I" "src" "-Wall" "-Wextra" "-Wno-unused" "-o" "/opt/rustwide/target/release/build/tree-sitter-scala/02e6f52f7b7650b2/out/ea708c7824d36062-parser.o" "-c" "src/parser.c"
[INFO] [stderr] error: failed to run custom build command for `tree-sitter-scala v0.23.4`
[INFO] [stderr] note: To improve backtraces for build dependencies, set the CARGO_PROFILE_RELEASE_BUILD_OVERRIDE_DEBUG=true environment variable to enable debug information generation.
[INFO] [stderr] 
[INFO] [stderr] Caused by:
[INFO] [stderr]   process didn't exit successfully: `/opt/rustwide/target/release/build/tree-sitter-scala/acd71e5c775732cc/out/build_script_build` (exit status: 1)
[INFO] [stderr]   --- stdout
[INFO] [stderr]   cargo:rerun-if-changed=src/parser.c
[INFO] [stderr]   cargo:rerun-if-changed=src/scanner.c
[INFO] [stderr]   OUT_DIR = Some(/opt/rustwide/target/release/build/tree-sitter-scala/02e6f52f7b7650b2/out)
[INFO] [stderr]   OPT_LEVEL = Some(3)
[INFO] [stderr]   TARGET = Some(x86_64-unknown-linux-gnu)
[INFO] [stderr]   CARGO_ENCODED_RUSTFLAGS = Some(--cap-lints=warn)
[INFO] [stderr]   HOST = Some(x86_64-unknown-linux-gnu)
[INFO] [stderr]   cargo:rerun-if-env-changed=CC_x86_64-unknown-linux-gnu
[INFO] [stderr]   CC_x86_64-unknown-linux-gnu = None
[INFO] [stderr]   cargo:rerun-if-env-changed=CC_x86_64_unknown_linux_gnu
[INFO] [stderr]   CC_x86_64_unknown_linux_gnu = None
[INFO] [stderr]   cargo:rerun-if-env-changed=HOST_CC
[INFO] [stderr]   HOST_CC = None
[INFO] [stderr]   cargo:rerun-if-env-changed=CC
[INFO] [stderr]   CC = None
[INFO] [stderr]   cargo:rerun-if-env-changed=CC_ENABLE_DEBUG_OUTPUT
[INFO] [stderr]   RUSTC_WRAPPER = None
[INFO] [stderr]   cargo:rerun-if-env-changed=CRATE_CC_NO_DEFAULTS
[INFO] [stderr]   CRATE_CC_NO_DEFAULTS = None
[INFO] [stderr]   DEBUG = Some(false)
[INFO] [stderr]   CARGO_CFG_TARGET_FEATURE = Some(fxsr,sse,sse2)
[INFO] [stderr]   cargo:rerun-if-env-changed=CFLAGS
[INFO] [stderr]   CFLAGS = None
[INFO] [stderr]   cargo:rerun-if-env-changed=HOST_CFLAGS
[INFO] [stderr]   HOST_CFLAGS = None
[INFO] [stderr]   cargo:rerun-if-env-changed=CFLAGS_x86_64_unknown_linux_gnu
[INFO] [stderr]   CFLAGS_x86_64_unknown_linux_gnu = None
[INFO] [stderr]   cargo:rerun-if-env-changed=CFLAGS_x86_64-unknown-linux-gnu
[INFO] [stderr]   CFLAGS_x86_64-unknown-linux-gnu = None
[INFO] [stderr]   OUT_DIR = Some(/opt/rustwide/target/release/build/tree-sitter-scala/02e6f52f7b7650b2/out)
[INFO] [stderr]   cargo:rerun-if-env-changed=CC_ENABLE_DEBUG_OUTPUT
[INFO] [stderr]   cargo:rerun-if-env-changed=CRATE_CC_NO_DEFAULTS
[INFO] [stderr]   CRATE_CC_NO_DEFAULTS = None
[INFO] [stderr]   TARGET = Some(x86_64-unknown-linux-gnu)
[INFO] [stderr]   CARGO_CFG_TARGET_FEATURE = Some(fxsr,sse,sse2)
[INFO] [stderr]   HOST = Some(x86_64-unknown-linux-gnu)
[INFO] [stderr]   cargo:rerun-if-env-changed=CFLAGS
[INFO] [stderr]   CFLAGS = None
[INFO] [stderr]   cargo:rerun-if-env-changed=HOST_CFLAGS
[INFO] [stderr]   HOST_CFLAGS = None
[INFO] [stderr]   cargo:rerun-if-env-changed=CFLAGS_x86_64_unknown_linux_gnu
[INFO] [stderr]   CFLAGS_x86_64_unknown_linux_gnu = None
[INFO] [stderr]   cargo:rerun-if-env-changed=CFLAGS_x86_64-unknown-linux-gnu
[INFO] [stderr]   CFLAGS_x86_64-unknown-linux-gnu = None
[INFO] [stderr]   cargo:warning=cc: fatal error: Killed signal terminated program cc1
[INFO] [stderr]   cargo:warning=compilation terminated.
[INFO] [stderr]   exit status: 0
[INFO] [stderr]   exit status: 1
[INFO] [stderr]   cargo:warning=ToolExecError: command did not execute successfully (status code exit status: 1): LC_ALL="C" "cc" "-O3" "-ffunction-sections" "-fdata-sections" "-fPIC" "-m64" "-std=c11" "-I" "src" "-Wall" "-Wextra" "-Wno-unused" "-o" "/opt/rustwide/target/release/build/tree-sitter-scala/02e6f52f7b7650b2/out/ea708c7824d36062-parser.o" "-c" "src/parser.c"
[INFO] [stderr] 
[INFO] [stderr]   --- stderr
[INFO] [stderr] 
[INFO] [stderr] 
[INFO] [stderr]   error occurred in cc-rs: command did not execute successfully (status code exit status: 1): LC_ALL="C" "cc" "-O3" "-ffunction-sections" "-fdata-sections" "-fPIC" "-m64" "-std=c11" "-I" "src" "-Wall" "-Wextra" "-Wno-unused" "-o" "/opt/rustwide/target/release/build/tree-sitter-scala/02e6f52f7b7650b2/out/ea708c7824d36062-parser.o" "-c" "src/parser.c"
[INFO] [stderr] 
[INFO] [stderr] 
[INFO] [stderr] warning: tree-sitter-ocaml@0.23.2: cc: fatal error: Killed signal terminated program cc1
[INFO] [stderr] warning: tree-sitter-ocaml@0.23.2: compilation terminated.
[INFO] [stderr] warning: tree-sitter-ocaml@0.23.2: ToolExecError: command did not execute successfully (status code exit status: 1): LC_ALL="C" "cc" "-O3" "-ffunction-sections" "-fdata-sections" "-fPIC" "-m64" "-std=c11" "-I" "./grammars/ocaml/src" "-Wall" "-Wextra" "-o" "/opt/rustwide/target/release/build/tree-sitter-ocaml/208d23e1c7a958ae/out/09f21494030ab430-parser.o" "-c" "./grammars/ocaml/src/parser.c"
[INFO] [stderr] error: failed to run custom build command for `tree-sitter-ocaml v0.23.2`
[INFO] [stderr] note: To improve backtraces for build dependencies, set the CARGO_PROFILE_RELEASE_BUILD_OVERRIDE_DEBUG=true environment variable to enable debug information generation.
[INFO] [stderr] 
[INFO] [stderr] Caused by:
[INFO] [stderr]   process didn't exit successfully: `/opt/rustwide/target/release/build/tree-sitter-ocaml/f5b4554b4d707569/out/build_script_build` (exit status: 1)
[INFO] [stderr]   --- stdout
[INFO] [stderr]   cargo:rerun-if-changed=./common
[INFO] [stderr]   cargo:rerun-if-changed=./grammars/ocaml/src/parser.c
[INFO] [stderr]   cargo:rerun-if-changed=./grammars/ocaml/src/scanner.c
[INFO] [stderr]   cargo:rerun-if-changed=./grammars/interface/src/parser.c
[INFO] [stderr]   cargo:rerun-if-changed=./grammars/interface/src/scanner.c
[INFO] [stderr]   cargo:rerun-if-changed=./grammars/type/src/parser.c
[INFO] [stderr]   cargo:rerun-if-changed=./grammars/type/src/scanner.c
[INFO] [stderr]   OUT_DIR = Some(/opt/rustwide/target/release/build/tree-sitter-ocaml/208d23e1c7a958ae/out)
[INFO] [stderr]   OPT_LEVEL = Some(3)
[INFO] [stderr]   TARGET = Some(x86_64-unknown-linux-gnu)
[INFO] [stderr]   CARGO_ENCODED_RUSTFLAGS = Some(--cap-lints=warn)
[INFO] [stderr]   HOST = Some(x86_64-unknown-linux-gnu)
[INFO] [stderr]   cargo:rerun-if-env-changed=CC_x86_64-unknown-linux-gnu
[INFO] [stderr]   CC_x86_64-unknown-linux-gnu = None
[INFO] [stderr]   cargo:rerun-if-env-changed=CC_x86_64_unknown_linux_gnu
[INFO] [stderr]   CC_x86_64_unknown_linux_gnu = None
[INFO] [stderr]   cargo:rerun-if-env-changed=HOST_CC
[INFO] [stderr]   HOST_CC = None
[INFO] [stderr]   cargo:rerun-if-env-changed=CC
[INFO] [stderr]   CC = None
[INFO] [stderr]   cargo:rerun-if-env-changed=CC_ENABLE_DEBUG_OUTPUT
[INFO] [stderr]   RUSTC_WRAPPER = None
[INFO] [stderr]   cargo:rerun-if-env-changed=CRATE_CC_NO_DEFAULTS
[INFO] [stderr]   CRATE_CC_NO_DEFAULTS = None
[INFO] [stderr]   DEBUG = Some(false)
[INFO] [stderr]   CARGO_CFG_TARGET_FEATURE = Some(fxsr,sse,sse2)
[INFO] [stderr]   cargo:rerun-if-env-changed=CFLAGS
[INFO] [stderr]   CFLAGS = None
[INFO] [stderr]   cargo:rerun-if-env-changed=HOST_CFLAGS
[INFO] [stderr]   HOST_CFLAGS = None
[INFO] [stderr]   cargo:rerun-if-env-changed=CFLAGS_x86_64_unknown_linux_gnu
[INFO] [stderr]   CFLAGS_x86_64_unknown_linux_gnu = None
[INFO] [stderr]   cargo:rerun-if-env-changed=CFLAGS_x86_64-unknown-linux-gnu
[INFO] [stderr]   CFLAGS_x86_64-unknown-linux-gnu = None
[INFO] [stderr]   cargo:warning=cc: fatal error: Killed signal terminated program cc1
[INFO] [stderr]   cargo:warning=compilation terminated.
[INFO] [stderr]   exit status: 0
[INFO] [stderr]   exit status: 0
[INFO] [stderr]   exit status: 0
[INFO] [stderr]   exit status: 1
[INFO] [stderr]   cargo:warning=ToolExecError: command did not execute successfully (status code exit status: 1): LC_ALL="C" "cc" "-O3" "-ffunction-sections" "-fdata-sections" "-fPIC" "-m64" "-std=c11" "-I" "./grammars/ocaml/src" "-Wall" "-Wextra" "-o" "/opt/rustwide/target/release/build/tree-sitter-ocaml/208d23e1c7a958ae/out/09f21494030ab430-parser.o" "-c" "./grammars/ocaml/src/parser.c"
[INFO] [stderr]   exit status: 0
[INFO] [stderr]   exit status: 0
[INFO] [stderr] 
[INFO] [stderr]   --- stderr
[INFO] [stderr] 
[INFO] [stderr] 
[INFO] [stderr]   error occurred in cc-rs: command did not execute successfully (status code exit status: 1): LC_ALL="C" "cc" "-O3" "-ffunction-sections" "-fdata-sections" "-fPIC" "-m64" "-std=c11" "-I" "./grammars/ocaml/src" "-Wall" "-Wextra" "-o" "/opt/rustwide/target/release/build/tree-sitter-ocaml/208d23e1c7a958ae/out/09f21494030ab430-parser.o" "-c" "./grammars/ocaml/src/parser.c"
[INFO] [stderr] 
[INFO] [stderr] 
[INFO] running `Command { std: "docker" "inspect" "1962b9a53ab2eb305c0bd5c4e133313f65e1874b1e60e92056bc541ce8ec59c2", kill_on_drop: false }`
[INFO] running `Command { std: "docker" "rm" "-f" "1962b9a53ab2eb305c0bd5c4e133313f65e1874b1e60e92056bc541ce8ec59c2", kill_on_drop: false }`
[INFO] [stdout] 1962b9a53ab2eb305c0bd5c4e133313f65e1874b1e60e92056bc541ce8ec59c2
