[INFO] fetching crate rm690b0-rs 0.1.3...
[INFO] testing rm690b0-rs-0.1.3 against 1.99.0-beta.8+cargoflags=--release for beta-release-1.100-2
[INFO] extracting crate rm690b0-rs 0.1.3 into /workspace/builds/worker-2-tc1/source
[INFO] removed /workspace/builds/worker-2-tc1/source/.cargo/config.toml
[INFO] removed /workspace/builds/worker-2-tc1/source/rust-toolchain.toml
[INFO] started tweaking crates.io crate rm690b0-rs 0.1.3
[INFO] removed 0 missing examples
[INFO] finished tweaking crates.io crate rm690b0-rs 0.1.3
[INFO] tweaked toml for crates.io crate rm690b0-rs 0.1.3 written to /workspace/builds/worker-2-tc1/source/Cargo.toml
[INFO] validating manifest of crates.io crate rm690b0-rs 0.1.3 on toolchain 1.99.0-beta.8
[INFO] running `Command { std: CARGO_HOME="/workspace/cargo-home" RUSTUP_HOME="/workspace/rustup-home" "/workspace/cargo-home/bin/cargo" "+1.99.0-beta.8" "metadata" "--manifest-path" "Cargo.toml" "--no-deps", kill_on_drop: false }`
[INFO] crate crates.io crate rm690b0-rs 0.1.3 already has a lockfile, it will not be regenerated
[INFO] running `Command { std: CARGO_HOME="/workspace/cargo-home" RUSTUP_HOME="/workspace/rustup-home" "/workspace/cargo-home/bin/cargo" "+1.99.0-beta.8" "fetch" "--manifest-path" "Cargo.toml", kill_on_drop: false }`
[INFO] [stderr]     Updating crates.io index
[INFO] [stderr]  Downloading crates ...
[INFO] [stderr]   Downloaded esp-println v0.17.0
[INFO] [stderr]   Downloaded xtensa-lx v0.13.0
[INFO] [stderr]   Downloaded riscv-pac v0.2.0
[INFO] [stderr]   Downloaded esp-sync v0.2.1
[INFO] [stderr]   Downloaded riscv v0.15.0
[INFO] [stderr]   Downloaded xtensa-lx-rt-proc-macros v0.5.0
[INFO] [stderr]   Downloaded embedded-io-async v0.7.0
[INFO] [stderr]   Downloaded riscv-macros v0.3.0
[INFO] [stderr]   Downloaded embedded-io v0.7.1
[INFO] [stderr]   Downloaded esp-synopsys-usb-otg v0.4.2
[INFO] [stderr]   Downloaded embassy-sync v0.6.2
[INFO] [stderr]   Downloaded ral-registers v0.1.3
[INFO] [stderr]   Downloaded ufmt-write v0.1.0
[INFO] [stderr]   Downloaded gcd v2.3.0
[INFO] [stderr]   Downloaded vcell v0.1.3
[INFO] [stderr]   Downloaded darling_macro v0.21.2
[INFO] [stderr]   Downloaded embedded-can v0.4.1
[INFO] [stderr]   Downloaded embassy-usb-driver v0.2.0
[INFO] [stderr]   Downloaded embedded-storage-async v0.4.1
[INFO] [stderr]   Downloaded embedded-storage v0.3.1
[INFO] [stderr]   Downloaded bitfield-macros v0.19.1
[INFO] [stderr]   Downloaded svgbobdoc v0.3.0
[INFO] [stderr]   Downloaded const-default v1.0.0
[INFO] [stderr]   Downloaded riscv-rt-macros v0.6.1
[INFO] [stderr]   Downloaded riscv-target-parser v0.1.3
[INFO] [stderr]   Downloaded esp-riscv-rt v0.14.0
[INFO] [stderr]   Downloaded esp-backtrace v0.19.0
[INFO] [stderr]   Downloaded embassy-embedded-hal v0.6.0
[INFO] [stderr]   Downloaded linked_list_allocator v0.10.5
[INFO] [stderr]   Downloaded enumset v1.1.9
[INFO] [stderr]   Downloaded enumset_derive v0.13.1
[INFO] [stderr]   Downloaded bitfield v0.19.1
[INFO] [stderr]   Downloaded esp-alloc v0.10.0
[INFO] [stderr]   Downloaded riscv-rt v0.16.0
[INFO] [stderr]   Downloaded somni-expr v0.2.0
[INFO] [stderr]   Downloaded somni-parser v0.2.2
[INFO] [stderr]   Downloaded embassy-usb-synopsys-otg v0.3.1
[INFO] [stderr]   Downloaded embassy-hal-internal v0.4.0
[INFO] [stderr]   Downloaded delegate v0.13.4
[INFO] [stderr]   Downloaded embedded-graphics-core v0.4.0
[INFO] [stderr]   Downloaded az v1.2.1
[INFO] [stderr]   Downloaded xtensa-lx-rt v0.22.0
[INFO] [stderr]   Downloaded fugit v0.3.7
[INFO] [stderr]   Downloaded usb-device v0.3.2
[INFO] [stderr]   Downloaded esp-hal-procmacros v0.22.0
[INFO] [stderr]   Downloaded esp-config v0.7.0
[INFO] [stderr]   Downloaded darling v0.21.2
[INFO] [stderr]   Downloaded esp-bootloader-esp-idf v0.5.0
[INFO] [stderr]   Downloaded semihosting v0.1.20
[INFO] [stderr]   Downloaded rlsf v0.2.1
[INFO] [stderr]   Downloaded embassy-sync v0.8.0
[INFO] [stderr]   Downloaded embassy-sync v0.7.2
[INFO] [stderr]   Downloaded darling_core v0.21.2
[INFO] [stderr]   Downloaded allocator-api2 v0.3.0
[INFO] [stderr]   Downloaded esp32c2 v0.29.2
[INFO] [stderr]   Downloaded heapless v0.9.2
[INFO] [stderr]   Downloaded esp-rom-sys v0.1.4
[INFO] [stderr]   Downloaded micromath v2.1.0
[INFO] [stderr]   Downloaded esp-metadata-generated v0.4.0
[INFO] [stderr]   Downloaded esp32c3 v0.32.2
[INFO] [stderr]   Downloaded esp32 v0.40.2
[INFO] [stderr]   Downloaded esp32s2 v0.31.2
[INFO] [stderr]   Downloaded esp32h2 v0.19.2
[INFO] [stderr]   Downloaded esp32s3 v0.35.2
[INFO] [stderr]   Downloaded esp-hal v1.1.1
[INFO] [stderr]   Downloaded esp32c6 v0.23.2
[INFO] [stderr]   Downloaded embedded-graphics v0.8.1
[INFO] running `Command { std: "docker" "create" "-v" "/var/lib/crater-agent-workspace/builds/worker-2-tc1/source:/opt/rustwide/workdir:ro,Z" "-v" "/var/lib/crater-agent-workspace/builds/worker-2-tc1/target:/opt/rustwide/target:rw,Z" "-v" "/var/lib/crater-agent-workspace/cargo-home:/opt/rustwide/cargo-home:ro,Z" "-v" "/var/lib/crater-agent-workspace/rustup-home:/opt/rustwide/rustup-home:ro,Z" "-m" "1610612736" "--network" "none" "ghcr.io/rust-lang/crates-build-env/linux@sha256:77db811e55d90add9212f6832c23229e3de5f1c1f9905e8cb07319ea15df73ac" "sleep" "infinity", kill_on_drop: false }`
[INFO] [stdout] 4aea6b94007e76e3019af82d38be3ccf465b7d647584e1e3ea20a255a8151838
[INFO] running `Command { std: "docker" "start" "4aea6b94007e76e3019af82d38be3ccf465b7d647584e1e3ea20a255a8151838", kill_on_drop: false }`
[INFO] running `Command { std: "docker" "inspect" "4aea6b94007e76e3019af82d38be3ccf465b7d647584e1e3ea20a255a8151838", kill_on_drop: false }`
[INFO] running `Command { std: "docker" "exec" "-e" "SOURCE_DIR=/opt/rustwide/workdir" "-e" "CARGO_HOME=/opt/rustwide/cargo-home" "-e" "RUSTUP_HOME=/opt/rustwide/rustup-home" "-e" "CARGO_TARGET_DIR=/opt/rustwide/target" "-w" "/opt/rustwide/workdir" "--user" "0:0" "4aea6b94007e76e3019af82d38be3ccf465b7d647584e1e3ea20a255a8151838" "/opt/rustwide/cargo-home/bin/cargo" "+1.99.0-beta.8" "metadata" "--no-deps" "--format-version=1", kill_on_drop: false }`
[INFO] running `Command { std: "docker" "inspect" "4aea6b94007e76e3019af82d38be3ccf465b7d647584e1e3ea20a255a8151838", kill_on_drop: false }`
[INFO] running `Command { std: "docker" "exec" "-e" "SOURCE_DIR=/opt/rustwide/workdir" "-e" "CARGO_HOME=/opt/rustwide/cargo-home" "-e" "RUSTUP_HOME=/opt/rustwide/rustup-home" "-e" "CARGO_TARGET_DIR=/opt/rustwide/target" "-e" "CARGO_INCREMENTAL=0" "-e" "RUST_BACKTRACE=full" "-e" "RUSTFLAGS=--cap-lints=warn" "-e" "RUSTDOCFLAGS=--cap-lints=warn" "-w" "/opt/rustwide/workdir" "--user" "0:0" "4aea6b94007e76e3019af82d38be3ccf465b7d647584e1e3ea20a255a8151838" "/opt/rustwide/cargo-home/bin/cargo" "+1.99.0-beta.8" "build" "--frozen" "--message-format=json" "--release", kill_on_drop: false }`
[INFO] [stderr]    Compiling autocfg v1.5.0
[INFO] [stderr]    Compiling az v1.2.1
[INFO] [stderr]    Compiling byteorder v1.5.0
[INFO] [stderr]    Compiling rm690b0-rs v0.1.3 (/opt/rustwide/workdir)
[INFO] [stderr]    Compiling micromath v2.1.0
[INFO] [stderr]    Compiling litrs v0.4.2
[INFO] [stderr]    Compiling embedded-hal v1.0.0
[INFO] [stderr]    Compiling num-traits v0.2.19
[INFO] [stderr]    Compiling document-features v0.2.11
[INFO] [stderr]    Compiling embedded-graphics-core v0.4.0
[INFO] [stderr]    Compiling float-cmp v0.9.0
[INFO] [stderr]    Compiling embedded-graphics v0.8.1
[INFO] [stderr]     Finished `release` profile [optimized + debuginfo] target(s) in 5.14s
[INFO] running `Command { std: "docker" "inspect" "4aea6b94007e76e3019af82d38be3ccf465b7d647584e1e3ea20a255a8151838", kill_on_drop: false }`
[INFO] running `Command { std: "docker" "exec" "-e" "SOURCE_DIR=/opt/rustwide/workdir" "-e" "CARGO_HOME=/opt/rustwide/cargo-home" "-e" "RUSTUP_HOME=/opt/rustwide/rustup-home" "-e" "CARGO_TARGET_DIR=/opt/rustwide/target" "-e" "CARGO_INCREMENTAL=0" "-e" "RUST_BACKTRACE=full" "-e" "RUSTFLAGS=--cap-lints=warn" "-e" "RUSTDOCFLAGS=--cap-lints=warn" "-w" "/opt/rustwide/workdir" "--user" "0:0" "4aea6b94007e76e3019af82d38be3ccf465b7d647584e1e3ea20a255a8151838" "/opt/rustwide/cargo-home/bin/cargo" "+1.99.0-beta.8" "test" "--frozen" "--no-run" "--message-format=json" "--release", kill_on_drop: false }`
[INFO] [stderr]    Compiling rm690b0-rs v0.1.3 (/opt/rustwide/workdir)
[INFO] [stdout] error[E0432]: unresolved imports `rm690b0_rs::Lgt4s3Driver`, `rm690b0_rs::ResetDriver`, `rm690b0_rs::DMA_CHUNK_SIZE`
[INFO] [stdout]   --> examples/lilygo_t4_s3_ex.rs:8:5
[INFO] [stdout]    |
[INFO] [stdout]  8 |     Lgt4s3Driver,
[INFO] [stdout]    |     ^^^^^^^^^^^^ no `Lgt4s3Driver` in the root
[INFO] [stdout]  9 |     ResetDriver,
[INFO] [stdout]    |     ^^^^^^^^^^^ no `ResetDriver` in the root
[INFO] [stdout] 10 |     Rm690b0Driver,
[INFO] [stdout] 11 |     DMA_CHUNK_SIZE, // Note: Changed to Rm690b0Driver
[INFO] [stdout]    |     ^^^^^^^^^^^^^^ no `DMA_CHUNK_SIZE` in the root
[INFO] [stdout] 
[INFO] [stdout] 
[INFO] [stdout] error[E0432]: unresolved import `esp_alloc`
[INFO] [stdout]   --> examples/lilygo_t4_s3_ex.rs:22:5
[INFO] [stdout]    |
[INFO] [stdout] 22 | use esp_alloc as _;
[INFO] [stdout]    |     ---------^^^^^
[INFO] [stdout]    |     |
[INFO] [stdout]    |     no external crate `esp_alloc`
[INFO] [stdout] 
[INFO] [stdout] 
[INFO] [stdout] error[E0432]: unresolved import `esp_backtrace`
[INFO] [stdout]   --> examples/lilygo_t4_s3_ex.rs:23:5
[INFO] [stdout]    |
[INFO] [stdout] 23 | use esp_backtrace as _;
[INFO] [stdout]    |     -------------^^^^^
[INFO] [stdout]    |     |
[INFO] [stdout]    |     no external crate `esp_backtrace`
[INFO] [stdout] 
[INFO] [stdout] 
[INFO] [stdout] error[E0433]: cannot find module or crate `esp_hal` in this scope
[INFO] [stdout]   --> examples/lilygo_t4_s3_ex.rs:25:5
[INFO] [stdout]    |
[INFO] [stdout] 25 | use esp_hal::{
[INFO] [stdout]    |     ^^^^^^^ use of unresolved module or unlinked crate `esp_hal`
[INFO] [stdout]    |
[INFO] [stdout]    = help: if you wanted to use a crate named `esp_hal`, use `cargo add esp_hal` to add it to your `Cargo.toml`
[INFO] [stdout] 
[INFO] [stdout] 
[INFO] [stdout] error[E0432]: unresolved import `esp_bootloader_esp_idf`
[INFO] [stdout]   --> examples/lilygo_t4_s3_ex.rs:24:5
[INFO] [stdout]    |
[INFO] [stdout] 24 | use esp_bootloader_esp_idf::esp_app_desc;
[INFO] [stdout]    |     ^^^^^^^^^^^^^^^^^^^^^^ use of unresolved module or unlinked crate `esp_bootloader_esp_idf`
[INFO] [stdout]    |
[INFO] [stdout]    = help: if you wanted to use a crate named `esp_bootloader_esp_idf`, use `cargo add esp_bootloader_esp_idf` to add it to your `Cargo.toml`
[INFO] [stdout] 
[INFO] [stdout] 
[INFO] [stdout] error[E0432]: unresolved import `esp_hal`
[INFO] [stdout]   --> examples/lilygo_t4_s3_ex.rs:25:5
[INFO] [stdout]    |
[INFO] [stdout] 25 | use esp_hal::{
[INFO] [stdout]    |     ^^^^^^^ use of unresolved module or unlinked crate `esp_hal`
[INFO] [stdout]    |
[INFO] [stdout]    = help: if you wanted to use a crate named `esp_hal`, use `cargo add esp_hal` to add it to your `Cargo.toml`
[INFO] [stdout] 
[INFO] [stdout] 
[INFO] [stdout] error[E0432]: unresolved import `esp_println`
[INFO] [stdout]   --> examples/lilygo_t4_s3_ex.rs:37:5
[INFO] [stdout]    |
[INFO] [stdout] 37 | use esp_println::println;
[INFO] [stdout]    |     ^^^^^^^^^^^ use of unresolved module or unlinked crate `esp_println`
[INFO] [stdout]    |
[INFO] [stdout]    = help: if you wanted to use a crate named `esp_println`, use `cargo add esp_println` to add it to your `Cargo.toml`
[INFO] [stdout] 
[INFO] [stdout] 
[INFO] [stdout] error[E0433]: cannot find module or crate `esp_alloc` in this scope
[INFO] [stdout]   --> examples/lilygo_t4_s3_ex.rs:49:5
[INFO] [stdout]    |
[INFO] [stdout] 49 |     esp_alloc::psram_allocator!(peripherals.PSRAM, esp_hal::psram, psram_config);
[INFO] [stdout]    |     ^^^^^^^^^ use of unresolved module or unlinked crate `esp_alloc`
[INFO] [stdout] 
[INFO] [stdout] 
[INFO] [stdout] error[E0433]: cannot find module or crate `esp_hal` in this scope
[INFO] [stdout]   --> examples/lilygo_t4_s3_ex.rs:43:37
[INFO] [stdout]    |
[INFO] [stdout] 43 |     let peripherals = esp_hal::init(esp_hal::Config::default());
[INFO] [stdout]    |                                     ^^^^^^^ use of unresolved module or unlinked crate `esp_hal`
[INFO] [stdout]    |
[INFO] [stdout]    = help: if you wanted to use a crate named `esp_hal`, use `cargo add esp_hal` to add it to your `Cargo.toml`
[INFO] [stdout] 
[INFO] [stdout] 
[INFO] [stdout] error[E0433]: cannot find module or crate `esp_hal` in this scope
[INFO] [stdout]   --> examples/lilygo_t4_s3_ex.rs:45:24
[INFO] [stdout]    |
[INFO] [stdout] 45 |     let psram_config = esp_hal::psram::PsramConfig {
[INFO] [stdout]    |                        ^^^^^^^ use of unresolved module or unlinked crate `esp_hal`
[INFO] [stdout]    |
[INFO] [stdout]    = help: if you wanted to use a crate named `esp_hal`, use `cargo add esp_hal` to add it to your `Cargo.toml`
[INFO] [stdout] 
[INFO] [stdout] 
[INFO] [stdout] error[E0433]: cannot find module or crate `esp_hal` in this scope
[INFO] [stdout]   --> examples/lilygo_t4_s3_ex.rs:46:15
[INFO] [stdout]    |
[INFO] [stdout] 46 |         mode: esp_hal::psram::PsramMode::OctalSpi,
[INFO] [stdout]    |               ^^^^^^^ use of unresolved module or unlinked crate `esp_hal`
[INFO] [stdout]    |
[INFO] [stdout]    = help: if you wanted to use a crate named `esp_hal`, use `cargo add esp_hal` to add it to your `Cargo.toml`
[INFO] [stdout] 
[INFO] [stdout] 
[INFO] [stdout] error: no global memory allocator found but one is required; link to std or add `#[global_allocator]` to a static item that implements the GlobalAlloc trait
[INFO] [stdout] 
[INFO] [stdout] 
[INFO] [stdout] error: `#[panic_handler]` function required, but not found
[INFO] [stdout] 
[INFO] [stdout] 
[INFO] [stdout] error: unwinding panics are not supported without std
[INFO] [stdout]   |
[INFO] [stdout]   = help: using nightly cargo, use -Zbuild-std with panic="abort" to avoid unwinding
[INFO] [stdout]   = note: since the core library is usually precompiled with panic="unwind", rebuilding your crate with panic="abort" may not be enough to fix the problem
[INFO] [stdout] 
[INFO] [stdout] 
[INFO] [stdout] error[E0433]: cannot find module or crate `esp_hal` in this scope
[INFO] [stdout]   --> examples/lilygo_t4_s3_ex.rs:43:23
[INFO] [stdout]    |
[INFO] [stdout] 43 |     let peripherals = esp_hal::init(esp_hal::Config::default());
[INFO] [stdout]    |                       ^^^^^^^ use of unresolved module or unlinked crate `esp_hal`
[INFO] [stdout]    |
[INFO] [stdout]    = help: if you wanted to use a crate named `esp_hal`, use `cargo add esp_hal` to add it to your `Cargo.toml`
[INFO] [stdout] 
[INFO] [stdout] 
[INFO] [stdout] Some errors have detailed explanations: E0432, E0433.
[INFO] [stdout] 
[INFO] [stdout] For more information about an error, try `rustc --explain E0432`.
[INFO] [stdout] 
[INFO] [stderr] error: could not compile `rm690b0-rs` (example "lilygo_t4_s3_ex") due to 15 previous errors
[INFO] [stderr] warning: build failed, waiting for other jobs to finish...
[INFO] [stdout] error: linking with `cc` failed: exit status: 1
[INFO] [stdout]   |
[INFO] [stdout]   = note:  "cc" "-m64" "<1 object files omitted>" "-Wl,--as-needed" "-Wl,-Bstatic" "<sysroot>/lib/rustlib/x86_64-unknown-linux-gnu/lib/libcompiler_builtins-*.rlib" "-Wl,-Bdynamic" "-lgcc_s" "-lutil" "-lrt" "-lpthread" "-lm" "-ldl" "-lc" "-L" "/opt/rustwide/target/release/deps/rustcwWrimc/raw-dylibs" "-B<sysroot>/lib/rustlib/x86_64-unknown-linux-gnu/bin/gcc-ld" "-fuse-ld=lld" "-Wl,--eh-frame-hdr" "-Wl,-z,noexecstack" "-L" "<sysroot>/lib/rustlib/x86_64-unknown-linux-gnu/lib" "-o" "/opt/rustwide/target/release/deps/rm690b0_rs-54c5c6b691ddb4c2" "-Wl,--gc-sections" "-pie" "-Wl,-z,relro,-z,now" "-nodefaultlibs" "-Wl,--error-handling-script=/opt/rustwide/target/release/build/rm690b0-rs-4892be81ecc50ed2/build-script-build" "-Tlinkall.x"
[INFO] [stdout]   = note: some arguments are omitted. use `--verbose` to show all linker arguments
[INFO] [stdout]   = note: rust-lld: error: cannot find linker script linkall.x
[INFO] [stdout]           collect2: error: ld returned 1 exit status
[INFO] [stdout]           
[INFO] [stdout] 
[INFO] [stdout] 
[INFO] [stderr] error: could not compile `rm690b0-rs` (lib test) due to 1 previous error
[INFO] running `Command { std: "docker" "inspect" "4aea6b94007e76e3019af82d38be3ccf465b7d647584e1e3ea20a255a8151838", kill_on_drop: false }`
[INFO] running `Command { std: "docker" "rm" "-f" "4aea6b94007e76e3019af82d38be3ccf465b7d647584e1e3ea20a255a8151838", kill_on_drop: false }`
[INFO] [stdout] 4aea6b94007e76e3019af82d38be3ccf465b7d647584e1e3ea20a255a8151838
