[INFO] fetching crate rlx-webgl 0.2.17...
[INFO] testing rlx-webgl-0.2.17 against 1.100.0-beta.1+cargoflags=--release for beta-release-1.100-2
[INFO] extracting crate rlx-webgl 0.2.17 into /workspace/builds/worker-6-tc2/source
[INFO] started tweaking crates.io crate rlx-webgl 0.2.17
[INFO] removed 0 missing tests
[INFO] finished tweaking crates.io crate rlx-webgl 0.2.17
[INFO] tweaked toml for crates.io crate rlx-webgl 0.2.17 written to /workspace/builds/worker-6-tc2/source/Cargo.toml
[INFO] validating manifest of crates.io crate rlx-webgl 0.2.17 on toolchain 1.100.0-beta.1
[INFO] running `Command { std: CARGO_HOME="/workspace/cargo-home" RUSTUP_HOME="/workspace/rustup-home" "/workspace/cargo-home/bin/cargo" "+1.100.0-beta.1" "metadata" "--manifest-path" "Cargo.toml" "--no-deps", kill_on_drop: false }`
[INFO] crate crates.io crate rlx-webgl 0.2.17 already has a lockfile, it will not be regenerated
[INFO] running `Command { std: CARGO_HOME="/workspace/cargo-home" RUSTUP_HOME="/workspace/rustup-home" "/workspace/cargo-home/bin/cargo" "+1.100.0-beta.1" "fetch" "--manifest-path" "Cargo.toml", kill_on_drop: false }`
[INFO] [stderr] warning: `package.homepage` is redundant with `package.repository`
[INFO] [stderr]   --> Cargo.toml:55:12
[INFO] [stderr]    |
[INFO] [stderr] 55 | homepage = "https://github.com/MIT-RLX/rlx"
[INFO] [stderr]    |            ^^^^^^^^^^^^^^^^^^^^^^^^^^^^^^^^
[INFO] [stderr] ...
[INFO] [stderr] 60 | repository = "https://github.com/MIT-RLX/rlx"
[INFO] [stderr]    |              --------------------------------
[INFO] [stderr]    |
[INFO] [stderr]    = note: `cargo::redundant_homepage` is set to `warn` by default
[INFO] [stderr] help: consider removing `package.homepage`
[INFO] [stderr] warning: `rlx-webgl` (manifest) generated 1 warning
[INFO] running `Command { std: "docker" "create" "-v" "/var/lib/crater-agent-workspace/builds/worker-6-tc2/source:/opt/rustwide/workdir:ro,Z" "-v" "/var/lib/crater-agent-workspace/builds/worker-6-tc2/target:/opt/rustwide/target:rw,Z" "-v" "/var/lib/crater-agent-workspace/cargo-home:/opt/rustwide/cargo-home:ro,Z" "-v" "/var/lib/crater-agent-workspace/rustup-home:/opt/rustwide/rustup-home:ro,Z" "-m" "1610612736" "--network" "none" "ghcr.io/rust-lang/crates-build-env/linux@sha256:77db811e55d90add9212f6832c23229e3de5f1c1f9905e8cb07319ea15df73ac" "sleep" "infinity", kill_on_drop: false }`
[INFO] [stdout] 90eecd195371c5354c9544388d243b0dc3dc67878aa52bb9bd8249bb198ad52a
[INFO] running `Command { std: "docker" "start" "90eecd195371c5354c9544388d243b0dc3dc67878aa52bb9bd8249bb198ad52a", kill_on_drop: false }`
[INFO] running `Command { std: "docker" "inspect" "90eecd195371c5354c9544388d243b0dc3dc67878aa52bb9bd8249bb198ad52a", kill_on_drop: false }`
[INFO] running `Command { std: "docker" "exec" "-e" "SOURCE_DIR=/opt/rustwide/workdir" "-e" "CARGO_HOME=/opt/rustwide/cargo-home" "-e" "RUSTUP_HOME=/opt/rustwide/rustup-home" "-e" "CARGO_TARGET_DIR=/opt/rustwide/target" "-w" "/opt/rustwide/workdir" "--user" "0:0" "90eecd195371c5354c9544388d243b0dc3dc67878aa52bb9bd8249bb198ad52a" "/opt/rustwide/cargo-home/bin/cargo" "+1.100.0-beta.1" "metadata" "--no-deps" "--format-version=1", kill_on_drop: false }`
[INFO] running `Command { std: "docker" "inspect" "90eecd195371c5354c9544388d243b0dc3dc67878aa52bb9bd8249bb198ad52a", kill_on_drop: false }`
[INFO] running `Command { std: "docker" "exec" "-e" "SOURCE_DIR=/opt/rustwide/workdir" "-e" "CARGO_HOME=/opt/rustwide/cargo-home" "-e" "RUSTUP_HOME=/opt/rustwide/rustup-home" "-e" "CARGO_TARGET_DIR=/opt/rustwide/target" "-e" "CARGO_INCREMENTAL=0" "-e" "RUST_BACKTRACE=full" "-e" "RUSTFLAGS=--cap-lints=warn" "-e" "RUSTDOCFLAGS=--cap-lints=warn" "-w" "/opt/rustwide/workdir" "--user" "0:0" "90eecd195371c5354c9544388d243b0dc3dc67878aa52bb9bd8249bb198ad52a" "/opt/rustwide/cargo-home/bin/cargo" "+1.100.0-beta.1" "build" "--frozen" "--message-format=json" "--release", kill_on_drop: false }`
[INFO] [stderr] warning: `package.homepage` is redundant with `package.repository`
[INFO] [stderr]   --> Cargo.toml:55:12
[INFO] [stderr]    |
[INFO] [stderr] 55 | homepage = "https://github.com/MIT-RLX/rlx"
[INFO] [stderr]    |            ^^^^^^^^^^^^^^^^^^^^^^^^^^^^^^^^
[INFO] [stderr] ...
[INFO] [stderr] 60 | repository = "https://github.com/MIT-RLX/rlx"
[INFO] [stderr]    |              --------------------------------
[INFO] [stderr]    |
[INFO] [stderr]    = note: `cargo::redundant_homepage` is set to `warn` by default
[INFO] [stderr] help: consider removing `package.homepage`
[INFO] [stderr] warning: `rlx-webgl` (manifest) generated 1 warning
[INFO] [stderr]    Compiling libc v0.2.186
[INFO] [stderr]    Compiling hybrid-array v0.4.13
[INFO] [stderr]    Compiling cpubits v0.1.1
[INFO] [stderr]    Compiling zstd-safe v5.0.2+zstd.1.5.2
[INFO] [stderr]    Compiling pest v2.8.8
[INFO] [stderr]    Compiling base64ct v1.8.3
[INFO] [stderr]    Compiling bytemuck_derive v1.10.2
[INFO] [stderr]    Compiling crypto-common v0.1.7
[INFO] [stderr]    Compiling block-buffer v0.10.4
[INFO] [stderr]    Compiling num-integer v0.1.46
[INFO] [stderr]    Compiling smallvec v1.15.1
[INFO] [stderr]    Compiling ucd-trie v0.1.7
[INFO] [stderr]    Compiling time v0.3.53
[INFO] [stderr]    Compiling flate2 v1.1.9
[INFO] [stderr]    Compiling num-complex v0.4.6
[INFO] [stderr]    Compiling constant_time_eq v0.1.5
[INFO] [stderr]    Compiling rayon v1.12.0
[INFO] [stderr]    Compiling memmap2 v0.9.10
[INFO] [stderr]    Compiling digest v0.10.7
[INFO] [stderr]    Compiling cipher v0.4.4
[INFO] [stderr]    Compiling safetensors v0.7.0
[INFO] [stderr]    Compiling sha2 v0.10.9
[INFO] [stderr]    Compiling hmac v0.12.1
[INFO] [stderr]    Compiling sha1 v0.10.7
[INFO] [stderr]    Compiling aes v0.8.4
[INFO] [stderr]    Compiling rlx-cpu v0.2.17
[INFO] [stderr]    Compiling strum_macros v0.28.0
[INFO] [stderr]    Compiling password-hash v0.4.2
[INFO] [stderr]    Compiling num-bigint v0.4.8
[INFO] [stderr]    Compiling crypto-common v0.2.2
[INFO] [stderr]    Compiling jobserver v0.1.35
[INFO] [stderr]    Compiling inout v0.2.2
[INFO] [stderr]    Compiling pbkdf2 v0.11.0
[INFO] [stderr]    Compiling cc v1.2.61
[INFO] [stderr]    Compiling pest_meta v2.8.8
[INFO] [stderr]    Compiling bytemuck v1.25.0
[INFO] [stderr]    Compiling half v2.7.1
[INFO] [stderr]    Compiling cipher v0.5.2
[INFO] [stderr]    Compiling pest_generator v2.8.8
[INFO] [stderr]    Compiling aes v0.9.1
[INFO] [stderr]    Compiling zstd-sys v2.0.16+zstd.1.5.7
[INFO] [stderr]    Compiling bzip2-sys v0.1.13+1.0.8
[INFO] [stderr]    Compiling rlx-ir v0.2.17
[INFO] [stderr]    Compiling pest_derive v2.8.8
[INFO] [stderr]    Compiling bzip2 v0.4.4
[INFO] [stderr]    Compiling py_literal v0.4.0
[INFO] [stderr]    Compiling rlx-gguf v0.2.17
[INFO] [stderr]    Compiling rlx-fusion v0.2.17
[INFO] [stderr]    Compiling rlx-autodiff v0.2.17
[INFO] [stderr]    Compiling rlx-compile v0.2.17
[INFO] [stderr]    Compiling rlx-opt v0.2.17
[INFO] [stderr]    Compiling zstd v0.11.2+zstd.1.5.2
[INFO] [stderr]    Compiling zip v0.6.6
[INFO] [stderr]    Compiling npyz v0.8.4
[INFO] [stderr]    Compiling rlx-mlx-io v0.2.17
[INFO] [stderr]    Compiling rlx-webgl v0.2.17 (/opt/rustwide/workdir)
[INFO] [stderr]     Finished `release` profile [optimized] target(s) in 2m 38s
[INFO] running `Command { std: "docker" "inspect" "90eecd195371c5354c9544388d243b0dc3dc67878aa52bb9bd8249bb198ad52a", kill_on_drop: false }`
[INFO] running `Command { std: "docker" "exec" "-e" "SOURCE_DIR=/opt/rustwide/workdir" "-e" "CARGO_HOME=/opt/rustwide/cargo-home" "-e" "RUSTUP_HOME=/opt/rustwide/rustup-home" "-e" "CARGO_TARGET_DIR=/opt/rustwide/target" "-e" "CARGO_INCREMENTAL=0" "-e" "RUST_BACKTRACE=full" "-e" "RUSTFLAGS=--cap-lints=warn" "-e" "RUSTDOCFLAGS=--cap-lints=warn" "-w" "/opt/rustwide/workdir" "--user" "0:0" "90eecd195371c5354c9544388d243b0dc3dc67878aa52bb9bd8249bb198ad52a" "/opt/rustwide/cargo-home/bin/cargo" "+1.100.0-beta.1" "test" "--frozen" "--no-run" "--message-format=json" "--release", kill_on_drop: false }`
[INFO] [stderr] warning: `package.homepage` is redundant with `package.repository`
[INFO] [stderr]   --> Cargo.toml:55:12
[INFO] [stderr]    |
[INFO] [stderr] 55 | homepage = "https://github.com/MIT-RLX/rlx"
[INFO] [stderr]    |            ^^^^^^^^^^^^^^^^^^^^^^^^^^^^^^^^
[INFO] [stderr] ...
[INFO] [stderr] 60 | repository = "https://github.com/MIT-RLX/rlx"
[INFO] [stderr]    |              --------------------------------
[INFO] [stderr]    |
[INFO] [stderr]    = note: `cargo::redundant_homepage` is set to `warn` by default
[INFO] [stderr] help: consider removing `package.homepage`
[INFO] [stderr] warning: `rlx-webgl` (manifest) generated 1 warning
[INFO] [stderr]    Compiling rlx-webgl v0.2.17 (/opt/rustwide/workdir)
[INFO] [stdout] error[E0433]: cannot find module or crate `rlx_runtime` in this scope
[INFO] [stdout]    --> tests/op_parity.rs:256:5
[INFO] [stdout]     |
[INFO] [stdout] 256 | use rlx_runtime::backend::{narrow_f32_to_bytes, widen_bytes_to_f32};
[INFO] [stdout]     |     ^^^^^^^^^^^ use of unresolved module or unlinked crate `rlx_runtime`
[INFO] [stdout]     |
[INFO] [stdout]     = help: if you wanted to use a crate named `rlx_runtime`, use `cargo add rlx_runtime` to add it to your `Cargo.toml`
[INFO] [stdout] 
[INFO] [stdout] 
[INFO] [stdout] error[E0433]: cannot find module or crate `rlx_runtime` in this scope
[INFO] [stdout]   --> tests/cpu_parity.rs:60:20
[INFO] [stdout]    |
[INFO] [stdout] 60 |     let mut sess = rlx_runtime::Session::new(rlx_runtime::Device::Cpu).compile(bwd.clone());
[INFO] [stdout]    |                    ^^^^^^^^^^^ use of unresolved module or unlinked crate `rlx_runtime`
[INFO] [stdout]    |
[INFO] [stdout]    = help: if you wanted to use a crate named `rlx_runtime`, use `cargo add rlx_runtime` to add it to your `Cargo.toml`
[INFO] [stdout] 
[INFO] [stdout] 
[INFO] [stdout] error[E0433]: cannot find module or crate `rlx_runtime` in this scope
[INFO] [stdout]   --> tests/ops2_parity.rs:18:20
[INFO] [stdout]    |
[INFO] [stdout] 18 |     let mut sess = rlx_runtime::Session::new(rlx_runtime::Device::Cpu).compile(g.clone());
[INFO] [stdout]    |                    ^^^^^^^^^^^ use of unresolved module or unlinked crate `rlx_runtime`
[INFO] [stdout]    |
[INFO] [stdout]    = help: if you wanted to use a crate named `rlx_runtime`, use `cargo add rlx_runtime` to add it to your `Cargo.toml`
[INFO] [stdout] 
[INFO] [stdout] 
[INFO] [stdout] error[E0433]: cannot find module or crate `rlx_runtime` in this scope
[INFO] [stdout]   --> tests/cpu_parity.rs:60:46
[INFO] [stdout]    |
[INFO] [stdout] 60 |     let mut sess = rlx_runtime::Session::new(rlx_runtime::Device::Cpu).compile(bwd.clone());
[INFO] [stdout]    |                                              ^^^^^^^^^^^ use of unresolved module or unlinked crate `rlx_runtime`
[INFO] [stdout]    |
[INFO] [stdout]    = help: if you wanted to use a crate named `rlx_runtime`, use `cargo add rlx_runtime` to add it to your `Cargo.toml`
[INFO] [stdout] 
[INFO] [stdout] 
[INFO] [stdout] error[E0433]: cannot find module or crate `rlx_runtime` in this scope
[INFO] [stdout]   --> tests/composite_parity.rs:20:20
[INFO] [stdout]    |
[INFO] [stdout] 20 |     let mut sess = rlx_runtime::Session::new(rlx_runtime::Device::Cpu).compile(g.clone());
[INFO] [stdout]    |                    ^^^^^^^^^^^ use of unresolved module or unlinked crate `rlx_runtime`
[INFO] [stdout]    |
[INFO] [stdout]    = help: if you wanted to use a crate named `rlx_runtime`, use `cargo add rlx_runtime` to add it to your `Cargo.toml`
[INFO] [stdout] 
[INFO] [stdout] 
[INFO] [stdout] error[E0433]: cannot find module or crate `rlx_runtime` in this scope
[INFO] [stdout]   --> tests/ops2_parity.rs:18:46
[INFO] [stdout]    |
[INFO] [stdout] 18 |     let mut sess = rlx_runtime::Session::new(rlx_runtime::Device::Cpu).compile(g.clone());
[INFO] [stdout]    |                                              ^^^^^^^^^^^ use of unresolved module or unlinked crate `rlx_runtime`
[INFO] [stdout]    |
[INFO] [stdout]    = help: if you wanted to use a crate named `rlx_runtime`, use `cargo add rlx_runtime` to add it to your `Cargo.toml`
[INFO] [stdout] 
[INFO] [stdout] 
[INFO] [stdout] error[E0433]: cannot find module or crate `rlx_runtime` in this scope
[INFO] [stdout]   --> tests/composite_parity.rs:20:46
[INFO] [stdout]    |
[INFO] [stdout] 20 |     let mut sess = rlx_runtime::Session::new(rlx_runtime::Device::Cpu).compile(g.clone());
[INFO] [stdout]    |                                              ^^^^^^^^^^^ use of unresolved module or unlinked crate `rlx_runtime`
[INFO] [stdout]    |
[INFO] [stdout]    = help: if you wanted to use a crate named `rlx_runtime`, use `cargo add rlx_runtime` to add it to your `Cargo.toml`
[INFO] [stdout] 
[INFO] [stdout] 
[INFO] [stdout] error[E0433]: cannot find module or crate `rlx_runtime` in this scope
[INFO] [stdout]   --> tests/op_parity.rs:17:20
[INFO] [stdout]    |
[INFO] [stdout] 17 |     let mut sess = rlx_runtime::Session::new(rlx_runtime::Device::Cpu).compile(g.clone());
[INFO] [stdout]    |                    ^^^^^^^^^^^ use of unresolved module or unlinked crate `rlx_runtime`
[INFO] [stdout]    |
[INFO] [stdout]    = help: if you wanted to use a crate named `rlx_runtime`, use `cargo add rlx_runtime` to add it to your `Cargo.toml`
[INFO] [stdout] 
[INFO] [stdout] 
[INFO] [stdout] error[E0433]: cannot find module or crate `rlx_runtime` in this scope
[INFO] [stdout]   --> tests/dataflow_parity.rs:20:20
[INFO] [stdout]    |
[INFO] [stdout] 20 |     let mut sess = rlx_runtime::Session::new(rlx_runtime::Device::Cpu).compile(g.clone());
[INFO] [stdout]    |                    ^^^^^^^^^^^ use of unresolved module or unlinked crate `rlx_runtime`
[INFO] [stdout]    |
[INFO] [stdout]    = help: if you wanted to use a crate named `rlx_runtime`, use `cargo add rlx_runtime` to add it to your `Cargo.toml`
[INFO] [stdout] 
[INFO] [stdout] 
[INFO] [stdout] error[E0433]: cannot find module or crate `rlx_runtime` in this scope
[INFO] [stdout]   --> tests/op_parity.rs:17:46
[INFO] [stdout]    |
[INFO] [stdout] 17 |     let mut sess = rlx_runtime::Session::new(rlx_runtime::Device::Cpu).compile(g.clone());
[INFO] [stdout]    |                                              ^^^^^^^^^^^ use of unresolved module or unlinked crate `rlx_runtime`
[INFO] [stdout]    |
[INFO] [stdout]    = help: if you wanted to use a crate named `rlx_runtime`, use `cargo add rlx_runtime` to add it to your `Cargo.toml`
[INFO] [stdout] 
[INFO] [stdout] 
[INFO] [stdout] error[E0433]: cannot find module or crate `rlx_runtime` in this scope
[INFO] [stdout]   --> tests/dataflow_parity.rs:20:46
[INFO] [stdout]    |
[INFO] [stdout] 20 |     let mut sess = rlx_runtime::Session::new(rlx_runtime::Device::Cpu).compile(g.clone());
[INFO] [stdout]    |                                              ^^^^^^^^^^^ use of unresolved module or unlinked crate `rlx_runtime`
[INFO] [stdout]    |
[INFO] [stdout]    = help: if you wanted to use a crate named `rlx_runtime`, use `cargo add rlx_runtime` to add it to your `Cargo.toml`
[INFO] [stdout] 
[INFO] [stdout] 
[INFO] [stdout] error[E0433]: cannot find module or crate `rlx_runtime` in this scope
[INFO] [stdout]    --> tests/composite_parity.rs:140:20
[INFO] [stdout]     |
[INFO] [stdout] 140 |     let mut sess = rlx_runtime::Session::new(rlx_runtime::Device::Cpu).compile(bwd.clone());
[INFO] [stdout]     |                    ^^^^^^^^^^^ use of unresolved module or unlinked crate `rlx_runtime`
[INFO] [stdout]     |
[INFO] [stdout]     = help: if you wanted to use a crate named `rlx_runtime`, use `cargo add rlx_runtime` to add it to your `Cargo.toml`
[INFO] [stdout] 
[INFO] [stdout] 
[INFO] [stdout] error[E0433]: cannot find module or crate `rlx_runtime` in this scope
[INFO] [stdout]    --> tests/op_parity.rs:174:20
[INFO] [stdout]     |
[INFO] [stdout] 174 |     let mut sess = rlx_runtime::Session::new(rlx_runtime::Device::Cpu).compile(bwd.clone());
[INFO] [stdout]     |                    ^^^^^^^^^^^ use of unresolved module or unlinked crate `rlx_runtime`
[INFO] [stdout]     |
[INFO] [stdout]     = help: if you wanted to use a crate named `rlx_runtime`, use `cargo add rlx_runtime` to add it to your `Cargo.toml`
[INFO] [stdout] 
[INFO] [stdout] 
[INFO] [stdout] For more information about this error, try `rustc --explain E0433`.
[INFO] [stdout] 
[INFO] [stdout] error[E0433]: cannot find module or crate `rlx_runtime` in this scope
[INFO] [stdout]    --> tests/composite_parity.rs:140:46
[INFO] [stdout]     |
[INFO] [stdout] 140 |     let mut sess = rlx_runtime::Session::new(rlx_runtime::Device::Cpu).compile(bwd.clone());
[INFO] [stdout]     |                                              ^^^^^^^^^^^ use of unresolved module or unlinked crate `rlx_runtime`
[INFO] [stdout]     |
[INFO] [stdout]     = help: if you wanted to use a crate named `rlx_runtime`, use `cargo add rlx_runtime` to add it to your `Cargo.toml`
[INFO] [stdout] 
[INFO] [stdout] 
[INFO] [stdout] error[E0308]: mismatched types
[INFO] [stdout]   --> tests/cpu_parity.rs:65:77
[INFO] [stdout]    |
[INFO] [stdout] 65 |     let reference = sess.run(&[("x", &x), ("target", &target), ("d_output", &[1.0])]);
[INFO] [stdout]    |                                                                             ^^^^^^ expected `&Vec<f32>`, found `&[{float}; 1]`
[INFO] [stdout]    |
[INFO] [stdout]    = note: expected reference `&Vec<f32>`
[INFO] [stdout]               found reference `&[{float}; 1]`
[INFO] [stdout] 
[INFO] [stdout] 
[INFO] [stdout] error[E0433]: cannot find module or crate `rlx_runtime` in this scope
[INFO] [stdout]    --> tests/op_parity.rs:174:46
[INFO] [stdout]     |
[INFO] [stdout] 174 |     let mut sess = rlx_runtime::Session::new(rlx_runtime::Device::Cpu).compile(bwd.clone());
[INFO] [stdout]     |                                              ^^^^^^^^^^^ use of unresolved module or unlinked crate `rlx_runtime`
[INFO] [stdout]     |
[INFO] [stdout]     = help: if you wanted to use a crate named `rlx_runtime`, use `cargo add rlx_runtime` to add it to your `Cargo.toml`
[INFO] [stdout] 
[INFO] [stdout] 
[INFO] [stderr] error: could not compile `rlx-webgl` (test "ops2_parity") due to 2 previous errors
[INFO] [stdout] For more information about this error, try `rustc --explain E0433`.
[INFO] [stdout] 
[INFO] [stderr] warning: build failed, waiting for other jobs to finish...
[INFO] [stdout] error[E0433]: cannot find module or crate `rlx_runtime` in this scope
[INFO] [stdout]    --> tests/op_parity.rs:278:17
[INFO] [stdout]     |
[INFO] [stdout] 278 |     let mut c = rlx_runtime::Session::new(rlx_runtime::Device::Cpu).compile(g);
[INFO] [stdout]     |                 ^^^^^^^^^^^ use of unresolved module or unlinked crate `rlx_runtime`
[INFO] [stdout]     |
[INFO] [stdout]     = help: if you wanted to use a crate named `rlx_runtime`, use `cargo add rlx_runtime` to add it to your `Cargo.toml`
[INFO] [stdout] 
[INFO] [stdout] 
[INFO] [stdout] Some errors have detailed explanations: E0308, E0433.
[INFO] [stdout] 
[INFO] [stdout] For more information about an error, try `rustc --explain E0308`.
[INFO] [stdout] 
[INFO] [stderr] error: could not compile `rlx-webgl` (test "dataflow_parity") due to 2 previous errors
[INFO] [stdout] error[E0433]: cannot find module or crate `rlx_runtime` in this scope
[INFO] [stdout]    --> tests/op_parity.rs:278:43
[INFO] [stdout]     |
[INFO] [stdout] 278 |     let mut c = rlx_runtime::Session::new(rlx_runtime::Device::Cpu).compile(g);
[INFO] [stdout]     |                                           ^^^^^^^^^^^ use of unresolved module or unlinked crate `rlx_runtime`
[INFO] [stdout]     |
[INFO] [stdout]     = help: if you wanted to use a crate named `rlx_runtime`, use `cargo add rlx_runtime` to add it to your `Cargo.toml`
[INFO] [stdout] 
[INFO] [stdout] 
[INFO] [stderr] error: could not compile `rlx-webgl` (test "cpu_parity") due to 3 previous errors
[INFO] [stdout] error[E0433]: cannot find module or crate `rlx_runtime` in this scope
[INFO] [stdout]    --> tests/op_parity.rs:343:17
[INFO] [stdout]     |
[INFO] [stdout] 343 |     let mut c = rlx_runtime::Session::new(rlx_runtime::Device::Cpu).compile(g);
[INFO] [stdout]     |                 ^^^^^^^^^^^ use of unresolved module or unlinked crate `rlx_runtime`
[INFO] [stdout]     |
[INFO] [stdout]     = help: if you wanted to use a crate named `rlx_runtime`, use `cargo add rlx_runtime` to add it to your `Cargo.toml`
[INFO] [stdout] 
[INFO] [stdout] 
[INFO] [stdout] error[E0433]: cannot find module or crate `rlx_runtime` in this scope
[INFO] [stdout]    --> tests/op_parity.rs:343:43
[INFO] [stdout]     |
[INFO] [stdout] 343 |     let mut c = rlx_runtime::Session::new(rlx_runtime::Device::Cpu).compile(g);
[INFO] [stdout]     |                                           ^^^^^^^^^^^ use of unresolved module or unlinked crate `rlx_runtime`
[INFO] [stdout]     |
[INFO] [stdout]     = help: if you wanted to use a crate named `rlx_runtime`, use `cargo add rlx_runtime` to add it to your `Cargo.toml`
[INFO] [stdout] 
[INFO] [stdout] 
[INFO] [stdout] error[E0433]: cannot find module or crate `rlx_runtime` in this scope
[INFO] [stdout]    --> tests/op_parity.rs:400:21
[INFO] [stdout]     |
[INFO] [stdout] 400 |         let mut c = rlx_runtime::Session::new(rlx_runtime::Device::Cpu).compile(g);
[INFO] [stdout]     |                     ^^^^^^^^^^^ use of unresolved module or unlinked crate `rlx_runtime`
[INFO] [stdout]     |
[INFO] [stdout]     = help: if you wanted to use a crate named `rlx_runtime`, use `cargo add rlx_runtime` to add it to your `Cargo.toml`
[INFO] [stdout] 
[INFO] [stdout] 
[INFO] [stdout] error[E0433]: cannot find module or crate `rlx_runtime` in this scope
[INFO] [stdout]    --> tests/op_parity.rs:400:47
[INFO] [stdout]     |
[INFO] [stdout] 400 |         let mut c = rlx_runtime::Session::new(rlx_runtime::Device::Cpu).compile(g);
[INFO] [stdout]     |                                               ^^^^^^^^^^^ use of unresolved module or unlinked crate `rlx_runtime`
[INFO] [stdout]     |
[INFO] [stdout]     = help: if you wanted to use a crate named `rlx_runtime`, use `cargo add rlx_runtime` to add it to your `Cargo.toml`
[INFO] [stdout] 
[INFO] [stdout] 
[INFO] [stdout] error[E0433]: cannot find module or crate `rlx_runtime` in this scope
[INFO] [stdout]    --> tests/op_parity.rs:448:21
[INFO] [stdout]     |
[INFO] [stdout] 448 |         let mut c = rlx_runtime::Session::new(rlx_runtime::Device::Cpu).compile(g);
[INFO] [stdout]     |                     ^^^^^^^^^^^ use of unresolved module or unlinked crate `rlx_runtime`
[INFO] [stdout]     |
[INFO] [stdout]     = help: if you wanted to use a crate named `rlx_runtime`, use `cargo add rlx_runtime` to add it to your `Cargo.toml`
[INFO] [stdout] 
[INFO] [stdout] 
[INFO] [stdout] error[E0433]: cannot find module or crate `rlx_runtime` in this scope
[INFO] [stdout]    --> tests/op_parity.rs:448:47
[INFO] [stdout]     |
[INFO] [stdout] 448 |         let mut c = rlx_runtime::Session::new(rlx_runtime::Device::Cpu).compile(g);
[INFO] [stdout]     |                                               ^^^^^^^^^^^ use of unresolved module or unlinked crate `rlx_runtime`
[INFO] [stdout]     |
[INFO] [stdout]     = help: if you wanted to use a crate named `rlx_runtime`, use `cargo add rlx_runtime` to add it to your `Cargo.toml`
[INFO] [stdout] 
[INFO] [stdout] 
[INFO] [stdout] error[E0308]: mismatched types
[INFO] [stdout]    --> tests/composite_parity.rs:143:57
[INFO] [stdout]     |
[INFO] [stdout] 143 |     let reference = sess.run(&[("x", &xs), ("d_output", &[1.0])]);
[INFO] [stdout]     |                                                         ^^^^^^ expected `&Vec<f32>`, found `&[{float}; 1]`
[INFO] [stdout]     |
[INFO] [stdout]     = note: expected reference `&Vec<f32>`
[INFO] [stdout]                found reference `&[{float}; 1]`
[INFO] [stdout] 
[INFO] [stdout] 
[INFO] [stdout] Some errors have detailed explanations: E0308, E0433.
[INFO] [stdout] 
[INFO] [stdout] For more information about an error, try `rustc --explain E0308`.
[INFO] [stdout] 
[INFO] [stdout] error[E0433]: cannot find module or crate `rlx_collectives` in this scope
[INFO] [stdout]    --> src/exec_cpu.rs:757:9
[INFO] [stdout]     |
[INFO] [stdout] 757 |         rlx_collectives::register();
[INFO] [stdout]     |         ^^^^^^^^^^^^^^^ use of unresolved module or unlinked crate `rlx_collectives`
[INFO] [stdout]     |
[INFO] [stdout]     = help: if you wanted to use a crate named `rlx_collectives`, use `cargo add rlx_collectives` to add it to your `Cargo.toml`
[INFO] [stdout] 
[INFO] [stdout] 
[INFO] [stdout] error[E0433]: cannot find module or crate `rlx_collectives` in this scope
[INFO] [stdout]    --> src/exec_cpu.rs:762:17
[INFO] [stdout]     |
[INFO] [stdout] 762 |         let y = rlx_collectives::copy_to_model_parallel(&mut g, x, 0);
[INFO] [stdout]     |                 ^^^^^^^^^^^^^^^ use of unresolved module or unlinked crate `rlx_collectives`
[INFO] [stdout]     |
[INFO] [stdout]     = help: if you wanted to use a crate named `rlx_collectives`, use `cargo add rlx_collectives` to add it to your `Cargo.toml`
[INFO] [stdout] 
[INFO] [stdout] 
[INFO] [stdout] error[E0308]: mismatched types
[INFO] [stdout]    --> tests/op_parity.rs:179:74
[INFO] [stdout]     |
[INFO] [stdout] 179 |     let reference = sess.run(&[("x", &xd), ("target", &td), ("d_output", &[1.0])]);
[INFO] [stdout]     |                                                                          ^^^^^^ expected `&Vec<f32>`, found `&[{float}; 1]`
[INFO] [stdout]     |
[INFO] [stdout]     = note: expected reference `&Vec<f32>`
[INFO] [stdout]                found reference `&[{float}; 1]`
[INFO] [stdout] 
[INFO] [stdout] 
[INFO] [stderr] error: could not compile `rlx-webgl` (test "composite_parity") due to 5 previous errors
[INFO] [stdout] Some errors have detailed explanations: E0308, E0433.
[INFO] [stdout] 
[INFO] [stdout] For more information about an error, try `rustc --explain E0308`.
[INFO] [stdout] 
[INFO] [stderr] error: could not compile `rlx-webgl` (test "op_parity") due to 14 previous errors
[INFO] [stdout] For more information about this error, try `rustc --explain E0433`.
[INFO] [stdout] 
[INFO] [stderr] error: could not compile `rlx-webgl` (lib test) due to 2 previous errors
[INFO] running `Command { std: "docker" "inspect" "90eecd195371c5354c9544388d243b0dc3dc67878aa52bb9bd8249bb198ad52a", kill_on_drop: false }`
[INFO] running `Command { std: "docker" "rm" "-f" "90eecd195371c5354c9544388d243b0dc3dc67878aa52bb9bd8249bb198ad52a", kill_on_drop: false }`
[INFO] [stdout] 90eecd195371c5354c9544388d243b0dc3dc67878aa52bb9bd8249bb198ad52a
