[INFO] fetching crate rlx-collectives 0.2.17...
[INFO] testing rlx-collectives-0.2.17 against 1.99.0-beta.8+cargoflags=--release for beta-release-1.100-2
[INFO] extracting crate rlx-collectives 0.2.17 into /workspace/builds/worker-5-tc1/source
[INFO] started tweaking crates.io crate rlx-collectives 0.2.17
[INFO] removed 0 missing examples
[INFO] finished tweaking crates.io crate rlx-collectives 0.2.17
[INFO] tweaked toml for crates.io crate rlx-collectives 0.2.17 written to /workspace/builds/worker-5-tc1/source/Cargo.toml
[INFO] validating manifest of crates.io crate rlx-collectives 0.2.17 on toolchain 1.99.0-beta.8
[INFO] running `Command { std: CARGO_HOME="/workspace/cargo-home" RUSTUP_HOME="/workspace/rustup-home" "/workspace/cargo-home/bin/cargo" "+1.99.0-beta.8" "metadata" "--manifest-path" "Cargo.toml" "--no-deps", kill_on_drop: false }`
[INFO] crate crates.io crate rlx-collectives 0.2.17 already has a lockfile, it will not be regenerated
[INFO] running `Command { std: CARGO_HOME="/workspace/cargo-home" RUSTUP_HOME="/workspace/rustup-home" "/workspace/cargo-home/bin/cargo" "+1.99.0-beta.8" "fetch" "--manifest-path" "Cargo.toml", kill_on_drop: false }`
[INFO] [stderr]     Blocking waiting for file lock on package cache
[INFO] [stderr]     Updating crates.io index
[INFO] [stderr]     Blocking waiting for file lock on package cache
[INFO] [stderr]  Downloading crates ...
[INFO] [stderr]   Downloaded if-addrs v0.13.4
[INFO] [stderr]   Downloaded mdns-sd v0.13.11
[INFO] running `Command { std: "docker" "create" "-v" "/var/lib/crater-agent-workspace/builds/worker-5-tc1/source:/opt/rustwide/workdir:ro,Z" "-v" "/var/lib/crater-agent-workspace/builds/worker-5-tc1/target:/opt/rustwide/target:rw,Z" "-v" "/var/lib/crater-agent-workspace/cargo-home:/opt/rustwide/cargo-home:ro,Z" "-v" "/var/lib/crater-agent-workspace/rustup-home:/opt/rustwide/rustup-home:ro,Z" "-m" "1610612736" "--network" "none" "ghcr.io/rust-lang/crates-build-env/linux@sha256:77db811e55d90add9212f6832c23229e3de5f1c1f9905e8cb07319ea15df73ac" "sleep" "infinity", kill_on_drop: false }`
[INFO] [stdout] 7ff41703340ef27ab30dd238ec25ce0384191125b2b0a6fe5b2ebc89bdc463b2
[INFO] running `Command { std: "docker" "start" "7ff41703340ef27ab30dd238ec25ce0384191125b2b0a6fe5b2ebc89bdc463b2", kill_on_drop: false }`
[INFO] running `Command { std: "docker" "inspect" "7ff41703340ef27ab30dd238ec25ce0384191125b2b0a6fe5b2ebc89bdc463b2", kill_on_drop: false }`
[INFO] running `Command { std: "docker" "exec" "-e" "SOURCE_DIR=/opt/rustwide/workdir" "-e" "CARGO_HOME=/opt/rustwide/cargo-home" "-e" "RUSTUP_HOME=/opt/rustwide/rustup-home" "-e" "CARGO_TARGET_DIR=/opt/rustwide/target" "-w" "/opt/rustwide/workdir" "--user" "0:0" "7ff41703340ef27ab30dd238ec25ce0384191125b2b0a6fe5b2ebc89bdc463b2" "/opt/rustwide/cargo-home/bin/cargo" "+1.99.0-beta.8" "metadata" "--no-deps" "--format-version=1", kill_on_drop: false }`
[INFO] running `Command { std: "docker" "inspect" "7ff41703340ef27ab30dd238ec25ce0384191125b2b0a6fe5b2ebc89bdc463b2", kill_on_drop: false }`
[INFO] running `Command { std: "docker" "exec" "-e" "SOURCE_DIR=/opt/rustwide/workdir" "-e" "CARGO_HOME=/opt/rustwide/cargo-home" "-e" "RUSTUP_HOME=/opt/rustwide/rustup-home" "-e" "CARGO_TARGET_DIR=/opt/rustwide/target" "-e" "CARGO_INCREMENTAL=0" "-e" "RUST_BACKTRACE=full" "-e" "RUSTFLAGS=--cap-lints=warn" "-e" "RUSTDOCFLAGS=--cap-lints=warn" "-w" "/opt/rustwide/workdir" "--user" "0:0" "7ff41703340ef27ab30dd238ec25ce0384191125b2b0a6fe5b2ebc89bdc463b2" "/opt/rustwide/cargo-home/bin/cargo" "+1.99.0-beta.8" "build" "--frozen" "--message-format=json" "--release", kill_on_drop: false }`
[INFO] [stderr]    Compiling typenum v1.20.1
[INFO] [stderr]    Compiling pkg-config v0.3.33
[INFO] [stderr]    Compiling bytemuck_derive v1.10.2
[INFO] [stderr]    Compiling cpubits v0.1.1
[INFO] [stderr]    Compiling libc v0.2.186
[INFO] [stderr]    Compiling num-traits v0.2.19
[INFO] [stderr]    Compiling cpufeatures v0.3.0
[INFO] [stderr]    Compiling ucd-trie v0.1.7
[INFO] [stderr]    Compiling zstd-safe v5.0.2+zstd.1.5.2
[INFO] [stderr]    Compiling base64ct v1.8.3
[INFO] [stderr]    Compiling smallvec v1.15.1
[INFO] [stderr]    Compiling simd-adler32 v0.3.9
[INFO] [stderr]    Compiling thiserror-impl v2.0.18
[INFO] [stderr]    Compiling time-core v0.1.9
[INFO] [stderr]    Compiling num-conv v0.2.2
[INFO] [stderr]    Compiling serde_json v1.0.149
[INFO] [stderr]    Compiling deranged v0.5.8
[INFO] [stderr]    Compiling either v1.15.0
[INFO] [stderr]    Compiling constant_time_eq v0.1.5
[INFO] [stderr]    Compiling pest v2.8.8
[INFO] [stderr]    Compiling miniz_oxide v0.8.9
[INFO] [stderr]    Compiling rayon v1.12.0
[INFO] [stderr]    Compiling password-hash v0.4.2
[INFO] [stderr]    Compiling hashbrown v0.16.1
[INFO] [stderr]    Compiling memmap2 v0.9.10
[INFO] [stderr]    Compiling flate2 v1.1.9
[INFO] [stderr]    Compiling rlx-cpu v0.2.17
[INFO] [stderr]    Compiling strum_macros v0.28.0
[INFO] [stderr]    Compiling generic-array v0.14.7
[INFO] [stderr]    Compiling hybrid-array v0.4.13
[INFO] [stderr]    Compiling num-integer v0.1.46
[INFO] [stderr]    Compiling num-complex v0.4.6
[INFO] [stderr]    Compiling bytemuck v1.25.0
[INFO] [stderr]    Compiling safetensors v0.7.0
[INFO] [stderr]    Compiling thiserror v2.0.18
[INFO] [stderr]    Compiling jobserver v0.1.35
[INFO] [stderr]    Compiling half v2.7.1
[INFO] [stderr]    Compiling num-bigint v0.4.8
[INFO] [stderr]    Compiling pest_meta v2.8.8
[INFO] [stderr]    Compiling cc v1.2.61
[INFO] [stderr]    Compiling inout v0.2.2
[INFO] [stderr]    Compiling crypto-common v0.2.2
[INFO] [stderr]    Compiling crypto-common v0.1.7
[INFO] [stderr]    Compiling block-buffer v0.10.4
[INFO] [stderr]    Compiling inout v0.1.4
[INFO] [stderr]    Compiling cipher v0.5.2
[INFO] [stderr]    Compiling digest v0.10.7
[INFO] [stderr]    Compiling cipher v0.4.4
[INFO] [stderr]    Compiling aes v0.9.1
[INFO] [stderr]    Compiling time v0.3.53
[INFO] [stderr]    Compiling sha2 v0.10.9
[INFO] [stderr]    Compiling hmac v0.12.1
[INFO] [stderr]    Compiling aes v0.8.4
[INFO] [stderr]    Compiling sha1 v0.10.7
[INFO] [stderr]    Compiling pbkdf2 v0.11.0
[INFO] [stderr]    Compiling rlx-ir v0.2.17
[INFO] [stderr]    Compiling pest_generator v2.8.8
[INFO] [stderr]    Compiling zstd-sys v2.0.16+zstd.1.5.7
[INFO] [stderr]    Compiling bzip2-sys v0.1.13+1.0.8
[INFO] [stderr]    Compiling bzip2 v0.4.4
[INFO] [stderr]    Compiling pest_derive v2.8.8
[INFO] [stderr]    Compiling rlx-gguf v0.2.17
[INFO] [stderr]    Compiling py_literal v0.4.0
[INFO] [stderr]    Compiling rlx-fusion v0.2.17
[INFO] [stderr]    Compiling rlx-driver v0.2.17
[INFO] [stderr]    Compiling rlx-autodiff v0.2.17
[INFO] [stderr]    Compiling rlx-compile v0.2.17
[INFO] [stderr]    Compiling rlx-opt v0.2.17
[INFO] [stderr]    Compiling zstd v0.11.2+zstd.1.5.2
[INFO] [stderr]    Compiling zip v0.6.6
[INFO] [stderr]    Compiling npyz v0.8.4
[INFO] [stderr]    Compiling rlx-mlx-io v0.2.17
[INFO] [stderr]    Compiling rlx-collectives v0.2.17 (/opt/rustwide/workdir)
[INFO] [stderr]     Finished `release` profile [optimized] target(s) in 2m 46s
[INFO] running `Command { std: "docker" "inspect" "7ff41703340ef27ab30dd238ec25ce0384191125b2b0a6fe5b2ebc89bdc463b2", kill_on_drop: false }`
[INFO] running `Command { std: "docker" "exec" "-e" "SOURCE_DIR=/opt/rustwide/workdir" "-e" "CARGO_HOME=/opt/rustwide/cargo-home" "-e" "RUSTUP_HOME=/opt/rustwide/rustup-home" "-e" "CARGO_TARGET_DIR=/opt/rustwide/target" "-e" "CARGO_INCREMENTAL=0" "-e" "RUST_BACKTRACE=full" "-e" "RUSTFLAGS=--cap-lints=warn" "-e" "RUSTDOCFLAGS=--cap-lints=warn" "-w" "/opt/rustwide/workdir" "--user" "0:0" "7ff41703340ef27ab30dd238ec25ce0384191125b2b0a6fe5b2ebc89bdc463b2" "/opt/rustwide/cargo-home/bin/cargo" "+1.99.0-beta.8" "test" "--frozen" "--no-run" "--message-format=json" "--release", kill_on_drop: false }`
[INFO] [stderr]    Compiling hashbrown v0.17.0
[INFO] [stderr]    Compiling toml_datetime v0.6.11
[INFO] [stderr]    Compiling serde_spanned v0.6.9
[INFO] [stderr]    Compiling indexmap v2.14.0
[INFO] [stderr]    Compiling toml_edit v0.22.27
[INFO] [stderr]    Compiling toml v0.8.23
[INFO] [stderr]    Compiling rlx-collectives v0.2.17 (/opt/rustwide/workdir)
[INFO] [stdout] error[E0432]: unresolved import `rlx_runtime`
[INFO] [stdout]   --> examples/dist_node.rs:90:5
[INFO] [stdout]    |
[INFO] [stdout] 90 | use rlx_runtime::dist; // reusable ship-graph worker/coordinator API
[INFO] [stdout]    |     ^^^^^^^^^^^ use of unresolved module or unlinked crate `rlx_runtime`
[INFO] [stdout]    |
[INFO] [stdout]    = help: if you wanted to use a crate named `rlx_runtime`, use `cargo add rlx_runtime` to add it to your `Cargo.toml`
[INFO] [stdout] 
[INFO] [stdout] 
[INFO] [stdout] error[E0432]: unresolved import `rlx_runtime`
[INFO] [stdout]   --> examples/dist_node.rs:91:5
[INFO] [stdout]    |
[INFO] [stdout] 91 | use rlx_runtime::{
[INFO] [stdout]    |     ^^^^^^^^^^^ use of unresolved module or unlinked crate `rlx_runtime`
[INFO] [stdout]    |
[INFO] [stdout]    = help: if you wanted to use a crate named `rlx_runtime`, use `cargo add rlx_runtime` to add it to your `Cargo.toml`
[INFO] [stdout] 
[INFO] [stdout] 
[INFO] [stdout] error[E0432]: unresolved import `rlx_runtime`
[INFO] [stdout]   --> examples/dist_job.rs:21:5
[INFO] [stdout]    |
[INFO] [stdout] 21 | use rlx_runtime::{Device, Session, device_label, fastest_device, is_available, parse_device};
[INFO] [stdout]    |     ^^^^^^^^^^^ use of unresolved module or unlinked crate `rlx_runtime`
[INFO] [stdout]    |
[INFO] [stdout]    = help: if you wanted to use a crate named `rlx_runtime`, use `cargo add rlx_runtime` to add it to your `Cargo.toml`
[INFO] [stdout] 
[INFO] [stdout] 
[INFO] [stdout] error[E0432]: unresolved import `rlx_runtime`
[INFO] [stdout]   --> examples/wide_ep_toy.rs:18:5
[INFO] [stdout]    |
[INFO] [stdout] 18 | use rlx_runtime::{Device, Session};
[INFO] [stdout]    |     ^^^^^^^^^^^ use of unresolved module or unlinked crate `rlx_runtime`
[INFO] [stdout]    |
[INFO] [stdout]    = help: if you wanted to use a crate named `rlx_runtime`, use `cargo add rlx_runtime` to add it to your `Cargo.toml`
[INFO] [stdout] 
[INFO] [stdout] 
[INFO] [stdout] error[E0432]: unresolved import `rlx_runtime`
[INFO] [stdout]    --> src/mesh.rs:137:9
[INFO] [stdout]     |
[INFO] [stdout] 137 |     use rlx_runtime::{Device, Session};
[INFO] [stdout]     |         ^^^^^^^^^^^ use of unresolved module or unlinked crate `rlx_runtime`
[INFO] [stdout]     |
[INFO] [stdout]     = help: if you wanted to use a crate named `rlx_runtime`, use `cargo add rlx_runtime` to add it to your `Cargo.toml`
[INFO] [stdout] 
[INFO] [stdout] 
[INFO] [stdout] error[E0432]: unresolved import `rlx_runtime`
[INFO] [stdout]    --> src/moe_ep.rs:615:9
[INFO] [stdout]     |
[INFO] [stdout] 615 |     use rlx_runtime::{Device, Session};
[INFO] [stdout]     |         ^^^^^^^^^^^ use of unresolved module or unlinked crate `rlx_runtime`
[INFO] [stdout]     |
[INFO] [stdout]     = help: if you wanted to use a crate named `rlx_runtime`, use `cargo add rlx_runtime` to add it to your `Cargo.toml`
[INFO] [stdout] 
[INFO] [stdout] 
[INFO] [stdout] error[E0432]: unresolved import `rlx_runtime`
[INFO] [stdout]     --> src/lib.rs:1329:9
[INFO] [stdout]      |
[INFO] [stdout] 1329 |     use rlx_runtime::{Device, Session};
[INFO] [stdout]      |         ^^^^^^^^^^^ use of unresolved module or unlinked crate `rlx_runtime`
[INFO] [stdout]      |
[INFO] [stdout]      = help: if you wanted to use a crate named `rlx_runtime`, use `cargo add rlx_runtime` to add it to your `Cargo.toml`
[INFO] [stdout] 
[INFO] [stdout] 
[INFO] [stdout] error[E0432]: unresolved import `rlx_runtime`
[INFO] [stdout]    --> src/moe_ep.rs:833:13
[INFO] [stdout]     |
[INFO] [stdout] 833 |         use rlx_runtime::{Device, Session};
[INFO] [stdout]     |             ^^^^^^^^^^^ use of unresolved module or unlinked crate `rlx_runtime`
[INFO] [stdout]     |
[INFO] [stdout]     = help: if you wanted to use a crate named `rlx_runtime`, use `cargo add rlx_runtime` to add it to your `Cargo.toml`
[INFO] [stdout] 
[INFO] [stdout] 
[INFO] [stdout] error[E0432]: unresolved import `rlx_runtime`
[INFO] [stdout]    --> src/moe_ep.rs:950:13
[INFO] [stdout]     |
[INFO] [stdout] 950 |         use rlx_runtime::{Device, Session};
[INFO] [stdout]     |             ^^^^^^^^^^^ use of unresolved module or unlinked crate `rlx_runtime`
[INFO] [stdout]     |
[INFO] [stdout]     = help: if you wanted to use a crate named `rlx_runtime`, use `cargo add rlx_runtime` to add it to your `Cargo.toml`
[INFO] [stdout] 
[INFO] [stdout] 
[INFO] [stdout] error[E0432]: unresolved import `rlx_runtime`
[INFO] [stdout]     --> src/moe_ep.rs:1067:13
[INFO] [stdout]      |
[INFO] [stdout] 1067 |         use rlx_runtime::{Device, Session};
[INFO] [stdout]      |             ^^^^^^^^^^^ use of unresolved module or unlinked crate `rlx_runtime`
[INFO] [stdout]      |
[INFO] [stdout]      = help: if you wanted to use a crate named `rlx_runtime`, use `cargo add rlx_runtime` to add it to your `Cargo.toml`
[INFO] [stdout] 
[INFO] [stdout] 
[INFO] [stdout] error[E0432]: unresolved import `rlx_runtime`
[INFO] [stdout]     --> src/lib.rs:3363:13
[INFO] [stdout]      |
[INFO] [stdout] 3363 |         use rlx_runtime::Device;
[INFO] [stdout]      |             ^^^^^^^^^^^ use of unresolved module or unlinked crate `rlx_runtime`
[INFO] [stdout]      |
[INFO] [stdout]      = help: if you wanted to use a crate named `rlx_runtime`, use `cargo add rlx_runtime` to add it to your `Cargo.toml`
[INFO] [stdout] 
[INFO] [stdout] 
[INFO] [stdout] error[E0433]: cannot find module or crate `rlx_xdna` in this scope
[INFO] [stdout]    --> examples/dist_node.rs:333:22
[INFO] [stdout]     |
[INFO] [stdout] 333 |     let gemm = match rlx_xdna::npu_gemm::NpuGemm::open(&ov.shim, &ov.xclbin, &insts, m, k, n) {
[INFO] [stdout]     |                      ^^^^^^^^ use of unresolved module or unlinked crate `rlx_xdna`
[INFO] [stdout]     |
[INFO] [stdout]     = help: if you wanted to use a crate named `rlx_xdna`, use `cargo add rlx_xdna` to add it to your `Cargo.toml`
[INFO] [stdout] 
[INFO] [stdout] 
[INFO] [stdout] For more information about this error, try `rustc --explain E0432`.
[INFO] [stdout] 
[INFO] [stderr] error: could not compile `rlx-collectives` (example "wide_ep_toy") due to 1 previous error
[INFO] [stderr] warning: build failed, waiting for other jobs to finish...
[INFO] [stdout] error[E0433]: cannot find module or crate `rlx_gguf` in this scope
[INFO] [stdout]    --> examples/dist_node.rs:684:43
[INFO] [stdout]     |
[INFO] [stdout] 684 |     let packed = rlx_gguf::quantize(vals, rlx_gguf::GgmlType::Q8_0).expect("quantize q8_0");
[INFO] [stdout]     |                                           ^^^^^^^^ use of unresolved module or unlinked crate `rlx_gguf`
[INFO] [stdout]     |
[INFO] [stdout]     = help: if you wanted to use a crate named `rlx_gguf`, use `cargo add rlx_gguf` to add it to your `Cargo.toml`
[INFO] [stdout] 
[INFO] [stdout] 
[INFO] [stdout] error[E0433]: cannot find module or crate `rlx_gguf` in this scope
[INFO] [stdout]    --> examples/dist_node.rs:685:17
[INFO] [stdout]     |
[INFO] [stdout] 685 |     let mut w = rlx_gguf::GgufWriter::new();
[INFO] [stdout]     |                 ^^^^^^^^ use of unresolved module or unlinked crate `rlx_gguf`
[INFO] [stdout]     |
[INFO] [stdout]     = help: if you wanted to use a crate named `rlx_gguf`, use `cargo add rlx_gguf` to add it to your `Cargo.toml`
[INFO] [stdout] 
[INFO] [stdout] 
[INFO] [stdout] error[E0433]: cannot find module or crate `rlx_gguf` in this scope
[INFO] [stdout]    --> examples/dist_node.rs:686:48
[INFO] [stdout]     |
[INFO] [stdout] 686 |     w.add_tensor_bytes(name, vec![vals.len()], rlx_gguf::GgmlType::Q8_0, packed)
[INFO] [stdout]     |                                                ^^^^^^^^ use of unresolved module or unlinked crate `rlx_gguf`
[INFO] [stdout]     |
[INFO] [stdout]     = help: if you wanted to use a crate named `rlx_gguf`, use `cargo add rlx_gguf` to add it to your `Cargo.toml`
[INFO] [stdout] 
[INFO] [stdout] 
[INFO] [stdout] error[E0433]: cannot find module or crate `rlx_gguf` in this scope
[INFO] [stdout]    --> examples/dist_node.rs:715:50
[INFO] [stdout]     |
[INFO] [stdout] 715 |             let packed = rlx_gguf::quantize(&wf, rlx_gguf::GgmlType::Q8_0).unwrap();
[INFO] [stdout]     |                                                  ^^^^^^^^ use of unresolved module or unlinked crate `rlx_gguf`
[INFO] [stdout]     |
[INFO] [stdout]     = help: if you wanted to use a crate named `rlx_gguf`, use `cargo add rlx_gguf` to add it to your `Cargo.toml`
[INFO] [stdout] 
[INFO] [stdout] 
[INFO] [stdout] For more information about this error, try `rustc --explain E0432`.
[INFO] [stdout] 
[INFO] [stderr] error: could not compile `rlx-collectives` (example "dist_job") due to 1 previous error
[INFO] [stdout] error[E0433]: cannot find module or crate `rlx_gguf` in this scope
[INFO] [stdout]    --> examples/dist_node.rs:732:50
[INFO] [stdout]     |
[INFO] [stdout] 732 |             let packed = rlx_gguf::quantize(&wf, rlx_gguf::GgmlType::Q8_0).unwrap();
[INFO] [stdout]     |                                                  ^^^^^^^^ use of unresolved module or unlinked crate `rlx_gguf`
[INFO] [stdout]     |
[INFO] [stdout]     = help: if you wanted to use a crate named `rlx_gguf`, use `cargo add rlx_gguf` to add it to your `Cargo.toml`
[INFO] [stdout] 
[INFO] [stdout] 
[INFO] [stdout] error[E0433]: cannot find module or crate `rlx_gguf` in this scope
[INFO] [stdout]    --> examples/dist_node.rs:778:46
[INFO] [stdout]     |
[INFO] [stdout] 778 |         let packed = rlx_gguf::quantize(&wf, rlx_gguf::GgmlType::Q8_0).unwrap();
[INFO] [stdout]     |                                              ^^^^^^^^ use of unresolved module or unlinked crate `rlx_gguf`
[INFO] [stdout]     |
[INFO] [stdout]     = help: if you wanted to use a crate named `rlx_gguf`, use `cargo add rlx_gguf` to add it to your `Cargo.toml`
[INFO] [stdout] 
[INFO] [stdout] 
[INFO] [stdout] error[E0433]: cannot find module or crate `rlx_xdna` in this scope
[INFO] [stdout]    --> examples/dist_node.rs:318:14
[INFO] [stdout]     |
[INFO] [stdout] 318 |     let ov = rlx_xdna::overlay_from_env()?;
[INFO] [stdout]     |              ^^^^^^^^ use of unresolved module or unlinked crate `rlx_xdna`
[INFO] [stdout]     |
[INFO] [stdout]     = help: if you wanted to use a crate named `rlx_xdna`, use `cargo add rlx_xdna` to add it to your `Cargo.toml`
[INFO] [stdout] 
[INFO] [stdout] 
[INFO] [stdout] warning: method call on a diverging inference variable
[INFO] [stdout]    --> examples/dist_node.rs:340:26
[INFO] [stdout]     |
[INFO] [stdout] 340 |     let got = match gemm.run(&a, &b) {
[INFO] [stdout]     |                          ^^^
[INFO] [stdout]     |
[INFO] [stdout]     = help: consider providing a type annotation
[INFO] [stdout]     = warning: this was previously accepted by the compiler but is being phased out; it will become a hard error in a future release!
[INFO] [stdout]     = note: for more information, see issue #156047 <https://github.com/rust-lang/rust/issues/156047>
[INFO] [stdout]     = note: `#[warn(method_call_on_diverging_infer_var)]` (part of `#[warn(future_incompatible)]`) on by default
[INFO] [stdout] 
[INFO] [stdout] 
[INFO] [stdout] error[E0599]: no method named `run` found for type `!` in the current scope
[INFO] [stdout]    --> examples/dist_node.rs:340:26
[INFO] [stdout]     |
[INFO] [stdout] 340 |     let got = match gemm.run(&a, &b) {
[INFO] [stdout]     |                          ^^^ method not found in `!`
[INFO] [stdout] 
[INFO] [stdout] 
[INFO] [stdout] error[E0599]: no method named `run` found for type `!` in the current scope
[INFO] [stdout]    --> examples/dist_node.rs:351:22
[INFO] [stdout]     |
[INFO] [stdout] 351 |         let _ = gemm.run(&a, &b);
[INFO] [stdout]     |                      ^^^ method not found in `!`
[INFO] [stdout] 
[INFO] [stdout] 
[INFO] [stdout] warning: unreachable expression
[INFO] [stdout]    --> examples/dist_node.rs:351:26
[INFO] [stdout]     |
[INFO] [stdout] 351 |         let _ = gemm.run(&a, &b);
[INFO] [stdout]     |                 ----     ^^ unreachable expression
[INFO] [stdout]     |                 |
[INFO] [stdout]     |                 any code following this expression is unreachable
[INFO] [stdout]     |
[INFO] [stdout]     = note: `-W unreachable-code` implied by `-W unused`
[INFO] [stdout]     = help: to override `-W unused` add `#[allow(unreachable_code)]`
[INFO] [stdout] 
[INFO] [stdout] 
[INFO] [stdout] warning: method call on a diverging inference variable
[INFO] [stdout]    --> examples/dist_node.rs:368:20
[INFO] [stdout]     |
[INFO] [stdout] 368 |     let mism = got.iter().zip(&cref).filter(|(x, y)| x != y).count();
[INFO] [stdout]     |                    ^^^^
[INFO] [stdout]     |
[INFO] [stdout]     = help: consider providing a type annotation
[INFO] [stdout]     = warning: this was previously accepted by the compiler but is being phased out; it will become a hard error in a future release!
[INFO] [stdout]     = note: for more information, see issue #156047 <https://github.com/rust-lang/rust/issues/156047>
[INFO] [stdout] 
[INFO] [stdout] 
[INFO] [stdout] error[E0599]: no method named `iter` found for type `!` in the current scope
[INFO] [stdout]    --> examples/dist_node.rs:368:20
[INFO] [stdout]     |
[INFO] [stdout] 368 |     let mism = got.iter().zip(&cref).filter(|(x, y)| x != y).count();
[INFO] [stdout]     |                    ^^^^ method not found in `!`
[INFO] [stdout] 
[INFO] [stdout] 
[INFO] [stdout] error[E0433]: cannot find module or crate `rlx_gguf` in this scope
[INFO] [stdout]    --> examples/dist_node.rs:684:18
[INFO] [stdout]     |
[INFO] [stdout] 684 |     let packed = rlx_gguf::quantize(vals, rlx_gguf::GgmlType::Q8_0).expect("quantize q8_0");
[INFO] [stdout]     |                  ^^^^^^^^ use of unresolved module or unlinked crate `rlx_gguf`
[INFO] [stdout]     |
[INFO] [stdout]     = help: if you wanted to use a crate named `rlx_gguf`, use `cargo add rlx_gguf` to add it to your `Cargo.toml`
[INFO] [stdout] 
[INFO] [stdout] 
[INFO] [stdout] error[E0433]: cannot find module or crate `rlx_gguf` in this scope
[INFO] [stdout]    --> examples/dist_node.rs:715:26
[INFO] [stdout]     |
[INFO] [stdout] 715 |             let packed = rlx_gguf::quantize(&wf, rlx_gguf::GgmlType::Q8_0).unwrap();
[INFO] [stdout]     |                          ^^^^^^^^ use of unresolved module or unlinked crate `rlx_gguf`
[INFO] [stdout]     |
[INFO] [stdout]     = help: if you wanted to use a crate named `rlx_gguf`, use `cargo add rlx_gguf` to add it to your `Cargo.toml`
[INFO] [stdout] 
[INFO] [stdout] 
[INFO] [stdout] error[E0433]: cannot find module or crate `rlx_gguf` in this scope
[INFO] [stdout]    --> examples/dist_node.rs:716:24
[INFO] [stdout]     |
[INFO] [stdout] 716 |             let wdeq = rlx_gguf::dequant_q8_0(&packed, d * d).unwrap();
[INFO] [stdout]     |                        ^^^^^^^^ use of unresolved module or unlinked crate `rlx_gguf`
[INFO] [stdout]     |
[INFO] [stdout]     = help: if you wanted to use a crate named `rlx_gguf`, use `cargo add rlx_gguf` to add it to your `Cargo.toml`
[INFO] [stdout] 
[INFO] [stdout] 
[INFO] [stdout] error[E0433]: cannot find module or crate `rlx_gguf` in this scope
[INFO] [stdout]    --> examples/dist_node.rs:732:26
[INFO] [stdout]     |
[INFO] [stdout] 732 |             let packed = rlx_gguf::quantize(&wf, rlx_gguf::GgmlType::Q8_0).unwrap();
[INFO] [stdout]     |                          ^^^^^^^^ use of unresolved module or unlinked crate `rlx_gguf`
[INFO] [stdout]     |
[INFO] [stdout]     = help: if you wanted to use a crate named `rlx_gguf`, use `cargo add rlx_gguf` to add it to your `Cargo.toml`
[INFO] [stdout] 
[INFO] [stdout] 
[INFO] [stdout] error[E0433]: cannot find module or crate `rlx_gguf` in this scope
[INFO] [stdout]    --> examples/dist_node.rs:778:22
[INFO] [stdout]     |
[INFO] [stdout] 778 |         let packed = rlx_gguf::quantize(&wf, rlx_gguf::GgmlType::Q8_0).unwrap();
[INFO] [stdout]     |                      ^^^^^^^^ use of unresolved module or unlinked crate `rlx_gguf`
[INFO] [stdout]     |
[INFO] [stdout]     = help: if you wanted to use a crate named `rlx_gguf`, use `cargo add rlx_gguf` to add it to your `Cargo.toml`
[INFO] [stdout] 
[INFO] [stdout] 
[INFO] [stdout] warning: method call on a diverging inference variable
[INFO] [stdout]    --> examples/dist_node.rs:822:21
[INFO] [stdout]     |
[INFO] [stdout] 822 |     let out = stage.run(&input);
[INFO] [stdout]     |                     ^^^
[INFO] [stdout]     |
[INFO] [stdout]     = help: consider providing a type annotation
[INFO] [stdout]     = warning: this was previously accepted by the compiler but is being phased out; it will become a hard error in a future release!
[INFO] [stdout]     = note: for more information, see issue #156047 <https://github.com/rust-lang/rust/issues/156047>
[INFO] [stdout] 
[INFO] [stdout] 
[INFO] [stdout] error[E0599]: no method named `run` found for type `!` in the current scope
[INFO] [stdout]    --> examples/dist_node.rs:822:21
[INFO] [stdout]     |
[INFO] [stdout] 822 |     let out = stage.run(&input);
[INFO] [stdout]     |                     ^^^ method not found in `!`
[INFO] [stdout] 
[INFO] [stdout] 
[INFO] [stdout] error[E0609]: no field `nodes` on type `!`
[INFO] [stdout]    --> examples/dist_node.rs:827:15
[INFO] [stdout]     |
[INFO] [stdout] 827 |         stage.nodes,
[INFO] [stdout]     |               ^^^^^ unknown field
[INFO] [stdout] 
[INFO] [stdout] 
[INFO] [stdout] error[E0609]: no field `device` on type `!`
[INFO] [stdout]    --> examples/dist_node.rs:828:28
[INFO] [stdout]     |
[INFO] [stdout] 828 |         device_label(stage.device)
[INFO] [stdout]     |                            ^^^^^^ unknown field
[INFO] [stdout] 
[INFO] [stdout] 
[INFO] [stdout] warning: method call on a diverging inference variable
[INFO] [stdout]     --> examples/dist_node.rs:1021:19
[INFO] [stdout]      |
[INFO] [stdout] 1021 |     let y = stage.run(&x);
[INFO] [stdout]      |                   ^^^
[INFO] [stdout]      |
[INFO] [stdout]      = help: consider providing a type annotation
[INFO] [stdout]      = warning: this was previously accepted by the compiler but is being phased out; it will become a hard error in a future release!
[INFO] [stdout]      = note: for more information, see issue #156047 <https://github.com/rust-lang/rust/issues/156047>
[INFO] [stdout] 
[INFO] [stdout] 
[INFO] [stdout] error[E0599]: no method named `run` found for type `!` in the current scope
[INFO] [stdout]     --> examples/dist_node.rs:1021:19
[INFO] [stdout]      |
[INFO] [stdout] 1021 |     let y = stage.run(&x);
[INFO] [stdout]      |                   ^^^ method not found in `!`
[INFO] [stdout] 
[INFO] [stdout] 
[INFO] [stdout] error[E0609]: no field `device` on type `!`
[INFO] [stdout]     --> examples/dist_node.rs:1026:28
[INFO] [stdout]      |
[INFO] [stdout] 1026 |         device_label(stage.device),
[INFO] [stdout]      |                            ^^^^^^ unknown field
[INFO] [stdout] 
[INFO] [stdout] 
[INFO] [stdout] error[E0433]: cannot find module or crate `rlx_runtime` in this scope
[INFO] [stdout]     --> examples/dist_node.rs:1765:21
[INFO] [stdout]      |
[INFO] [stdout] 1765 |     for (d, why) in rlx_runtime::detected_unavailable_devices() {
[INFO] [stdout]      |                     ^^^^^^^^^^^ use of unresolved module or unlinked crate `rlx_runtime`
[INFO] [stdout]      |
[INFO] [stdout]      = help: if you wanted to use a crate named `rlx_runtime`, use `cargo add rlx_runtime` to add it to your `Cargo.toml`
[INFO] [stdout] 
[INFO] [stdout] 
[INFO] [stdout] Some errors have detailed explanations: E0432, E0433, E0599, E0609.
[INFO] [stdout] 
[INFO] [stdout] For more information about an error, try `rustc --explain E0432`.
[INFO] [stdout] 
[INFO] [stderr] error: could not compile `rlx-collectives` (example "dist_node") due to 24 previous errors; 9 warnings emitted
[INFO] [stdout] error[E0433]: cannot find module or crate `rlx_autodiff` in this scope
[INFO] [stdout]     --> src/lib.rs:2354:19
[INFO] [stdout]      |
[INFO] [stdout] 2354 |         let bwd = rlx_autodiff::grad(&g, &[x]);
[INFO] [stdout]      |                   ^^^^^^^^^^^^ use of unresolved module or unlinked crate `rlx_autodiff`
[INFO] [stdout]      |
[INFO] [stdout]      = help: if you wanted to use a crate named `rlx_autodiff`, use `cargo add rlx_autodiff` to add it to your `Cargo.toml`
[INFO] [stdout] 
[INFO] [stdout] 
[INFO] [stdout] error[E0433]: cannot find module or crate `rlx_autodiff` in this scope
[INFO] [stdout]     --> src/lib.rs:2376:19
[INFO] [stdout]      |
[INFO] [stdout] 2376 |         let bwd = rlx_autodiff::grad(&g, &[x]);
[INFO] [stdout]      |                   ^^^^^^^^^^^^ use of unresolved module or unlinked crate `rlx_autodiff`
[INFO] [stdout]      |
[INFO] [stdout]      = help: if you wanted to use a crate named `rlx_autodiff`, use `cargo add rlx_autodiff` to add it to your `Cargo.toml`
[INFO] [stdout] 
[INFO] [stdout] 
[INFO] [stdout] error[E0433]: cannot find module or crate `rlx_autodiff` in this scope
[INFO] [stdout]     --> src/lib.rs:2398:19
[INFO] [stdout]      |
[INFO] [stdout] 2398 |         let bwd = rlx_autodiff::grad(&g, &[x]);
[INFO] [stdout]      |                   ^^^^^^^^^^^^ use of unresolved module or unlinked crate `rlx_autodiff`
[INFO] [stdout]      |
[INFO] [stdout]      = help: if you wanted to use a crate named `rlx_autodiff`, use `cargo add rlx_autodiff` to add it to your `Cargo.toml`
[INFO] [stdout] 
[INFO] [stdout] 
[INFO] [stdout] error[E0433]: cannot find module or crate `rlx_autodiff` in this scope
[INFO] [stdout]     --> src/lib.rs:2506:23
[INFO] [stdout]      |
[INFO] [stdout] 2506 |             let bwd = rlx_autodiff::grad(&fwd, &[x]);
[INFO] [stdout]      |                       ^^^^^^^^^^^^ use of unresolved module or unlinked crate `rlx_autodiff`
[INFO] [stdout]      |
[INFO] [stdout]      = help: if you wanted to use a crate named `rlx_autodiff`, use `cargo add rlx_autodiff` to add it to your `Cargo.toml`
[INFO] [stdout] 
[INFO] [stdout] 
[INFO] [stdout] error[E0433]: cannot find module or crate `rlx_autodiff` in this scope
[INFO] [stdout]     --> src/lib.rs:2603:23
[INFO] [stdout]      |
[INFO] [stdout] 2603 |             let bwd = rlx_autodiff::grad(&g, &[x]);
[INFO] [stdout]      |                       ^^^^^^^^^^^^ use of unresolved module or unlinked crate `rlx_autodiff`
[INFO] [stdout]      |
[INFO] [stdout]      = help: if you wanted to use a crate named `rlx_autodiff`, use `cargo add rlx_autodiff` to add it to your `Cargo.toml`
[INFO] [stdout] 
[INFO] [stdout] 
[INFO] [stdout] error[E0433]: cannot find module or crate `rlx_autodiff` in this scope
[INFO] [stdout]     --> src/lib.rs:2648:23
[INFO] [stdout]      |
[INFO] [stdout] 2648 |             let bwd = rlx_autodiff::grad(&g, &[x]);
[INFO] [stdout]      |                       ^^^^^^^^^^^^ use of unresolved module or unlinked crate `rlx_autodiff`
[INFO] [stdout]      |
[INFO] [stdout]      = help: if you wanted to use a crate named `rlx_autodiff`, use `cargo add rlx_autodiff` to add it to your `Cargo.toml`
[INFO] [stdout] 
[INFO] [stdout] 
[INFO] [stdout] error[E0433]: cannot find module or crate `rlx_autodiff` in this scope
[INFO] [stdout]     --> src/lib.rs:2739:19
[INFO] [stdout]      |
[INFO] [stdout] 2739 |         let bwd = rlx_autodiff::grad(&g, &[x]);
[INFO] [stdout]      |                   ^^^^^^^^^^^^ use of unresolved module or unlinked crate `rlx_autodiff`
[INFO] [stdout]      |
[INFO] [stdout]      = help: if you wanted to use a crate named `rlx_autodiff`, use `cargo add rlx_autodiff` to add it to your `Cargo.toml`
[INFO] [stdout] 
[INFO] [stdout] 
[INFO] [stdout] error[E0433]: cannot find module or crate `rlx_autodiff` in this scope
[INFO] [stdout]     --> src/lib.rs:2771:23
[INFO] [stdout]      |
[INFO] [stdout] 2771 |             let bwd = rlx_autodiff::grad(&g, &[x]);
[INFO] [stdout]      |                       ^^^^^^^^^^^^ use of unresolved module or unlinked crate `rlx_autodiff`
[INFO] [stdout]      |
[INFO] [stdout]      = help: if you wanted to use a crate named `rlx_autodiff`, use `cargo add rlx_autodiff` to add it to your `Cargo.toml`
[INFO] [stdout] 
[INFO] [stdout] 
[INFO] [stdout] error[E0433]: cannot find module or crate `rlx_autodiff` in this scope
[INFO] [stdout]     --> src/lib.rs:2823:23
[INFO] [stdout]      |
[INFO] [stdout] 2823 |             let bwd = rlx_autodiff::grad(&g, &[x]);
[INFO] [stdout]      |                       ^^^^^^^^^^^^ use of unresolved module or unlinked crate `rlx_autodiff`
[INFO] [stdout]      |
[INFO] [stdout]      = help: if you wanted to use a crate named `rlx_autodiff`, use `cargo add rlx_autodiff` to add it to your `Cargo.toml`
[INFO] [stdout] 
[INFO] [stdout] 
[INFO] [stdout] error[E0433]: cannot find module or crate `rlx_autodiff` in this scope
[INFO] [stdout]     --> src/lib.rs:2868:23
[INFO] [stdout]      |
[INFO] [stdout] 2868 |             let bwd = rlx_autodiff::grad(&g, &[x]);
[INFO] [stdout]      |                       ^^^^^^^^^^^^ use of unresolved module or unlinked crate `rlx_autodiff`
[INFO] [stdout]      |
[INFO] [stdout]      = help: if you wanted to use a crate named `rlx_autodiff`, use `cargo add rlx_autodiff` to add it to your `Cargo.toml`
[INFO] [stdout] 
[INFO] [stdout] 
[INFO] [stdout] error[E0433]: cannot find module or crate `rlx_autodiff` in this scope
[INFO] [stdout]     --> src/lib.rs:2999:19
[INFO] [stdout]      |
[INFO] [stdout] 2999 |         let bwd = rlx_autodiff::grad(&g, &[x]);
[INFO] [stdout]      |                   ^^^^^^^^^^^^ use of unresolved module or unlinked crate `rlx_autodiff`
[INFO] [stdout]      |
[INFO] [stdout]      = help: if you wanted to use a crate named `rlx_autodiff`, use `cargo add rlx_autodiff` to add it to your `Cargo.toml`
[INFO] [stdout] 
[INFO] [stdout] 
[INFO] [stdout] error[E0433]: cannot find module or crate `rlx_autodiff` in this scope
[INFO] [stdout]     --> src/lib.rs:3007:19
[INFO] [stdout]      |
[INFO] [stdout] 3007 |         let bwd = rlx_autodiff::grad(&g, &[x]);
[INFO] [stdout]      |                   ^^^^^^^^^^^^ use of unresolved module or unlinked crate `rlx_autodiff`
[INFO] [stdout]      |
[INFO] [stdout]      = help: if you wanted to use a crate named `rlx_autodiff`, use `cargo add rlx_autodiff` to add it to your `Cargo.toml`
[INFO] [stdout] 
[INFO] [stdout] 
[INFO] [stdout] error[E0433]: cannot find module or crate `rlx_autodiff` in this scope
[INFO] [stdout]     --> src/lib.rs:3019:19
[INFO] [stdout]      |
[INFO] [stdout] 3019 |         let bwd = rlx_autodiff::grad(&g, &[x]);
[INFO] [stdout]      |                   ^^^^^^^^^^^^ use of unresolved module or unlinked crate `rlx_autodiff`
[INFO] [stdout]      |
[INFO] [stdout]      = help: if you wanted to use a crate named `rlx_autodiff`, use `cargo add rlx_autodiff` to add it to your `Cargo.toml`
[INFO] [stdout] 
[INFO] [stdout] 
[INFO] [stdout] error[E0433]: cannot find module or crate `rlx_autodiff` in this scope
[INFO] [stdout]     --> src/lib.rs:3031:19
[INFO] [stdout]      |
[INFO] [stdout] 3031 |         let bwd = rlx_autodiff::grad(&g, &[x]);
[INFO] [stdout]      |                   ^^^^^^^^^^^^ use of unresolved module or unlinked crate `rlx_autodiff`
[INFO] [stdout]      |
[INFO] [stdout]      = help: if you wanted to use a crate named `rlx_autodiff`, use `cargo add rlx_autodiff` to add it to your `Cargo.toml`
[INFO] [stdout] 
[INFO] [stdout] 
[INFO] [stdout] error[E0433]: cannot find module or crate `rlx_runtime` in this scope
[INFO] [stdout]     --> src/lib.rs:3367:13
[INFO] [stdout]      |
[INFO] [stdout] 3367 |         if !rlx_runtime::is_available(Device::Cuda) {
[INFO] [stdout]      |             ^^^^^^^^^^^ use of unresolved module or unlinked crate `rlx_runtime`
[INFO] [stdout]      |
[INFO] [stdout]      = help: if you wanted to use a crate named `rlx_runtime`, use `cargo add rlx_runtime` to add it to your `Cargo.toml`
[INFO] [stdout] 
[INFO] [stdout] 
[INFO] [stdout] Some errors have detailed explanations: E0432, E0433.
[INFO] [stdout] 
[INFO] [stdout] For more information about an error, try `rustc --explain E0432`.
[INFO] [stdout] 
[INFO] [stderr] error: could not compile `rlx-collectives` (lib test) due to 22 previous errors
[INFO] running `Command { std: "docker" "inspect" "7ff41703340ef27ab30dd238ec25ce0384191125b2b0a6fe5b2ebc89bdc463b2", kill_on_drop: false }`
[INFO] running `Command { std: "docker" "rm" "-f" "7ff41703340ef27ab30dd238ec25ce0384191125b2b0a6fe5b2ebc89bdc463b2", kill_on_drop: false }`
[INFO] [stdout] 7ff41703340ef27ab30dd238ec25ce0384191125b2b0a6fe5b2ebc89bdc463b2
