[INFO] fetching crate rlx-autodiff 0.2.17...
[INFO] testing rlx-autodiff-0.2.17 against 1.100.0-beta.1+cargoflags=--release for beta-release-1.100-2
[INFO] extracting crate rlx-autodiff 0.2.17 into /workspace/builds/worker-0-tc2/source
[INFO] started tweaking crates.io crate rlx-autodiff 0.2.17
[INFO] removed 0 missing tests
[INFO] finished tweaking crates.io crate rlx-autodiff 0.2.17
[INFO] tweaked toml for crates.io crate rlx-autodiff 0.2.17 written to /workspace/builds/worker-0-tc2/source/Cargo.toml
[INFO] validating manifest of crates.io crate rlx-autodiff 0.2.17 on toolchain 1.100.0-beta.1
[INFO] running `Command { std: CARGO_HOME="/workspace/cargo-home" RUSTUP_HOME="/workspace/rustup-home" "/workspace/cargo-home/bin/cargo" "+1.100.0-beta.1" "metadata" "--manifest-path" "Cargo.toml" "--no-deps", kill_on_drop: false }`
[INFO] crate crates.io crate rlx-autodiff 0.2.17 already has a lockfile, it will not be regenerated
[INFO] running `Command { std: CARGO_HOME="/workspace/cargo-home" RUSTUP_HOME="/workspace/rustup-home" "/workspace/cargo-home/bin/cargo" "+1.100.0-beta.1" "fetch" "--manifest-path" "Cargo.toml", kill_on_drop: false }`
[INFO] [stderr] warning: `package.homepage` is redundant with `package.repository`
[INFO] [stderr]   --> Cargo.toml:63:12
[INFO] [stderr]    |
[INFO] [stderr] 63 | homepage = "https://github.com/MIT-RLX/rlx"
[INFO] [stderr]    |            ^^^^^^^^^^^^^^^^^^^^^^^^^^^^^^^^
[INFO] [stderr] ...
[INFO] [stderr] 68 | repository = "https://github.com/MIT-RLX/rlx"
[INFO] [stderr]    |              --------------------------------
[INFO] [stderr]    |
[INFO] [stderr]    = note: `cargo::redundant_homepage` is set to `warn` by default
[INFO] [stderr] help: consider removing `package.homepage`
[INFO] [stderr] warning: `rlx-autodiff` (manifest) generated 1 warning
[INFO] running `Command { std: "docker" "create" "-v" "/var/lib/crater-agent-workspace/builds/worker-0-tc2/source:/opt/rustwide/workdir:ro,Z" "-v" "/var/lib/crater-agent-workspace/builds/worker-0-tc2/target:/opt/rustwide/target:rw,Z" "-v" "/var/lib/crater-agent-workspace/cargo-home:/opt/rustwide/cargo-home:ro,Z" "-v" "/var/lib/crater-agent-workspace/rustup-home:/opt/rustwide/rustup-home:ro,Z" "-m" "1610612736" "--network" "none" "ghcr.io/rust-lang/crates-build-env/linux@sha256:77db811e55d90add9212f6832c23229e3de5f1c1f9905e8cb07319ea15df73ac" "sleep" "infinity", kill_on_drop: false }`
[INFO] [stdout] 419aca30758e54066819b06feef4dd901d177f3563a074d6d0c3a0de8706b236
[INFO] running `Command { std: "docker" "start" "419aca30758e54066819b06feef4dd901d177f3563a074d6d0c3a0de8706b236", kill_on_drop: false }`
[INFO] running `Command { std: "docker" "inspect" "419aca30758e54066819b06feef4dd901d177f3563a074d6d0c3a0de8706b236", kill_on_drop: false }`
[INFO] running `Command { std: "docker" "exec" "-e" "SOURCE_DIR=/opt/rustwide/workdir" "-e" "CARGO_HOME=/opt/rustwide/cargo-home" "-e" "RUSTUP_HOME=/opt/rustwide/rustup-home" "-e" "CARGO_TARGET_DIR=/opt/rustwide/target" "-w" "/opt/rustwide/workdir" "--user" "0:0" "419aca30758e54066819b06feef4dd901d177f3563a074d6d0c3a0de8706b236" "/opt/rustwide/cargo-home/bin/cargo" "+1.100.0-beta.1" "metadata" "--no-deps" "--format-version=1", kill_on_drop: false }`
[INFO] running `Command { std: "docker" "inspect" "419aca30758e54066819b06feef4dd901d177f3563a074d6d0c3a0de8706b236", kill_on_drop: false }`
[INFO] running `Command { std: "docker" "exec" "-e" "SOURCE_DIR=/opt/rustwide/workdir" "-e" "CARGO_HOME=/opt/rustwide/cargo-home" "-e" "RUSTUP_HOME=/opt/rustwide/rustup-home" "-e" "CARGO_TARGET_DIR=/opt/rustwide/target" "-e" "CARGO_INCREMENTAL=0" "-e" "RUST_BACKTRACE=full" "-e" "RUSTFLAGS=--cap-lints=warn" "-e" "RUSTDOCFLAGS=--cap-lints=warn" "-w" "/opt/rustwide/workdir" "--user" "0:0" "419aca30758e54066819b06feef4dd901d177f3563a074d6d0c3a0de8706b236" "/opt/rustwide/cargo-home/bin/cargo" "+1.100.0-beta.1" "build" "--frozen" "--message-format=json" "--release", kill_on_drop: false }`
[INFO] [stderr] warning: `package.homepage` is redundant with `package.repository`
[INFO] [stderr]   --> Cargo.toml:63:12
[INFO] [stderr]    |
[INFO] [stderr] 63 | homepage = "https://github.com/MIT-RLX/rlx"
[INFO] [stderr]    |            ^^^^^^^^^^^^^^^^^^^^^^^^^^^^^^^^
[INFO] [stderr] ...
[INFO] [stderr] 68 | repository = "https://github.com/MIT-RLX/rlx"
[INFO] [stderr]    |              --------------------------------
[INFO] [stderr]    |
[INFO] [stderr]    = note: `cargo::redundant_homepage` is set to `warn` by default
[INFO] [stderr] help: consider removing `package.homepage`
[INFO] [stderr] warning: `rlx-autodiff` (manifest) generated 1 warning
[INFO] [stderr]    Compiling serde_core v1.0.228
[INFO] [stderr]    Compiling serde v1.0.228
[INFO] [stderr]    Compiling cpubits v0.1.1
[INFO] [stderr]    Compiling inout v0.2.2
[INFO] [stderr]    Compiling thiserror-impl v2.0.18
[INFO] [stderr]    Compiling half v2.7.1
[INFO] [stderr]    Compiling cipher v0.5.2
[INFO] [stderr]    Compiling thiserror v2.0.18
[INFO] [stderr]    Compiling aes v0.9.1
[INFO] [stderr]    Compiling smallvec v1.15.1
[INFO] [stderr]    Compiling rlx-ir v0.2.17
[INFO] [stderr]    Compiling rlx-fusion v0.2.17
[INFO] [stderr]    Compiling rlx-autodiff v0.2.17 (/opt/rustwide/workdir)
[INFO] [stderr]     Finished `release` profile [optimized] target(s) in 41.66s
[INFO] running `Command { std: "docker" "inspect" "419aca30758e54066819b06feef4dd901d177f3563a074d6d0c3a0de8706b236", kill_on_drop: false }`
[INFO] running `Command { std: "docker" "exec" "-e" "SOURCE_DIR=/opt/rustwide/workdir" "-e" "CARGO_HOME=/opt/rustwide/cargo-home" "-e" "RUSTUP_HOME=/opt/rustwide/rustup-home" "-e" "CARGO_TARGET_DIR=/opt/rustwide/target" "-e" "CARGO_INCREMENTAL=0" "-e" "RUST_BACKTRACE=full" "-e" "RUSTFLAGS=--cap-lints=warn" "-e" "RUSTDOCFLAGS=--cap-lints=warn" "-w" "/opt/rustwide/workdir" "--user" "0:0" "419aca30758e54066819b06feef4dd901d177f3563a074d6d0c3a0de8706b236" "/opt/rustwide/cargo-home/bin/cargo" "+1.100.0-beta.1" "test" "--frozen" "--no-run" "--message-format=json" "--release", kill_on_drop: false }`
[INFO] [stderr] warning: `package.homepage` is redundant with `package.repository`
[INFO] [stderr]   --> Cargo.toml:63:12
[INFO] [stderr]    |
[INFO] [stderr] 63 | homepage = "https://github.com/MIT-RLX/rlx"
[INFO] [stderr]    |            ^^^^^^^^^^^^^^^^^^^^^^^^^^^^^^^^
[INFO] [stderr] ...
[INFO] [stderr] 68 | repository = "https://github.com/MIT-RLX/rlx"
[INFO] [stderr]    |              --------------------------------
[INFO] [stderr]    |
[INFO] [stderr]    = note: `cargo::redundant_homepage` is set to `warn` by default
[INFO] [stderr] help: consider removing `package.homepage`
[INFO] [stderr] warning: `rlx-autodiff` (manifest) generated 1 warning
[INFO] [stderr]    Compiling rlx-autodiff v0.2.17 (/opt/rustwide/workdir)
[INFO] [stdout] error[E0433]: cannot find module or crate `rlx` in this scope
[INFO] [stdout]   --> tests/qr.rs:31:5
[INFO] [stdout]    |
[INFO] [stdout] 31 |     rlx::Session::new(rlx::Device::Cpu)
[INFO] [stdout]    |     ^^^ use of unresolved module or unlinked crate `rlx`
[INFO] [stdout]    |
[INFO] [stdout]    = help: if you wanted to use a crate named `rlx`, use `cargo add rlx` to add it to your `Cargo.toml`
[INFO] [stdout] 
[INFO] [stdout] 
[INFO] [stdout] error[E0433]: cannot find module or crate `rlx` in this scope
[INFO] [stdout]   --> tests/batch_norm_inference_grad.rs:42:24
[INFO] [stdout]    |
[INFO] [stdout] 42 |     let mut compiled = rlx::Session::new(rlx::Device::Cpu).compile(bwd);
[INFO] [stdout]    |                        ^^^ use of unresolved module or unlinked crate `rlx`
[INFO] [stdout]    |
[INFO] [stdout]    = help: if you wanted to use a crate named `rlx`, use `cargo add rlx` to add it to your `Cargo.toml`
[INFO] [stdout] 
[INFO] [stdout] 
[INFO] [stdout] error[E0433]: cannot find module or crate `rlx` in this scope
[INFO] [stdout]   --> tests/qr.rs:31:23
[INFO] [stdout]    |
[INFO] [stdout] 31 |     rlx::Session::new(rlx::Device::Cpu)
[INFO] [stdout]    |                       ^^^ use of unresolved module or unlinked crate `rlx`
[INFO] [stdout]    |
[INFO] [stdout]    = help: if you wanted to use a crate named `rlx`, use `cargo add rlx` to add it to your `Cargo.toml`
[INFO] [stdout] 
[INFO] [stdout] 
[INFO] [stdout] error[E0433]: cannot find module or crate `rlx` in this scope
[INFO] [stdout]   --> tests/batch_norm_inference_grad.rs:42:42
[INFO] [stdout]    |
[INFO] [stdout] 42 |     let mut compiled = rlx::Session::new(rlx::Device::Cpu).compile(bwd);
[INFO] [stdout]    |                                          ^^^ use of unresolved module or unlinked crate `rlx`
[INFO] [stdout]    |
[INFO] [stdout]    = help: if you wanted to use a crate named `rlx`, use `cargo add rlx` to add it to your `Cargo.toml`
[INFO] [stdout] 
[INFO] [stdout] 
[INFO] [stdout] error[E0433]: cannot find module or crate `rlx` in this scope
[INFO] [stdout]   --> tests/spline_activation_vjp.rs:63:15
[INFO] [stdout]    |
[INFO] [stdout] 63 |     let out = rlx::Session::new(rlx::Device::Cpu)
[INFO] [stdout]    |               ^^^ use of unresolved module or unlinked crate `rlx`
[INFO] [stdout]    |
[INFO] [stdout]    = help: if you wanted to use a crate named `rlx`, use `cargo add rlx` to add it to your `Cargo.toml`
[INFO] [stdout] 
[INFO] [stdout] 
[INFO] [stdout] error[E0433]: cannot find module or crate `rlx` in this scope
[INFO] [stdout]    --> tests/qr.rs:104:5
[INFO] [stdout]     |
[INFO] [stdout] 104 |     rlx::Session::new(rlx::Device::Cpu)
[INFO] [stdout]     |     ^^^ use of unresolved module or unlinked crate `rlx`
[INFO] [stdout]     |
[INFO] [stdout]     = help: if you wanted to use a crate named `rlx`, use `cargo add rlx` to add it to your `Cargo.toml`
[INFO] [stdout] 
[INFO] [stdout] 
[INFO] [stdout] error[E0433]: cannot find module or crate `rlx` in this scope
[INFO] [stdout]   --> tests/depthwise_conv1d_vjp_fd.rs:69:24
[INFO] [stdout]    |
[INFO] [stdout] 69 |     let mut compiled = rlx::Session::new(rlx::Device::Cpu).compile(bwd);
[INFO] [stdout]    |                        ^^^ use of unresolved module or unlinked crate `rlx`
[INFO] [stdout]    |
[INFO] [stdout]    = help: if you wanted to use a crate named `rlx`, use `cargo add rlx` to add it to your `Cargo.toml`
[INFO] [stdout] 
[INFO] [stdout] 
[INFO] [stdout] error[E0433]: cannot find module or crate `rlx` in this scope
[INFO] [stdout]   --> tests/gated_delta_net_fused_backward.rs:91:24
[INFO] [stdout]    |
[INFO] [stdout] 91 |     let mut compiled = rlx::Session::new(rlx::Device::Cpu).compile(bwd);
[INFO] [stdout]    |                        ^^^ use of unresolved module or unlinked crate `rlx`
[INFO] [stdout]    |
[INFO] [stdout]    = help: if you wanted to use a crate named `rlx`, use `cargo add rlx` to add it to your `Cargo.toml`
[INFO] [stdout] 
[INFO] [stdout] 
[INFO] [stdout] error[E0433]: cannot find module or crate `rlx` in this scope
[INFO] [stdout]   --> tests/batch_norm_inference_grad.rs:57:19
[INFO] [stdout]    |
[INFO] [stdout] 57 |     let mut fwd = rlx::Session::new(rlx::Device::Cpu).compile(g.clone());
[INFO] [stdout]    |                   ^^^ use of unresolved module or unlinked crate `rlx`
[INFO] [stdout]    |
[INFO] [stdout]    = help: if you wanted to use a crate named `rlx`, use `cargo add rlx` to add it to your `Cargo.toml`
[INFO] [stdout] 
[INFO] [stdout] 
[INFO] [stdout] error[E0433]: cannot find module or crate `rlx` in this scope
[INFO] [stdout]   --> tests/scatter_nd_grad.rs:48:24
[INFO] [stdout]    |
[INFO] [stdout] 48 |     let mut compiled = rlx::Session::new(rlx::Device::Cpu).compile(bwd);
[INFO] [stdout]    |                        ^^^ use of unresolved module or unlinked crate `rlx`
[INFO] [stdout]    |
[INFO] [stdout]    = help: if you wanted to use a crate named `rlx`, use `cargo add rlx` to add it to your `Cargo.toml`
[INFO] [stdout] 
[INFO] [stdout] 
[INFO] [stdout] error[E0433]: cannot find module or crate `rlx` in this scope
[INFO] [stdout]    --> tests/qr.rs:104:23
[INFO] [stdout]     |
[INFO] [stdout] 104 |     rlx::Session::new(rlx::Device::Cpu)
[INFO] [stdout]     |                       ^^^ use of unresolved module or unlinked crate `rlx`
[INFO] [stdout]     |
[INFO] [stdout]     = help: if you wanted to use a crate named `rlx`, use `cargo add rlx` to add it to your `Cargo.toml`
[INFO] [stdout] 
[INFO] [stdout] 
[INFO] [stdout] error[E0433]: cannot find module or crate `rlx` in this scope
[INFO] [stdout]   --> tests/depthwise_conv1d_vjp_fd.rs:69:42
[INFO] [stdout]    |
[INFO] [stdout] 69 |     let mut compiled = rlx::Session::new(rlx::Device::Cpu).compile(bwd);
[INFO] [stdout]    |                                          ^^^ use of unresolved module or unlinked crate `rlx`
[INFO] [stdout]    |
[INFO] [stdout]    = help: if you wanted to use a crate named `rlx`, use `cargo add rlx` to add it to your `Cargo.toml`
[INFO] [stdout] 
[INFO] [stdout] 
[INFO] [stdout] error[E0433]: cannot find module or crate `rlx` in this scope
[INFO] [stdout]   --> tests/indexing_grad.rs:49:24
[INFO] [stdout]    |
[INFO] [stdout] 49 |     let mut compiled = rlx::Session::new(rlx::Device::Cpu).compile(bwd);
[INFO] [stdout]    |                        ^^^ use of unresolved module or unlinked crate `rlx`
[INFO] [stdout]    |
[INFO] [stdout]    = help: if you wanted to use a crate named `rlx`, use `cargo add rlx` to add it to your `Cargo.toml`
[INFO] [stdout] 
[INFO] [stdout] 
[INFO] [stdout] error[E0433]: cannot find module or crate `rlx` in this scope
[INFO] [stdout]   --> tests/batch_norm_inference_grad.rs:57:37
[INFO] [stdout]    |
[INFO] [stdout] 57 |     let mut fwd = rlx::Session::new(rlx::Device::Cpu).compile(g.clone());
[INFO] [stdout]    |                                     ^^^ use of unresolved module or unlinked crate `rlx`
[INFO] [stdout]    |
[INFO] [stdout]    = help: if you wanted to use a crate named `rlx`, use `cargo add rlx` to add it to your `Cargo.toml`
[INFO] [stdout] 
[INFO] [stdout] 
[INFO] [stdout] error[E0433]: cannot find module or crate `rlx` in this scope
[INFO] [stdout]   --> tests/spline_activation_vjp.rs:63:33
[INFO] [stdout]    |
[INFO] [stdout] 63 |     let out = rlx::Session::new(rlx::Device::Cpu)
[INFO] [stdout]    |                                 ^^^ use of unresolved module or unlinked crate `rlx`
[INFO] [stdout]    |
[INFO] [stdout]    = help: if you wanted to use a crate named `rlx`, use `cargo add rlx` to add it to your `Cargo.toml`
[INFO] [stdout] 
[INFO] [stdout] 
[INFO] [stdout] error[E0433]: cannot find module or crate `rlx` in this scope
[INFO] [stdout]   --> tests/gated_delta_net_fused_backward.rs:91:42
[INFO] [stdout]    |
[INFO] [stdout] 91 |     let mut compiled = rlx::Session::new(rlx::Device::Cpu).compile(bwd);
[INFO] [stdout]    |                                          ^^^ use of unresolved module or unlinked crate `rlx`
[INFO] [stdout]    |
[INFO] [stdout]    = help: if you wanted to use a crate named `rlx`, use `cargo add rlx` to add it to your `Cargo.toml`
[INFO] [stdout] 
[INFO] [stdout] 
[INFO] [stdout] error[E0433]: cannot find module or crate `rlx` in this scope
[INFO] [stdout]   --> tests/scatter_nd_grad.rs:48:42
[INFO] [stdout]    |
[INFO] [stdout] 48 |     let mut compiled = rlx::Session::new(rlx::Device::Cpu).compile(bwd);
[INFO] [stdout]    |                                          ^^^ use of unresolved module or unlinked crate `rlx`
[INFO] [stdout]    |
[INFO] [stdout]    = help: if you wanted to use a crate named `rlx`, use `cargo add rlx` to add it to your `Cargo.toml`
[INFO] [stdout] 
[INFO] [stdout] 
[INFO] [stdout] error[E0433]: cannot find module or crate `rlx` in this scope
[INFO] [stdout]   --> tests/conv_transpose2d_vjp.rs:59:24
[INFO] [stdout]    |
[INFO] [stdout] 59 |     let mut compiled = rlx::Session::new(rlx::Device::Cpu).compile(bwd);
[INFO] [stdout]    |                        ^^^ use of unresolved module or unlinked crate `rlx`
[INFO] [stdout]    |
[INFO] [stdout]    = help: if you wanted to use a crate named `rlx`, use `cargo add rlx` to add it to your `Cargo.toml`
[INFO] [stdout] 
[INFO] [stdout] 
[INFO] [stdout] error[E0433]: cannot find module or crate `rlx` in this scope
[INFO] [stdout]   --> tests/atan2_vjp.rs:47:15
[INFO] [stdout]    |
[INFO] [stdout] 47 |     let out = rlx::Session::new(rlx::Device::Cpu)
[INFO] [stdout]    |               ^^^ use of unresolved module or unlinked crate `rlx`
[INFO] [stdout]    |
[INFO] [stdout]    = help: if you wanted to use a crate named `rlx`, use `cargo add rlx` to add it to your `Cargo.toml`
[INFO] [stdout] 
[INFO] [stdout] 
[INFO] [stdout] error[E0433]: cannot find module or crate `rlx` in this scope
[INFO] [stdout]    --> tests/qr.rs:120:21
[INFO] [stdout]     |
[INFO] [stdout] 120 |         let mut c = rlx::Session::new(rlx::Device::Cpu).compile(bwd);
[INFO] [stdout]     |                     ^^^ use of unresolved module or unlinked crate `rlx`
[INFO] [stdout]     |
[INFO] [stdout]     = help: if you wanted to use a crate named `rlx`, use `cargo add rlx` to add it to your `Cargo.toml`
[INFO] [stdout] 
[INFO] [stdout] 
[INFO] [stdout] error[E0433]: cannot find module or crate `rlx` in this scope
[INFO] [stdout]   --> tests/scatter_nd_grad.rs:68:9
[INFO] [stdout]    |
[INFO] [stdout] 68 |         rlx::Session::new(rlx::Device::Cpu)
[INFO] [stdout]    |         ^^^ use of unresolved module or unlinked crate `rlx`
[INFO] [stdout]    |
[INFO] [stdout]    = help: if you wanted to use a crate named `rlx`, use `cargo add rlx` to add it to your `Cargo.toml`
[INFO] [stdout] 
[INFO] [stdout] 
[INFO] [stdout] error[E0433]: cannot find module or crate `rlx` in this scope
[INFO] [stdout]   --> tests/scatter_nd_grad.rs:68:27
[INFO] [stdout]    |
[INFO] [stdout] 68 |         rlx::Session::new(rlx::Device::Cpu)
[INFO] [stdout]    |                           ^^^ use of unresolved module or unlinked crate `rlx`
[INFO] [stdout]    |
[INFO] [stdout]    = help: if you wanted to use a crate named `rlx`, use `cargo add rlx` to add it to your `Cargo.toml`
[INFO] [stdout] 
[INFO] [stdout] 
[INFO] [stdout] error[E0433]: cannot find module or crate `rlx` in this scope
[INFO] [stdout]   --> tests/conv_transpose2d_vjp.rs:59:42
[INFO] [stdout]    |
[INFO] [stdout] 59 |     let mut compiled = rlx::Session::new(rlx::Device::Cpu).compile(bwd);
[INFO] [stdout]    |                                          ^^^ use of unresolved module or unlinked crate `rlx`
[INFO] [stdout]    |
[INFO] [stdout]    = help: if you wanted to use a crate named `rlx`, use `cargo add rlx` to add it to your `Cargo.toml`
[INFO] [stdout] 
[INFO] [stdout] 
[INFO] [stdout] error[E0433]: cannot find module or crate `rlx` in this scope
[INFO] [stdout]   --> tests/rope_vjp_fd.rs:80:24
[INFO] [stdout]    |
[INFO] [stdout] 80 |     let mut compiled = rlx::Session::new(rlx::Device::Cpu).compile(bwd);
[INFO] [stdout]    |                        ^^^ use of unresolved module or unlinked crate `rlx`
[INFO] [stdout]    |
[INFO] [stdout]    = help: if you wanted to use a crate named `rlx`, use `cargo add rlx` to add it to your `Cargo.toml`
[INFO] [stdout] 
[INFO] [stdout] 
[INFO] [stdout] error[E0433]: cannot find module or crate `rlx` in this scope
[INFO] [stdout]   --> tests/wrt_output_vjp.rs:56:24
[INFO] [stdout]    |
[INFO] [stdout] 56 |     let mut compiled = rlx::Session::new(rlx::Device::Cpu).compile(bwd);
[INFO] [stdout]    |                        ^^^ use of unresolved module or unlinked crate `rlx`
[INFO] [stdout]    |
[INFO] [stdout]    = help: if you wanted to use a crate named `rlx`, use `cargo add rlx` to add it to your `Cargo.toml`
[INFO] [stdout] 
[INFO] [stdout] 
[INFO] [stdout] error[E0433]: cannot find module or crate `rlx` in this scope
[INFO] [stdout]   --> tests/depthwise_conv1d_vjp_fd.rs:74:19
[INFO] [stdout]    |
[INFO] [stdout] 74 |     let mut fwd = rlx::Session::new(rlx::Device::Cpu).compile(conv_graph());
[INFO] [stdout]    |                   ^^^ use of unresolved module or unlinked crate `rlx`
[INFO] [stdout]    |
[INFO] [stdout]    = help: if you wanted to use a crate named `rlx`, use `cargo add rlx` to add it to your `Cargo.toml`
[INFO] [stdout] 
[INFO] [stdout] 
[INFO] [stdout] error[E0433]: cannot find module or crate `rlx` in this scope
[INFO] [stdout]   --> tests/conv_transpose2d_vjp.rs:74:9
[INFO] [stdout]    |
[INFO] [stdout] 74 |         rlx::Session::new(rlx::Device::Cpu)
[INFO] [stdout]    |         ^^^ use of unresolved module or unlinked crate `rlx`
[INFO] [stdout]    |
[INFO] [stdout]    = help: if you wanted to use a crate named `rlx`, use `cargo add rlx` to add it to your `Cargo.toml`
[INFO] [stdout] 
[INFO] [stdout] 
[INFO] [stdout] error[E0433]: cannot find module or crate `rlx` in this scope
[INFO] [stdout]   --> tests/wrt_output_vjp.rs:56:42
[INFO] [stdout]    |
[INFO] [stdout] 56 |     let mut compiled = rlx::Session::new(rlx::Device::Cpu).compile(bwd);
[INFO] [stdout]    |                                          ^^^ use of unresolved module or unlinked crate `rlx`
[INFO] [stdout]    |
[INFO] [stdout]    = help: if you wanted to use a crate named `rlx`, use `cargo add rlx` to add it to your `Cargo.toml`
[INFO] [stdout] 
[INFO] [stdout] 
[INFO] [stdout] error[E0433]: cannot find module or crate `rlx` in this scope
[INFO] [stdout]   --> tests/conv_transpose2d_vjp.rs:74:27
[INFO] [stdout]    |
[INFO] [stdout] 74 |         rlx::Session::new(rlx::Device::Cpu)
[INFO] [stdout]    |                           ^^^ use of unresolved module or unlinked crate `rlx`
[INFO] [stdout]    |
[INFO] [stdout]    = help: if you wanted to use a crate named `rlx`, use `cargo add rlx` to add it to your `Cargo.toml`
[INFO] [stdout] 
[INFO] [stdout] 
[INFO] [stdout] error[E0433]: cannot find module or crate `rlx` in this scope
[INFO] [stdout]   --> tests/indexing_grad.rs:49:42
[INFO] [stdout]    |
[INFO] [stdout] 49 |     let mut compiled = rlx::Session::new(rlx::Device::Cpu).compile(bwd);
[INFO] [stdout]    |                                          ^^^ use of unresolved module or unlinked crate `rlx`
[INFO] [stdout]    |
[INFO] [stdout]    = help: if you wanted to use a crate named `rlx`, use `cargo add rlx` to add it to your `Cargo.toml`
[INFO] [stdout] 
[INFO] [stdout] 
[INFO] [stdout] error[E0433]: cannot find module or crate `rlx` in this scope
[INFO] [stdout]   --> tests/wrt_output_vjp.rs:90:24
[INFO] [stdout]    |
[INFO] [stdout] 90 |     let mut compiled = rlx::Session::new(rlx::Device::Cpu).compile(bwd);
[INFO] [stdout]    |                        ^^^ use of unresolved module or unlinked crate `rlx`
[INFO] [stdout]    |
[INFO] [stdout]    = help: if you wanted to use a crate named `rlx`, use `cargo add rlx` to add it to your `Cargo.toml`
[INFO] [stdout] 
[INFO] [stdout] 
[INFO] [stdout] error[E0433]: cannot find module or crate `rlx` in this scope
[INFO] [stdout]    --> tests/spline_activation_vjp.rs:109:5
[INFO] [stdout]     |
[INFO] [stdout] 109 |     rlx::Session::new(rlx::Device::Cpu)
[INFO] [stdout]     |     ^^^ use of unresolved module or unlinked crate `rlx`
[INFO] [stdout]     |
[INFO] [stdout]     = help: if you wanted to use a crate named `rlx`, use `cargo add rlx` to add it to your `Cargo.toml`
[INFO] [stdout] 
[INFO] [stdout] 
[INFO] [stdout] error[E0433]: cannot find module or crate `rlx` in this scope
[INFO] [stdout]    --> tests/qr.rs:120:39
[INFO] [stdout]     |
[INFO] [stdout] 120 |         let mut c = rlx::Session::new(rlx::Device::Cpu).compile(bwd);
[INFO] [stdout]     |                                       ^^^ use of unresolved module or unlinked crate `rlx`
[INFO] [stdout]     |
[INFO] [stdout]     = help: if you wanted to use a crate named `rlx`, use `cargo add rlx` to add it to your `Cargo.toml`
[INFO] [stdout] 
[INFO] [stdout] 
[INFO] [stdout] error[E0433]: cannot find module or crate `rlx` in this scope
[INFO] [stdout]   --> tests/wrt_output_vjp.rs:90:42
[INFO] [stdout]    |
[INFO] [stdout] 90 |     let mut compiled = rlx::Session::new(rlx::Device::Cpu).compile(bwd);
[INFO] [stdout]    |                                          ^^^ use of unresolved module or unlinked crate `rlx`
[INFO] [stdout]    |
[INFO] [stdout]    = help: if you wanted to use a crate named `rlx`, use `cargo add rlx` to add it to your `Cargo.toml`
[INFO] [stdout] 
[INFO] [stdout] 
[INFO] [stdout] error[E0433]: cannot find module or crate `rlx` in this scope
[INFO] [stdout]   --> tests/atan2_vjp.rs:47:33
[INFO] [stdout]    |
[INFO] [stdout] 47 |     let out = rlx::Session::new(rlx::Device::Cpu)
[INFO] [stdout]    |                                 ^^^ use of unresolved module or unlinked crate `rlx`
[INFO] [stdout]    |
[INFO] [stdout]    = help: if you wanted to use a crate named `rlx`, use `cargo add rlx` to add it to your `Cargo.toml`
[INFO] [stdout] 
[INFO] [stdout] 
[INFO] [stdout] error[E0308]: mismatched types
[INFO] [stdout]   --> tests/batch_norm_inference_grad.rs:51:60
[INFO] [stdout]    |
[INFO] [stdout] 51 |     let outs = compiled.run(&[("x", &x_data), ("d_output", &[1.0f32])]);
[INFO] [stdout]    |                                                            ^^^^^^^^^ expected `&Vec<f32>`, found `&[f32; 1]`
[INFO] [stdout]    |
[INFO] [stdout]    = note: expected reference `&Vec<f32>`
[INFO] [stdout]               found reference `&[f32; 1]`
[INFO] [stdout] 
[INFO] [stdout] 
[INFO] [stdout] error[E0433]: cannot find module or crate `rlx` in this scope
[INFO] [stdout]   --> tests/depthwise_conv1d_vjp_fd.rs:74:37
[INFO] [stdout]    |
[INFO] [stdout] 74 |     let mut fwd = rlx::Session::new(rlx::Device::Cpu).compile(conv_graph());
[INFO] [stdout]    |                                     ^^^ use of unresolved module or unlinked crate `rlx`
[INFO] [stdout]    |
[INFO] [stdout]    = help: if you wanted to use a crate named `rlx`, use `cargo add rlx` to add it to your `Cargo.toml`
[INFO] [stdout] 
[INFO] [stdout] 
[INFO] [stdout] error[E0433]: cannot find module or crate `rlx` in this scope
[INFO] [stdout]   --> tests/rope_vjp_fd.rs:80:42
[INFO] [stdout]    |
[INFO] [stdout] 80 |     let mut compiled = rlx::Session::new(rlx::Device::Cpu).compile(bwd);
[INFO] [stdout]    |                                          ^^^ use of unresolved module or unlinked crate `rlx`
[INFO] [stdout]    |
[INFO] [stdout]    = help: if you wanted to use a crate named `rlx`, use `cargo add rlx` to add it to your `Cargo.toml`
[INFO] [stdout] 
[INFO] [stdout] 
[INFO] [stdout] For more information about this error, try `rustc --explain E0433`.
[INFO] [stdout] 
[INFO] [stdout] error[E0433]: cannot find module or crate `rlx` in this scope
[INFO] [stdout]   --> tests/indexing_grad.rs:65:9
[INFO] [stdout]    |
[INFO] [stdout] 65 |         rlx::Session::new(rlx::Device::Cpu)
[INFO] [stdout]    |         ^^^ use of unresolved module or unlinked crate `rlx`
[INFO] [stdout]    |
[INFO] [stdout]    = help: if you wanted to use a crate named `rlx`, use `cargo add rlx` to add it to your `Cargo.toml`
[INFO] [stdout] 
[INFO] [stdout] 
[INFO] [stdout] For more information about this error, try `rustc --explain E0433`.
[INFO] [stdout] 
[INFO] [stdout] Some errors have detailed explanations: E0308, E0433.
[INFO] [stdout] 
[INFO] [stdout] For more information about an error, try `rustc --explain E0308`.
[INFO] [stdout] 
[INFO] [stdout] error[E0433]: cannot find module or crate `rlx` in this scope
[INFO] [stdout]    --> tests/wrt_output_vjp.rs:156:24
[INFO] [stdout]     |
[INFO] [stdout] 156 |     let mut compiled = rlx::Session::new(rlx::Device::Cpu).compile(bwd);
[INFO] [stdout]     |                        ^^^ use of unresolved module or unlinked crate `rlx`
[INFO] [stdout]     |
[INFO] [stdout]     = help: if you wanted to use a crate named `rlx`, use `cargo add rlx` to add it to your `Cargo.toml`
[INFO] [stdout] 
[INFO] [stdout] 
[INFO] [stderr] error: could not compile `rlx-autodiff` (test "conv_transpose2d_vjp") due to 4 previous errors
[INFO] [stderr] warning: build failed, waiting for other jobs to finish...
[INFO] [stdout] error[E0433]: cannot find module or crate `rlx` in this scope
[INFO] [stdout]    --> tests/spline_activation_vjp.rs:109:23
[INFO] [stdout]     |
[INFO] [stdout] 109 |     rlx::Session::new(rlx::Device::Cpu)
[INFO] [stdout]     |                       ^^^ use of unresolved module or unlinked crate `rlx`
[INFO] [stdout]     |
[INFO] [stdout]     = help: if you wanted to use a crate named `rlx`, use `cargo add rlx` to add it to your `Cargo.toml`
[INFO] [stdout] 
[INFO] [stdout] 
[INFO] [stderr] error: could not compile `rlx-autodiff` (test "scatter_nd_grad") due to 4 previous errors
[INFO] [stderr] error: could not compile `rlx-autodiff` (test "batch_norm_inference_grad") due to 5 previous errors
[INFO] [stdout] error[E0433]: cannot find module or crate `rlx` in this scope
[INFO] [stdout]   --> tests/atan2_vjp.rs:70:5
[INFO] [stdout]    |
[INFO] [stdout] 70 |     rlx::Session::new(rlx::Device::Cpu)
[INFO] [stdout]    |     ^^^ use of unresolved module or unlinked crate `rlx`
[INFO] [stdout]    |
[INFO] [stdout]    = help: if you wanted to use a crate named `rlx`, use `cargo add rlx` to add it to your `Cargo.toml`
[INFO] [stdout] 
[INFO] [stdout] 
[INFO] [stdout] error[E0433]: cannot find module or crate `rlx` in this scope
[INFO] [stdout]   --> tests/indexing_grad.rs:65:27
[INFO] [stdout]    |
[INFO] [stdout] 65 |         rlx::Session::new(rlx::Device::Cpu)
[INFO] [stdout]    |                           ^^^ use of unresolved module or unlinked crate `rlx`
[INFO] [stdout]    |
[INFO] [stdout]    = help: if you wanted to use a crate named `rlx`, use `cargo add rlx` to add it to your `Cargo.toml`
[INFO] [stdout] 
[INFO] [stdout] 
[INFO] [stdout] error[E0433]: cannot find module or crate `rlx` in this scope
[INFO] [stdout]   --> tests/rope_vjp_fd.rs:89:19
[INFO] [stdout]    |
[INFO] [stdout] 89 |     let mut fwd = rlx::Session::new(rlx::Device::Cpu).compile(rope_graph(n_rot));
[INFO] [stdout]    |                   ^^^ use of unresolved module or unlinked crate `rlx`
[INFO] [stdout]    |
[INFO] [stdout]    = help: if you wanted to use a crate named `rlx`, use `cargo add rlx` to add it to your `Cargo.toml`
[INFO] [stdout] 
[INFO] [stdout] 
[INFO] [stdout] error[E0433]: cannot find module or crate `rlx` in this scope
[INFO] [stdout]    --> tests/depthwise_conv1d_vjp_fd.rs:124:24
[INFO] [stdout]     |
[INFO] [stdout] 124 |     let mut compiled = rlx::Session::new(rlx::Device::Cpu).compile(bwd);
[INFO] [stdout]     |                        ^^^ use of unresolved module or unlinked crate `rlx`
[INFO] [stdout]     |
[INFO] [stdout]     = help: if you wanted to use a crate named `rlx`, use `cargo add rlx` to add it to your `Cargo.toml`
[INFO] [stdout] 
[INFO] [stdout] 
[INFO] [stdout] error[E0433]: cannot find module or crate `rlx` in this scope
[INFO] [stdout]   --> tests/rope_vjp_fd.rs:89:37
[INFO] [stdout]    |
[INFO] [stdout] 89 |     let mut fwd = rlx::Session::new(rlx::Device::Cpu).compile(rope_graph(n_rot));
[INFO] [stdout]    |                                     ^^^ use of unresolved module or unlinked crate `rlx`
[INFO] [stdout]    |
[INFO] [stdout]    = help: if you wanted to use a crate named `rlx`, use `cargo add rlx` to add it to your `Cargo.toml`
[INFO] [stdout] 
[INFO] [stdout] 
[INFO] [stdout] error[E0433]: cannot find module or crate `rlx` in this scope
[INFO] [stdout]    --> tests/indexing_grad.rs:122:24
[INFO] [stdout]     |
[INFO] [stdout] 122 |     let mut compiled = rlx::Session::new(rlx::Device::Cpu).compile(bwd);
[INFO] [stdout]     |                        ^^^ use of unresolved module or unlinked crate `rlx`
[INFO] [stdout]     |
[INFO] [stdout]     = help: if you wanted to use a crate named `rlx`, use `cargo add rlx` to add it to your `Cargo.toml`
[INFO] [stdout] 
[INFO] [stdout] 
[INFO] [stdout] error[E0433]: cannot find module or crate `rlx` in this scope
[INFO] [stdout]    --> tests/wrt_output_vjp.rs:156:42
[INFO] [stdout]     |
[INFO] [stdout] 156 |     let mut compiled = rlx::Session::new(rlx::Device::Cpu).compile(bwd);
[INFO] [stdout]     |                                          ^^^ use of unresolved module or unlinked crate `rlx`
[INFO] [stdout]     |
[INFO] [stdout]     = help: if you wanted to use a crate named `rlx`, use `cargo add rlx` to add it to your `Cargo.toml`
[INFO] [stdout] 
[INFO] [stdout] 
[INFO] [stdout] error[E0433]: cannot find module or crate `rlx` in this scope
[INFO] [stdout]    --> tests/indexing_grad.rs:122:42
[INFO] [stdout]     |
[INFO] [stdout] 122 |     let mut compiled = rlx::Session::new(rlx::Device::Cpu).compile(bwd);
[INFO] [stdout]     |                                          ^^^ use of unresolved module or unlinked crate `rlx`
[INFO] [stdout]     |
[INFO] [stdout]     = help: if you wanted to use a crate named `rlx`, use `cargo add rlx` to add it to your `Cargo.toml`
[INFO] [stdout] 
[INFO] [stdout] 
[INFO] [stdout] error[E0433]: cannot find module or crate `rlx` in this scope
[INFO] [stdout]    --> tests/indexing_grad.rs:134:9
[INFO] [stdout]     |
[INFO] [stdout] 134 |         rlx::Session::new(rlx::Device::Cpu)
[INFO] [stdout]     |         ^^^ use of unresolved module or unlinked crate `rlx`
[INFO] [stdout]     |
[INFO] [stdout]     = help: if you wanted to use a crate named `rlx`, use `cargo add rlx` to add it to your `Cargo.toml`
[INFO] [stdout] 
[INFO] [stdout] 
[INFO] [stdout] error[E0433]: cannot find module or crate `rlx` in this scope
[INFO] [stdout]    --> tests/spline_activation_vjp.rs:127:17
[INFO] [stdout]     |
[INFO] [stdout] 127 |     let mut c = rlx::Session::new(rlx::Device::Cpu).compile(bwd);
[INFO] [stdout]     |                 ^^^ use of unresolved module or unlinked crate `rlx`
[INFO] [stdout]     |
[INFO] [stdout]     = help: if you wanted to use a crate named `rlx`, use `cargo add rlx` to add it to your `Cargo.toml`
[INFO] [stdout] 
[INFO] [stdout] 
[INFO] [stdout] error[E0433]: cannot find module or crate `rlx` in this scope
[INFO] [stdout]    --> tests/indexing_grad.rs:134:27
[INFO] [stdout]     |
[INFO] [stdout] 134 |         rlx::Session::new(rlx::Device::Cpu)
[INFO] [stdout]     |                           ^^^ use of unresolved module or unlinked crate `rlx`
[INFO] [stdout]     |
[INFO] [stdout]     = help: if you wanted to use a crate named `rlx`, use `cargo add rlx` to add it to your `Cargo.toml`
[INFO] [stdout] 
[INFO] [stdout] 
[INFO] [stdout] error[E0433]: cannot find module or crate `rlx` in this scope
[INFO] [stdout]    --> tests/depthwise_conv1d_vjp_fd.rs:124:42
[INFO] [stdout]     |
[INFO] [stdout] 124 |     let mut compiled = rlx::Session::new(rlx::Device::Cpu).compile(bwd);
[INFO] [stdout]     |                                          ^^^ use of unresolved module or unlinked crate `rlx`
[INFO] [stdout]     |
[INFO] [stdout]     = help: if you wanted to use a crate named `rlx`, use `cargo add rlx` to add it to your `Cargo.toml`
[INFO] [stdout] 
[INFO] [stdout] 
[INFO] [stdout] error[E0433]: cannot find module or crate `rlx` in this scope
[INFO] [stdout]   --> tests/atan2_vjp.rs:70:23
[INFO] [stdout]    |
[INFO] [stdout] 70 |     rlx::Session::new(rlx::Device::Cpu)
[INFO] [stdout]    |                       ^^^ use of unresolved module or unlinked crate `rlx`
[INFO] [stdout]    |
[INFO] [stdout]    = help: if you wanted to use a crate named `rlx`, use `cargo add rlx` to add it to your `Cargo.toml`
[INFO] [stdout] 
[INFO] [stdout] 
[INFO] [stdout] error[E0433]: cannot find module or crate `rlx` in this scope
[INFO] [stdout]    --> tests/indexing_grad.rs:166:24
[INFO] [stdout]     |
[INFO] [stdout] 166 |     let mut compiled = rlx::Session::new(rlx::Device::Cpu).compile(bwd);
[INFO] [stdout]     |                        ^^^ use of unresolved module or unlinked crate `rlx`
[INFO] [stdout]     |
[INFO] [stdout]     = help: if you wanted to use a crate named `rlx`, use `cargo add rlx` to add it to your `Cargo.toml`
[INFO] [stdout] 
[INFO] [stdout] 
[INFO] [stdout] error[E0433]: cannot find module or crate `rlx` in this scope
[INFO] [stdout]    --> tests/wrt_output_vjp.rs:174:19
[INFO] [stdout]     |
[INFO] [stdout] 174 |     let mut fwd = rlx::Session::new(rlx::Device::Cpu).compile(mlp_graph());
[INFO] [stdout]     |                   ^^^ use of unresolved module or unlinked crate `rlx`
[INFO] [stdout]     |
[INFO] [stdout]     = help: if you wanted to use a crate named `rlx`, use `cargo add rlx` to add it to your `Cargo.toml`
[INFO] [stdout] 
[INFO] [stdout] 
[INFO] [stdout] error[E0433]: cannot find module or crate `rlx` in this scope
[INFO] [stdout]    --> tests/indexing_grad.rs:166:42
[INFO] [stdout]     |
[INFO] [stdout] 166 |     let mut compiled = rlx::Session::new(rlx::Device::Cpu).compile(bwd);
[INFO] [stdout]     |                                          ^^^ use of unresolved module or unlinked crate `rlx`
[INFO] [stdout]     |
[INFO] [stdout]     = help: if you wanted to use a crate named `rlx`, use `cargo add rlx` to add it to your `Cargo.toml`
[INFO] [stdout] 
[INFO] [stdout] 
[INFO] [stdout] For more information about this error, try `rustc --explain E0433`.
[INFO] [stdout] 
[INFO] [stdout] error[E0433]: cannot find module or crate `rlx` in this scope
[INFO] [stdout]    --> tests/spline_activation_vjp.rs:127:35
[INFO] [stdout]     |
[INFO] [stdout] 127 |     let mut c = rlx::Session::new(rlx::Device::Cpu).compile(bwd);
[INFO] [stdout]     |                                   ^^^ use of unresolved module or unlinked crate `rlx`
[INFO] [stdout]     |
[INFO] [stdout]     = help: if you wanted to use a crate named `rlx`, use `cargo add rlx` to add it to your `Cargo.toml`
[INFO] [stdout] 
[INFO] [stdout] 
[INFO] [stdout] error[E0433]: cannot find module or crate `rlx` in this scope
[INFO] [stdout]    --> tests/indexing_grad.rs:178:9
[INFO] [stdout]     |
[INFO] [stdout] 178 |         rlx::Session::new(rlx::Device::Cpu)
[INFO] [stdout]     |         ^^^ use of unresolved module or unlinked crate `rlx`
[INFO] [stdout]     |
[INFO] [stdout]     = help: if you wanted to use a crate named `rlx`, use `cargo add rlx` to add it to your `Cargo.toml`
[INFO] [stdout] 
[INFO] [stdout] 
[INFO] [stderr] error: could not compile `rlx-autodiff` (test "gated_delta_net_fused_backward") due to 2 previous errors
[INFO] [stdout] error[E0433]: cannot find module or crate `rlx` in this scope
[INFO] [stdout]    --> tests/wrt_output_vjp.rs:174:37
[INFO] [stdout]     |
[INFO] [stdout] 174 |     let mut fwd = rlx::Session::new(rlx::Device::Cpu).compile(mlp_graph());
[INFO] [stdout]     |                                     ^^^ use of unresolved module or unlinked crate `rlx`
[INFO] [stdout]     |
[INFO] [stdout]     = help: if you wanted to use a crate named `rlx`, use `cargo add rlx` to add it to your `Cargo.toml`
[INFO] [stdout] 
[INFO] [stdout] 
[INFO] [stdout] error[E0433]: cannot find module or crate `rlx` in this scope
[INFO] [stdout]   --> tests/atan2_vjp.rs:87:17
[INFO] [stdout]    |
[INFO] [stdout] 87 |     let mut c = rlx::Session::new(rlx::Device::Cpu).compile(bwd);
[INFO] [stdout]    |                 ^^^ use of unresolved module or unlinked crate `rlx`
[INFO] [stdout]    |
[INFO] [stdout]    = help: if you wanted to use a crate named `rlx`, use `cargo add rlx` to add it to your `Cargo.toml`
[INFO] [stdout] 
[INFO] [stdout] 
[INFO] [stdout] For more information about this error, try `rustc --explain E0433`.
[INFO] [stdout] 
[INFO] [stderr] error: could not compile `rlx-autodiff` (test "qr") due to 6 previous errors
[INFO] [stdout] error[E0433]: cannot find module or crate `rlx` in this scope
[INFO] [stdout]    --> tests/indexing_grad.rs:178:27
[INFO] [stdout]     |
[INFO] [stdout] 178 |         rlx::Session::new(rlx::Device::Cpu)
[INFO] [stdout]     |                           ^^^ use of unresolved module or unlinked crate `rlx`
[INFO] [stdout]     |
[INFO] [stdout]     = help: if you wanted to use a crate named `rlx`, use `cargo add rlx` to add it to your `Cargo.toml`
[INFO] [stdout] 
[INFO] [stdout] 
[INFO] [stdout] error[E0433]: cannot find module or crate `rlx` in this scope
[INFO] [stdout]   --> tests/atan2_vjp.rs:87:35
[INFO] [stdout]    |
[INFO] [stdout] 87 |     let mut c = rlx::Session::new(rlx::Device::Cpu).compile(bwd);
[INFO] [stdout]    |                                   ^^^ use of unresolved module or unlinked crate `rlx`
[INFO] [stdout]    |
[INFO] [stdout]    = help: if you wanted to use a crate named `rlx`, use `cargo add rlx` to add it to your `Cargo.toml`
[INFO] [stdout] 
[INFO] [stdout] 
[INFO] [stdout] error[E0433]: cannot find module or crate `rlx` in this scope
[INFO] [stdout]   --> tests/scaled_quant_vjp_field_invariance.rs:77:24
[INFO] [stdout]    |
[INFO] [stdout] 77 |     let mut compiled = rlx::Session::new(rlx::Device::Cpu).compile(bwd);
[INFO] [stdout]    |                        ^^^ use of unresolved module or unlinked crate `rlx`
[INFO] [stdout]    |
[INFO] [stdout]    = help: if you wanted to use a crate named `rlx`, use `cargo add rlx` to add it to your `Cargo.toml`
[INFO] [stdout] 
[INFO] [stdout] 
[INFO] [stdout] error[E0433]: cannot find module or crate `rlx` in this scope
[INFO] [stdout]   --> tests/pad_vjp.rs:40:24
[INFO] [stdout]    |
[INFO] [stdout] 40 |     let mut compiled = rlx::Session::new(rlx::Device::Cpu).compile(bwd);
[INFO] [stdout]    |                        ^^^ use of unresolved module or unlinked crate `rlx`
[INFO] [stdout]    |
[INFO] [stdout]    = help: if you wanted to use a crate named `rlx`, use `cargo add rlx` to add it to your `Cargo.toml`
[INFO] [stdout] 
[INFO] [stdout] 
[INFO] [stdout] error[E0433]: cannot find module or crate `rlx` in this scope
[INFO] [stdout]    --> tests/indexing_grad.rs:230:20
[INFO] [stdout]     |
[INFO] [stdout] 230 |         .unwrap_or(rlx::Device::Cpu);
[INFO] [stdout]     |                    ^^^ use of unresolved module or unlinked crate `rlx`
[INFO] [stdout]     |
[INFO] [stdout]     = help: if you wanted to use a crate named `rlx`, use `cargo add rlx` to add it to your `Cargo.toml`
[INFO] [stdout] 
[INFO] [stdout] 
[INFO] [stdout] error[E0433]: cannot find module or crate `rlx` in this scope
[INFO] [stdout]   --> tests/rope_vjp_fd.rs:90:31
[INFO] [stdout]    |
[INFO] [stdout] 90 |     let weighted = |fwd: &mut rlx::CompiledGraph, x: &[f32]| -> f64 {
[INFO] [stdout]    |                               ^^^ use of unresolved module or unlinked crate `rlx`
[INFO] [stdout]    |
[INFO] [stdout]    = help: if you wanted to use a crate named `rlx`, use `cargo add rlx` to add it to your `Cargo.toml`
[INFO] [stdout] 
[INFO] [stdout] 
[INFO] [stdout] For more information about this error, try `rustc --explain E0433`.
[INFO] [stdout] 
[INFO] [stdout] For more information about this error, try `rustc --explain E0433`.
[INFO] [stdout] 
[INFO] [stderr] error: could not compile `rlx-autodiff` (test "rope_vjp_fd") due to 5 previous errors
[INFO] [stdout] error[E0433]: cannot find module or crate `rlx` in this scope
[INFO] [stdout]   --> tests/structural_vjp.rs:35:17
[INFO] [stdout]    |
[INFO] [stdout] 35 |     let mut c = rlx::Session::new(rlx::Device::Cpu).compile(bwd);
[INFO] [stdout]    |                 ^^^ use of unresolved module or unlinked crate `rlx`
[INFO] [stdout]    |
[INFO] [stdout]    = help: if you wanted to use a crate named `rlx`, use `cargo add rlx` to add it to your `Cargo.toml`
[INFO] [stdout] 
[INFO] [stdout] 
[INFO] [stdout] For more information about this error, try `rustc --explain E0433`.
[INFO] [stdout] 
[INFO] [stdout] error[E0433]: cannot find module or crate `rlx` in this scope
[INFO] [stdout]    --> tests/indexing_grad.rs:232:24
[INFO] [stdout]     |
[INFO] [stdout] 232 |     let mut compiled = rlx::Session::new(device).compile(bwd);
[INFO] [stdout]     |                        ^^^ use of unresolved module or unlinked crate `rlx`
[INFO] [stdout]     |
[INFO] [stdout]     = help: if you wanted to use a crate named `rlx`, use `cargo add rlx` to add it to your `Cargo.toml`
[INFO] [stdout] 
[INFO] [stdout] 
[INFO] [stderr] error: could not compile `rlx-autodiff` (test "depthwise_conv1d_vjp_fd") due to 6 previous errors
[INFO] [stdout] For more information about this error, try `rustc --explain E0433`.
[INFO] [stdout] 
[INFO] [stdout] error[E0433]: cannot find module or crate `rlx` in this scope
[INFO] [stdout]   --> tests/pad_vjp.rs:40:42
[INFO] [stdout]    |
[INFO] [stdout] 40 |     let mut compiled = rlx::Session::new(rlx::Device::Cpu).compile(bwd);
[INFO] [stdout]    |                                          ^^^ use of unresolved module or unlinked crate `rlx`
[INFO] [stdout]    |
[INFO] [stdout]    = help: if you wanted to use a crate named `rlx`, use `cargo add rlx` to add it to your `Cargo.toml`
[INFO] [stdout] 
[INFO] [stdout] 
[INFO] [stderr] error: could not compile `rlx-autodiff` (test "spline_activation_vjp") due to 6 previous errors
[INFO] [stdout] error[E0433]: cannot find module or crate `rlx` in this scope
[INFO] [stdout]   --> tests/scaled_quant_vjp_field_invariance.rs:77:42
[INFO] [stdout]    |
[INFO] [stdout] 77 |     let mut compiled = rlx::Session::new(rlx::Device::Cpu).compile(bwd);
[INFO] [stdout]    |                                          ^^^ use of unresolved module or unlinked crate `rlx`
[INFO] [stdout]    |
[INFO] [stdout]    = help: if you wanted to use a crate named `rlx`, use `cargo add rlx` to add it to your `Cargo.toml`
[INFO] [stdout] 
[INFO] [stdout] 
[INFO] [stdout] error[E0433]: cannot find module or crate `rlx` in this scope
[INFO] [stdout]    --> tests/wrt_output_vjp.rs:134:34
[INFO] [stdout]     |
[INFO] [stdout] 134 | fn set_mlp_params(compiled: &mut rlx::CompiledGraph) {
[INFO] [stdout]     |                                  ^^^ use of unresolved module or unlinked crate `rlx`
[INFO] [stdout]     |
[INFO] [stdout]     = help: if you wanted to use a crate named `rlx`, use `cargo add rlx` to add it to your `Cargo.toml`
[INFO] [stdout] 
[INFO] [stdout] 
[INFO] [stderr] error: could not compile `rlx-autodiff` (test "atan2_vjp") due to 6 previous errors
[INFO] [stdout] error[E0433]: cannot find module or crate `rlx` in this scope
[INFO] [stdout]    --> tests/wrt_output_vjp.rs:176:35
[INFO] [stdout]     |
[INFO] [stdout] 176 |     let weighted_sum = |fwd: &mut rlx::CompiledGraph, x: &[f32]| -> f64 {
[INFO] [stdout]     |                                   ^^^ use of unresolved module or unlinked crate `rlx`
[INFO] [stdout]     |
[INFO] [stdout]     = help: if you wanted to use a crate named `rlx`, use `cargo add rlx` to add it to your `Cargo.toml`
[INFO] [stdout] 
[INFO] [stdout] 
[INFO] [stdout] For more information about this error, try `rustc --explain E0433`.
[INFO] [stdout] 
[INFO] [stderr] error: could not compile `rlx-autodiff` (test "wrt_output_vjp") due to 10 previous errors
[INFO] [stdout] error[E0433]: cannot find module or crate `rlx` in this scope
[INFO] [stdout]   --> tests/structural_vjp.rs:35:35
[INFO] [stdout]    |
[INFO] [stdout] 35 |     let mut c = rlx::Session::new(rlx::Device::Cpu).compile(bwd);
[INFO] [stdout]    |                                   ^^^ use of unresolved module or unlinked crate `rlx`
[INFO] [stdout]    |
[INFO] [stdout]    = help: if you wanted to use a crate named `rlx`, use `cargo add rlx` to add it to your `Cargo.toml`
[INFO] [stdout] 
[INFO] [stdout] 
[INFO] [stdout] error[E0433]: cannot find module or crate `rlx` in this scope
[INFO] [stdout]    --> tests/indexing_grad.rs:229:23
[INFO] [stdout]     |
[INFO] [stdout] 229 |         .and_then(|s| rlx::parse_device(&s).ok())
[INFO] [stdout]     |                       ^^^ use of unresolved module or unlinked crate `rlx`
[INFO] [stdout]     |
[INFO] [stdout]     = help: if you wanted to use a crate named `rlx`, use `cargo add rlx` to add it to your `Cargo.toml`
[INFO] [stdout] 
[INFO] [stdout] 
[INFO] [stdout] error[E0433]: cannot find module or crate `rlx` in this scope
[INFO] [stdout]   --> tests/pad_vjp.rs:52:9
[INFO] [stdout]    |
[INFO] [stdout] 52 |         rlx::Session::new(rlx::Device::Cpu)
[INFO] [stdout]    |         ^^^ use of unresolved module or unlinked crate `rlx`
[INFO] [stdout]    |
[INFO] [stdout]    = help: if you wanted to use a crate named `rlx`, use `cargo add rlx` to add it to your `Cargo.toml`
[INFO] [stdout] 
[INFO] [stdout] 
[INFO] [stdout] For more information about this error, try `rustc --explain E0433`.
[INFO] [stdout] 
[INFO] [stdout] error[E0433]: cannot find module or crate `rlx` in this scope
[INFO] [stdout]   --> tests/structural_vjp.rs:45:9
[INFO] [stdout]    |
[INFO] [stdout] 45 |         rlx::Session::new(rlx::Device::Cpu)
[INFO] [stdout]    |         ^^^ use of unresolved module or unlinked crate `rlx`
[INFO] [stdout]    |
[INFO] [stdout]    = help: if you wanted to use a crate named `rlx`, use `cargo add rlx` to add it to your `Cargo.toml`
[INFO] [stdout] 
[INFO] [stdout] 
[INFO] [stdout] error[E0433]: cannot find module or crate `rlx` in this scope
[INFO] [stdout]   --> tests/pad_vjp.rs:52:27
[INFO] [stdout]    |
[INFO] [stdout] 52 |         rlx::Session::new(rlx::Device::Cpu)
[INFO] [stdout]    |                           ^^^ use of unresolved module or unlinked crate `rlx`
[INFO] [stdout]    |
[INFO] [stdout]    = help: if you wanted to use a crate named `rlx`, use `cargo add rlx` to add it to your `Cargo.toml`
[INFO] [stdout] 
[INFO] [stdout] 
[INFO] [stderr] error: could not compile `rlx-autodiff` (test "indexing_grad") due to 15 previous errors
[INFO] [stdout] error[E0433]: cannot find module or crate `rlx` in this scope
[INFO] [stdout]   --> tests/structural_vjp.rs:45:27
[INFO] [stdout]    |
[INFO] [stdout] 45 |         rlx::Session::new(rlx::Device::Cpu)
[INFO] [stdout]    |                           ^^^ use of unresolved module or unlinked crate `rlx`
[INFO] [stdout]    |
[INFO] [stdout]    = help: if you wanted to use a crate named `rlx`, use `cargo add rlx` to add it to your `Cargo.toml`
[INFO] [stdout] 
[INFO] [stdout] 
[INFO] [stdout] For more information about this error, try `rustc --explain E0433`.
[INFO] [stdout] 
[INFO] [stdout] For more information about this error, try `rustc --explain E0433`.
[INFO] [stdout] 
[INFO] [stdout] For more information about this error, try `rustc --explain E0433`.
[INFO] [stdout] 
[INFO] [stderr] error: could not compile `rlx-autodiff` (test "structural_vjp") due to 4 previous errors
[INFO] [stderr] error: could not compile `rlx-autodiff` (test "pad_vjp") due to 4 previous errors
[INFO] [stderr] error: could not compile `rlx-autodiff` (test "scaled_quant_vjp_field_invariance") due to 2 previous errors
[INFO] running `Command { std: "docker" "inspect" "419aca30758e54066819b06feef4dd901d177f3563a074d6d0c3a0de8706b236", kill_on_drop: false }`
[INFO] running `Command { std: "docker" "rm" "-f" "419aca30758e54066819b06feef4dd901d177f3563a074d6d0c3a0de8706b236", kill_on_drop: false }`
[INFO] [stdout] 419aca30758e54066819b06feef4dd901d177f3563a074d6d0c3a0de8706b236
