[INFO] fetching crate rknpu2 0.0.9...
[INFO] testing rknpu2-0.0.9 against 1.100.0-beta.1+cargoflags=--release for beta-release-1.100-2
[INFO] extracting crate rknpu2 0.0.9 into /workspace/builds/worker-0-tc2/source
[INFO] started tweaking crates.io crate rknpu2 0.0.9
[INFO] removed 0 missing examples
[INFO] removed 0 missing tests
[INFO] finished tweaking crates.io crate rknpu2 0.0.9
[INFO] tweaked toml for crates.io crate rknpu2 0.0.9 written to /workspace/builds/worker-0-tc2/source/Cargo.toml
[INFO] validating manifest of crates.io crate rknpu2 0.0.9 on toolchain 1.100.0-beta.1
[INFO] running `Command { std: CARGO_HOME="/workspace/cargo-home" RUSTUP_HOME="/workspace/rustup-home" "/workspace/cargo-home/bin/cargo" "+1.100.0-beta.1" "metadata" "--manifest-path" "Cargo.toml" "--no-deps", kill_on_drop: false }`
[INFO] crate crates.io crate rknpu2 0.0.9 already has a lockfile, it will not be regenerated
[INFO] running `Command { std: CARGO_HOME="/workspace/cargo-home" RUSTUP_HOME="/workspace/rustup-home" "/workspace/cargo-home/bin/cargo" "+1.100.0-beta.1" "fetch" "--manifest-path" "Cargo.toml", kill_on_drop: false }`
[INFO] running `Command { std: "docker" "create" "-v" "/var/lib/crater-agent-workspace/builds/worker-0-tc2/source:/opt/rustwide/workdir:ro,Z" "-v" "/var/lib/crater-agent-workspace/builds/worker-0-tc2/target:/opt/rustwide/target:rw,Z" "-v" "/var/lib/crater-agent-workspace/cargo-home:/opt/rustwide/cargo-home:ro,Z" "-v" "/var/lib/crater-agent-workspace/rustup-home:/opt/rustwide/rustup-home:ro,Z" "-m" "1610612736" "--network" "none" "ghcr.io/rust-lang/crates-build-env/linux@sha256:77db811e55d90add9212f6832c23229e3de5f1c1f9905e8cb07319ea15df73ac" "sleep" "infinity", kill_on_drop: false }`
[INFO] [stdout] f8bf6d52bd44e61fe744d8c56133f4cbfaad2d2ea8ae13c5243bec541be64d20
[INFO] running `Command { std: "docker" "start" "f8bf6d52bd44e61fe744d8c56133f4cbfaad2d2ea8ae13c5243bec541be64d20", kill_on_drop: false }`
[INFO] running `Command { std: "docker" "inspect" "f8bf6d52bd44e61fe744d8c56133f4cbfaad2d2ea8ae13c5243bec541be64d20", kill_on_drop: false }`
[INFO] running `Command { std: "docker" "exec" "-e" "SOURCE_DIR=/opt/rustwide/workdir" "-e" "CARGO_HOME=/opt/rustwide/cargo-home" "-e" "RUSTUP_HOME=/opt/rustwide/rustup-home" "-e" "CARGO_TARGET_DIR=/opt/rustwide/target" "-w" "/opt/rustwide/workdir" "--user" "0:0" "f8bf6d52bd44e61fe744d8c56133f4cbfaad2d2ea8ae13c5243bec541be64d20" "/opt/rustwide/cargo-home/bin/cargo" "+1.100.0-beta.1" "metadata" "--no-deps" "--format-version=1", kill_on_drop: false }`
[INFO] running `Command { std: "docker" "inspect" "f8bf6d52bd44e61fe744d8c56133f4cbfaad2d2ea8ae13c5243bec541be64d20", kill_on_drop: false }`
[INFO] running `Command { std: "docker" "exec" "-e" "SOURCE_DIR=/opt/rustwide/workdir" "-e" "CARGO_HOME=/opt/rustwide/cargo-home" "-e" "RUSTUP_HOME=/opt/rustwide/rustup-home" "-e" "CARGO_TARGET_DIR=/opt/rustwide/target" "-e" "CARGO_INCREMENTAL=0" "-e" "RUST_BACKTRACE=full" "-e" "RUSTFLAGS=--cap-lints=warn" "-e" "RUSTDOCFLAGS=--cap-lints=warn" "-w" "/opt/rustwide/workdir" "--user" "0:0" "f8bf6d52bd44e61fe744d8c56133f4cbfaad2d2ea8ae13c5243bec541be64d20" "/opt/rustwide/cargo-home/bin/cargo" "+1.100.0-beta.1" "build" "--frozen" "--message-format=json" "--release", kill_on_drop: false }`
[INFO] [stderr]    Compiling proc-macro2 v1.0.97
[INFO] [stderr]    Compiling zerocopy v0.8.26
[INFO] [stderr]    Compiling rknpu2-sys v0.0.2
[INFO] [stderr]    Compiling cfg-if v1.0.1
[INFO] [stderr]    Compiling quote v1.0.40
[INFO] [stderr]    Compiling syn v2.0.105
[INFO] [stderr]    Compiling zerocopy-derive v0.8.26
[INFO] [stderr]    Compiling half v2.7.1
[INFO] [stderr]    Compiling rknpu2 v0.0.9 (/opt/rustwide/workdir)
[INFO] [stdout] warning: method `as_sys_input` is never used
[INFO] [stdout]   --> src/io/input.rs:24:19
[INFO] [stdout]    |
[INFO] [stdout] 14 | impl<'a> Input<'a> {
[INFO] [stdout]    | ------------------ method in this implementation
[INFO] [stdout] ...
[INFO] [stdout] 24 |     pub(crate) fn as_sys_input(&mut self) -> rknn_input {
[INFO] [stdout]    |                   ^^^^^^^^^^^^
[INFO] [stdout]    |
[INFO] [stdout]    = note: `#[warn(dead_code)]` (part of `#[warn(unused)]`) on by default
[INFO] [stdout] 
[INFO] [stdout] 
[INFO] [stdout] warning: methods `as_sys_output` and `from_sys_output` are never used
[INFO] [stdout]   --> src/io/output.rs:26:19
[INFO] [stdout]    |
[INFO] [stdout] 24 | impl<'a> Output<'a> {
[INFO] [stdout]    | ------------------- methods in this implementation
[INFO] [stdout] 25 |     /// PRE-FFI-CALL: Converts the safe struct into a raw C struct.
[INFO] [stdout] 26 |     pub(crate) fn as_sys_output(&mut self) -> rknn_output {
[INFO] [stdout]    |                   ^^^^^^^^^^^^^
[INFO] [stdout] ...
[INFO] [stdout] 51 |     pub(crate) fn from_sys_output(&mut self, sys_out: &rknn_output) {
[INFO] [stdout]    |                   ^^^^^^^^^^^^^^^
[INFO] [stdout] 
[INFO] [stdout] 
[INFO] [stderr]     Finished `release` profile [optimized] target(s) in 9.72s
[INFO] running `Command { std: "docker" "inspect" "f8bf6d52bd44e61fe744d8c56133f4cbfaad2d2ea8ae13c5243bec541be64d20", kill_on_drop: false }`
[INFO] running `Command { std: "docker" "exec" "-e" "SOURCE_DIR=/opt/rustwide/workdir" "-e" "CARGO_HOME=/opt/rustwide/cargo-home" "-e" "RUSTUP_HOME=/opt/rustwide/rustup-home" "-e" "CARGO_TARGET_DIR=/opt/rustwide/target" "-e" "CARGO_INCREMENTAL=0" "-e" "RUST_BACKTRACE=full" "-e" "RUSTFLAGS=--cap-lints=warn" "-e" "RUSTDOCFLAGS=--cap-lints=warn" "-w" "/opt/rustwide/workdir" "--user" "0:0" "f8bf6d52bd44e61fe744d8c56133f4cbfaad2d2ea8ae13c5243bec541be64d20" "/opt/rustwide/cargo-home/bin/cargo" "+1.100.0-beta.1" "test" "--frozen" "--no-run" "--message-format=json" "--release", kill_on_drop: false }`
[INFO] [stderr]    Compiling syn v2.0.105
[INFO] [stderr]    Compiling anyhow v1.0.99
[INFO] [stderr]    Compiling memchr v2.7.5
[INFO] [stderr]    Compiling miniz_oxide v0.8.9
[INFO] [stderr]    Compiling libc v0.2.175
[INFO] [stderr]    Compiling log v0.4.27
[INFO] [stderr]    Compiling crc32fast v1.5.0
[INFO] [stderr]    Compiling simd_helpers v0.1.0
[INFO] [stderr]    Compiling weezl v0.1.10
[INFO] [stderr]    Compiling zune-core v0.5.1
[INFO] [stderr]    Compiling maybe-rayon v0.1.1
[INFO] [stderr]    Compiling bytemuck v1.23.2
[INFO] [stderr]    Compiling pxfm v0.1.28
[INFO] [stderr]    Compiling image-webp v0.2.3
[INFO] [stderr]    Compiling qoi v0.4.1
[INFO] [stderr]    Compiling zune-jpeg v0.5.15
[INFO] [stderr]    Compiling gif v0.14.2
[INFO] [stderr]    Compiling flate2 v1.1.2
[INFO] [stderr]    Compiling no_std_io2 v0.9.3
[INFO] [stderr]    Compiling nom v7.1.3
[INFO] [stderr]    Compiling bitstream-io v4.10.0
[INFO] [stderr]    Compiling png v0.18.1
[INFO] [stderr]    Compiling moxcms v0.8.1
[INFO] [stderr]    Compiling equator-macro v0.4.2
[INFO] [stderr]    Compiling zerocopy-derive v0.8.26
[INFO] [stderr]    Compiling thiserror-impl v2.0.18
[INFO] [stderr]    Compiling equator v0.4.2
[INFO] [stderr]    Compiling profiling-procmacros v1.0.17
[INFO] [stderr]    Compiling arg_enum_proc_macro v0.3.4
[INFO] [stderr]    Compiling num-derive v0.4.2
[INFO] [stderr]    Compiling aligned-vec v0.6.4
[INFO] [stderr]    Compiling profiling v1.0.17
[INFO] [stderr]    Compiling fax_derive v0.2.0
[INFO] [stderr]    Compiling v_frame v0.3.9
[INFO] [stderr]    Compiling fax v0.2.6
[INFO] [stderr]    Compiling av1-grain v0.2.4
[INFO] [stderr]    Compiling zerocopy v0.8.26
[INFO] [stderr]    Compiling thiserror v2.0.18
[INFO] [stderr]    Compiling av-scenechange v0.14.1
[INFO] [stderr]    Compiling rav1e v0.8.1
[INFO] [stderr]    Compiling half v2.7.1
[INFO] [stderr]    Compiling tiff v0.11.3
[INFO] [stderr]    Compiling exr v1.74.0
[INFO] [stderr]    Compiling rknpu2 v0.0.9 (/opt/rustwide/workdir)
[INFO] [stdout] warning: method `as_sys_input` is never used
[INFO] [stdout]   --> src/io/input.rs:24:19
[INFO] [stdout]    |
[INFO] [stdout] 14 | impl<'a> Input<'a> {
[INFO] [stdout]    | ------------------ method in this implementation
[INFO] [stdout] ...
[INFO] [stdout] 24 |     pub(crate) fn as_sys_input(&mut self) -> rknn_input {
[INFO] [stdout]    |                   ^^^^^^^^^^^^
[INFO] [stdout]    |
[INFO] [stdout]    = note: `#[warn(dead_code)]` (part of `#[warn(unused)]`) on by default
[INFO] [stdout] 
[INFO] [stdout] 
[INFO] [stdout] warning: methods `as_sys_output` and `from_sys_output` are never used
[INFO] [stdout]   --> src/io/output.rs:26:19
[INFO] [stdout]    |
[INFO] [stdout] 24 | impl<'a> Output<'a> {
[INFO] [stdout]    | ------------------- methods in this implementation
[INFO] [stdout] 25 |     /// PRE-FFI-CALL: Converts the safe struct into a raw C struct.
[INFO] [stdout] 26 |     pub(crate) fn as_sys_output(&mut self) -> rknn_output {
[INFO] [stdout]    |                   ^^^^^^^^^^^^^
[INFO] [stdout] ...
[INFO] [stdout] 51 |     pub(crate) fn from_sys_output(&mut self, sys_out: &rknn_output) {
[INFO] [stdout]    |                   ^^^^^^^^^^^^^^^
[INFO] [stdout] 
[INFO] [stdout] 
[INFO] [stderr]    Compiling ravif v0.13.0
[INFO] [stderr]    Compiling image v0.25.10
[INFO] [stdout] warning: static `MODEL_DATA` is never used
[INFO] [stdout]  --> tests/test_run.rs:3:8
[INFO] [stdout]   |
[INFO] [stdout] 3 | static MODEL_DATA: &[u8] = include_bytes!("./fixtures/mobilenet_v2.rknn");
[INFO] [stdout]   |        ^^^^^^^^^^
[INFO] [stdout]   |
[INFO] [stdout]   = note: `#[warn(dead_code)]` (part of `#[warn(unused)]`) on by default
[INFO] [stdout] 
[INFO] [stdout] 
[INFO] [stdout] warning: function `get_rknn` is never used
[INFO] [stdout]  --> tests/test_run.rs:9:4
[INFO] [stdout]   |
[INFO] [stdout] 9 | fn get_rknn(flag: RknnInitFlags) -> RKNN<LinkedAPI> {
[INFO] [stdout]   |    ^^^^^^^^
[INFO] [stdout] 
[INFO] [stdout] 
[INFO] [stdout] warning: unused imports: `BufRead`, `BufReader`, `collections::BTreeMap`, `image::ImageReader`, and `itertools::Itertools`
[INFO] [stdout]  --> examples/mobilenet.rs:2:5
[INFO] [stdout]   |
[INFO] [stdout] 2 |     image::ImageReader,
[INFO] [stdout]   |     ^^^^^^^^^^^^^^^^^^
[INFO] [stdout] 3 |     itertools::Itertools,
[INFO] [stdout]   |     ^^^^^^^^^^^^^^^^^^^^
[INFO] [stdout] ...
[INFO] [stdout] 6 |         collections::BTreeMap,
[INFO] [stdout]   |         ^^^^^^^^^^^^^^^^^^^^^
[INFO] [stdout] 7 |         io::{BufRead, BufReader},
[INFO] [stdout]   |              ^^^^^^^  ^^^^^^^^^
[INFO] [stdout]   |
[INFO] [stdout]   = note: `#[warn(unused_imports)]` (part of `#[warn(unused)]`) on by default
[INFO] [stdout] 
[INFO] [stdout] 
[INFO] [stdout] warning: static `MODEL_DATA` is never used
[INFO] [stdout]   --> examples/mobilenet.rs:11:8
[INFO] [stdout]    |
[INFO] [stdout] 11 | static MODEL_DATA: &[u8] = include_bytes!("models/mobilenet_v2.rknn");
[INFO] [stdout]    |        ^^^^^^^^^^
[INFO] [stdout]    |
[INFO] [stdout]    = note: `#[warn(dead_code)]` (part of `#[warn(unused)]`) on by default
[INFO] [stdout] 
[INFO] [stdout] 
[INFO] [stdout] warning: static `MODEL_OUTPUTS` is never used
[INFO] [stdout]   --> examples/mobilenet.rs:13:8
[INFO] [stdout]    |
[INFO] [stdout] 13 | static MODEL_OUTPUTS: &str = include_str!("models/mobilenet-synset.txt");
[INFO] [stdout]    |        ^^^^^^^^^^^^^
[INFO] [stdout] 
[INFO] [stdout] 
[INFO] [stdout] warning: constant `SCALE` is never used
[INFO] [stdout]   --> examples/mobilenet.rs:15:7
[INFO] [stdout]    |
[INFO] [stdout] 15 | const SCALE: f32 = 0.018658448;
[INFO] [stdout]    |       ^^^^^
[INFO] [stdout] 
[INFO] [stdout] 
[INFO] [stdout] warning: function `preprocess_image` is never used
[INFO] [stdout]   --> examples/mobilenet.rs:17:4
[INFO] [stdout]    |
[INFO] [stdout] 17 | fn preprocess_image(img: &image::RgbImage) -> Vec<i8> {
[INFO] [stdout]    |    ^^^^^^^^^^^^^^^^
[INFO] [stdout] 
[INFO] [stdout] 
[INFO] [stdout] warning: function `get_rknn` is never used
[INFO] [stdout]    --> examples/mobilenet.rs:118:4
[INFO] [stdout]     |
[INFO] [stdout] 118 | fn get_rknn(flag: RknnInitFlags) -> RKNN<LinkedAPI> {
[INFO] [stdout]     |    ^^^^^^^^
[INFO] [stdout] 
[INFO] [stdout] 
[INFO] [stdout] warning: function `softmax` is never used
[INFO] [stdout]    --> examples/mobilenet.rs:143:4
[INFO] [stdout]     |
[INFO] [stdout] 143 | fn softmax(logits: &[f32]) -> Vec<f32> {
[INFO] [stdout]     |    ^^^^^^^
[INFO] [stdout] 
[INFO] [stdout] 
[INFO] [stdout] warning: method `as_sys_input` is never used
[INFO] [stdout]   --> src/io/input.rs:24:19
[INFO] [stdout]    |
[INFO] [stdout] 14 | impl<'a> Input<'a> {
[INFO] [stdout]    | ------------------ method in this implementation
[INFO] [stdout] ...
[INFO] [stdout] 24 |     pub(crate) fn as_sys_input(&mut self) -> rknn_input {
[INFO] [stdout]    |                   ^^^^^^^^^^^^
[INFO] [stdout]    |
[INFO] [stdout]    = note: `#[warn(dead_code)]` (part of `#[warn(unused)]`) on by default
[INFO] [stdout] 
[INFO] [stdout] 
[INFO] [stdout] warning: methods `as_sys_output` and `from_sys_output` are never used
[INFO] [stdout]   --> src/io/output.rs:26:19
[INFO] [stdout]    |
[INFO] [stdout] 24 | impl<'a> Output<'a> {
[INFO] [stdout]    | ------------------- methods in this implementation
[INFO] [stdout] 25 |     /// PRE-FFI-CALL: Converts the safe struct into a raw C struct.
[INFO] [stdout] 26 |     pub(crate) fn as_sys_output(&mut self) -> rknn_output {
[INFO] [stdout]    |                   ^^^^^^^^^^^^^
[INFO] [stdout] ...
[INFO] [stdout] 51 |     pub(crate) fn from_sys_output(&mut self, sys_out: &rknn_output) {
[INFO] [stdout]    |                   ^^^^^^^^^^^^^^^
[INFO] [stdout] 
[INFO] [stdout] 
[INFO] [stdout] error: linking with `cc` failed: exit status: 1
[INFO] [stdout]   |
[INFO] [stdout]   = note:  "cc" "-m64" "/opt/rustwide/target/release/build/rknpu2/1292d47cd30f6617/out/rustcYrlYP1/symbols.o" "<2 object files omitted>" "-Wl,--as-needed" "-Wl,-Bstatic" "<sysroot>/lib/rustlib/x86_64-unknown-linux-gnu/lib/{libtest-*,libgetopts-*,librustc_std_workspace_std-*}.rlib" "/opt/rustwide/target/release/build/rknpu2/f22103cedb92af25/out/librknpu2-f22103cedb92af25.rlib" "/opt/rustwide/target/release/build/half/b60e76789ffe9cf3/out/libhalf-b60e76789ffe9cf3.rlib" "/opt/rustwide/target/release/build/cfg-if/57ac97a4dec91d60/out/libcfg_if-57ac97a4dec91d60.rlib" "/opt/rustwide/target/release/build/zerocopy/8212b15b0c2d042c/out/libzerocopy-8212b15b0c2d042c.rlib" "/opt/rustwide/target/release/build/bitflags/473a5cfb251fa5b9/out/libbitflags-473a5cfb251fa5b9.rlib" "/opt/rustwide/target/release/build/rknpu2-sys/661ec243a0af1f3f/out/librknpu2_sys-661ec243a0af1f3f.rlib" "<sysroot>/lib/rustlib/x86_64-unknown-linux-gnu/lib/{libstd-*,libpanic_unwind-*,libobject-*,libmemchr-*,libaddr2line-*,libgimli-*,libcfg_if-*,librustc_demangle-*,libstd_detect-*,libhashbrown-*,librustc_std_workspace_alloc-*,libminiz_oxide-*,libadler2-*,libunwind-*,liblibc-*,librustc_std_workspace_core-*,liballoc-*,libcore-*,libcompiler_builtins-*}.rlib" "-Wl,-Bdynamic" "-lgcc_s" "-lutil" "-lrt" "-lpthread" "-lm" "-ldl" "-lc" "-L" "/opt/rustwide/target/release/build/rknpu2/1292d47cd30f6617/out/rustcYrlYP1/raw-dylibs" "-B<sysroot>/lib/rustlib/x86_64-unknown-linux-gnu/bin/gcc-ld" "-fuse-ld=lld" "-Wl,--eh-frame-hdr" "-Wl,-z,noexecstack" "-L" "<sysroot>/lib/rustlib/x86_64-unknown-linux-gnu/lib" "-o" "/opt/rustwide/target/release/build/rknpu2/1292d47cd30f6617/out/test_query-1292d47cd30f6617" "-Wl,--gc-sections" "-pie" "-Wl,-z,relro,-z,now" "-Wl,-O1" "-Wl,--strip-debug" "-nodefaultlibs"
[INFO] [stdout]   = note: some arguments are omitted. use `--verbose` to show all linker arguments
[INFO] [stdout]   = note: rust-lld: error: undefined symbol: rknn_init
[INFO] [stdout]           >>> referenced by rknpu2.2ade3172f00541ba-cgu.1
[INFO] [stdout]           >>>               rknpu2-f22103cedb92af25.rknpu2.2ade3172f00541ba-cgu.1.rcgu.o:(<rknpu2::rknn::RKNN<rknpu2::api::linked::LinkedAPI>>::new) in archive /opt/rustwide/target/release/build/rknpu2/f22103cedb92af25/out/librknpu2-f22103cedb92af25.rlib
[INFO] [stdout]           
[INFO] [stdout]           rust-lld: error: undefined symbol: rknn_query
[INFO] [stdout]           >>> referenced by rknpu2.2ade3172f00541ba-cgu.1
[INFO] [stdout]           >>>               rknpu2-f22103cedb92af25.rknpu2.2ade3172f00541ba-cgu.1.rcgu.o:(<rknpu2::api::linked::LinkedAPI as rknpu2::api::RKNNAPI>::query) in archive /opt/rustwide/target/release/build/rknpu2/f22103cedb92af25/out/librknpu2-f22103cedb92af25.rlib
[INFO] [stdout]           
[INFO] [stdout]           rust-lld: error: undefined symbol: rknn_destroy
[INFO] [stdout]           >>> referenced by rknpu2.2ade3172f00541ba-cgu.1
[INFO] [stdout]           >>>               rknpu2-f22103cedb92af25.rknpu2.2ade3172f00541ba-cgu.1.rcgu.o:(<rknpu2::api::linked::LinkedAPI as rknpu2::api::RKNNAPI>::destroy) in archive /opt/rustwide/target/release/build/rknpu2/f22103cedb92af25/out/librknpu2-f22103cedb92af25.rlib
[INFO] [stdout]           collect2: error: ld returned 1 exit status
[INFO] [stdout]           
[INFO] [stdout] 
[INFO] [stdout] 
[INFO] [stderr] error: could not compile `rknpu2` (test "test_query") due to 1 previous error
[INFO] running `Command { std: "docker" "inspect" "f8bf6d52bd44e61fe744d8c56133f4cbfaad2d2ea8ae13c5243bec541be64d20", kill_on_drop: false }`
[INFO] running `Command { std: "docker" "rm" "-f" "f8bf6d52bd44e61fe744d8c56133f4cbfaad2d2ea8ae13c5243bec541be64d20", kill_on_drop: false }`
[INFO] [stdout] f8bf6d52bd44e61fe744d8c56133f4cbfaad2d2ea8ae13c5243bec541be64d20
