[INFO] fetching crate rkllm-rs 0.1.14...
[INFO] testing rkllm-rs-0.1.14 against 1.100.0-beta.1+cargoflags=--release for beta-release-1.100-2
[INFO] extracting crate rkllm-rs 0.1.14 into /workspace/builds/worker-1-tc2/source
[INFO] started tweaking crates.io crate rkllm-rs 0.1.14
[INFO] removed 0 missing examples
[INFO] finished tweaking crates.io crate rkllm-rs 0.1.14
[INFO] tweaked toml for crates.io crate rkllm-rs 0.1.14 written to /workspace/builds/worker-1-tc2/source/Cargo.toml
[INFO] validating manifest of crates.io crate rkllm-rs 0.1.14 on toolchain 1.100.0-beta.1
[INFO] running `Command { std: CARGO_HOME="/workspace/cargo-home" RUSTUP_HOME="/workspace/rustup-home" "/workspace/cargo-home/bin/cargo" "+1.100.0-beta.1" "metadata" "--manifest-path" "Cargo.toml" "--no-deps", kill_on_drop: false }`
[INFO] crate crates.io crate rkllm-rs 0.1.14 already has a lockfile, it will not be regenerated
[INFO] running `Command { std: CARGO_HOME="/workspace/cargo-home" RUSTUP_HOME="/workspace/rustup-home" "/workspace/cargo-home/bin/cargo" "+1.100.0-beta.1" "fetch" "--manifest-path" "Cargo.toml", kill_on_drop: false }`
[INFO] running `Command { std: "docker" "create" "-v" "/var/lib/crater-agent-workspace/builds/worker-1-tc2/source:/opt/rustwide/workdir:ro,Z" "-v" "/var/lib/crater-agent-workspace/builds/worker-1-tc2/target:/opt/rustwide/target:rw,Z" "-v" "/var/lib/crater-agent-workspace/cargo-home:/opt/rustwide/cargo-home:ro,Z" "-v" "/var/lib/crater-agent-workspace/rustup-home:/opt/rustwide/rustup-home:ro,Z" "-m" "1610612736" "--network" "none" "ghcr.io/rust-lang/crates-build-env/linux@sha256:77db811e55d90add9212f6832c23229e3de5f1c1f9905e8cb07319ea15df73ac" "sleep" "infinity", kill_on_drop: false }`
[INFO] [stdout] 7c0b37612a84c80423ef5d1edd89c7e91bb0bea96c92ec2d13e326e0caad98ea
[INFO] running `Command { std: "docker" "start" "7c0b37612a84c80423ef5d1edd89c7e91bb0bea96c92ec2d13e326e0caad98ea", kill_on_drop: false }`
[INFO] running `Command { std: "docker" "inspect" "7c0b37612a84c80423ef5d1edd89c7e91bb0bea96c92ec2d13e326e0caad98ea", kill_on_drop: false }`
[INFO] running `Command { std: "docker" "exec" "-e" "SOURCE_DIR=/opt/rustwide/workdir" "-e" "CARGO_HOME=/opt/rustwide/cargo-home" "-e" "RUSTUP_HOME=/opt/rustwide/rustup-home" "-e" "CARGO_TARGET_DIR=/opt/rustwide/target" "-w" "/opt/rustwide/workdir" "--user" "0:0" "7c0b37612a84c80423ef5d1edd89c7e91bb0bea96c92ec2d13e326e0caad98ea" "/opt/rustwide/cargo-home/bin/cargo" "+1.100.0-beta.1" "metadata" "--no-deps" "--format-version=1", kill_on_drop: false }`
[INFO] running `Command { std: "docker" "inspect" "7c0b37612a84c80423ef5d1edd89c7e91bb0bea96c92ec2d13e326e0caad98ea", kill_on_drop: false }`
[INFO] running `Command { std: "docker" "exec" "-e" "SOURCE_DIR=/opt/rustwide/workdir" "-e" "CARGO_HOME=/opt/rustwide/cargo-home" "-e" "RUSTUP_HOME=/opt/rustwide/rustup-home" "-e" "CARGO_TARGET_DIR=/opt/rustwide/target" "-e" "CARGO_INCREMENTAL=0" "-e" "RUST_BACKTRACE=full" "-e" "RUSTFLAGS=--cap-lints=warn" "-e" "RUSTDOCFLAGS=--cap-lints=warn" "-w" "/opt/rustwide/workdir" "--user" "0:0" "7c0b37612a84c80423ef5d1edd89c7e91bb0bea96c92ec2d13e326e0caad98ea" "/opt/rustwide/cargo-home/bin/cargo" "+1.100.0-beta.1" "build" "--frozen" "--message-format=json" "--release", kill_on_drop: false }`
[INFO] [stderr]    Compiling regex-syntax v0.8.9
[INFO] [stderr]    Compiling libc v0.2.182
[INFO] [stderr]    Compiling nom v7.1.3
[INFO] [stderr]    Compiling either v1.15.0
[INFO] [stderr]    Compiling syn v2.0.116
[INFO] [stderr]    Compiling futures-sink v0.3.32
[INFO] [stderr]    Compiling bitflags v2.11.0
[INFO] [stderr]    Compiling rustc-hash v2.1.1
[INFO] [stderr]    Compiling futures-channel v0.3.32
[INFO] [stderr]    Compiling serde_json v1.0.149
[INFO] [stderr]    Compiling itertools v0.13.0
[INFO] [stderr]    Compiling regex-automata v0.4.14
[INFO] [stderr]    Compiling clang-sys v1.8.1
[INFO] [stderr]    Compiling cexpr v0.6.0
[INFO] [stderr]    Compiling regex v1.12.3
[INFO] [stderr]    Compiling prettyplease v0.2.37
[INFO] [stderr]    Compiling futures-macro v0.3.32
[INFO] [stderr]    Compiling serde_derive v1.0.228
[INFO] [stderr]    Compiling bindgen v0.72.1
[INFO] [stderr]    Compiling futures-util v0.3.32
[INFO] [stderr]    Compiling serde v1.0.228
[INFO] [stderr]    Compiling futures-executor v0.3.32
[INFO] [stderr]    Compiling futures v0.3.32
[INFO] [stderr]    Compiling rkllm-sys-rs v0.1.0
[INFO] [stderr]    Compiling rkllm-rs v0.1.14 (/opt/rustwide/workdir)
[INFO] [stderr] warning: unused dependency `futures`
[INFO] [stderr]   --> Cargo.toml:14:15
[INFO] [stderr]    |
[INFO] [stderr] 14 | [dependencies.futures]
[INFO] [stderr]    |               ^^^^^^^^
[INFO] [stderr]    |
[INFO] [stderr]    = note: `cargo::unused_dependencies` is set to `warn` by default
[INFO] [stderr] help: consider removing the dependency on `futures`
[INFO] [stderr] warning: `rkllm-rs` (manifest) generated 1 warning
[INFO] [stderr]     Finished `release` profile [optimized] target(s) in 40.35s
[INFO] running `Command { std: "docker" "inspect" "7c0b37612a84c80423ef5d1edd89c7e91bb0bea96c92ec2d13e326e0caad98ea", kill_on_drop: false }`
[INFO] running `Command { std: "docker" "exec" "-e" "SOURCE_DIR=/opt/rustwide/workdir" "-e" "CARGO_HOME=/opt/rustwide/cargo-home" "-e" "RUSTUP_HOME=/opt/rustwide/rustup-home" "-e" "CARGO_TARGET_DIR=/opt/rustwide/target" "-e" "CARGO_INCREMENTAL=0" "-e" "RUST_BACKTRACE=full" "-e" "RUSTFLAGS=--cap-lints=warn" "-e" "RUSTDOCFLAGS=--cap-lints=warn" "-w" "/opt/rustwide/workdir" "--user" "0:0" "7c0b37612a84c80423ef5d1edd89c7e91bb0bea96c92ec2d13e326e0caad98ea" "/opt/rustwide/cargo-home/bin/cargo" "+1.100.0-beta.1" "test" "--frozen" "--no-run" "--message-format=json" "--release", kill_on_drop: false }`
[INFO] [stderr]    Compiling rkllm-rs v0.1.14 (/opt/rustwide/workdir)
[INFO] [stdout] error: linking with `cc` failed: exit status: 1
[INFO] [stdout]   |
[INFO] [stdout]   = note:  "cc" "-m64" "/opt/rustwide/target/release/build/rkllm-rs/7742e9ed10d2eadf/out/rustcWgfcDy/symbols.o" "<2 object files omitted>" "-Wl,--as-needed" "-Wl,-Bstatic" "/opt/rustwide/target/release/build/rkllm-rs/d674a390f9b395a1/out/librkllm_rs-d674a390f9b395a1.rlib" "/opt/rustwide/target/release/build/serde_json/9f1564f7957bd6fc/out/libserde_json-9f1564f7957bd6fc.rlib" "/opt/rustwide/target/release/build/memchr/67bd3f6c39c2c1d0/out/libmemchr-67bd3f6c39c2c1d0.rlib" "/opt/rustwide/target/release/build/itoa/e7338abb6ca85e31/out/libitoa-e7338abb6ca85e31.rlib" "/opt/rustwide/target/release/build/zmij/3fd0fbc0da54c581/out/libzmij-3fd0fbc0da54c581.rlib" "/opt/rustwide/target/release/build/serde/e956f6f497b8b4f6/out/libserde-e956f6f497b8b4f6.rlib" "/opt/rustwide/target/release/build/serde_core/fc2e9ba380840c21/out/libserde_core-fc2e9ba380840c21.rlib" "/opt/rustwide/target/release/build/rkllm-sys-rs/9de052f52e99068a/out/librkllm_sys_rs-9de052f52e99068a.rlib" "<sysroot>/lib/rustlib/x86_64-unknown-linux-gnu/lib/{libstd-*,libpanic_unwind-*,libobject-*,libmemchr-*,libaddr2line-*,libgimli-*,libcfg_if-*,librustc_demangle-*,libstd_detect-*,libhashbrown-*,librustc_std_workspace_alloc-*,libminiz_oxide-*,libadler2-*,libunwind-*,liblibc-*,librustc_std_workspace_core-*,liballoc-*,libcore-*,libcompiler_builtins-*}.rlib" "-Wl,-Bdynamic" "-lrkllmrt" "-lgcc_s" "-lutil" "-lrt" "-lpthread" "-lm" "-ldl" "-lc" "-L" "/opt/rustwide/target/release/build/rkllm-rs/7742e9ed10d2eadf/out/rustcWgfcDy/raw-dylibs" "-B<sysroot>/lib/rustlib/x86_64-unknown-linux-gnu/bin/gcc-ld" "-fuse-ld=lld" "-Wl,--eh-frame-hdr" "-Wl,-z,noexecstack" "-L" "./" "-L" "<sysroot>/lib/rustlib/x86_64-unknown-linux-gnu/lib" "-o" "/opt/rustwide/target/release/build/rkllm-rs/7742e9ed10d2eadf/out/cross_attn" "-Wl,--gc-sections" "-pie" "-Wl,-z,relro,-z,now" "-Wl,-O1" "-Wl,--strip-debug" "-nodefaultlibs"
[INFO] [stdout]   = note: some arguments are omitted. use `--verbose` to show all linker arguments
[INFO] [stdout]   = note: rust-lld: error: unable to find library -lrkllmrt
[INFO] [stdout]           collect2: error: ld returned 1 exit status
[INFO] [stdout]           
[INFO] [stdout] 
[INFO] [stdout] 
[INFO] [stderr] error: could not compile `rkllm-rs` (example "cross_attn") due to 1 previous error
[INFO] [stderr] warning: build failed, waiting for other jobs to finish...
[INFO] [stdout] error: linking with `cc` failed: exit status: 1
[INFO] [stdout]   |
[INFO] [stdout]   = note:  "cc" "-m64" "/opt/rustwide/target/release/build/rkllm-rs/d3e75dc78936f7bc/out/rustcNnJJYm/symbols.o" "<2 object files omitted>" "-Wl,--as-needed" "-Wl,-Bstatic" "/opt/rustwide/target/release/build/rkllm-rs/d674a390f9b395a1/out/librkllm_rs-d674a390f9b395a1.rlib" "/opt/rustwide/target/release/build/serde_json/9f1564f7957bd6fc/out/libserde_json-9f1564f7957bd6fc.rlib" "/opt/rustwide/target/release/build/memchr/67bd3f6c39c2c1d0/out/libmemchr-67bd3f6c39c2c1d0.rlib" "/opt/rustwide/target/release/build/itoa/e7338abb6ca85e31/out/libitoa-e7338abb6ca85e31.rlib" "/opt/rustwide/target/release/build/zmij/3fd0fbc0da54c581/out/libzmij-3fd0fbc0da54c581.rlib" "/opt/rustwide/target/release/build/serde/e956f6f497b8b4f6/out/libserde-e956f6f497b8b4f6.rlib" "/opt/rustwide/target/release/build/serde_core/fc2e9ba380840c21/out/libserde_core-fc2e9ba380840c21.rlib" "/opt/rustwide/target/release/build/rkllm-sys-rs/9de052f52e99068a/out/librkllm_sys_rs-9de052f52e99068a.rlib" "<sysroot>/lib/rustlib/x86_64-unknown-linux-gnu/lib/{libstd-*,libpanic_unwind-*,libobject-*,libmemchr-*,libaddr2line-*,libgimli-*,libcfg_if-*,librustc_demangle-*,libstd_detect-*,libhashbrown-*,librustc_std_workspace_alloc-*,libminiz_oxide-*,libadler2-*,libunwind-*,liblibc-*,librustc_std_workspace_core-*,liballoc-*,libcore-*,libcompiler_builtins-*}.rlib" "-Wl,-Bdynamic" "-lrkllmrt" "-lgcc_s" "-lutil" "-lrt" "-lpthread" "-lm" "-ldl" "-lc" "-L" "/opt/rustwide/target/release/build/rkllm-rs/d3e75dc78936f7bc/out/rustcNnJJYm/raw-dylibs" "-B<sysroot>/lib/rustlib/x86_64-unknown-linux-gnu/bin/gcc-ld" "-fuse-ld=lld" "-Wl,--eh-frame-hdr" "-Wl,-z,noexecstack" "-L" "./" "-L" "<sysroot>/lib/rustlib/x86_64-unknown-linux-gnu/lib" "-o" "/opt/rustwide/target/release/build/rkllm-rs/d3e75dc78936f7bc/out/safe_api" "-Wl,--gc-sections" "-pie" "-Wl,-z,relro,-z,now" "-Wl,-O1" "-Wl,--strip-debug" "-nodefaultlibs"
[INFO] [stdout]   = note: some arguments are omitted. use `--verbose` to show all linker arguments
[INFO] [stdout]   = note: rust-lld: error: unable to find library -lrkllmrt
[INFO] [stdout]           collect2: error: ld returned 1 exit status
[INFO] [stdout]           
[INFO] [stdout] 
[INFO] [stdout] 
[INFO] [stderr] error: could not compile `rkllm-rs` (example "safe_api") due to 1 previous error
[INFO] [stderr] error: could not compile `rkllm-rs` (lib test) due to 1 previous error
[INFO] [stdout] error: linking with `cc` failed: exit status: 1
[INFO] [stdout]   |
[INFO] [stdout]   = note:  "cc" "-m64" "/opt/rustwide/target/release/build/rkllm-rs/f5235e5bb1c20592/out/rustcY6Sgtk/symbols.o" "<2 object files omitted>" "-Wl,--as-needed" "-Wl,-Bstatic" "/opt/rustwide/target/release/build/serde_json/9f1564f7957bd6fc/out/libserde_json-9f1564f7957bd6fc.rlib" "/opt/rustwide/target/release/build/memchr/67bd3f6c39c2c1d0/out/libmemchr-67bd3f6c39c2c1d0.rlib" "/opt/rustwide/target/release/build/itoa/e7338abb6ca85e31/out/libitoa-e7338abb6ca85e31.rlib" "/opt/rustwide/target/release/build/zmij/3fd0fbc0da54c581/out/libzmij-3fd0fbc0da54c581.rlib" "<sysroot>/lib/rustlib/x86_64-unknown-linux-gnu/lib/{libtest-*,libgetopts-*,librustc_std_workspace_std-*}.rlib" "/opt/rustwide/target/release/build/serde/e956f6f497b8b4f6/out/libserde-e956f6f497b8b4f6.rlib" "/opt/rustwide/target/release/build/serde_core/fc2e9ba380840c21/out/libserde_core-fc2e9ba380840c21.rlib" "/opt/rustwide/target/release/build/rkllm-sys-rs/9de052f52e99068a/out/librkllm_sys_rs-9de052f52e99068a.rlib" "<sysroot>/lib/rustlib/x86_64-unknown-linux-gnu/lib/{libstd-*,libpanic_unwind-*,libobject-*,libmemchr-*,libaddr2line-*,libgimli-*,libcfg_if-*,librustc_demangle-*,libstd_detect-*,libhashbrown-*,librustc_std_workspace_alloc-*,libminiz_oxide-*,libadler2-*,libunwind-*,liblibc-*,librustc_std_workspace_core-*,liballoc-*,libcore-*,libcompiler_builtins-*}.rlib" "-Wl,-Bdynamic" "-lrkllmrt" "-lgcc_s" "-lutil" "-lrt" "-lpthread" "-lm" "-ldl" "-lc" "-L" "/opt/rustwide/target/release/build/rkllm-rs/f5235e5bb1c20592/out/rustcY6Sgtk/raw-dylibs" "-B<sysroot>/lib/rustlib/x86_64-unknown-linux-gnu/bin/gcc-ld" "-fuse-ld=lld" "-Wl,--eh-frame-hdr" "-Wl,-z,noexecstack" "-L" "./" "-L" "<sysroot>/lib/rustlib/x86_64-unknown-linux-gnu/lib" "-o" "/opt/rustwide/target/release/build/rkllm-rs/f5235e5bb1c20592/out/rkllm_rs-f5235e5bb1c20592" "-Wl,--gc-sections" "-pie" "-Wl,-z,relro,-z,now" "-Wl,-O1" "-Wl,--strip-debug" "-nodefaultlibs"
[INFO] [stdout]   = note: some arguments are omitted. use `--verbose` to show all linker arguments
[INFO] [stdout]   = note: rust-lld: error: unable to find library -lrkllmrt
[INFO] [stdout]           collect2: error: ld returned 1 exit status
[INFO] [stdout]           
[INFO] [stdout] 
[INFO] [stdout] 
[INFO] [stdout] error: linking with `cc` failed: exit status: 1
[INFO] [stdout]   |
[INFO] [stdout]   = note:  "cc" "-m64" "/opt/rustwide/target/release/build/rkllm-rs/cd3804cd5c5764d4/out/rustcbtxEy7/symbols.o" "<2 object files omitted>" "-Wl,--as-needed" "-Wl,-Bstatic" "/opt/rustwide/target/release/build/futures/bd2b3e304d90dee4/out/libfutures-bd2b3e304d90dee4.rlib" "/opt/rustwide/target/release/build/futures-executor/5a4778e9482701e9/out/libfutures_executor-5a4778e9482701e9.rlib" "/opt/rustwide/target/release/build/futures-util/6206b75b8c67b570/out/libfutures_util-6206b75b8c67b570.rlib" "/opt/rustwide/target/release/build/futures-io/a2c128f3959708f8/out/libfutures_io-a2c128f3959708f8.rlib" "/opt/rustwide/target/release/build/slab/19b8bc1074c00c3a/out/libslab-19b8bc1074c00c3a.rlib" "/opt/rustwide/target/release/build/futures-channel/9a896d5e61cbcad7/out/libfutures_channel-9a896d5e61cbcad7.rlib" "/opt/rustwide/target/release/build/pin-project-lite/a042d89c9815bfb5/out/libpin_project_lite-a042d89c9815bfb5.rlib" "/opt/rustwide/target/release/build/futures-sink/908186862ad38b29/out/libfutures_sink-908186862ad38b29.rlib" "/opt/rustwide/target/release/build/futures-task/4380614d65d5c09c/out/libfutures_task-4380614d65d5c09c.rlib" "/opt/rustwide/target/release/build/futures-core/0b1b1ace5db6ba06/out/libfutures_core-0b1b1ace5db6ba06.rlib" "/opt/rustwide/target/release/build/rkllm-rs/d674a390f9b395a1/out/librkllm_rs-d674a390f9b395a1.rlib" "/opt/rustwide/target/release/build/serde_json/9f1564f7957bd6fc/out/libserde_json-9f1564f7957bd6fc.rlib" "/opt/rustwide/target/release/build/memchr/67bd3f6c39c2c1d0/out/libmemchr-67bd3f6c39c2c1d0.rlib" "/opt/rustwide/target/release/build/itoa/e7338abb6ca85e31/out/libitoa-e7338abb6ca85e31.rlib" "/opt/rustwide/target/release/build/zmij/3fd0fbc0da54c581/out/libzmij-3fd0fbc0da54c581.rlib" "/opt/rustwide/target/release/build/serde/e956f6f497b8b4f6/out/libserde-e956f6f497b8b4f6.rlib" "/opt/rustwide/target/release/build/serde_core/fc2e9ba380840c21/out/libserde_core-fc2e9ba380840c21.rlib" "/opt/rustwide/target/release/build/rkllm-sys-rs/9de052f52e99068a/out/librkllm_sys_rs-9de052f52e99068a.rlib" "<sysroot>/lib/rustlib/x86_64-unknown-linux-gnu/lib/{libstd-*,libpanic_unwind-*,libobject-*,libmemchr-*,libaddr2line-*,libgimli-*,libcfg_if-*,librustc_demangle-*,libstd_detect-*,libhashbrown-*,librustc_std_workspace_alloc-*,libminiz_oxide-*,libadler2-*,libunwind-*,liblibc-*,librustc_std_workspace_core-*,liballoc-*,libcore-*,libcompiler_builtins-*}.rlib" "-Wl,-Bdynamic" "-lrkllmrt" "-lgcc_s" "-lutil" "-lrt" "-lpthread" "-lm" "-ldl" "-lc" "-L" "/opt/rustwide/target/release/build/rkllm-rs/cd3804cd5c5764d4/out/rustcbtxEy7/raw-dylibs" "-B<sysroot>/lib/rustlib/x86_64-unknown-linux-gnu/bin/gcc-ld" "-fuse-ld=lld" "-Wl,--eh-frame-hdr" "-Wl,-z,noexecstack" "-L" "./" "-L" "<sysroot>/lib/rustlib/x86_64-unknown-linux-gnu/lib" "-o" "/opt/rustwide/target/release/build/rkllm-rs/cd3804cd5c5764d4/out/multi_instance" "-Wl,--gc-sections" "-pie" "-Wl,-z,relro,-z,now" "-Wl,-O1" "-Wl,--strip-debug" "-nodefaultlibs"
[INFO] [stdout]   = note: some arguments are omitted. use `--verbose` to show all linker arguments
[INFO] [stdout]   = note: rust-lld: error: unable to find library -lrkllmrt
[INFO] [stdout]           collect2: error: ld returned 1 exit status
[INFO] [stdout]           
[INFO] [stdout] 
[INFO] [stdout] 
[INFO] [stderr] error: could not compile `rkllm-rs` (example "multi_instance") due to 1 previous error
[INFO] [stderr] warning: unused dependency `futures`
[INFO] [stderr]   --> Cargo.toml:14:15
[INFO] [stderr]    |
[INFO] [stderr] 14 | [dependencies.futures]
[INFO] [stderr]    |               ^^^^^^^^
[INFO] [stderr]    |
[INFO] [stderr]    = note: `cargo::unused_dependencies` is set to `warn` by default
[INFO] [stderr] help: consider removing the dependency on `futures`
[INFO] [stderr] help: to still use for development builds, move to `dev-dependencies`
[INFO] [stderr] warning: `rkllm-rs` (manifest) generated 1 warning
[INFO] running `Command { std: "docker" "inspect" "7c0b37612a84c80423ef5d1edd89c7e91bb0bea96c92ec2d13e326e0caad98ea", kill_on_drop: false }`
[INFO] running `Command { std: "docker" "rm" "-f" "7c0b37612a84c80423ef5d1edd89c7e91bb0bea96c92ec2d13e326e0caad98ea", kill_on_drop: false }`
[INFO] [stdout] 7c0b37612a84c80423ef5d1edd89c7e91bb0bea96c92ec2d13e326e0caad98ea
