[INFO] fetching crate rivulets 0.0.0...
[INFO] testing rivulets-0.0.0 against 1.99.0-beta.8+cargoflags=--release for beta-release-1.100-2
[INFO] extracting crate rivulets 0.0.0 into /workspace/builds/worker-2-tc1/source
[INFO] started tweaking crates.io crate rivulets 0.0.0
[INFO] finished tweaking crates.io crate rivulets 0.0.0
[INFO] tweaked toml for crates.io crate rivulets 0.0.0 written to /workspace/builds/worker-2-tc1/source/Cargo.toml
[INFO] validating manifest of crates.io crate rivulets 0.0.0 on toolchain 1.99.0-beta.8
[INFO] running `Command { std: CARGO_HOME="/workspace/cargo-home" RUSTUP_HOME="/workspace/rustup-home" "/workspace/cargo-home/bin/cargo" "+1.99.0-beta.8" "metadata" "--manifest-path" "Cargo.toml" "--no-deps", kill_on_drop: false }`
[INFO] crate crates.io crate rivulets 0.0.0 already has a lockfile, it will not be regenerated
[INFO] running `Command { std: CARGO_HOME="/workspace/cargo-home" RUSTUP_HOME="/workspace/rustup-home" "/workspace/cargo-home/bin/cargo" "+1.99.0-beta.8" "fetch" "--manifest-path" "Cargo.toml", kill_on_drop: false }`
[INFO] [stderr]     Updating crates.io index
[INFO] [stderr]  Downloading crates ...
[INFO] [stderr]   Downloaded rustc-std-workspace-core v1.0.1
[INFO] [stderr]   Downloaded ringbuf v0.4.8
[INFO] [stderr]   Downloaded rivulets-driver v0.0.0
[INFO] [stderr]   Downloaded embedded-io-adapters v0.6.2
[INFO] [stderr]   Downloaded embassy-sync v0.7.2
[INFO] [stderr]   Downloaded async-ringbuf v0.3.4
[INFO] [stderr]   Downloaded defmt-macros v1.0.1
[INFO] [stderr]   Downloaded defmt v1.0.1
[INFO] running `Command { std: "docker" "create" "-v" "/var/lib/crater-agent-workspace/builds/worker-2-tc1/source:/opt/rustwide/workdir:ro,Z" "-v" "/var/lib/crater-agent-workspace/builds/worker-2-tc1/target:/opt/rustwide/target:rw,Z" "-v" "/var/lib/crater-agent-workspace/cargo-home:/opt/rustwide/cargo-home:ro,Z" "-v" "/var/lib/crater-agent-workspace/rustup-home:/opt/rustwide/rustup-home:ro,Z" "-m" "1610612736" "--network" "none" "ghcr.io/rust-lang/crates-build-env/linux@sha256:77db811e55d90add9212f6832c23229e3de5f1c1f9905e8cb07319ea15df73ac" "sleep" "infinity", kill_on_drop: false }`
[INFO] [stdout] 3381c676f4ce2fa23253a29de436f18f5adf4a2af5362495746955bc02564a90
[INFO] running `Command { std: "docker" "start" "3381c676f4ce2fa23253a29de436f18f5adf4a2af5362495746955bc02564a90", kill_on_drop: false }`
[INFO] running `Command { std: "docker" "inspect" "3381c676f4ce2fa23253a29de436f18f5adf4a2af5362495746955bc02564a90", kill_on_drop: false }`
[INFO] running `Command { std: "docker" "exec" "-e" "SOURCE_DIR=/opt/rustwide/workdir" "-e" "CARGO_HOME=/opt/rustwide/cargo-home" "-e" "RUSTUP_HOME=/opt/rustwide/rustup-home" "-e" "CARGO_TARGET_DIR=/opt/rustwide/target" "-w" "/opt/rustwide/workdir" "--user" "0:0" "3381c676f4ce2fa23253a29de436f18f5adf4a2af5362495746955bc02564a90" "/opt/rustwide/cargo-home/bin/cargo" "+1.99.0-beta.8" "metadata" "--no-deps" "--format-version=1", kill_on_drop: false }`
[INFO] running `Command { std: "docker" "inspect" "3381c676f4ce2fa23253a29de436f18f5adf4a2af5362495746955bc02564a90", kill_on_drop: false }`
[INFO] running `Command { std: "docker" "exec" "-e" "SOURCE_DIR=/opt/rustwide/workdir" "-e" "CARGO_HOME=/opt/rustwide/cargo-home" "-e" "RUSTUP_HOME=/opt/rustwide/rustup-home" "-e" "CARGO_TARGET_DIR=/opt/rustwide/target" "-e" "CARGO_INCREMENTAL=0" "-e" "RUST_BACKTRACE=full" "-e" "RUSTFLAGS=--cap-lints=warn" "-e" "RUSTDOCFLAGS=--cap-lints=warn" "-w" "/opt/rustwide/workdir" "--user" "0:0" "3381c676f4ce2fa23253a29de436f18f5adf4a2af5362495746955bc02564a90" "/opt/rustwide/cargo-home/bin/cargo" "+1.99.0-beta.8" "build" "--frozen" "--message-format=json" "--release", kill_on_drop: false }`
[INFO] [stderr]    Compiling futures-sink v0.3.31
[INFO] [stderr]    Compiling heapless v0.8.0
[INFO] [stderr]    Compiling rustc-std-workspace-core v1.0.1
[INFO] [stderr]    Compiling embedded-io-async v0.6.1
[INFO] [stderr]    Compiling embedded-io v0.6.1
[INFO] [stderr]    Compiling byteorder v1.5.0
[INFO] [stderr]    Compiling futures-core v0.3.31
[INFO] [stderr]    Compiling futures-task v0.3.31
[INFO] [stderr]    Compiling embassy-sync v0.7.2
[INFO] [stderr]    Compiling stable_deref_trait v1.2.0
[INFO] [stderr]    Compiling ringbuf v0.4.8
[INFO] [stderr]    Compiling cfg-if v1.0.3
[INFO] [stderr]    Compiling futures-util v0.3.31
[INFO] [stderr]    Compiling rivulets-driver v0.0.0
[INFO] [stderr]    Compiling hash32 v0.3.1
[INFO] [stderr]    Compiling async-ringbuf v0.3.4
[INFO] [stderr]    Compiling rivulets v0.0.0 (/opt/rustwide/workdir)
[INFO] [stderr]     Finished `release` profile [optimized] target(s) in 3.31s
[INFO] running `Command { std: "docker" "inspect" "3381c676f4ce2fa23253a29de436f18f5adf4a2af5362495746955bc02564a90", kill_on_drop: false }`
[INFO] running `Command { std: "docker" "exec" "-e" "SOURCE_DIR=/opt/rustwide/workdir" "-e" "CARGO_HOME=/opt/rustwide/cargo-home" "-e" "RUSTUP_HOME=/opt/rustwide/rustup-home" "-e" "CARGO_TARGET_DIR=/opt/rustwide/target" "-e" "CARGO_INCREMENTAL=0" "-e" "RUST_BACKTRACE=full" "-e" "RUSTFLAGS=--cap-lints=warn" "-e" "RUSTDOCFLAGS=--cap-lints=warn" "-w" "/opt/rustwide/workdir" "--user" "0:0" "3381c676f4ce2fa23253a29de436f18f5adf4a2af5362495746955bc02564a90" "/opt/rustwide/cargo-home/bin/cargo" "+1.99.0-beta.8" "test" "--frozen" "--no-run" "--message-format=json" "--release", kill_on_drop: false }`
[INFO] [stderr]    Compiling parking_lot_core v0.9.11
[INFO] [stderr]    Compiling lock_api v0.4.13
[INFO] [stderr]    Compiling embedded-io-adapters v0.6.2
[INFO] [stderr]    Compiling syn v2.0.106
[INFO] [stderr]    Compiling parking_lot v0.12.4
[INFO] [stderr]    Compiling tokio-macros v2.5.0
[INFO] [stderr]    Compiling tokio v1.47.1
[INFO] [stderr]    Compiling rivulets v0.0.0 (/opt/rustwide/workdir)
[INFO] [stdout] error[E0433]: cannot find module or crate `std` in this scope
[INFO] [stdout]    --> src/databus/slot.rs:214:9
[INFO] [stdout]     |
[INFO] [stdout] 214 |     use std::convert::TryFrom;
[INFO] [stdout]     |         ^^^ use of unresolved module or unlinked crate `std`
[INFO] [stdout]     |
[INFO] [stdout]     = help: if you wanted to use a crate named `std`, use `cargo add std` to add it to your `Cargo.toml`
[INFO] [stdout] 
[INFO] [stdout] 
[INFO] [stdout] error[E0433]: cannot find module or crate `std` in this scope
[INFO] [stdout]    --> src/databus/slot.rs:215:9
[INFO] [stdout]     |
[INFO] [stdout] 215 |     use std::sync::atomic::Ordering;
[INFO] [stdout]     |         ^^^ use of unresolved module or unlinked crate `std`
[INFO] [stdout]     |
[INFO] [stdout]     = help: if you wanted to use a crate named `std`, use `cargo add std` to add it to your `Cargo.toml`
[INFO] [stdout] 
[INFO] [stdout] 
[INFO] [stdout] error: cannot find macro `vec` in this scope
[INFO] [stdout]    --> src/databus/slot.rs:325:22
[INFO] [stdout]     |
[INFO] [stdout] 325 |         let buffer = vec![0u8; 8];
[INFO] [stdout]     |                      ^^^
[INFO] [stdout] 
[INFO] [stdout] 
[INFO] [stdout] error: cannot find macro `vec` in this scope
[INFO] [stdout]    --> src/databus/slot.rs:271:22
[INFO] [stdout]     |
[INFO] [stdout] 271 |         let buffer = vec![0u8; 8];
[INFO] [stdout]     |                      ^^^
[INFO] [stdout] 
[INFO] [stdout] 
[INFO] [stdout] error: cannot find macro `vec` in this scope
[INFO] [stdout]    --> src/databus/slot.rs:232:22
[INFO] [stdout]     |
[INFO] [stdout] 232 |         let buffer = vec![0u8; 8];
[INFO] [stdout]     |                      ^^^
[INFO] [stdout] 
[INFO] [stdout] 
[INFO] [stdout] error[E0433]: cannot find type `Box` in this scope
[INFO] [stdout]    --> src/databus/slot.rs:235:48
[INFO] [stdout]     |
[INFO] [stdout] 235 |         let static_buffer: &'static mut [u8] = Box::leak(buffer.into_boxed_slice());
[INFO] [stdout]     |                                                ^^^ use of undeclared type `Box`
[INFO] [stdout] 
[INFO] [stdout] 
[INFO] [stdout] error[E0433]: cannot find type `Box` in this scope
[INFO] [stdout]    --> src/databus/slot.rs:238:42
[INFO] [stdout]     |
[INFO] [stdout] 238 |         let static_slot: &'static Slot = Box::leak(Box::new(slot));
[INFO] [stdout]     |                                          ^^^ use of undeclared type `Box`
[INFO] [stdout] 
[INFO] [stdout] 
[INFO] [stdout] error[E0433]: cannot find type `Box` in this scope
[INFO] [stdout]    --> src/databus/slot.rs:238:52
[INFO] [stdout]     |
[INFO] [stdout] 238 |         let static_slot: &'static Slot = Box::leak(Box::new(slot));
[INFO] [stdout]     |                                                    ^^^ use of undeclared type `Box`
[INFO] [stdout] 
[INFO] [stdout] 
[INFO] [stdout] error[E0433]: cannot find type `Box` in this scope
[INFO] [stdout]    --> src/databus/slot.rs:274:48
[INFO] [stdout]     |
[INFO] [stdout] 274 |         let static_buffer: &'static mut [u8] = Box::leak(buffer.into_boxed_slice());
[INFO] [stdout]     |                                                ^^^ use of undeclared type `Box`
[INFO] [stdout] 
[INFO] [stdout] 
[INFO] [stdout] error[E0433]: cannot find type `Box` in this scope
[INFO] [stdout]    --> src/databus/slot.rs:276:42
[INFO] [stdout]     |
[INFO] [stdout] 276 |         let static_slot: &'static Slot = Box::leak(Box::new(slot));
[INFO] [stdout]     |                                          ^^^ use of undeclared type `Box`
[INFO] [stdout] 
[INFO] [stdout] 
[INFO] [stdout] error[E0433]: cannot find type `Box` in this scope
[INFO] [stdout]    --> src/databus/slot.rs:276:52
[INFO] [stdout]     |
[INFO] [stdout] 276 |         let static_slot: &'static Slot = Box::leak(Box::new(slot));
[INFO] [stdout]     |                                                    ^^^ use of undeclared type `Box`
[INFO] [stdout] 
[INFO] [stdout] 
[INFO] [stdout] error[E0433]: cannot find type `Box` in this scope
[INFO] [stdout]    --> src/databus/slot.rs:328:48
[INFO] [stdout]     |
[INFO] [stdout] 328 |         let static_buffer: &'static mut [u8] = Box::leak(buffer.into_boxed_slice());
[INFO] [stdout]     |                                                ^^^ use of undeclared type `Box`
[INFO] [stdout] 
[INFO] [stdout] 
[INFO] [stdout] error[E0433]: cannot find type `Box` in this scope
[INFO] [stdout]    --> src/databus/slot.rs:331:42
[INFO] [stdout]     |
[INFO] [stdout] 331 |         let static_slot: &'static Slot = Box::leak(Box::new(slot));
[INFO] [stdout]     |                                          ^^^ use of undeclared type `Box`
[INFO] [stdout] 
[INFO] [stdout] 
[INFO] [stdout] error[E0433]: cannot find type `Box` in this scope
[INFO] [stdout]    --> src/databus/slot.rs:331:52
[INFO] [stdout]     |
[INFO] [stdout] 331 |         let static_slot: &'static Slot = Box::leak(Box::new(slot));
[INFO] [stdout]     |                                                    ^^^ use of undeclared type `Box`
[INFO] [stdout] 
[INFO] [stdout] 
[INFO] [stdout] For more information about this error, try `rustc --explain E0433`.
[INFO] [stdout] 
[INFO] [stderr] error: could not compile `rivulets` (lib test) due to 14 previous errors
[INFO] running `Command { std: "docker" "inspect" "3381c676f4ce2fa23253a29de436f18f5adf4a2af5362495746955bc02564a90", kill_on_drop: false }`
[INFO] running `Command { std: "docker" "rm" "-f" "3381c676f4ce2fa23253a29de436f18f5adf4a2af5362495746955bc02564a90", kill_on_drop: false }`
[INFO] [stdout] 3381c676f4ce2fa23253a29de436f18f5adf4a2af5362495746955bc02564a90
