[INFO] fetching crate rivet-error 2.3.27...
[INFO] testing rivet-error-2.3.27 against 1.99.0-beta.8+cargoflags=--release for beta-release-1.100-2
[INFO] extracting crate rivet-error 2.3.27 into /workspace/builds/worker-4-tc1/source
[INFO] started tweaking crates.io crate rivet-error 2.3.27
[INFO] removed 0 missing tests
[INFO] finished tweaking crates.io crate rivet-error 2.3.27
[INFO] tweaked toml for crates.io crate rivet-error 2.3.27 written to /workspace/builds/worker-4-tc1/source/Cargo.toml
[INFO] validating manifest of crates.io crate rivet-error 2.3.27 on toolchain 1.99.0-beta.8
[INFO] running `Command { std: CARGO_HOME="/workspace/cargo-home" RUSTUP_HOME="/workspace/rustup-home" "/workspace/cargo-home/bin/cargo" "+1.99.0-beta.8" "metadata" "--manifest-path" "Cargo.toml" "--no-deps", kill_on_drop: false }`
[INFO] crate crates.io crate rivet-error 2.3.27 already has a lockfile, it will not be regenerated
[INFO] running `Command { std: CARGO_HOME="/workspace/cargo-home" RUSTUP_HOME="/workspace/rustup-home" "/workspace/cargo-home/bin/cargo" "+1.99.0-beta.8" "fetch" "--manifest-path" "Cargo.toml", kill_on_drop: false }`
[INFO] [stderr]     Updating crates.io index
[INFO] [stderr]  Downloading crates ...
[INFO] [stderr]   Downloaded prettyplease v0.2.36
[INFO] [stderr]   Downloaded rivet-error-macros v2.3.27
[INFO] running `Command { std: "docker" "create" "-v" "/var/lib/crater-agent-workspace/builds/worker-4-tc1/source:/opt/rustwide/workdir:ro,Z" "-v" "/var/lib/crater-agent-workspace/builds/worker-4-tc1/target:/opt/rustwide/target:rw,Z" "-v" "/var/lib/crater-agent-workspace/cargo-home:/opt/rustwide/cargo-home:ro,Z" "-v" "/var/lib/crater-agent-workspace/rustup-home:/opt/rustwide/rustup-home:ro,Z" "-m" "1610612736" "--network" "none" "ghcr.io/rust-lang/crates-build-env/linux@sha256:77db811e55d90add9212f6832c23229e3de5f1c1f9905e8cb07319ea15df73ac" "sleep" "infinity", kill_on_drop: false }`
[INFO] [stdout] c88b87634b1942c201ea29ac576450fca2513128606b030bdd3a748a9228b365
[INFO] running `Command { std: "docker" "start" "c88b87634b1942c201ea29ac576450fca2513128606b030bdd3a748a9228b365", kill_on_drop: false }`
[INFO] running `Command { std: "docker" "inspect" "c88b87634b1942c201ea29ac576450fca2513128606b030bdd3a748a9228b365", kill_on_drop: false }`
[INFO] running `Command { std: "docker" "exec" "-e" "SOURCE_DIR=/opt/rustwide/workdir" "-e" "CARGO_HOME=/opt/rustwide/cargo-home" "-e" "RUSTUP_HOME=/opt/rustwide/rustup-home" "-e" "CARGO_TARGET_DIR=/opt/rustwide/target" "-w" "/opt/rustwide/workdir" "--user" "0:0" "c88b87634b1942c201ea29ac576450fca2513128606b030bdd3a748a9228b365" "/opt/rustwide/cargo-home/bin/cargo" "+1.99.0-beta.8" "metadata" "--no-deps" "--format-version=1", kill_on_drop: false }`
[INFO] running `Command { std: "docker" "inspect" "c88b87634b1942c201ea29ac576450fca2513128606b030bdd3a748a9228b365", kill_on_drop: false }`
[INFO] running `Command { std: "docker" "exec" "-e" "SOURCE_DIR=/opt/rustwide/workdir" "-e" "CARGO_HOME=/opt/rustwide/cargo-home" "-e" "RUSTUP_HOME=/opt/rustwide/rustup-home" "-e" "CARGO_TARGET_DIR=/opt/rustwide/target" "-e" "CARGO_INCREMENTAL=0" "-e" "RUST_BACKTRACE=full" "-e" "RUSTFLAGS=--cap-lints=warn" "-e" "RUSTDOCFLAGS=--cap-lints=warn" "-w" "/opt/rustwide/workdir" "--user" "0:0" "c88b87634b1942c201ea29ac576450fca2513128606b030bdd3a748a9228b365" "/opt/rustwide/cargo-home/bin/cargo" "+1.99.0-beta.8" "build" "--frozen" "--message-format=json" "--release", kill_on_drop: false }`
[INFO] [stderr]    Compiling proc-macro2 v1.0.106
[INFO] [stderr]    Compiling serde_json v1.0.141
[INFO] [stderr]    Compiling serde v1.0.228
[INFO] [stderr]    Compiling ryu v1.0.20
[INFO] [stderr]    Compiling itoa v1.0.15
[INFO] [stderr]    Compiling anyhow v1.0.98
[INFO] [stderr]    Compiling indoc v2.0.6
[INFO] [stderr]    Compiling quote v1.0.45
[INFO] [stderr]    Compiling syn v2.0.117
[INFO] [stderr]    Compiling serde_derive v1.0.228
[INFO] [stderr]    Compiling rivet-error-macros v2.3.27
[INFO] [stderr]    Compiling rivet-error v2.3.27 (/opt/rustwide/workdir)
[INFO] [stderr]     Finished `release` profile [optimized] target(s) in 14.02s
[INFO] running `Command { std: "docker" "inspect" "c88b87634b1942c201ea29ac576450fca2513128606b030bdd3a748a9228b365", kill_on_drop: false }`
[INFO] running `Command { std: "docker" "exec" "-e" "SOURCE_DIR=/opt/rustwide/workdir" "-e" "CARGO_HOME=/opt/rustwide/cargo-home" "-e" "RUSTUP_HOME=/opt/rustwide/rustup-home" "-e" "CARGO_TARGET_DIR=/opt/rustwide/target" "-e" "CARGO_INCREMENTAL=0" "-e" "RUST_BACKTRACE=full" "-e" "RUSTFLAGS=--cap-lints=warn" "-e" "RUSTDOCFLAGS=--cap-lints=warn" "-w" "/opt/rustwide/workdir" "--user" "0:0" "c88b87634b1942c201ea29ac576450fca2513128606b030bdd3a748a9228b365" "/opt/rustwide/cargo-home/bin/cargo" "+1.99.0-beta.8" "test" "--frozen" "--no-run" "--message-format=json" "--release", kill_on_drop: false }`
[INFO] [stderr]    Compiling getrandom v0.4.2
[INFO] [stderr]    Compiling uuid v1.23.1
[INFO] [stderr]    Compiling rivet-error v2.3.27 (/opt/rustwide/workdir)
[INFO] [stdout] error: proc-macro derive panicked
[INFO] [stdout]   --> tests/basic.rs:12:10
[INFO] [stdout]    |
[INFO] [stdout] 12 | #[derive(RivetError)]
[INFO] [stdout]    |          ^^^^^^^^^^
[INFO] [stdout]    |
[INFO] [stdout]    = help: message: Failed to write error documentation for test.simple_error: Read-only file system (os error 30)
[INFO] [stdout] 
[INFO] [stdout] 
[INFO] [stdout] error: proc-macro derive panicked
[INFO] [stdout]   --> tests/basic.rs:17:10
[INFO] [stdout]    |
[INFO] [stdout] 17 | #[derive(RivetError, Serialize, Deserialize)]
[INFO] [stdout]    |          ^^^^^^^^^^
[INFO] [stdout]    |
[INFO] [stdout]    = help: message: Failed to write error documentation for test.meta_error: Read-only file system (os error 30)
[INFO] [stdout] 
[INFO] [stdout] 
[INFO] [stdout] error: proc-macro derive panicked
[INFO] [stdout]    --> tests/basic.rs:168:10
[INFO] [stdout]     |
[INFO] [stdout] 168 | #[derive(RivetError, Serialize, Deserialize)]
[INFO] [stdout]     |          ^^^^^^^^^^
[INFO] [stdout]     |
[INFO] [stdout]     = help: message: Failed to write error documentation for test.namespace_invalid_name: Read-only file system (os error 30)
[INFO] [stdout] 
[INFO] [stdout] 
[INFO] [stdout] error: proc-macro derive panicked
[INFO] [stdout]    --> tests/basic.rs:206:10
[INFO] [stdout]     |
[INFO] [stdout] 206 | #[derive(RivetError, Serialize, Deserialize)]
[INFO] [stdout]     |          ^^^^^^^^^^
[INFO] [stdout]     |
[INFO] [stdout]     = help: message: Failed to write error documentation for test.api_rate_limited: Read-only file system (os error 30)
[INFO] [stdout] 
[INFO] [stdout] 
[INFO] [stdout] error: proc-macro derive panicked
[INFO] [stdout]    --> tests/basic.rs:314:10
[INFO] [stdout]     |
[INFO] [stdout] 314 | #[derive(RivetError, Serialize, Deserialize, Clone)]
[INFO] [stdout]     |          ^^^^^^^^^^
[INFO] [stdout]     |
[INFO] [stdout]     = help: message: Failed to write error documentation for test.not_found: Read-only file system (os error 30)
[INFO] [stdout] 
[INFO] [stdout] 
[INFO] [stdout] error[E0599]: no method named `build` found for struct `TestError` in the current scope
[INFO] [stdout]   --> tests/basic.rs:32:24
[INFO] [stdout]    |
[INFO] [stdout] 14 | struct TestError;
[INFO] [stdout]    | ---------------- method `build` not found for this struct
[INFO] [stdout] ...
[INFO] [stdout] 32 |     let error = TestError.build();
[INFO] [stdout]    |                           ^^^^^ method not found in `TestError`
[INFO] [stdout] 
[INFO] [stdout] 
[INFO] [stdout] error[E0599]: no method named `build` found for struct `TestMetaError` in the current scope
[INFO] [stdout]   --> tests/basic.rs:48:3
[INFO] [stdout]    |
[INFO] [stdout] 24 |   struct TestMetaError {
[INFO] [stdout]    |   -------------------- method `build` not found for this struct
[INFO] [stdout] ...
[INFO] [stdout] 44 |       let error = TestMetaError {
[INFO] [stdout]    |  _________________-
[INFO] [stdout] 45 | |         value: 42,
[INFO] [stdout] 46 | |         name: "test_name".to_string(),
[INFO] [stdout] 47 | |     }
[INFO] [stdout] 48 | |     .build();
[INFO] [stdout]    | |     -^^^^^ method not found in `TestMetaError`
[INFO] [stdout]    | |_____|
[INFO] [stdout]    |
[INFO] [stdout] 
[INFO] [stdout] 
[INFO] [stdout] error[E0599]: no method named `build` found for struct `TestError` in the current scope
[INFO] [stdout]    --> tests/basic.rs:100:24
[INFO] [stdout]     |
[INFO] [stdout]  14 | struct TestError;
[INFO] [stdout]     | ---------------- method `build` not found for this struct
[INFO] [stdout] ...
[INFO] [stdout] 100 |     let error = TestError.build();
[INFO] [stdout]     |                           ^^^^^ method not found in `TestError`
[INFO] [stdout] 
[INFO] [stdout] 
[INFO] [stdout] error[E0599]: no method named `build` found for struct `TestError` in the current scope
[INFO] [stdout]    --> tests/basic.rs:116:4
[INFO] [stdout]     |
[INFO] [stdout]  14 |   struct TestError;
[INFO] [stdout]     |   ---------------- method `build` not found for this struct
[INFO] [stdout] ...
[INFO] [stdout] 115 |       let error = TestError
[INFO] [stdout]     |  _________________-
[INFO] [stdout] 116 | |         .build()
[INFO] [stdout]     | |         -^^^^^ method not found in `TestError`
[INFO] [stdout]     | |_________|
[INFO] [stdout]     |
[INFO] [stdout] 
[INFO] [stdout] 
[INFO] [stdout] error[E0599]: no method named `build` found for struct `TestMetaError` in the current scope
[INFO] [stdout]    --> tests/basic.rs:139:3
[INFO] [stdout]     |
[INFO] [stdout]  24 |   struct TestMetaError {
[INFO] [stdout]     |   -------------------- method `build` not found for this struct
[INFO] [stdout] ...
[INFO] [stdout] 135 |       let error = TestMetaError {
[INFO] [stdout]     |  _________________-
[INFO] [stdout] 136 | |         value: 100,
[INFO] [stdout] 137 | |         name: "serialization_test".to_string(),
[INFO] [stdout] 138 | |     }
[INFO] [stdout] 139 | |     .build();
[INFO] [stdout]     | |     -^^^^^ method not found in `TestMetaError`
[INFO] [stdout]     | |_____|
[INFO] [stdout]     |
[INFO] [stdout] 
[INFO] [stdout] 
[INFO] [stdout] error[E0599]: no method named `build` found for struct `TestError` in the current scope
[INFO] [stdout]    --> tests/basic.rs:161:32
[INFO] [stdout]     |
[INFO] [stdout]  14 | struct TestError;
[INFO] [stdout]     | ---------------- method `build` not found for this struct
[INFO] [stdout] ...
[INFO] [stdout] 161 |     let wrapped_error = TestError.build();
[INFO] [stdout]     |                                   ^^^^^ method not found in `TestError`
[INFO] [stdout] 
[INFO] [stdout] 
[INFO] [stdout] error[E0599]: no method named `build` found for struct `NamespaceInvalidName` in the current scope
[INFO] [stdout]    --> tests/basic.rs:190:3
[INFO] [stdout]     |
[INFO] [stdout] 178 |   struct NamespaceInvalidName {
[INFO] [stdout]     |   --------------------------- method `build` not found for this struct
[INFO] [stdout] ...
[INFO] [stdout] 186 |       let error = NamespaceInvalidName {
[INFO] [stdout]     |  _________________-
[INFO] [stdout] 187 | |         name: "invalid name".to_string(),
[INFO] [stdout] 188 | |         reason: "contains spaces".to_string(),
[INFO] [stdout] 189 | |     }
[INFO] [stdout] 190 | |     .build();
[INFO] [stdout]     | |     -^^^^^ method not found in `NamespaceInvalidName`
[INFO] [stdout]     | |_____|
[INFO] [stdout]     |
[INFO] [stdout] 
[INFO] [stdout] 
[INFO] [stdout] error[E0599]: no method named `build` found for struct `ApiRateLimited` in the current scope
[INFO] [stdout]    --> tests/basic.rs:230:3
[INFO] [stdout]     |
[INFO] [stdout] 218 |   struct ApiRateLimited {
[INFO] [stdout]     |   --------------------- method `build` not found for this struct
[INFO] [stdout] ...
[INFO] [stdout] 226 |       let error = ApiRateLimited {
[INFO] [stdout]     |  _________________-
[INFO] [stdout] 227 | |         limit: 100,
[INFO] [stdout] 228 | |         reset_at: 1234567890,
[INFO] [stdout] 229 | |     }
[INFO] [stdout] 230 | |     .build();
[INFO] [stdout]     | |     -^^^^^ method not found in `ApiRateLimited`
[INFO] [stdout]     | |_____|
[INFO] [stdout]     |
[INFO] [stdout] 
[INFO] [stdout] 
[INFO] [stdout] error[E0599]: no method named `build` found for struct `TestError` in the current scope
[INFO] [stdout]    --> tests/basic.rs:244:24
[INFO] [stdout]     |
[INFO] [stdout]  14 | struct TestError;
[INFO] [stdout]     | ---------------- method `build` not found for this struct
[INFO] [stdout] ...
[INFO] [stdout] 244 |     let error = TestError.build();
[INFO] [stdout]     |                           ^^^^^ method not found in `TestError`
[INFO] [stdout] 
[INFO] [stdout] 
[INFO] [stdout] error[E0599]: no method named `build` found for struct `TestMetaError` in the current scope
[INFO] [stdout]    --> tests/basic.rs:258:3
[INFO] [stdout]     |
[INFO] [stdout]  24 |   struct TestMetaError {
[INFO] [stdout]     |   -------------------- method `build` not found for this struct
[INFO] [stdout] ...
[INFO] [stdout] 254 |       let error = TestMetaError {
[INFO] [stdout]     |  _________________-
[INFO] [stdout] 255 | |         value: 42,
[INFO] [stdout] 256 | |         name: "test_name".to_string(),
[INFO] [stdout] 257 | |     }
[INFO] [stdout] 258 | |     .build();
[INFO] [stdout]     | |     -^^^^^ method not found in `TestMetaError`
[INFO] [stdout]     | |_____|
[INFO] [stdout]     |
[INFO] [stdout] 
[INFO] [stdout] 
[INFO] [stdout] error[E0599]: no method named `build` found for struct `NamespaceInvalidName` in the current scope
[INFO] [stdout]    --> tests/basic.rs:274:3
[INFO] [stdout]     |
[INFO] [stdout] 178 |   struct NamespaceInvalidName {
[INFO] [stdout]     |   --------------------------- method `build` not found for this struct
[INFO] [stdout] ...
[INFO] [stdout] 270 |       let error = NamespaceInvalidName {
[INFO] [stdout]     |  _________________-
[INFO] [stdout] 271 | |         name: "invalid-name".to_string(),
[INFO] [stdout] 272 | |         reason: "contains dash".to_string(),
[INFO] [stdout] 273 | |     }
[INFO] [stdout] 274 | |     .build();
[INFO] [stdout]     | |     -^^^^^ method not found in `NamespaceInvalidName`
[INFO] [stdout]     | |_____|
[INFO] [stdout]     |
[INFO] [stdout] 
[INFO] [stdout] 
[INFO] [stdout] error[E0599]: no method named `build` found for struct `ApiRateLimited` in the current scope
[INFO] [stdout]    --> tests/basic.rs:289:3
[INFO] [stdout]     |
[INFO] [stdout] 218 |   struct ApiRateLimited {
[INFO] [stdout]     |   --------------------- method `build` not found for this struct
[INFO] [stdout] ...
[INFO] [stdout] 285 |       let error = ApiRateLimited {
[INFO] [stdout]     |  _________________-
[INFO] [stdout] 286 | |         limit: 1000,
[INFO] [stdout] 287 | |         reset_at: 987654321,
[INFO] [stdout] 288 | |     }
[INFO] [stdout] 289 | |     .build();
[INFO] [stdout]     | |     -^^^^^ method not found in `ApiRateLimited`
[INFO] [stdout]     | |_____|
[INFO] [stdout]     |
[INFO] [stdout] 
[INFO] [stdout] 
[INFO] [stdout] error[E0599]: no method named `build` found for enum `TestEnumError` in the current scope
[INFO] [stdout]    --> tests/basic.rs:341:38
[INFO] [stdout]     |
[INFO] [stdout] 316 | enum TestEnumError {
[INFO] [stdout]     | ------------------ method `build` not found for this enum
[INFO] [stdout] ...
[INFO] [stdout] 341 |     let error = TestEnumError::NotFound.build();
[INFO] [stdout]     |                                         ^^^^^ method not found in `TestEnumError`
[INFO] [stdout] 
[INFO] [stdout] 
[INFO] [stdout] error[E0599]: no method named `build` found for enum `TestEnumError` in the current scope
[INFO] [stdout]    --> tests/basic.rs:353:62
[INFO] [stdout]     |
[INFO] [stdout] 316 | enum TestEnumError {
[INFO] [stdout]     | ------------------ method `build` not found for this enum
[INFO] [stdout] ...
[INFO] [stdout] 353 |     let error = TestEnumError::InputTooLarge { max_size: 1024 }.build();
[INFO] [stdout]     |                                                                 ^^^^^ method not found in `TestEnumError`
[INFO] [stdout] 
[INFO] [stdout] 
[INFO] [stdout] error[E0599]: no method named `build` found for enum `TestEnumError` in the current scope
[INFO] [stdout]    --> tests/basic.rs:371:3
[INFO] [stdout]     |
[INFO] [stdout] 316 |   enum TestEnumError {
[INFO] [stdout]     |   ------------------ method `build` not found for this enum
[INFO] [stdout] ...
[INFO] [stdout] 367 |       let error = TestEnumError::KeyTooLarge {
[INFO] [stdout]     |  _________________-
[INFO] [stdout] 368 | |         max_size: 256,
[INFO] [stdout] 369 | |         key_preview: "very_long_key_name...".to_string(),
[INFO] [stdout] 370 | |     }
[INFO] [stdout] 371 | |     .build();
[INFO] [stdout]     | |     -^^^^^ method not found in `TestEnumError`
[INFO] [stdout]     | |_____|
[INFO] [stdout]     |
[INFO] [stdout] 
[INFO] [stdout] 
[INFO] [stdout] For more information about this error, try `rustc --explain E0599`.
[INFO] [stdout] 
[INFO] [stderr] error: could not compile `rivet-error` (test "basic") due to 20 previous errors
[INFO] [stderr] warning: build failed, waiting for other jobs to finish...
[INFO] running `Command { std: "docker" "inspect" "c88b87634b1942c201ea29ac576450fca2513128606b030bdd3a748a9228b365", kill_on_drop: false }`
[INFO] running `Command { std: "docker" "rm" "-f" "c88b87634b1942c201ea29ac576450fca2513128606b030bdd3a748a9228b365", kill_on_drop: false }`
[INFO] [stdout] c88b87634b1942c201ea29ac576450fca2513128606b030bdd3a748a9228b365
