[INFO] fetching crate rispcrt 0.1.0...
[INFO] testing rispcrt-0.1.0 against 1.100.0-beta.1+cargoflags=--release for beta-release-1.100-2
[INFO] extracting crate rispcrt 0.1.0 into /workspace/builds/worker-0-tc2/source
[INFO] started tweaking crates.io crate rispcrt 0.1.0
[INFO] finished tweaking crates.io crate rispcrt 0.1.0
[INFO] tweaked toml for crates.io crate rispcrt 0.1.0 written to /workspace/builds/worker-0-tc2/source/Cargo.toml
[INFO] validating manifest of crates.io crate rispcrt 0.1.0 on toolchain 1.100.0-beta.1
[INFO] running `Command { std: CARGO_HOME="/workspace/cargo-home" RUSTUP_HOME="/workspace/rustup-home" "/workspace/cargo-home/bin/cargo" "+1.100.0-beta.1" "metadata" "--manifest-path" "Cargo.toml" "--no-deps", kill_on_drop: false }`
[INFO] running `Command { std: CARGO_HOME="/workspace/cargo-home" RUSTUP_HOME="/workspace/rustup-home" "/workspace/cargo-home/bin/cargo" "+1.100.0-beta.1" "generate-lockfile" "--manifest-path" "Cargo.toml", kill_on_drop: false }`
[INFO] [stderr]     Updating crates.io index
[INFO] [stderr]      Locking 1 package to highest compatible version
[INFO] running `Command { std: CARGO_HOME="/workspace/cargo-home" RUSTUP_HOME="/workspace/rustup-home" "/workspace/cargo-home/bin/cargo" "+1.100.0-beta.1" "fetch" "--manifest-path" "Cargo.toml", kill_on_drop: false }`
[INFO] [stderr] warning: Cargo.toml: `package.edition` is unspecified, defaulting to `2015` while the latest is `2024`
[INFO] [stderr] warning: `rispcrt` (manifest) generated 1 warning
[INFO] running `Command { std: "docker" "create" "-v" "/var/lib/crater-agent-workspace/builds/worker-0-tc2/source:/opt/rustwide/workdir:ro,Z" "-v" "/var/lib/crater-agent-workspace/builds/worker-0-tc2/target:/opt/rustwide/target:rw,Z" "-v" "/var/lib/crater-agent-workspace/cargo-home:/opt/rustwide/cargo-home:ro,Z" "-v" "/var/lib/crater-agent-workspace/rustup-home:/opt/rustwide/rustup-home:ro,Z" "-m" "1610612736" "--network" "none" "ghcr.io/rust-lang/crates-build-env/linux@sha256:77db811e55d90add9212f6832c23229e3de5f1c1f9905e8cb07319ea15df73ac" "sleep" "infinity", kill_on_drop: false }`
[INFO] [stdout] e2faafa6795996723ce3b2ddc11149178a3ce60b5da7b8bc037f3fa05d3e9316
[INFO] running `Command { std: "docker" "start" "e2faafa6795996723ce3b2ddc11149178a3ce60b5da7b8bc037f3fa05d3e9316", kill_on_drop: false }`
[INFO] running `Command { std: "docker" "inspect" "e2faafa6795996723ce3b2ddc11149178a3ce60b5da7b8bc037f3fa05d3e9316", kill_on_drop: false }`
[INFO] running `Command { std: "docker" "exec" "-e" "SOURCE_DIR=/opt/rustwide/workdir" "-e" "CARGO_HOME=/opt/rustwide/cargo-home" "-e" "RUSTUP_HOME=/opt/rustwide/rustup-home" "-e" "CARGO_TARGET_DIR=/opt/rustwide/target" "-w" "/opt/rustwide/workdir" "--user" "0:0" "e2faafa6795996723ce3b2ddc11149178a3ce60b5da7b8bc037f3fa05d3e9316" "/opt/rustwide/cargo-home/bin/cargo" "+1.100.0-beta.1" "metadata" "--no-deps" "--format-version=1", kill_on_drop: false }`
[INFO] running `Command { std: "docker" "inspect" "e2faafa6795996723ce3b2ddc11149178a3ce60b5da7b8bc037f3fa05d3e9316", kill_on_drop: false }`
[INFO] running `Command { std: "docker" "exec" "-e" "SOURCE_DIR=/opt/rustwide/workdir" "-e" "CARGO_HOME=/opt/rustwide/cargo-home" "-e" "RUSTUP_HOME=/opt/rustwide/rustup-home" "-e" "CARGO_TARGET_DIR=/opt/rustwide/target" "-e" "CARGO_INCREMENTAL=0" "-e" "RUST_BACKTRACE=full" "-e" "RUSTFLAGS=--cap-lints=warn" "-e" "RUSTDOCFLAGS=--cap-lints=warn" "-w" "/opt/rustwide/workdir" "--user" "0:0" "e2faafa6795996723ce3b2ddc11149178a3ce60b5da7b8bc037f3fa05d3e9316" "/opt/rustwide/cargo-home/bin/cargo" "+1.100.0-beta.1" "build" "--frozen" "--message-format=json" "--release", kill_on_drop: false }`
[INFO] [stderr] warning: Cargo.toml: `package.edition` is unspecified, defaulting to `2015` while the latest is `2024`
[INFO] [stderr] warning: `rispcrt` (manifest) generated 1 warning
[INFO] [stderr]    Compiling gcc v0.3.55
[INFO] [stderr]    Compiling rispcrt v0.1.0 (/opt/rustwide/workdir)
[INFO] [stdout] warning: use of deprecated type alias `gcc::Config`: gcc::Config has been renamed to gcc::Build
[INFO] [stdout]  --> build.rs:4:8
[INFO] [stdout]   |
[INFO] [stdout] 4 |   gcc::Config::new()
[INFO] [stdout]   |        ^^^^^^
[INFO] [stdout]   |
[INFO] [stdout]   = note: `#[warn(deprecated)]` on by default
[INFO] [stdout] 
[INFO] [stdout] 
[INFO] [stdout] warning: use of deprecated associated function `gcc::Build::new`: crate has been renamed to `cc`, the `gcc` name is not maintained
[INFO] [stdout]  --> build.rs:4:16
[INFO] [stdout]   |
[INFO] [stdout] 4 |   gcc::Config::new()
[INFO] [stdout]   |                ^^^
[INFO] [stdout] 
[INFO] [stdout] 
[INFO] [stderr] warning: rispcrt@0.1.0: src/tasksys.cpp:129:12: fatal error: sys/sysctl.h: No such file or directory
[INFO] [stderr] warning: rispcrt@0.1.0:   129 |   #include <sys/sysctl.h>
[INFO] [stderr] warning: rispcrt@0.1.0:       |            ^~~~~~~~~~~~~~
[INFO] [stderr] warning: rispcrt@0.1.0: compilation terminated.
[INFO] [stderr] error: failed to run custom build command for `rispcrt v0.1.0 (/opt/rustwide/workdir)`
[INFO] [stderr] note: To improve backtraces for build dependencies, set the CARGO_PROFILE_RELEASE_BUILD_OVERRIDE_DEBUG=true environment variable to enable debug information generation.
[INFO] [stderr] 
[INFO] [stderr] Caused by:
[INFO] [stderr]   process didn't exit successfully: `/opt/rustwide/target/release/build/rispcrt/a47c51dab8a437d2/out/build_script_build` (exit status: 101)
[INFO] [stderr]   --- stdout
[INFO] [stderr]   TARGET = Some("x86_64-unknown-linux-gnu")
[INFO] [stderr]   OPT_LEVEL = Some("3")
[INFO] [stderr]   TARGET = Some("x86_64-unknown-linux-gnu")
[INFO] [stderr]   HOST = Some("x86_64-unknown-linux-gnu")
[INFO] [stderr]   TARGET = Some("x86_64-unknown-linux-gnu")
[INFO] [stderr]   TARGET = Some("x86_64-unknown-linux-gnu")
[INFO] [stderr]   HOST = Some("x86_64-unknown-linux-gnu")
[INFO] [stderr]   CXX_x86_64-unknown-linux-gnu = None
[INFO] [stderr]   CXX_x86_64_unknown_linux_gnu = None
[INFO] [stderr]   HOST_CXX = None
[INFO] [stderr]   CXX = None
[INFO] [stderr]   HOST = Some("x86_64-unknown-linux-gnu")
[INFO] [stderr]   TARGET = Some("x86_64-unknown-linux-gnu")
[INFO] [stderr]   HOST = Some("x86_64-unknown-linux-gnu")
[INFO] [stderr]   CXXFLAGS_x86_64-unknown-linux-gnu = None
[INFO] [stderr]   CXXFLAGS_x86_64_unknown_linux_gnu = None
[INFO] [stderr]   HOST_CXXFLAGS = None
[INFO] [stderr]   CXXFLAGS = None
[INFO] [stderr]   DEBUG = Some("false")
[INFO] [stderr]   running: "c++" "-O3" "-ffunction-sections" "-fdata-sections" "-fPIC" "-m64" "-DISPC_USE_PTHREADS" "-Wall" "-Wextra" "-o" "/opt/rustwide/target/release/build/rispcrt/005ea6f728ef0fb5/out/src/tasksys.o" "-c" "src/tasksys.cpp"
[INFO] [stderr]   cargo:warning=src/tasksys.cpp:129:12: fatal error: sys/sysctl.h: No such file or directory
[INFO] [stderr]   cargo:warning=  129 |   #include <sys/sysctl.h>
[INFO] [stderr]   cargo:warning=      |            ^~~~~~~~~~~~~~
[INFO] [stderr]   cargo:warning=compilation terminated.
[INFO] [stderr]   exit status: 1
[INFO] [stderr] 
[INFO] [stderr]   --- stderr
[INFO] [stderr] 
[INFO] [stderr]   thread 'main' (91) panicked at /opt/rustwide/cargo-home/registry/src/index.crates.io-1949cf8c6b5b557f/gcc-0.3.55/src/lib.rs:1672:5:
[INFO] [stderr] 
[INFO] [stderr] 
[INFO] [stderr]   Internal error occurred: Command "c++" "-O3" "-ffunction-sections" "-fdata-sections" "-fPIC" "-m64" "-DISPC_USE_PTHREADS" "-Wall" "-Wextra" "-o" "/opt/rustwide/target/release/build/rispcrt/005ea6f728ef0fb5/out/src/tasksys.o" "-c" "src/tasksys.cpp" with args "c++" did not execute successfully (status code exit status: 1).
[INFO] [stderr] 
[INFO] [stderr] 
[INFO] [stderr]   stack backtrace:
[INFO] [stderr]      0:     0x590ff3cb11c1 - <<std[617be2ca0a6fd877]::sys::backtrace::BacktraceLock>::print::DisplayBacktrace as core[a373ad73a504971]::fmt::Display>::fmt
[INFO] [stderr]      1:     0x590ff3cc47da - core[a373ad73a504971]::fmt::write
[INFO] [stderr]      2:     0x590ff3cb691c - <std[617be2ca0a6fd877]::sys::stdio::unix::Stderr as core[a373ad73a504971]::io::write::Write>::write_fmt
[INFO] [stderr]      3:     0x590ff3c8f596 - std[617be2ca0a6fd877]::panicking::default_hook::{closure#0}
[INFO] [stderr]      4:     0x590ff3cab841 - std[617be2ca0a6fd877]::panicking::default_hook
[INFO] [stderr]      5:     0x590ff3cab9fb - std[617be2ca0a6fd877]::panicking::panic_with_hook
[INFO] [stderr]      6:     0x590ff3c8f642 - std[617be2ca0a6fd877]::panicking::panic_handler::{closure#0}
[INFO] [stderr]      7:     0x590ff3c882e9 - std[617be2ca0a6fd877]::sys::backtrace::__rust_end_short_backtrace::<std[617be2ca0a6fd877]::panicking::panic_handler::{closure#0}, !>
[INFO] [stderr]      8:     0x590ff3c8ff4d - __rustc[ea4f61d10b84890b]::rust_begin_unwind
[INFO] [stderr]      9:     0x590ff3cc4f4c - core[a373ad73a504971]::panicking::panic_fmt
[INFO] [stderr]     10:     0x590ff3c59f47 - gcc[4a8c019493453f2b]::fail
[INFO] [stderr]     11:     0x590ff3c6502d - <gcc[4a8c019493453f2b]::Build>::compile
[INFO] [stderr]     12:     0x590ff3c57d27 - build_script_build[6c1a1c00882c0a04]::main
[INFO] [stderr]     13:     0x590ff3c57e93 - <fn() as core[a373ad73a504971]::ops::function::FnOnce<()>>::call_once
[INFO] [stderr]     14:     0x590ff3c57c1e - std[617be2ca0a6fd877]::sys::backtrace::__rust_begin_short_backtrace::<fn(), ()>
[INFO] [stderr]     15:     0x590ff3c57c49 - std[617be2ca0a6fd877]::rt::lang_start::<()>::{closure#0}
[INFO] [stderr]     16:     0x590ff3caacb8 - std[617be2ca0a6fd877]::rt::lang_start_internal
[INFO] [stderr]     17:     0x590ff3c57c11 - std[617be2ca0a6fd877]::rt::lang_start::<()>
[INFO] [stderr]     18:     0x590ff3c57ed5 - main
[INFO] [stderr]     19:     0x7a64c1315601 - <unknown>
[INFO] [stderr]     20:     0x7a64c1315718 - __libc_start_main
[INFO] [stderr]     21:     0x590ff3c57985 - _start
[INFO] [stderr]     22:                0x0 - <unknown>
[INFO] running `Command { std: "docker" "inspect" "e2faafa6795996723ce3b2ddc11149178a3ce60b5da7b8bc037f3fa05d3e9316", kill_on_drop: false }`
[INFO] running `Command { std: "docker" "rm" "-f" "e2faafa6795996723ce3b2ddc11149178a3ce60b5da7b8bc037f3fa05d3e9316", kill_on_drop: false }`
[INFO] [stdout] e2faafa6795996723ce3b2ddc11149178a3ce60b5da7b8bc037f3fa05d3e9316
