[INFO] fetching crate risc0-zkvm-host 0.10.0...
[INFO] testing risc0-zkvm-host-0.10.0 against 1.100.0-beta.1+cargoflags=--release for beta-release-1.100-2
[INFO] extracting crate risc0-zkvm-host 0.10.0 into /workspace/builds/worker-0-tc2/source
[INFO] started tweaking crates.io crate risc0-zkvm-host 0.10.0
[INFO] finished tweaking crates.io crate risc0-zkvm-host 0.10.0
[INFO] tweaked toml for crates.io crate risc0-zkvm-host 0.10.0 written to /workspace/builds/worker-0-tc2/source/Cargo.toml
[INFO] validating manifest of crates.io crate risc0-zkvm-host 0.10.0 on toolchain 1.100.0-beta.1
[INFO] running `Command { std: CARGO_HOME="/workspace/cargo-home" RUSTUP_HOME="/workspace/rustup-home" "/workspace/cargo-home/bin/cargo" "+1.100.0-beta.1" "metadata" "--manifest-path" "Cargo.toml" "--no-deps", kill_on_drop: false }`
[INFO] running `Command { std: CARGO_HOME="/workspace/cargo-home" RUSTUP_HOME="/workspace/rustup-home" "/workspace/cargo-home/bin/cargo" "+1.100.0-beta.1" "generate-lockfile" "--manifest-path" "Cargo.toml", kill_on_drop: false }`
[INFO] [stderr]     Blocking waiting for file lock on package cache
[INFO] [stderr]     Updating crates.io index
[INFO] [stderr]      Locking 58 packages to highest compatible versions
[INFO] [stderr]       Adding ctor v0.1.26 (available: v1.0.13)
[INFO] [stderr]       Adding risc0-zkvm-sys v0.10.0 (available: v0.11.1)
[INFO] running `Command { std: CARGO_HOME="/workspace/cargo-home" RUSTUP_HOME="/workspace/rustup-home" "/workspace/cargo-home/bin/cargo" "+1.100.0-beta.1" "fetch" "--manifest-path" "Cargo.toml", kill_on_drop: false }`
[INFO] running `Command { std: "docker" "create" "-v" "/var/lib/crater-agent-workspace/builds/worker-0-tc2/source:/opt/rustwide/workdir:ro,Z" "-v" "/var/lib/crater-agent-workspace/builds/worker-0-tc2/target:/opt/rustwide/target:rw,Z" "-v" "/var/lib/crater-agent-workspace/cargo-home:/opt/rustwide/cargo-home:ro,Z" "-v" "/var/lib/crater-agent-workspace/rustup-home:/opt/rustwide/rustup-home:ro,Z" "-m" "1610612736" "--network" "none" "ghcr.io/rust-lang/crates-build-env/linux@sha256:77db811e55d90add9212f6832c23229e3de5f1c1f9905e8cb07319ea15df73ac" "sleep" "infinity", kill_on_drop: false }`
[INFO] [stdout] 6c1d31b47614a57bba47d20e65a6d61cf11c093a471991d93770c1a10c0c8637
[INFO] running `Command { std: "docker" "start" "6c1d31b47614a57bba47d20e65a6d61cf11c093a471991d93770c1a10c0c8637", kill_on_drop: false }`
[INFO] running `Command { std: "docker" "inspect" "6c1d31b47614a57bba47d20e65a6d61cf11c093a471991d93770c1a10c0c8637", kill_on_drop: false }`
[INFO] running `Command { std: "docker" "exec" "-e" "SOURCE_DIR=/opt/rustwide/workdir" "-e" "CARGO_HOME=/opt/rustwide/cargo-home" "-e" "RUSTUP_HOME=/opt/rustwide/rustup-home" "-e" "CARGO_TARGET_DIR=/opt/rustwide/target" "-w" "/opt/rustwide/workdir" "--user" "0:0" "6c1d31b47614a57bba47d20e65a6d61cf11c093a471991d93770c1a10c0c8637" "/opt/rustwide/cargo-home/bin/cargo" "+1.100.0-beta.1" "metadata" "--no-deps" "--format-version=1", kill_on_drop: false }`
[INFO] running `Command { std: "docker" "inspect" "6c1d31b47614a57bba47d20e65a6d61cf11c093a471991d93770c1a10c0c8637", kill_on_drop: false }`
[INFO] running `Command { std: "docker" "exec" "-e" "SOURCE_DIR=/opt/rustwide/workdir" "-e" "CARGO_HOME=/opt/rustwide/cargo-home" "-e" "RUSTUP_HOME=/opt/rustwide/rustup-home" "-e" "CARGO_TARGET_DIR=/opt/rustwide/target" "-e" "CARGO_INCREMENTAL=0" "-e" "RUST_BACKTRACE=full" "-e" "RUSTFLAGS=--cap-lints=warn" "-e" "RUSTDOCFLAGS=--cap-lints=warn" "-w" "/opt/rustwide/workdir" "--user" "0:0" "6c1d31b47614a57bba47d20e65a6d61cf11c093a471991d93770c1a10c0c8637" "/opt/rustwide/cargo-home/bin/cargo" "+1.100.0-beta.1" "build" "--frozen" "--message-format=json" "--release", kill_on_drop: false }`
[INFO] [stderr]    Compiling scratch v1.0.9
[INFO] [stderr]    Compiling termcolor v1.4.1
[INFO] [stderr]    Compiling unicode-width v0.2.2
[INFO] [stderr]    Compiling cxxbridge-flags v1.0.205
[INFO] [stderr]    Compiling foldhash v0.2.0
[INFO] [stderr]    Compiling syn v1.0.109
[INFO] [stderr]    Compiling syn v3.0.9
[INFO] [stderr]    Compiling link-cplusplus v1.0.12
[INFO] [stderr]    Compiling tbb-sys v1.1.0+2021.5.0
[INFO] [stderr]    Compiling cxx v1.0.205
[INFO] [stderr]    Compiling codespan-reporting v0.13.1
[INFO] [stderr] error: could not compile `syn` (lib)
[INFO] [stderr] 
[INFO] [stderr] Caused by:
[INFO] [stderr]   process didn't exit successfully: `/opt/rustwide/rustup-home/toolchains/1.100.0-beta.1-x86_64-unknown-linux-gnu/bin/rustc --crate-name syn --edition=2021 /opt/rustwide/cargo-home/registry/src/index.crates.io-1949cf8c6b5b557f/syn-3.0.9/src/lib.rs --error-format=json --json=diagnostic-rendered-ansi,artifacts,future-incompat,unused-externs-silent --crate-type lib --emit=dep-info,metadata,link -C embed-bitcode=no -C debug-assertions=off --cfg 'feature="clone-impls"' --cfg 'feature="default"' --cfg 'feature="derive"' --cfg 'feature="full"' --cfg 'feature="parsing"' --cfg 'feature="printing"' --cfg 'feature="proc-macro"' --check-cfg 'cfg(docsrs,test)' --check-cfg 'cfg(feature, values("clone-impls", "default", "derive", "extra-traits", "fold", "full", "parsing", "printing", "proc-macro", "test", "visit", "visit-mut"))' -C metadata=6535fbd1f72558ac -C extra-filename=-ec446d5610d85e23 --out-dir /opt/rustwide/target/release/build/syn/ec446d5610d85e23/out -C strip=debuginfo -L dependency=/opt/rustwide/target/release/build/proc-macro2/2983d65a437fea20/out -L dependency=/opt/rustwide/target/release/build/unicode-ident/2ee003426a225cef/out --extern proc_macro2=/opt/rustwide/target/release/build/proc-macro2/2983d65a437fea20/out/libproc_macro2-2983d65a437fea20.rmeta --extern quote=/opt/rustwide/target/release/build/quote/b43b8bdb64af31d1/out/libquote-b43b8bdb64af31d1.rmeta --extern unicode_ident=/opt/rustwide/target/release/build/unicode-ident/2ee003426a225cef/out/libunicode_ident-2ee003426a225cef.rmeta --cap-lints allow --cap-lints=warn --force-warn=unused_crate_dependencies` (signal: 9, SIGKILL: kill)
[INFO] [stderr] warning: build failed, waiting for other jobs to finish...
[INFO] [stderr] error: could not compile `syn` (lib)
[INFO] [stderr] 
[INFO] [stderr] Caused by:
[INFO] [stderr]   process didn't exit successfully: `/opt/rustwide/rustup-home/toolchains/1.100.0-beta.1-x86_64-unknown-linux-gnu/bin/rustc --crate-name syn --edition=2018 /opt/rustwide/cargo-home/registry/src/index.crates.io-1949cf8c6b5b557f/syn-1.0.109/src/lib.rs --error-format=json --json=diagnostic-rendered-ansi,artifacts,future-incompat,unused-externs-silent --crate-type lib --emit=dep-info,metadata,link -C embed-bitcode=no -C debug-assertions=off --cfg 'feature="full"' --cfg 'feature="parsing"' --cfg 'feature="printing"' --cfg 'feature="proc-macro"' --cfg 'feature="quote"' --check-cfg 'cfg(docsrs,test)' --check-cfg 'cfg(feature, values("clone-impls", "default", "derive", "extra-traits", "fold", "full", "parsing", "printing", "proc-macro", "quote", "test", "visit", "visit-mut"))' -C metadata=ba4680f288d76fb7 -C extra-filename=-aaa0569715431bf1 --out-dir /opt/rustwide/target/release/build/syn/aaa0569715431bf1/out -C strip=debuginfo -L dependency=/opt/rustwide/target/release/build/proc-macro2/2983d65a437fea20/out -L dependency=/opt/rustwide/target/release/build/unicode-ident/2ee003426a225cef/out --extern proc_macro2=/opt/rustwide/target/release/build/proc-macro2/2983d65a437fea20/out/libproc_macro2-2983d65a437fea20.rmeta --extern quote=/opt/rustwide/target/release/build/quote/b43b8bdb64af31d1/out/libquote-b43b8bdb64af31d1.rmeta --extern unicode_ident=/opt/rustwide/target/release/build/unicode-ident/2ee003426a225cef/out/libunicode_ident-2ee003426a225cef.rmeta --cap-lints allow --cap-lints=warn --force-warn=unused_crate_dependencies --cfg syn_disable_nightly_tests` (signal: 9, SIGKILL: kill)
[INFO] [stderr] warning: cxx@1.0.205: c++: fatal error: Killed signal terminated program cc1plus
[INFO] [stderr] warning: cxx@1.0.205: compilation terminated.
[INFO] [stderr] error: failed to run custom build command for `cxx v1.0.205`
[INFO] [stderr] note: To improve backtraces for build dependencies, set the CARGO_PROFILE_RELEASE_BUILD_OVERRIDE_DEBUG=true environment variable to enable debug information generation.
[INFO] [stderr] 
[INFO] [stderr] Caused by:
[INFO] [stderr]   process didn't exit successfully: `/opt/rustwide/target/release/build/cxx/6ef295aa4a7e9c3e/out/build_script_build` (exit status: 1)
[INFO] [stderr]   --- stdout
[INFO] [stderr]   cargo:rerun-if-env-changed=CC_FORCE_DISABLE
[INFO] [stderr]   CC_FORCE_DISABLE = None
[INFO] [stderr]   cargo:rerun-if-env-changed=CXX_x86_64-unknown-linux-gnu
[INFO] [stderr]   CXX_x86_64-unknown-linux-gnu = None
[INFO] [stderr]   cargo:rerun-if-env-changed=CXX_x86_64_unknown_linux_gnu
[INFO] [stderr]   CXX_x86_64_unknown_linux_gnu = None
[INFO] [stderr]   cargo:rerun-if-env-changed=HOST_CXX
[INFO] [stderr]   HOST_CXX = None
[INFO] [stderr]   cargo:rerun-if-env-changed=CXX
[INFO] [stderr]   CXX = None
[INFO] [stderr]   cargo:rerun-if-env-changed=CC_ENABLE_DEBUG_OUTPUT
[INFO] [stderr]   cargo:rerun-if-env-changed=CRATE_CC_NO_DEFAULTS
[INFO] [stderr]   CRATE_CC_NO_DEFAULTS = None
[INFO] [stderr]   cargo:rerun-if-env-changed=CXXFLAGS
[INFO] [stderr]   CXXFLAGS = None
[INFO] [stderr]   cargo:rerun-if-env-changed=HOST_CXXFLAGS
[INFO] [stderr]   HOST_CXXFLAGS = None
[INFO] [stderr]   cargo:rerun-if-env-changed=CXXFLAGS_x86_64_unknown_linux_gnu
[INFO] [stderr]   CXXFLAGS_x86_64_unknown_linux_gnu = None
[INFO] [stderr]   cargo:rerun-if-env-changed=CXXFLAGS_x86_64-unknown-linux-gnu
[INFO] [stderr]   CXXFLAGS_x86_64-unknown-linux-gnu = None
[INFO] [stderr]   cargo:warning=c++: fatal error: Killed signal terminated program cc1plus
[INFO] [stderr]   cargo:warning=compilation terminated.
[INFO] [stderr] 
[INFO] [stderr]   --- stderr
[INFO] [stderr] 
[INFO] [stderr] 
[INFO] [stderr]   error occurred in cc-rs: command did not execute successfully (status code exit status: 1): "c++" "-O3" "-ffunction-sections" "-fdata-sections" "-fPIC" "-m64" "-std=c++11" "-Wall" "-Wextra" "-o" "/opt/rustwide/target/release/build/cxx/71e7741cfc664c9d/out/c16f17691ff6f04b-cxx.o" "-c" "/opt/rustwide/cargo-home/registry/src/index.crates.io-1949cf8c6b5b557f/cxx-1.0.205/src/cxx.cc"
[INFO] [stderr] 
[INFO] [stderr] 
[INFO] [stderr] warning: cxx@1.0.205: c++: fatal error: Killed signal terminated program cc1plus
[INFO] [stderr] warning: cxx@1.0.205: compilation terminated.
[INFO] [stderr] error: failed to run custom build command for `cxx v1.0.205`
[INFO] [stderr] note: To improve backtraces for build dependencies, set the CARGO_PROFILE_RELEASE_BUILD_OVERRIDE_DEBUG=true environment variable to enable debug information generation.
[INFO] [stderr] 
[INFO] [stderr] Caused by:
[INFO] [stderr]   process didn't exit successfully: `/opt/rustwide/target/release/build/cxx/6ef295aa4a7e9c3e/out/build_script_build` (exit status: 1)
[INFO] [stderr]   --- stdout
[INFO] [stderr]   cargo:rerun-if-env-changed=CC_FORCE_DISABLE
[INFO] [stderr]   CC_FORCE_DISABLE = None
[INFO] [stderr]   cargo:rerun-if-env-changed=CXX_x86_64-unknown-linux-gnu
[INFO] [stderr]   CXX_x86_64-unknown-linux-gnu = None
[INFO] [stderr]   cargo:rerun-if-env-changed=CXX_x86_64_unknown_linux_gnu
[INFO] [stderr]   CXX_x86_64_unknown_linux_gnu = None
[INFO] [stderr]   cargo:rerun-if-env-changed=HOST_CXX
[INFO] [stderr]   HOST_CXX = None
[INFO] [stderr]   cargo:rerun-if-env-changed=CXX
[INFO] [stderr]   CXX = None
[INFO] [stderr]   cargo:rerun-if-env-changed=CC_ENABLE_DEBUG_OUTPUT
[INFO] [stderr]   cargo:rerun-if-env-changed=CRATE_CC_NO_DEFAULTS
[INFO] [stderr]   CRATE_CC_NO_DEFAULTS = None
[INFO] [stderr]   cargo:rerun-if-env-changed=CXXFLAGS
[INFO] [stderr]   CXXFLAGS = None
[INFO] [stderr]   cargo:rerun-if-env-changed=HOST_CXXFLAGS
[INFO] [stderr]   HOST_CXXFLAGS = None
[INFO] [stderr]   cargo:rerun-if-env-changed=CXXFLAGS_x86_64_unknown_linux_gnu
[INFO] [stderr]   CXXFLAGS_x86_64_unknown_linux_gnu = None
[INFO] [stderr]   cargo:rerun-if-env-changed=CXXFLAGS_x86_64-unknown-linux-gnu
[INFO] [stderr]   CXXFLAGS_x86_64-unknown-linux-gnu = None
[INFO] [stderr]   cargo:warning=c++: fatal error: Killed signal terminated program cc1plus
[INFO] [stderr]   cargo:warning=compilation terminated.
[INFO] [stderr] 
[INFO] [stderr]   --- stderr
[INFO] [stderr] 
[INFO] [stderr] 
[INFO] [stderr]   error occurred in cc-rs: command did not execute successfully (status code exit status: 1): "c++" "-O0" "-ffunction-sections" "-fdata-sections" "-fPIC" "-m64" "-std=c++11" "-Wall" "-Wextra" "-o" "/opt/rustwide/target/release/build/cxx/7b6a3b1d07ecb86e/out/c16f17691ff6f04b-cxx.o" "-c" "/opt/rustwide/cargo-home/registry/src/index.crates.io-1949cf8c6b5b557f/cxx-1.0.205/src/cxx.cc"
[INFO] [stderr] 
[INFO] [stderr] 
[INFO] [stderr] warning: tbb-sys@1.1.0+2021.5.0: c++: fatal error: Killed signal terminated program cc1plus
[INFO] [stderr] warning: tbb-sys@1.1.0+2021.5.0: compilation terminated.
[INFO] [stderr] warning: tbb-sys@1.1.0+2021.5.0: ToolExecError: command did not execute successfully (status code exit status: 1): "c++" "-O0" "-ffunction-sections" "-fdata-sections" "-fPIC" "-m64" "-I" "/opt/rustwide/cargo-home/registry/src/index.crates.io-1949cf8c6b5b557f/tbb-sys-1.1.0+2021.5.0/tbb/include" "-w" "-w" "-std=c++17" "-mwaitpkg" "-D__TBB_BUILD" "-D__TBB_NO_IMPLICIT_LINKAGE" "-D__TBB_USE_ITT_NOTIFY" "-o" "/opt/rustwide/target/release/build/tbb-sys/982c85ded8a091e1/out/d3f963cb505cecd3-concurrent_bounded_queue.o" "-c" "tbb/src/tbb/concurrent_bounded_queue.cpp"
[INFO] [stderr] warning: tbb-sys@1.1.0+2021.5.0: c++: fatal error: Killed signal terminated program cc1plus
[INFO] [stderr] warning: tbb-sys@1.1.0+2021.5.0: compilation terminated.
[INFO] [stderr] warning: tbb-sys@1.1.0+2021.5.0: ToolExecError: command did not execute successfully (status code exit status: 1): "c++" "-O0" "-ffunction-sections" "-fdata-sections" "-fPIC" "-m64" "-I" "/opt/rustwide/cargo-home/registry/src/index.crates.io-1949cf8c6b5b557f/tbb-sys-1.1.0+2021.5.0/tbb/include" "-w" "-w" "-std=c++17" "-mwaitpkg" "-D__TBB_BUILD" "-D__TBB_NO_IMPLICIT_LINKAGE" "-D__TBB_USE_ITT_NOTIFY" "-o" "/opt/rustwide/target/release/build/tbb-sys/982c85ded8a091e1/out/d3f963cb505cecd3-allocator.o" "-c" "tbb/src/tbb/allocator.cpp"
[INFO] [stderr] warning: tbb-sys@1.1.0+2021.5.0: c++: fatal error: Killed signal terminated program cc1plus
[INFO] [stderr] warning: tbb-sys@1.1.0+2021.5.0: compilation terminated.
[INFO] [stderr] warning: tbb-sys@1.1.0+2021.5.0: ToolExecError: command did not execute successfully (status code exit status: 1): "c++" "-O0" "-ffunction-sections" "-fdata-sections" "-fPIC" "-m64" "-I" "/opt/rustwide/cargo-home/registry/src/index.crates.io-1949cf8c6b5b557f/tbb-sys-1.1.0+2021.5.0/tbb/include" "-w" "-w" "-std=c++17" "-mwaitpkg" "-D__TBB_BUILD" "-D__TBB_NO_IMPLICIT_LINKAGE" "-D__TBB_USE_ITT_NOTIFY" "-o" "/opt/rustwide/target/release/build/tbb-sys/982c85ded8a091e1/out/d3f963cb505cecd3-arena.o" "-c" "tbb/src/tbb/arena.cpp"
[INFO] [stderr] warning: tbb-sys@1.1.0+2021.5.0: c++: fatal error: Killed signal terminated program cc1plus
[INFO] [stderr] warning: tbb-sys@1.1.0+2021.5.0: compilation terminated.
[INFO] [stderr] warning: tbb-sys@1.1.0+2021.5.0: ToolExecError: command did not execute successfully (status code exit status: 1): "c++" "-O0" "-ffunction-sections" "-fdata-sections" "-fPIC" "-m64" "-I" "/opt/rustwide/cargo-home/registry/src/index.crates.io-1949cf8c6b5b557f/tbb-sys-1.1.0+2021.5.0/tbb/include" "-w" "-w" "-std=c++17" "-mwaitpkg" "-D__TBB_BUILD" "-D__TBB_NO_IMPLICIT_LINKAGE" "-D__TBB_USE_ITT_NOTIFY" "-o" "/opt/rustwide/target/release/build/tbb-sys/982c85ded8a091e1/out/d3f963cb505cecd3-global_control.o" "-c" "tbb/src/tbb/global_control.cpp"
[INFO] [stderr] warning: tbb-sys@1.1.0+2021.5.0: c++: fatal error: Killed signal terminated program cc1plus
[INFO] [stderr] warning: tbb-sys@1.1.0+2021.5.0: compilation terminated.
[INFO] [stderr] warning: tbb-sys@1.1.0+2021.5.0: ToolExecError: command did not execute successfully (status code exit status: 1): "c++" "-O0" "-ffunction-sections" "-fdata-sections" "-fPIC" "-m64" "-I" "/opt/rustwide/cargo-home/registry/src/index.crates.io-1949cf8c6b5b557f/tbb-sys-1.1.0+2021.5.0/tbb/include" "-w" "-w" "-std=c++17" "-mwaitpkg" "-D__TBB_BUILD" "-D__TBB_NO_IMPLICIT_LINKAGE" "-D__TBB_USE_ITT_NOTIFY" "-o" "/opt/rustwide/target/release/build/tbb-sys/982c85ded8a091e1/out/d3f963cb505cecd3-arena_slot.o" "-c" "tbb/src/tbb/arena_slot.cpp"
[INFO] [stderr] warning: tbb-sys@1.1.0+2021.5.0: c++: fatal error: Killed signal terminated program cc1plus
[INFO] [stderr] warning: tbb-sys@1.1.0+2021.5.0: compilation terminated.
[INFO] [stderr] warning: tbb-sys@1.1.0+2021.5.0: ToolExecError: command did not execute successfully (status code exit status: 1): "c++" "-O0" "-ffunction-sections" "-fdata-sections" "-fPIC" "-m64" "-I" "/opt/rustwide/cargo-home/registry/src/index.crates.io-1949cf8c6b5b557f/tbb-sys-1.1.0+2021.5.0/tbb/include" "-w" "-w" "-std=c++17" "-mwaitpkg" "-D__TBB_BUILD" "-D__TBB_NO_IMPLICIT_LINKAGE" "-D__TBB_USE_ITT_NOTIFY" "-o" "/opt/rustwide/target/release/build/tbb-sys/982c85ded8a091e1/out/d3f963cb505cecd3-address_waiter.o" "-c" "tbb/src/tbb/address_waiter.cpp"
[INFO] [stderr] warning: tbb-sys@1.1.0+2021.5.0: c++: fatal error: Killed signal terminated program cc1plus
[INFO] [stderr] warning: tbb-sys@1.1.0+2021.5.0: compilation terminated.
[INFO] [stderr] warning: tbb-sys@1.1.0+2021.5.0: ToolExecError: command did not execute successfully (status code exit status: 1): "c++" "-O0" "-ffunction-sections" "-fdata-sections" "-fPIC" "-m64" "-I" "/opt/rustwide/cargo-home/registry/src/index.crates.io-1949cf8c6b5b557f/tbb-sys-1.1.0+2021.5.0/tbb/include" "-w" "-w" "-std=c++17" "-mwaitpkg" "-D__TBB_BUILD" "-D__TBB_NO_IMPLICIT_LINKAGE" "-D__TBB_USE_ITT_NOTIFY" "-o" "/opt/rustwide/target/release/build/tbb-sys/982c85ded8a091e1/out/d3f963cb505cecd3-dynamic_link.o" "-c" "tbb/src/tbb/dynamic_link.cpp"
[INFO] [stderr] warning: tbb-sys@1.1.0+2021.5.0: c++: fatal error: Killed signal terminated program cc1plus
[INFO] [stderr] warning: tbb-sys@1.1.0+2021.5.0: compilation terminated.
[INFO] [stderr] warning: tbb-sys@1.1.0+2021.5.0: c++: fatal error: Killed signal terminated program cc1plus
[INFO] [stderr] warning: tbb-sys@1.1.0+2021.5.0: compilation terminated.
[INFO] [stderr] warning: tbb-sys@1.1.0+2021.5.0: ToolExecError: command did not execute successfully (status code exit status: 1): "c++" "-O0" "-ffunction-sections" "-fdata-sections" "-fPIC" "-m64" "-I" "/opt/rustwide/cargo-home/registry/src/index.crates.io-1949cf8c6b5b557f/tbb-sys-1.1.0+2021.5.0/tbb/include" "-w" "-w" "-std=c++17" "-mwaitpkg" "-D__TBB_BUILD" "-D__TBB_NO_IMPLICIT_LINKAGE" "-D__TBB_USE_ITT_NOTIFY" "-o" "/opt/rustwide/target/release/build/tbb-sys/982c85ded8a091e1/out/d3f963cb505cecd3-exception.o" "-c" "tbb/src/tbb/exception.cpp"
[INFO] [stderr] warning: tbb-sys@1.1.0+2021.5.0: ToolExecError: command did not execute successfully (status code exit status: 1): "c++" "-O0" "-ffunction-sections" "-fdata-sections" "-fPIC" "-m64" "-I" "/opt/rustwide/cargo-home/registry/src/index.crates.io-1949cf8c6b5b557f/tbb-sys-1.1.0+2021.5.0/tbb/include" "-w" "-w" "-std=c++17" "-mwaitpkg" "-D__TBB_BUILD" "-D__TBB_NO_IMPLICIT_LINKAGE" "-D__TBB_USE_ITT_NOTIFY" "-o" "/opt/rustwide/target/release/build/tbb-sys/982c85ded8a091e1/out/d3f963cb505cecd3-governor.o" "-c" "tbb/src/tbb/governor.cpp"
[INFO] [stderr] warning: tbb-sys@1.1.0+2021.5.0: c++: fatal error: Killed signal terminated program cc1plus
[INFO] [stderr] warning: tbb-sys@1.1.0+2021.5.0: compilation terminated.
[INFO] [stderr] warning: tbb-sys@1.1.0+2021.5.0: ToolExecError: command did not execute successfully (status code exit status: 1): "c++" "-O0" "-ffunction-sections" "-fdata-sections" "-fPIC" "-m64" "-I" "/opt/rustwide/cargo-home/registry/src/index.crates.io-1949cf8c6b5b557f/tbb-sys-1.1.0+2021.5.0/tbb/include" "-w" "-w" "-std=c++17" "-mwaitpkg" "-D__TBB_BUILD" "-D__TBB_NO_IMPLICIT_LINKAGE" "-D__TBB_USE_ITT_NOTIFY" "-o" "/opt/rustwide/target/release/build/tbb-sys/982c85ded8a091e1/out/d3f963cb505cecd3-main.o" "-c" "tbb/src/tbb/main.cpp"
[INFO] [stderr] warning: tbb-sys@1.1.0+2021.5.0: c++: fatal error: Killed signal terminated program cc1plus
[INFO] [stderr] warning: tbb-sys@1.1.0+2021.5.0: compilation terminated.
[INFO] [stderr] warning: tbb-sys@1.1.0+2021.5.0: ToolExecError: command did not execute successfully (status code exit status: 1): "c++" "-O0" "-ffunction-sections" "-fdata-sections" "-fPIC" "-m64" "-I" "/opt/rustwide/cargo-home/registry/src/index.crates.io-1949cf8c6b5b557f/tbb-sys-1.1.0+2021.5.0/tbb/include" "-w" "-w" "-std=c++17" "-mwaitpkg" "-D__TBB_BUILD" "-D__TBB_NO_IMPLICIT_LINKAGE" "-D__TBB_USE_ITT_NOTIFY" "-o" "/opt/rustwide/target/release/build/tbb-sys/982c85ded8a091e1/out/d3f963cb505cecd3-market.o" "-c" "tbb/src/tbb/market.cpp"
[INFO] [stderr] warning: tbb-sys@1.1.0+2021.5.0: c++: fatal error: Killed signal terminated program cc1plus
[INFO] [stderr] warning: tbb-sys@1.1.0+2021.5.0: compilation terminated.
[INFO] [stderr] warning: tbb-sys@1.1.0+2021.5.0: ToolExecError: command did not execute successfully (status code exit status: 1): "c++" "-O0" "-ffunction-sections" "-fdata-sections" "-fPIC" "-m64" "-I" "/opt/rustwide/cargo-home/registry/src/index.crates.io-1949cf8c6b5b557f/tbb-sys-1.1.0+2021.5.0/tbb/include" "-w" "-w" "-std=c++17" "-mwaitpkg" "-D__TBB_BUILD" "-D__TBB_NO_IMPLICIT_LINKAGE" "-D__TBB_USE_ITT_NOTIFY" "-o" "/opt/rustwide/target/release/build/tbb-sys/982c85ded8a091e1/out/d3f963cb505cecd3-misc.o" "-c" "tbb/src/tbb/misc.cpp"
[INFO] [stderr] warning: tbb-sys@1.1.0+2021.5.0: c++: fatal error: Killed signal terminated program cc1plus
[INFO] [stderr] warning: tbb-sys@1.1.0+2021.5.0: compilation terminated.
[INFO] [stderr] warning: tbb-sys@1.1.0+2021.5.0: ToolExecError: command did not execute successfully (status code exit status: 1): "c++" "-O0" "-ffunction-sections" "-fdata-sections" "-fPIC" "-m64" "-I" "/opt/rustwide/cargo-home/registry/src/index.crates.io-1949cf8c6b5b557f/tbb-sys-1.1.0+2021.5.0/tbb/include" "-w" "-w" "-std=c++17" "-mwaitpkg" "-D__TBB_BUILD" "-D__TBB_NO_IMPLICIT_LINKAGE" "-D__TBB_USE_ITT_NOTIFY" "-o" "/opt/rustwide/target/release/build/tbb-sys/982c85ded8a091e1/out/d3f963cb505cecd3-misc_ex.o" "-c" "tbb/src/tbb/misc_ex.cpp"
[INFO] [stderr] warning: tbb-sys@1.1.0+2021.5.0: c++: fatal error: Killed signal terminated program cc1plus
[INFO] [stderr] warning: tbb-sys@1.1.0+2021.5.0: compilation terminated.
[INFO] [stderr] warning: tbb-sys@1.1.0+2021.5.0: ToolExecError: command did not execute successfully (status code exit status: 1): "c++" "-O0" "-ffunction-sections" "-fdata-sections" "-fPIC" "-m64" "-I" "/opt/rustwide/cargo-home/registry/src/index.crates.io-1949cf8c6b5b557f/tbb-sys-1.1.0+2021.5.0/tbb/include" "-w" "-w" "-std=c++17" "-mwaitpkg" "-D__TBB_BUILD" "-D__TBB_NO_IMPLICIT_LINKAGE" "-D__TBB_USE_ITT_NOTIFY" "-o" "/opt/rustwide/target/release/build/tbb-sys/982c85ded8a091e1/out/d3f963cb505cecd3-parallel_pipeline.o" "-c" "tbb/src/tbb/parallel_pipeline.cpp"
[INFO] [stderr] warning: tbb-sys@1.1.0+2021.5.0: c++: fatal error: Killed signal terminated program cc1plus
[INFO] [stderr] warning: tbb-sys@1.1.0+2021.5.0: compilation terminated.
[INFO] [stderr] warning: tbb-sys@1.1.0+2021.5.0: ToolExecError: command did not execute successfully (status code exit status: 1): "c++" "-O0" "-ffunction-sections" "-fdata-sections" "-fPIC" "-m64" "-I" "/opt/rustwide/cargo-home/registry/src/index.crates.io-1949cf8c6b5b557f/tbb-sys-1.1.0+2021.5.0/tbb/include" "-w" "-w" "-std=c++17" "-mwaitpkg" "-D__TBB_BUILD" "-D__TBB_NO_IMPLICIT_LINKAGE" "-D__TBB_USE_ITT_NOTIFY" "-o" "/opt/rustwide/target/release/build/tbb-sys/982c85ded8a091e1/out/d3f963cb505cecd3-observer_proxy.o" "-c" "tbb/src/tbb/observer_proxy.cpp"
[INFO] [stderr] warning: tbb-sys@1.1.0+2021.5.0: c++: fatal error: Killed signal terminated program cc1plus
[INFO] [stderr] warning: tbb-sys@1.1.0+2021.5.0: compilation terminated.
[INFO] [stderr] warning: tbb-sys@1.1.0+2021.5.0: ToolExecError: command did not execute successfully (status code exit status: 1): "c++" "-O0" "-ffunction-sections" "-fdata-sections" "-fPIC" "-m64" "-I" "/opt/rustwide/cargo-home/registry/src/index.crates.io-1949cf8c6b5b557f/tbb-sys-1.1.0+2021.5.0/tbb/include" "-w" "-w" "-std=c++17" "-mwaitpkg" "-D__TBB_BUILD" "-D__TBB_NO_IMPLICIT_LINKAGE" "-D__TBB_USE_ITT_NOTIFY" "-o" "/opt/rustwide/target/release/build/tbb-sys/982c85ded8a091e1/out/d3f963cb505cecd3-private_server.o" "-c" "tbb/src/tbb/private_server.cpp"
[INFO] [stderr] warning: tbb-sys@1.1.0+2021.5.0: c++: fatal error: Killed signal terminated program cc1plus
[INFO] [stderr] warning: tbb-sys@1.1.0+2021.5.0: compilation terminated.
[INFO] [stderr] warning: tbb-sys@1.1.0+2021.5.0: ToolExecError: command did not execute successfully (status code exit status: 1): "c++" "-O0" "-ffunction-sections" "-fdata-sections" "-fPIC" "-m64" "-I" "/opt/rustwide/cargo-home/registry/src/index.crates.io-1949cf8c6b5b557f/tbb-sys-1.1.0+2021.5.0/tbb/include" "-w" "-w" "-std=c++17" "-mwaitpkg" "-D__TBB_BUILD" "-D__TBB_NO_IMPLICIT_LINKAGE" "-D__TBB_USE_ITT_NOTIFY" "-o" "/opt/rustwide/target/release/build/tbb-sys/982c85ded8a091e1/out/d3f963cb505cecd3-queuing_rw_mutex.o" "-c" "tbb/src/tbb/queuing_rw_mutex.cpp"
[INFO] [stderr] warning: tbb-sys@1.1.0+2021.5.0: c++: fatal error: Killed signal terminated program cc1plus
[INFO] [stderr] warning: tbb-sys@1.1.0+2021.5.0: compilation terminated.
[INFO] [stderr] warning: tbb-sys@1.1.0+2021.5.0: ToolExecError: command did not execute successfully (status code exit status: 1): "c++" "-O0" "-ffunction-sections" "-fdata-sections" "-fPIC" "-m64" "-I" "/opt/rustwide/cargo-home/registry/src/index.crates.io-1949cf8c6b5b557f/tbb-sys-1.1.0+2021.5.0/tbb/include" "-w" "-w" "-std=c++17" "-mwaitpkg" "-D__TBB_BUILD" "-D__TBB_NO_IMPLICIT_LINKAGE" "-D__TBB_USE_ITT_NOTIFY" "-o" "/opt/rustwide/target/release/build/tbb-sys/982c85ded8a091e1/out/d3f963cb505cecd3-profiling.o" "-c" "tbb/src/tbb/profiling.cpp"
[INFO] [stderr] warning: tbb-sys@1.1.0+2021.5.0: c++: fatal error: Killed signal terminated program cc1plus
[INFO] [stderr] warning: tbb-sys@1.1.0+2021.5.0: compilation terminated.
[INFO] [stderr] warning: tbb-sys@1.1.0+2021.5.0: ToolExecError: command did not execute successfully (status code exit status: 1): "c++" "-O0" "-ffunction-sections" "-fdata-sections" "-fPIC" "-m64" "-I" "/opt/rustwide/cargo-home/registry/src/index.crates.io-1949cf8c6b5b557f/tbb-sys-1.1.0+2021.5.0/tbb/include" "-w" "-w" "-std=c++17" "-mwaitpkg" "-D__TBB_BUILD" "-D__TBB_NO_IMPLICIT_LINKAGE" "-D__TBB_USE_ITT_NOTIFY" "-o" "/opt/rustwide/target/release/build/tbb-sys/982c85ded8a091e1/out/d3f963cb505cecd3-rtm_rw_mutex.o" "-c" "tbb/src/tbb/rtm_rw_mutex.cpp"
[INFO] [stderr] warning: tbb-sys@1.1.0+2021.5.0: c++: fatal error: Killed signal terminated program cc1plus
[INFO] [stderr] warning: tbb-sys@1.1.0+2021.5.0: compilation terminated.
[INFO] [stderr] warning: tbb-sys@1.1.0+2021.5.0: ToolExecError: command did not execute successfully (status code exit status: 1): "c++" "-O0" "-ffunction-sections" "-fdata-sections" "-fPIC" "-m64" "-I" "/opt/rustwide/cargo-home/registry/src/index.crates.io-1949cf8c6b5b557f/tbb-sys-1.1.0+2021.5.0/tbb/include" "-w" "-w" "-std=c++17" "-mwaitpkg" "-D__TBB_BUILD" "-D__TBB_NO_IMPLICIT_LINKAGE" "-D__TBB_USE_ITT_NOTIFY" "-o" "/opt/rustwide/target/release/build/tbb-sys/982c85ded8a091e1/out/d3f963cb505cecd3-rtm_mutex.o" "-c" "tbb/src/tbb/rtm_mutex.cpp"
[INFO] [stderr] warning: tbb-sys@1.1.0+2021.5.0: c++: fatal error: Killed signal terminated program cc1plus
[INFO] [stderr] warning: tbb-sys@1.1.0+2021.5.0: compilation terminated.
[INFO] [stderr] warning: tbb-sys@1.1.0+2021.5.0: ToolExecError: command did not execute successfully (status code exit status: 1): "c++" "-O0" "-ffunction-sections" "-fdata-sections" "-fPIC" "-m64" "-I" "/opt/rustwide/cargo-home/registry/src/index.crates.io-1949cf8c6b5b557f/tbb-sys-1.1.0+2021.5.0/tbb/include" "-w" "-w" "-std=c++17" "-mwaitpkg" "-D__TBB_BUILD" "-D__TBB_NO_IMPLICIT_LINKAGE" "-D__TBB_USE_ITT_NOTIFY" "-o" "/opt/rustwide/target/release/build/tbb-sys/982c85ded8a091e1/out/d3f963cb505cecd3-small_object_pool.o" "-c" "tbb/src/tbb/small_object_pool.cpp"
[INFO] [stderr] warning: tbb-sys@1.1.0+2021.5.0: c++: fatal error: Killed signal terminated program cc1plus
[INFO] [stderr] warning: tbb-sys@1.1.0+2021.5.0: compilation terminated.
[INFO] [stderr] warning: tbb-sys@1.1.0+2021.5.0: ToolExecError: command did not execute successfully (status code exit status: 1): "c++" "-O0" "-ffunction-sections" "-fdata-sections" "-fPIC" "-m64" "-I" "/opt/rustwide/cargo-home/registry/src/index.crates.io-1949cf8c6b5b557f/tbb-sys-1.1.0+2021.5.0/tbb/include" "-w" "-w" "-std=c++17" "-mwaitpkg" "-D__TBB_BUILD" "-D__TBB_NO_IMPLICIT_LINKAGE" "-D__TBB_USE_ITT_NOTIFY" "-o" "/opt/rustwide/target/release/build/tbb-sys/982c85ded8a091e1/out/d3f963cb505cecd3-semaphore.o" "-c" "tbb/src/tbb/semaphore.cpp"
[INFO] [stderr] warning: tbb-sys@1.1.0+2021.5.0: c++: fatal error: Killed signal terminated program cc1plus
[INFO] [stderr] warning: tbb-sys@1.1.0+2021.5.0: compilation terminated.
[INFO] [stderr] warning: tbb-sys@1.1.0+2021.5.0: ToolExecError: command did not execute successfully (status code exit status: 1): "c++" "-O0" "-ffunction-sections" "-fdata-sections" "-fPIC" "-m64" "-I" "/opt/rustwide/cargo-home/registry/src/index.crates.io-1949cf8c6b5b557f/tbb-sys-1.1.0+2021.5.0/tbb/include" "-w" "-w" "-std=c++17" "-mwaitpkg" "-D__TBB_BUILD" "-D__TBB_NO_IMPLICIT_LINKAGE" "-D__TBB_USE_ITT_NOTIFY" "-o" "/opt/rustwide/target/release/build/tbb-sys/982c85ded8a091e1/out/d3f963cb505cecd3-task.o" "-c" "tbb/src/tbb/task.cpp"
[INFO] [stderr] warning: tbb-sys@1.1.0+2021.5.0: c++: fatal error: Killed signal terminated program cc1plus
[INFO] [stderr] warning: tbb-sys@1.1.0+2021.5.0: compilation terminated.
[INFO] [stderr] warning: tbb-sys@1.1.0+2021.5.0: ToolExecError: command did not execute successfully (status code exit status: 1): "c++" "-O0" "-ffunction-sections" "-fdata-sections" "-fPIC" "-m64" "-I" "/opt/rustwide/cargo-home/registry/src/index.crates.io-1949cf8c6b5b557f/tbb-sys-1.1.0+2021.5.0/tbb/include" "-w" "-w" "-std=c++17" "-mwaitpkg" "-D__TBB_BUILD" "-D__TBB_NO_IMPLICIT_LINKAGE" "-D__TBB_USE_ITT_NOTIFY" "-o" "/opt/rustwide/target/release/build/tbb-sys/982c85ded8a091e1/out/d3f963cb505cecd3-task_dispatcher.o" "-c" "tbb/src/tbb/task_dispatcher.cpp"
[INFO] [stderr] warning: tbb-sys@1.1.0+2021.5.0: c++: fatal error: Killed signal terminated program cc1plus
[INFO] [stderr] warning: tbb-sys@1.1.0+2021.5.0: compilation terminated.
[INFO] [stderr] warning: tbb-sys@1.1.0+2021.5.0: ToolExecError: command did not execute successfully (status code exit status: 1): "c++" "-O0" "-ffunction-sections" "-fdata-sections" "-fPIC" "-m64" "-I" "/opt/rustwide/cargo-home/registry/src/index.crates.io-1949cf8c6b5b557f/tbb-sys-1.1.0+2021.5.0/tbb/include" "-w" "-w" "-std=c++17" "-mwaitpkg" "-D__TBB_BUILD" "-D__TBB_NO_IMPLICIT_LINKAGE" "-D__TBB_USE_ITT_NOTIFY" "-o" "/opt/rustwide/target/release/build/tbb-sys/982c85ded8a091e1/out/d3f963cb505cecd3-task_group_context.o" "-c" "tbb/src/tbb/task_group_context.cpp"
[INFO] [stderr] error: failed to run custom build command for `tbb-sys v1.1.0+2021.5.0`
[INFO] [stderr] note: To improve backtraces for build dependencies, set the CARGO_PROFILE_RELEASE_BUILD_OVERRIDE_DEBUG=true environment variable to enable debug information generation.
[INFO] [stderr] 
[INFO] [stderr] Caused by:
[INFO] [stderr]   process didn't exit successfully: `/opt/rustwide/target/release/build/tbb-sys/a455e700e3a21e6c/out/build_script_build` (exit status: 1)
[INFO] [stderr]   --- stdout
[INFO] [stderr]   cargo:rerun-if-env-changed=CC_FORCE_DISABLE
[INFO] [stderr]   CC_FORCE_DISABLE = None
[INFO] [stderr]   cargo:rerun-if-env-changed=CXX_x86_64-unknown-linux-gnu
[INFO] [stderr]   CXX_x86_64-unknown-linux-gnu = None
[INFO] [stderr]   cargo:rerun-if-env-changed=CXX_x86_64_unknown_linux_gnu
[INFO] [stderr]   CXX_x86_64_unknown_linux_gnu = None
[INFO] [stderr]   cargo:rerun-if-env-changed=HOST_CXX
[INFO] [stderr]   HOST_CXX = None
[INFO] [stderr]   cargo:rerun-if-env-changed=CXX
[INFO] [stderr]   CXX = None
[INFO] [stderr]   cargo:rerun-if-env-changed=CC_ENABLE_DEBUG_OUTPUT
[INFO] [stderr]   cargo:rerun-if-env-changed=CRATE_CC_NO_DEFAULTS
[INFO] [stderr]   CRATE_CC_NO_DEFAULTS = None
[INFO] [stderr]   cargo:rerun-if-env-changed=CXXFLAGS
[INFO] [stderr]   CXXFLAGS = None
[INFO] [stderr]   cargo:rerun-if-env-changed=HOST_CXXFLAGS
[INFO] [stderr]   HOST_CXXFLAGS = None
[INFO] [stderr]   cargo:rerun-if-env-changed=CXXFLAGS_x86_64_unknown_linux_gnu
[INFO] [stderr]   CXXFLAGS_x86_64_unknown_linux_gnu = None
[INFO] [stderr]   cargo:rerun-if-env-changed=CXXFLAGS_x86_64-unknown-linux-gnu
[INFO] [stderr]   CXXFLAGS_x86_64-unknown-linux-gnu = None
[INFO] [stderr]   cargo:rerun-if-env-changed=CRATE_CC_NO_DEFAULTS
[INFO] [stderr]   CRATE_CC_NO_DEFAULTS = None
[INFO] [stderr]   cargo:rerun-if-env-changed=CXXFLAGS
[INFO] [stderr]   CXXFLAGS = None
[INFO] [stderr]   cargo:rerun-if-env-changed=HOST_CXXFLAGS
[INFO] [stderr]   HOST_CXXFLAGS = None
[INFO] [stderr]   cargo:rerun-if-env-changed=CXXFLAGS_x86_64_unknown_linux_gnu
[INFO] [stderr]   CXXFLAGS_x86_64_unknown_linux_gnu = None
[INFO] [stderr]   cargo:rerun-if-env-changed=CXXFLAGS_x86_64-unknown-linux-gnu
[INFO] [stderr]   CXXFLAGS_x86_64-unknown-linux-gnu = None
[INFO] [stderr]   cargo:rerun-if-env-changed=CRATE_CC_NO_DEFAULTS
[INFO] [stderr]   CRATE_CC_NO_DEFAULTS = None
[INFO] [stderr]   cargo:rerun-if-env-changed=CXXFLAGS
[INFO] [stderr]   CXXFLAGS = None
[INFO] [stderr]   cargo:rerun-if-env-changed=HOST_CXXFLAGS
[INFO] [stderr]   HOST_CXXFLAGS = None
[INFO] [stderr]   cargo:rerun-if-env-changed=CXXFLAGS_x86_64_unknown_linux_gnu
[INFO] [stderr]   CXXFLAGS_x86_64_unknown_linux_gnu = None
[INFO] [stderr]   cargo:rerun-if-env-changed=CXXFLAGS_x86_64-unknown-linux-gnu
[INFO] [stderr]   CXXFLAGS_x86_64-unknown-linux-gnu = None
[INFO] [stderr]   cargo:rerun-if-env-changed=CRATE_CC_NO_DEFAULTS
[INFO] [stderr]   CRATE_CC_NO_DEFAULTS = None
[INFO] [stderr]   cargo:rerun-if-env-changed=CXXFLAGS
[INFO] [stderr]   CXXFLAGS = None
[INFO] [stderr]   cargo:rerun-if-env-changed=HOST_CXXFLAGS
[INFO] [stderr]   HOST_CXXFLAGS = None
[INFO] [stderr]   cargo:rerun-if-env-changed=CXXFLAGS_x86_64_unknown_linux_gnu
[INFO] [stderr]   CXXFLAGS_x86_64_unknown_linux_gnu = None
[INFO] [stderr]   cargo:rerun-if-env-changed=CXXFLAGS_x86_64-unknown-linux-gnu
[INFO] [stderr]   CXXFLAGS_x86_64-unknown-linux-gnu = None
[INFO] [stderr]   cargo:rerun-if-env-changed=CRATE_CC_NO_DEFAULTS
[INFO] [stderr]   CRATE_CC_NO_DEFAULTS = None
[INFO] [stderr]   cargo:rerun-if-env-changed=CXXFLAGS
[INFO] [stderr]   CXXFLAGS = None
[INFO] [stderr]   cargo:rerun-if-env-changed=HOST_CXXFLAGS
[INFO] [stderr]   HOST_CXXFLAGS = None
[INFO] [stderr]   cargo:rerun-if-env-changed=CXXFLAGS_x86_64_unknown_linux_gnu
[INFO] [stderr]   CXXFLAGS_x86_64_unknown_linux_gnu = None
[INFO] [stderr]   cargo:rerun-if-env-changed=CXXFLAGS_x86_64-unknown-linux-gnu
[INFO] [stderr]   CXXFLAGS_x86_64-unknown-linux-gnu = None
[INFO] [stderr]   cargo:rerun-if-env-changed=CRATE_CC_NO_DEFAULTS
[INFO] [stderr]   CRATE_CC_NO_DEFAULTS = None
[INFO] [stderr]   cargo:rerun-if-env-changed=CXXFLAGS
[INFO] [stderr]   CXXFLAGS = None
[INFO] [stderr]   cargo:rerun-if-env-changed=HOST_CXXFLAGS
[INFO] [stderr]   HOST_CXXFLAGS = None
[INFO] [stderr]   cargo:rerun-if-env-changed=CXXFLAGS_x86_64_unknown_linux_gnu
[INFO] [stderr]   CXXFLAGS_x86_64_unknown_linux_gnu = None
[INFO] [stderr]   cargo:rerun-if-env-changed=CXXFLAGS_x86_64-unknown-linux-gnu
[INFO] [stderr]   CXXFLAGS_x86_64-unknown-linux-gnu = None
[INFO] [stderr]   cargo:rerun-if-env-changed=CRATE_CC_NO_DEFAULTS
[INFO] [stderr]   CRATE_CC_NO_DEFAULTS = None
[INFO] [stderr]   cargo:rerun-if-env-changed=CXXFLAGS
[INFO] [stderr]   CXXFLAGS = None
[INFO] [stderr]   cargo:rerun-if-env-changed=HOST_CXXFLAGS
[INFO] [stderr]   HOST_CXXFLAGS = None
[INFO] [stderr]   cargo:rerun-if-env-changed=CXXFLAGS_x86_64_unknown_linux_gnu
[INFO] [stderr]   CXXFLAGS_x86_64_unknown_linux_gnu = None
[INFO] [stderr]   cargo:rerun-if-env-changed=CXXFLAGS_x86_64-unknown-linux-gnu
[INFO] [stderr]   CXXFLAGS_x86_64-unknown-linux-gnu = None
[INFO] [stderr]   cargo:warning=c++: fatal error: Killed signal terminated program cc1plus
[INFO] [stderr]   cargo:warning=compilation terminated.
[INFO] [stderr]   exit status: 1
[INFO] [stderr]   cargo:warning=ToolExecError: command did not execute successfully (status code exit status: 1): "c++" "-O0" "-ffunction-sections" "-fdata-sections" "-fPIC" "-m64" "-I" "/opt/rustwide/cargo-home/registry/src/index.crates.io-1949cf8c6b5b557f/tbb-sys-1.1.0+2021.5.0/tbb/include" "-w" "-w" "-std=c++17" "-mwaitpkg" "-D__TBB_BUILD" "-D__TBB_NO_IMPLICIT_LINKAGE" "-D__TBB_USE_ITT_NOTIFY" "-o" "/opt/rustwide/target/release/build/tbb-sys/982c85ded8a091e1/out/d3f963cb505cecd3-concurrent_bounded_queue.o" "-c" "tbb/src/tbb/concurrent_bounded_queue.cpp"
[INFO] [stderr]   exit status: 0
[INFO] [stderr]   cargo:warning=c++: fatal error: Killed signal terminated program cc1plus
[INFO] [stderr]   cargo:warning=compilation terminated.
[INFO] [stderr]   exit status: 1
[INFO] [stderr]   cargo:warning=ToolExecError: command did not execute successfully (status code exit status: 1): "c++" "-O0" "-ffunction-sections" "-fdata-sections" "-fPIC" "-m64" "-I" "/opt/rustwide/cargo-home/registry/src/index.crates.io-1949cf8c6b5b557f/tbb-sys-1.1.0+2021.5.0/tbb/include" "-w" "-w" "-std=c++17" "-mwaitpkg" "-D__TBB_BUILD" "-D__TBB_NO_IMPLICIT_LINKAGE" "-D__TBB_USE_ITT_NOTIFY" "-o" "/opt/rustwide/target/release/build/tbb-sys/982c85ded8a091e1/out/d3f963cb505cecd3-allocator.o" "-c" "tbb/src/tbb/allocator.cpp"
[INFO] [stderr]   cargo:warning=c++: fatal error: Killed signal terminated program cc1plus
[INFO] [stderr]   cargo:warning=compilation terminated.
[INFO] [stderr]   exit status: 1
[INFO] [stderr]   cargo:warning=ToolExecError: command did not execute successfully (status code exit status: 1): "c++" "-O0" "-ffunction-sections" "-fdata-sections" "-fPIC" "-m64" "-I" "/opt/rustwide/cargo-home/registry/src/index.crates.io-1949cf8c6b5b557f/tbb-sys-1.1.0+2021.5.0/tbb/include" "-w" "-w" "-std=c++17" "-mwaitpkg" "-D__TBB_BUILD" "-D__TBB_NO_IMPLICIT_LINKAGE" "-D__TBB_USE_ITT_NOTIFY" "-o" "/opt/rustwide/target/release/build/tbb-sys/982c85ded8a091e1/out/d3f963cb505cecd3-arena.o" "-c" "tbb/src/tbb/arena.cpp"
[INFO] [stderr]   cargo:warning=c++: fatal error: Killed signal terminated program cc1plus
[INFO] [stderr]   cargo:warning=compilation terminated.
[INFO] [stderr]   exit status: 1
[INFO] [stderr]   cargo:warning=ToolExecError: command did not execute successfully (status code exit status: 1): "c++" "-O0" "-ffunction-sections" "-fdata-sections" "-fPIC" "-m64" "-I" "/opt/rustwide/cargo-home/registry/src/index.crates.io-1949cf8c6b5b557f/tbb-sys-1.1.0+2021.5.0/tbb/include" "-w" "-w" "-std=c++17" "-mwaitpkg" "-D__TBB_BUILD" "-D__TBB_NO_IMPLICIT_LINKAGE" "-D__TBB_USE_ITT_NOTIFY" "-o" "/opt/rustwide/target/release/build/tbb-sys/982c85ded8a091e1/out/d3f963cb505cecd3-global_control.o" "-c" "tbb/src/tbb/global_control.cpp"
[INFO] [stderr]   cargo:warning=c++: fatal error: Killed signal terminated program cc1plus
[INFO] [stderr]   cargo:warning=compilation terminated.
[INFO] [stderr]   exit status: 1
[INFO] [stderr]   cargo:warning=ToolExecError: command did not execute successfully (status code exit status: 1): "c++" "-O0" "-ffunction-sections" "-fdata-sections" "-fPIC" "-m64" "-I" "/opt/rustwide/cargo-home/registry/src/index.crates.io-1949cf8c6b5b557f/tbb-sys-1.1.0+2021.5.0/tbb/include" "-w" "-w" "-std=c++17" "-mwaitpkg" "-D__TBB_BUILD" "-D__TBB_NO_IMPLICIT_LINKAGE" "-D__TBB_USE_ITT_NOTIFY" "-o" "/opt/rustwide/target/release/build/tbb-sys/982c85ded8a091e1/out/d3f963cb505cecd3-arena_slot.o" "-c" "tbb/src/tbb/arena_slot.cpp"
[INFO] [stderr]   cargo:warning=c++: fatal error: Killed signal terminated program cc1plus
[INFO] [stderr]   cargo:warning=compilation terminated.
[INFO] [stderr]   exit status: 1
[INFO] [stderr]   cargo:warning=ToolExecError: command did not execute successfully (status code exit status: 1): "c++" "-O0" "-ffunction-sections" "-fdata-sections" "-fPIC" "-m64" "-I" "/opt/rustwide/cargo-home/registry/src/index.crates.io-1949cf8c6b5b557f/tbb-sys-1.1.0+2021.5.0/tbb/include" "-w" "-w" "-std=c++17" "-mwaitpkg" "-D__TBB_BUILD" "-D__TBB_NO_IMPLICIT_LINKAGE" "-D__TBB_USE_ITT_NOTIFY" "-o" "/opt/rustwide/target/release/build/tbb-sys/982c85ded8a091e1/out/d3f963cb505cecd3-address_waiter.o" "-c" "tbb/src/tbb/address_waiter.cpp"
[INFO] [stderr]   cargo:warning=c++: fatal error: Killed signal terminated program cc1plus
[INFO] [stderr]   cargo:warning=compilation terminated.
[INFO] [stderr]   exit status: 1
[INFO] [stderr]   cargo:warning=ToolExecError: command did not execute successfully (status code exit status: 1): "c++" "-O0" "-ffunction-sections" "-fdata-sections" "-fPIC" "-m64" "-I" "/opt/rustwide/cargo-home/registry/src/index.crates.io-1949cf8c6b5b557f/tbb-sys-1.1.0+2021.5.0/tbb/include" "-w" "-w" "-std=c++17" "-mwaitpkg" "-D__TBB_BUILD" "-D__TBB_NO_IMPLICIT_LINKAGE" "-D__TBB_USE_ITT_NOTIFY" "-o" "/opt/rustwide/target/release/build/tbb-sys/982c85ded8a091e1/out/d3f963cb505cecd3-dynamic_link.o" "-c" "tbb/src/tbb/dynamic_link.cpp"
[INFO] [stderr]   cargo:warning=c++: fatal error: Killed signal terminated program cc1plus
[INFO] [stderr]   cargo:warning=compilation terminated.
[INFO] [stderr]   cargo:warning=c++: fatal error: Killed signal terminated program cc1plus
[INFO] [stderr]   cargo:warning=compilation terminated.
[INFO] [stderr]   exit status: 1
[INFO] [stderr]   cargo:warning=ToolExecError: command did not execute successfully (status code exit status: 1): "c++" "-O0" "-ffunction-sections" "-fdata-sections" "-fPIC" "-m64" "-I" "/opt/rustwide/cargo-home/registry/src/index.crates.io-1949cf8c6b5b557f/tbb-sys-1.1.0+2021.5.0/tbb/include" "-w" "-w" "-std=c++17" "-mwaitpkg" "-D__TBB_BUILD" "-D__TBB_NO_IMPLICIT_LINKAGE" "-D__TBB_USE_ITT_NOTIFY" "-o" "/opt/rustwide/target/release/build/tbb-sys/982c85ded8a091e1/out/d3f963cb505cecd3-exception.o" "-c" "tbb/src/tbb/exception.cpp"
[INFO] [stderr]   exit status: 1
[INFO] [stderr]   cargo:warning=ToolExecError: command did not execute successfully (status code exit status: 1): "c++" "-O0" "-ffunction-sections" "-fdata-sections" "-fPIC" "-m64" "-I" "/opt/rustwide/cargo-home/registry/src/index.crates.io-1949cf8c6b5b557f/tbb-sys-1.1.0+2021.5.0/tbb/include" "-w" "-w" "-std=c++17" "-mwaitpkg" "-D__TBB_BUILD" "-D__TBB_NO_IMPLICIT_LINKAGE" "-D__TBB_USE_ITT_NOTIFY" "-o" "/opt/rustwide/target/release/build/tbb-sys/982c85ded8a091e1/out/d3f963cb505cecd3-governor.o" "-c" "tbb/src/tbb/governor.cpp"
[INFO] [stderr]   cargo:warning=c++: fatal error: Killed signal terminated program cc1plus
[INFO] [stderr]   cargo:warning=compilation terminated.
[INFO] [stderr]   exit status: 1
[INFO] [stderr]   cargo:warning=ToolExecError: command did not execute successfully (status code exit status: 1): "c++" "-O0" "-ffunction-sections" "-fdata-sections" "-fPIC" "-m64" "-I" "/opt/rustwide/cargo-home/registry/src/index.crates.io-1949cf8c6b5b557f/tbb-sys-1.1.0+2021.5.0/tbb/include" "-w" "-w" "-std=c++17" "-mwaitpkg" "-D__TBB_BUILD" "-D__TBB_NO_IMPLICIT_LINKAGE" "-D__TBB_USE_ITT_NOTIFY" "-o" "/opt/rustwide/target/release/build/tbb-sys/982c85ded8a091e1/out/d3f963cb505cecd3-main.o" "-c" "tbb/src/tbb/main.cpp"
[INFO] [stderr]   exit status: 0
[INFO] [stderr]   cargo:warning=c++: fatal error: Killed signal terminated program cc1plus
[INFO] [stderr]   cargo:warning=compilation terminated.
[INFO] [stderr]   exit status: 1
[INFO] [stderr]   cargo:warning=ToolExecError: command did not execute successfully (status code exit status: 1): "c++" "-O0" "-ffunction-sections" "-fdata-sections" "-fPIC" "-m64" "-I" "/opt/rustwide/cargo-home/registry/src/index.crates.io-1949cf8c6b5b557f/tbb-sys-1.1.0+2021.5.0/tbb/include" "-w" "-w" "-std=c++17" "-mwaitpkg" "-D__TBB_BUILD" "-D__TBB_NO_IMPLICIT_LINKAGE" "-D__TBB_USE_ITT_NOTIFY" "-o" "/opt/rustwide/target/release/build/tbb-sys/982c85ded8a091e1/out/d3f963cb505cecd3-market.o" "-c" "tbb/src/tbb/market.cpp"
[INFO] [stderr]   cargo:warning=c++: fatal error: Killed signal terminated program cc1plus
[INFO] [stderr]   cargo:warning=compilation terminated.
[INFO] [stderr]   exit status: 1
[INFO] [stderr]   cargo:warning=ToolExecError: command did not execute successfully (status code exit status: 1): "c++" "-O0" "-ffunction-sections" "-fdata-sections" "-fPIC" "-m64" "-I" "/opt/rustwide/cargo-home/registry/src/index.crates.io-1949cf8c6b5b557f/tbb-sys-1.1.0+2021.5.0/tbb/include" "-w" "-w" "-std=c++17" "-mwaitpkg" "-D__TBB_BUILD" "-D__TBB_NO_IMPLICIT_LINKAGE" "-D__TBB_USE_ITT_NOTIFY" "-o" "/opt/rustwide/target/release/build/tbb-sys/982c85ded8a091e1/out/d3f963cb505cecd3-misc.o" "-c" "tbb/src/tbb/misc.cpp"
[INFO] [stderr]   cargo:warning=c++: fatal error: Killed signal terminated program cc1plus
[INFO] [stderr]   cargo:warning=compilation terminated.
[INFO] [stderr]   exit status: 1
[INFO] [stderr]   cargo:warning=ToolExecError: command did not execute successfully (status code exit status: 1): "c++" "-O0" "-ffunction-sections" "-fdata-sections" "-fPIC" "-m64" "-I" "/opt/rustwide/cargo-home/registry/src/index.crates.io-1949cf8c6b5b557f/tbb-sys-1.1.0+2021.5.0/tbb/include" "-w" "-w" "-std=c++17" "-mwaitpkg" "-D__TBB_BUILD" "-D__TBB_NO_IMPLICIT_LINKAGE" "-D__TBB_USE_ITT_NOTIFY" "-o" "/opt/rustwide/target/release/build/tbb-sys/982c85ded8a091e1/out/d3f963cb505cecd3-misc_ex.o" "-c" "tbb/src/tbb/misc_ex.cpp"
[INFO] [stderr]   cargo:warning=c++: fatal error: Killed signal terminated program cc1plus
[INFO] [stderr]   cargo:warning=compilation terminated.
[INFO] [stderr]   exit status: 1
[INFO] [stderr]   cargo:warning=ToolExecError: command did not execute successfully (status code exit status: 1): "c++" "-O0" "-ffunction-sections" "-fdata-sections" "-fPIC" "-m64" "-I" "/opt/rustwide/cargo-home/registry/src/index.crates.io-1949cf8c6b5b557f/tbb-sys-1.1.0+2021.5.0/tbb/include" "-w" "-w" "-std=c++17" "-mwaitpkg" "-D__TBB_BUILD" "-D__TBB_NO_IMPLICIT_LINKAGE" "-D__TBB_USE_ITT_NOTIFY" "-o" "/opt/rustwide/target/release/build/tbb-sys/982c85ded8a091e1/out/d3f963cb505cecd3-parallel_pipeline.o" "-c" "tbb/src/tbb/parallel_pipeline.cpp"
[INFO] [stderr]   exit status: 0
[INFO] [stderr]   cargo:warning=c++: fatal error: Killed signal terminated program cc1plus
[INFO] [stderr]   cargo:warning=compilation terminated.
[INFO] [stderr]   exit status: 1
[INFO] [stderr]   cargo:warning=ToolExecError: command did not execute successfully (status code exit status: 1): "c++" "-O0" "-ffunction-sections" "-fdata-sections" "-fPIC" "-m64" "-I" "/opt/rustwide/cargo-home/registry/src/index.crates.io-1949cf8c6b5b557f/tbb-sys-1.1.0+2021.5.0/tbb/include" "-w" "-w" "-std=c++17" "-mwaitpkg" "-D__TBB_BUILD" "-D__TBB_NO_IMPLICIT_LINKAGE" "-D__TBB_USE_ITT_NOTIFY" "-o" "/opt/rustwide/target/release/build/tbb-sys/982c85ded8a091e1/out/d3f963cb505cecd3-observer_proxy.o" "-c" "tbb/src/tbb/observer_proxy.cpp"
[INFO] [stderr]   cargo:warning=c++: fatal error: Killed signal terminated program cc1plus
[INFO] [stderr]   cargo:warning=compilation terminated.
[INFO] [stderr]   exit status: 1
[INFO] [stderr]   cargo:warning=ToolExecError: command did not execute successfully (status code exit status: 1): "c++" "-O0" "-ffunction-sections" "-fdata-sections" "-fPIC" "-m64" "-I" "/opt/rustwide/cargo-home/registry/src/index.crates.io-1949cf8c6b5b557f/tbb-sys-1.1.0+2021.5.0/tbb/include" "-w" "-w" "-std=c++17" "-mwaitpkg" "-D__TBB_BUILD" "-D__TBB_NO_IMPLICIT_LINKAGE" "-D__TBB_USE_ITT_NOTIFY" "-o" "/opt/rustwide/target/release/build/tbb-sys/982c85ded8a091e1/out/d3f963cb505cecd3-private_server.o" "-c" "tbb/src/tbb/private_server.cpp"
[INFO] [stderr]   cargo:warning=c++: fatal error: Killed signal terminated program cc1plus
[INFO] [stderr]   cargo:warning=compilation terminated.
[INFO] [stderr]   exit status: 1
[INFO] [stderr]   cargo:warning=ToolExecError: command did not execute successfully (status code exit status: 1): "c++" "-O0" "-ffunction-sections" "-fdata-sections" "-fPIC" "-m64" "-I" "/opt/rustwide/cargo-home/registry/src/index.crates.io-1949cf8c6b5b557f/tbb-sys-1.1.0+2021.5.0/tbb/include" "-w" "-w" "-std=c++17" "-mwaitpkg" "-D__TBB_BUILD" "-D__TBB_NO_IMPLICIT_LINKAGE" "-D__TBB_USE_ITT_NOTIFY" "-o" "/opt/rustwide/target/release/build/tbb-sys/982c85ded8a091e1/out/d3f963cb505cecd3-queuing_rw_mutex.o" "-c" "tbb/src/tbb/queuing_rw_mutex.cpp"
[INFO] [stderr]   cargo:warning=c++: fatal error: Killed signal terminated program cc1plus
[INFO] [stderr]   cargo:warning=compilation terminated.
[INFO] [stderr]   exit status: 1
[INFO] [stderr]   cargo:warning=ToolExecError: command did not execute successfully (status code exit status: 1): "c++" "-O0" "-ffunction-sections" "-fdata-sections" "-fPIC" "-m64" "-I" "/opt/rustwide/cargo-home/registry/src/index.crates.io-1949cf8c6b5b557f/tbb-sys-1.1.0+2021.5.0/tbb/include" "-w" "-w" "-std=c++17" "-mwaitpkg" "-D__TBB_BUILD" "-D__TBB_NO_IMPLICIT_LINKAGE" "-D__TBB_USE_ITT_NOTIFY" "-o" "/opt/rustwide/target/release/build/tbb-sys/982c85ded8a091e1/out/d3f963cb505cecd3-profiling.o" "-c" "tbb/src/tbb/profiling.cpp"
[INFO] [stderr]   cargo:warning=c++: fatal error: Killed signal terminated program cc1plus
[INFO] [stderr]   cargo:warning=compilation terminated.
[INFO] [stderr]   exit status: 1
[INFO] [stderr]   cargo:warning=ToolExecError: command did not execute successfully (status code exit status: 1): "c++" "-O0" "-ffunction-sections" "-fdata-sections" "-fPIC" "-m64" "-I" "/opt/rustwide/cargo-home/registry/src/index.crates.io-1949cf8c6b5b557f/tbb-sys-1.1.0+2021.5.0/tbb/include" "-w" "-w" "-std=c++17" "-mwaitpkg" "-D__TBB_BUILD" "-D__TBB_NO_IMPLICIT_LINKAGE" "-D__TBB_USE_ITT_NOTIFY" "-o" "/opt/rustwide/target/release/build/tbb-sys/982c85ded8a091e1/out/d3f963cb505cecd3-rtm_rw_mutex.o" "-c" "tbb/src/tbb/rtm_rw_mutex.cpp"
[INFO] [stderr]   cargo:warning=c++: fatal error: Killed signal terminated program cc1plus
[INFO] [stderr]   cargo:warning=compilation terminated.
[INFO] [stderr]   exit status: 1
[INFO] [stderr]   cargo:warning=ToolExecError: command did not execute successfully (status code exit status: 1): "c++" "-O0" "-ffunction-sections" "-fdata-sections" "-fPIC" "-m64" "-I" "/opt/rustwide/cargo-home/registry/src/index.crates.io-1949cf8c6b5b557f/tbb-sys-1.1.0+2021.5.0/tbb/include" "-w" "-w" "-std=c++17" "-mwaitpkg" "-D__TBB_BUILD" "-D__TBB_NO_IMPLICIT_LINKAGE" "-D__TBB_USE_ITT_NOTIFY" "-o" "/opt/rustwide/target/release/build/tbb-sys/982c85ded8a091e1/out/d3f963cb505cecd3-rtm_mutex.o" "-c" "tbb/src/tbb/rtm_mutex.cpp"
[INFO] [stderr]   cargo:warning=c++: fatal error: Killed signal terminated program cc1plus
[INFO] [stderr]   cargo:warning=compilation terminated.
[INFO] [stderr]   exit status: 1
[INFO] [stderr]   cargo:warning=ToolExecError: command did not execute successfully (status code exit status: 1): "c++" "-O0" "-ffunction-sections" "-fdata-sections" "-fPIC" "-m64" "-I" "/opt/rustwide/cargo-home/registry/src/index.crates.io-1949cf8c6b5b557f/tbb-sys-1.1.0+2021.5.0/tbb/include" "-w" "-w" "-std=c++17" "-mwaitpkg" "-D__TBB_BUILD" "-D__TBB_NO_IMPLICIT_LINKAGE" "-D__TBB_USE_ITT_NOTIFY" "-o" "/opt/rustwide/target/release/build/tbb-sys/982c85ded8a091e1/out/d3f963cb505cecd3-small_object_pool.o" "-c" "tbb/src/tbb/small_object_pool.cpp"
[INFO] [stderr]   cargo:warning=c++: fatal error: Killed signal terminated program cc1plus
[INFO] [stderr]   cargo:warning=compilation terminated.
[INFO] [stderr]   exit status: 1
[INFO] [stderr]   cargo:warning=ToolExecError: command did not execute successfully (status code exit status: 1): "c++" "-O0" "-ffunction-sections" "-fdata-sections" "-fPIC" "-m64" "-I" "/opt/rustwide/cargo-home/registry/src/index.crates.io-1949cf8c6b5b557f/tbb-sys-1.1.0+2021.5.0/tbb/include" "-w" "-w" "-std=c++17" "-mwaitpkg" "-D__TBB_BUILD" "-D__TBB_NO_IMPLICIT_LINKAGE" "-D__TBB_USE_ITT_NOTIFY" "-o" "/opt/rustwide/target/release/build/tbb-sys/982c85ded8a091e1/out/d3f963cb505cecd3-semaphore.o" "-c" "tbb/src/tbb/semaphore.cpp"
[INFO] [stderr]   cargo:warning=c++: fatal error: Killed signal terminated program cc1plus
[INFO] [stderr]   cargo:warning=compilation terminated.
[INFO] [stderr]   exit status: 1
[INFO] [stderr]   cargo:warning=ToolExecError: command did not execute successfully (status code exit status: 1): "c++" "-O0" "-ffunction-sections" "-fdata-sections" "-fPIC" "-m64" "-I" "/opt/rustwide/cargo-home/registry/src/index.crates.io-1949cf8c6b5b557f/tbb-sys-1.1.0+2021.5.0/tbb/include" "-w" "-w" "-std=c++17" "-mwaitpkg" "-D__TBB_BUILD" "-D__TBB_NO_IMPLICIT_LINKAGE" "-D__TBB_USE_ITT_NOTIFY" "-o" "/opt/rustwide/target/release/build/tbb-sys/982c85ded8a091e1/out/d3f963cb505cecd3-task.o" "-c" "tbb/src/tbb/task.cpp"
[INFO] [stderr]   cargo:warning=c++: fatal error: Killed signal terminated program cc1plus
[INFO] [stderr]   cargo:warning=compilation terminated.
[INFO] [stderr]   exit status: 1
[INFO] [stderr]   cargo:warning=ToolExecError: command did not execute successfully (status code exit status: 1): "c++" "-O0" "-ffunction-sections" "-fdata-sections" "-fPIC" "-m64" "-I" "/opt/rustwide/cargo-home/registry/src/index.crates.io-1949cf8c6b5b557f/tbb-sys-1.1.0+2021.5.0/tbb/include" "-w" "-w" "-std=c++17" "-mwaitpkg" "-D__TBB_BUILD" "-D__TBB_NO_IMPLICIT_LINKAGE" "-D__TBB_USE_ITT_NOTIFY" "-o" "/opt/rustwide/target/release/build/tbb-sys/982c85ded8a091e1/out/d3f963cb505cecd3-task_dispatcher.o" "-c" "tbb/src/tbb/task_dispatcher.cpp"
[INFO] [stderr]   cargo:warning=c++: fatal error: Killed signal terminated program cc1plus
[INFO] [stderr]   cargo:warning=compilation terminated.
[INFO] [stderr]   exit status: 1
[INFO] [stderr]   cargo:warning=ToolExecError: command did not execute successfully (status code exit status: 1): "c++" "-O0" "-ffunction-sections" "-fdata-sections" "-fPIC" "-m64" "-I" "/opt/rustwide/cargo-home/registry/src/index.crates.io-1949cf8c6b5b557f/tbb-sys-1.1.0+2021.5.0/tbb/include" "-w" "-w" "-std=c++17" "-mwaitpkg" "-D__TBB_BUILD" "-D__TBB_NO_IMPLICIT_LINKAGE" "-D__TBB_USE_ITT_NOTIFY" "-o" "/opt/rustwide/target/release/build/tbb-sys/982c85ded8a091e1/out/d3f963cb505cecd3-task_group_context.o" "-c" "tbb/src/tbb/task_group_context.cpp"
[INFO] [stderr] 
[INFO] [stderr]   --- stderr
[INFO] [stderr] 
[INFO] [stderr] 
[INFO] [stderr]   error occurred in cc-rs: command did not execute successfully (status code exit status: 1): "c++" "-O0" "-ffunction-sections" "-fdata-sections" "-fPIC" "-m64" "-I" "/opt/rustwide/cargo-home/registry/src/index.crates.io-1949cf8c6b5b557f/tbb-sys-1.1.0+2021.5.0/tbb/include" "-w" "-w" "-std=c++17" "-mwaitpkg" "-D__TBB_BUILD" "-D__TBB_NO_IMPLICIT_LINKAGE" "-D__TBB_USE_ITT_NOTIFY" "-o" "/opt/rustwide/target/release/build/tbb-sys/982c85ded8a091e1/out/d3f963cb505cecd3-task_group_context.o" "-c" "tbb/src/tbb/task_group_context.cpp"
[INFO] [stderr] 
[INFO] [stderr] 
[INFO] [stderr] warning: tbb-sys@1.1.0+2021.5.0: c++: fatal error: Killed signal terminated program cc1plus
[INFO] [stderr] warning: tbb-sys@1.1.0+2021.5.0: compilation terminated.
[INFO] [stderr] warning: tbb-sys@1.1.0+2021.5.0: ToolExecError: command did not execute successfully (status code exit status: 1): "c++" "-O3" "-ffunction-sections" "-fdata-sections" "-fPIC" "-m64" "-I" "/opt/rustwide/cargo-home/registry/src/index.crates.io-1949cf8c6b5b557f/tbb-sys-1.1.0+2021.5.0/tbb/include" "-w" "-w" "-std=c++17" "-mwaitpkg" "-D__TBB_BUILD" "-D__TBB_NO_IMPLICIT_LINKAGE" "-D__TBB_USE_ITT_NOTIFY" "-o" "/opt/rustwide/target/release/build/tbb-sys/9797f2df015a8b7e/out/d3f963cb505cecd3-allocator.o" "-c" "tbb/src/tbb/allocator.cpp"
[INFO] [stderr] warning: tbb-sys@1.1.0+2021.5.0: c++: fatal error: Killed signal terminated program cc1plus
[INFO] [stderr] warning: tbb-sys@1.1.0+2021.5.0: compilation terminated.
[INFO] [stderr] warning: tbb-sys@1.1.0+2021.5.0: ToolExecError: command did not execute successfully (status code exit status: 1): "c++" "-O3" "-ffunction-sections" "-fdata-sections" "-fPIC" "-m64" "-I" "/opt/rustwide/cargo-home/registry/src/index.crates.io-1949cf8c6b5b557f/tbb-sys-1.1.0+2021.5.0/tbb/include" "-w" "-w" "-std=c++17" "-mwaitpkg" "-D__TBB_BUILD" "-D__TBB_NO_IMPLICIT_LINKAGE" "-D__TBB_USE_ITT_NOTIFY" "-o" "/opt/rustwide/target/release/build/tbb-sys/9797f2df015a8b7e/out/d3f963cb505cecd3-arena.o" "-c" "tbb/src/tbb/arena.cpp"
[INFO] [stderr] warning: tbb-sys@1.1.0+2021.5.0: c++: fatal error: Killed signal terminated program cc1plus
[INFO] [stderr] warning: tbb-sys@1.1.0+2021.5.0: compilation terminated.
[INFO] [stderr] warning: tbb-sys@1.1.0+2021.5.0: ToolExecError: command did not execute successfully (status code exit status: 1): "c++" "-O3" "-ffunction-sections" "-fdata-sections" "-fPIC" "-m64" "-I" "/opt/rustwide/cargo-home/registry/src/index.crates.io-1949cf8c6b5b557f/tbb-sys-1.1.0+2021.5.0/tbb/include" "-w" "-w" "-std=c++17" "-mwaitpkg" "-D__TBB_BUILD" "-D__TBB_NO_IMPLICIT_LINKAGE" "-D__TBB_USE_ITT_NOTIFY" "-o" "/opt/rustwide/target/release/build/tbb-sys/9797f2df015a8b7e/out/d3f963cb505cecd3-address_waiter.o" "-c" "tbb/src/tbb/address_waiter.cpp"
[INFO] [stderr] warning: tbb-sys@1.1.0+2021.5.0: c++: fatal error: Killed signal terminated program cc1plus
[INFO] [stderr] warning: tbb-sys@1.1.0+2021.5.0: compilation terminated.
[INFO] [stderr] warning: tbb-sys@1.1.0+2021.5.0: ToolExecError: command did not execute successfully (status code exit status: 1): "c++" "-O3" "-ffunction-sections" "-fdata-sections" "-fPIC" "-m64" "-I" "/opt/rustwide/cargo-home/registry/src/index.crates.io-1949cf8c6b5b557f/tbb-sys-1.1.0+2021.5.0/tbb/include" "-w" "-w" "-std=c++17" "-mwaitpkg" "-D__TBB_BUILD" "-D__TBB_NO_IMPLICIT_LINKAGE" "-D__TBB_USE_ITT_NOTIFY" "-o" "/opt/rustwide/target/release/build/tbb-sys/9797f2df015a8b7e/out/d3f963cb505cecd3-arena_slot.o" "-c" "tbb/src/tbb/arena_slot.cpp"
[INFO] [stderr] warning: tbb-sys@1.1.0+2021.5.0: c++: fatal error: Killed signal terminated program cc1plus
[INFO] [stderr] warning: tbb-sys@1.1.0+2021.5.0: compilation terminated.
[INFO] [stderr] warning: tbb-sys@1.1.0+2021.5.0: ToolExecError: command did not execute successfully (status code exit status: 1): "c++" "-O3" "-ffunction-sections" "-fdata-sections" "-fPIC" "-m64" "-I" "/opt/rustwide/cargo-home/registry/src/index.crates.io-1949cf8c6b5b557f/tbb-sys-1.1.0+2021.5.0/tbb/include" "-w" "-w" "-std=c++17" "-mwaitpkg" "-D__TBB_BUILD" "-D__TBB_NO_IMPLICIT_LINKAGE" "-D__TBB_USE_ITT_NOTIFY" "-o" "/opt/rustwide/target/release/build/tbb-sys/9797f2df015a8b7e/out/d3f963cb505cecd3-concurrent_bounded_queue.o" "-c" "tbb/src/tbb/concurrent_bounded_queue.cpp"
[INFO] [stderr] warning: tbb-sys@1.1.0+2021.5.0: c++: fatal error: Killed signal terminated program cc1plus
[INFO] [stderr] warning: tbb-sys@1.1.0+2021.5.0: compilation terminated.
[INFO] [stderr] warning: tbb-sys@1.1.0+2021.5.0: ToolExecError: command did not execute successfully (status code exit status: 1): "c++" "-O3" "-ffunction-sections" "-fdata-sections" "-fPIC" "-m64" "-I" "/opt/rustwide/cargo-home/registry/src/index.crates.io-1949cf8c6b5b557f/tbb-sys-1.1.0+2021.5.0/tbb/include" "-w" "-w" "-std=c++17" "-mwaitpkg" "-D__TBB_BUILD" "-D__TBB_NO_IMPLICIT_LINKAGE" "-D__TBB_USE_ITT_NOTIFY" "-o" "/opt/rustwide/target/release/build/tbb-sys/9797f2df015a8b7e/out/d3f963cb505cecd3-exception.o" "-c" "tbb/src/tbb/exception.cpp"
[INFO] [stderr] warning: tbb-sys@1.1.0+2021.5.0: c++: fatal error: Killed signal terminated program cc1plus
[INFO] [stderr] warning: tbb-sys@1.1.0+2021.5.0: compilation terminated.
[INFO] [stderr] warning: tbb-sys@1.1.0+2021.5.0: ToolExecError: command did not execute successfully (status code exit status: 1): "c++" "-O3" "-ffunction-sections" "-fdata-sections" "-fPIC" "-m64" "-I" "/opt/rustwide/cargo-home/registry/src/index.crates.io-1949cf8c6b5b557f/tbb-sys-1.1.0+2021.5.0/tbb/include" "-w" "-w" "-std=c++17" "-mwaitpkg" "-D__TBB_BUILD" "-D__TBB_NO_IMPLICIT_LINKAGE" "-D__TBB_USE_ITT_NOTIFY" "-o" "/opt/rustwide/target/release/build/tbb-sys/9797f2df015a8b7e/out/d3f963cb505cecd3-global_control.o" "-c" "tbb/src/tbb/global_control.cpp"
[INFO] [stderr] warning: tbb-sys@1.1.0+2021.5.0: c++: fatal error: Killed signal terminated program cc1plus
[INFO] [stderr] warning: tbb-sys@1.1.0+2021.5.0: compilation terminated.
[INFO] [stderr] warning: tbb-sys@1.1.0+2021.5.0: ToolExecError: command did not execute successfully (status code exit status: 1): "c++" "-O3" "-ffunction-sections" "-fdata-sections" "-fPIC" "-m64" "-I" "/opt/rustwide/cargo-home/registry/src/index.crates.io-1949cf8c6b5b557f/tbb-sys-1.1.0+2021.5.0/tbb/include" "-w" "-w" "-std=c++17" "-mwaitpkg" "-D__TBB_BUILD" "-D__TBB_NO_IMPLICIT_LINKAGE" "-D__TBB_USE_ITT_NOTIFY" "-o" "/opt/rustwide/target/release/build/tbb-sys/9797f2df015a8b7e/out/d3f963cb505cecd3-dynamic_link.o" "-c" "tbb/src/tbb/dynamic_link.cpp"
[INFO] [stderr] warning: tbb-sys@1.1.0+2021.5.0: c++: fatal error: Killed signal terminated program cc1plus
[INFO] [stderr] warning: tbb-sys@1.1.0+2021.5.0: compilation terminated.
[INFO] [stderr] warning: tbb-sys@1.1.0+2021.5.0: ToolExecError: command did not execute successfully (status code exit status: 1): "c++" "-O3" "-ffunction-sections" "-fdata-sections" "-fPIC" "-m64" "-I" "/opt/rustwide/cargo-home/registry/src/index.crates.io-1949cf8c6b5b557f/tbb-sys-1.1.0+2021.5.0/tbb/include" "-w" "-w" "-std=c++17" "-mwaitpkg" "-D__TBB_BUILD" "-D__TBB_NO_IMPLICIT_LINKAGE" "-D__TBB_USE_ITT_NOTIFY" "-o" "/opt/rustwide/target/release/build/tbb-sys/9797f2df015a8b7e/out/d3f963cb505cecd3-governor.o" "-c" "tbb/src/tbb/governor.cpp"
[INFO] [stderr] warning: tbb-sys@1.1.0+2021.5.0: c++: fatal error: Killed signal terminated program cc1plus
[INFO] [stderr] warning: tbb-sys@1.1.0+2021.5.0: compilation terminated.
[INFO] [stderr] warning: tbb-sys@1.1.0+2021.5.0: ToolExecError: command did not execute successfully (status code exit status: 1): "c++" "-O3" "-ffunction-sections" "-fdata-sections" "-fPIC" "-m64" "-I" "/opt/rustwide/cargo-home/registry/src/index.crates.io-1949cf8c6b5b557f/tbb-sys-1.1.0+2021.5.0/tbb/include" "-w" "-w" "-std=c++17" "-mwaitpkg" "-D__TBB_BUILD" "-D__TBB_NO_IMPLICIT_LINKAGE" "-D__TBB_USE_ITT_NOTIFY" "-o" "/opt/rustwide/target/release/build/tbb-sys/9797f2df015a8b7e/out/d3f963cb505cecd3-main.o" "-c" "tbb/src/tbb/main.cpp"
[INFO] [stderr] warning: tbb-sys@1.1.0+2021.5.0: c++: fatal error: Killed signal terminated program cc1plus
[INFO] [stderr] warning: tbb-sys@1.1.0+2021.5.0: compilation terminated.
[INFO] [stderr] warning: tbb-sys@1.1.0+2021.5.0: ToolExecError: command did not execute successfully (status code exit status: 1): "c++" "-O3" "-ffunction-sections" "-fdata-sections" "-fPIC" "-m64" "-I" "/opt/rustwide/cargo-home/registry/src/index.crates.io-1949cf8c6b5b557f/tbb-sys-1.1.0+2021.5.0/tbb/include" "-w" "-w" "-std=c++17" "-mwaitpkg" "-D__TBB_BUILD" "-D__TBB_NO_IMPLICIT_LINKAGE" "-D__TBB_USE_ITT_NOTIFY" "-o" "/opt/rustwide/target/release/build/tbb-sys/9797f2df015a8b7e/out/d3f963cb505cecd3-market.o" "-c" "tbb/src/tbb/market.cpp"
[INFO] [stderr] warning: tbb-sys@1.1.0+2021.5.0: c++: fatal error: Killed signal terminated program cc1plus
[INFO] [stderr] warning: tbb-sys@1.1.0+2021.5.0: compilation terminated.
[INFO] [stderr] warning: tbb-sys@1.1.0+2021.5.0: ToolExecError: command did not execute successfully (status code exit status: 1): "c++" "-O3" "-ffunction-sections" "-fdata-sections" "-fPIC" "-m64" "-I" "/opt/rustwide/cargo-home/registry/src/index.crates.io-1949cf8c6b5b557f/tbb-sys-1.1.0+2021.5.0/tbb/include" "-w" "-w" "-std=c++17" "-mwaitpkg" "-D__TBB_BUILD" "-D__TBB_NO_IMPLICIT_LINKAGE" "-D__TBB_USE_ITT_NOTIFY" "-o" "/opt/rustwide/target/release/build/tbb-sys/9797f2df015a8b7e/out/d3f963cb505cecd3-misc.o" "-c" "tbb/src/tbb/misc.cpp"
[INFO] [stderr] warning: tbb-sys@1.1.0+2021.5.0: c++: fatal error: Killed signal terminated program cc1plus
[INFO] [stderr] warning: tbb-sys@1.1.0+2021.5.0: compilation terminated.
[INFO] [stderr] warning: tbb-sys@1.1.0+2021.5.0: c++: fatal error: Killed signal terminated program cc1plus
[INFO] [stderr] warning: tbb-sys@1.1.0+2021.5.0: compilation terminated.
[INFO] [stderr] warning: tbb-sys@1.1.0+2021.5.0: ToolExecError: command did not execute successfully (status code exit status: 1): "c++" "-O3" "-ffunction-sections" "-fdata-sections" "-fPIC" "-m64" "-I" "/opt/rustwide/cargo-home/registry/src/index.crates.io-1949cf8c6b5b557f/tbb-sys-1.1.0+2021.5.0/tbb/include" "-w" "-w" "-std=c++17" "-mwaitpkg" "-D__TBB_BUILD" "-D__TBB_NO_IMPLICIT_LINKAGE" "-D__TBB_USE_ITT_NOTIFY" "-o" "/opt/rustwide/target/release/build/tbb-sys/9797f2df015a8b7e/out/d3f963cb505cecd3-observer_proxy.o" "-c" "tbb/src/tbb/observer_proxy.cpp"
[INFO] [stderr] warning: tbb-sys@1.1.0+2021.5.0: ToolExecError: command did not execute successfully (status code exit status: 1): "c++" "-O3" "-ffunction-sections" "-fdata-sections" "-fPIC" "-m64" "-I" "/opt/rustwide/cargo-home/registry/src/index.crates.io-1949cf8c6b5b557f/tbb-sys-1.1.0+2021.5.0/tbb/include" "-w" "-w" "-std=c++17" "-mwaitpkg" "-D__TBB_BUILD" "-D__TBB_NO_IMPLICIT_LINKAGE" "-D__TBB_USE_ITT_NOTIFY" "-o" "/opt/rustwide/target/release/build/tbb-sys/9797f2df015a8b7e/out/d3f963cb505cecd3-profiling.o" "-c" "tbb/src/tbb/profiling.cpp"
[INFO] [stderr] warning: tbb-sys@1.1.0+2021.5.0: c++: fatal error: Killed signal terminated program cc1plus
[INFO] [stderr] warning: tbb-sys@1.1.0+2021.5.0: compilation terminated.
[INFO] [stderr] warning: tbb-sys@1.1.0+2021.5.0: ToolExecError: command did not execute successfully (status code exit status: 1): "c++" "-O3" "-ffunction-sections" "-fdata-sections" "-fPIC" "-m64" "-I" "/opt/rustwide/cargo-home/registry/src/index.crates.io-1949cf8c6b5b557f/tbb-sys-1.1.0+2021.5.0/tbb/include" "-w" "-w" "-std=c++17" "-mwaitpkg" "-D__TBB_BUILD" "-D__TBB_NO_IMPLICIT_LINKAGE" "-D__TBB_USE_ITT_NOTIFY" "-o" "/opt/rustwide/target/release/build/tbb-sys/9797f2df015a8b7e/out/d3f963cb505cecd3-misc_ex.o" "-c" "tbb/src/tbb/misc_ex.cpp"
[INFO] [stderr] warning: tbb-sys@1.1.0+2021.5.0: c++: fatal error: Killed signal terminated program cc1plus
[INFO] [stderr] warning: tbb-sys@1.1.0+2021.5.0: compilation terminated.
[INFO] [stderr] warning: tbb-sys@1.1.0+2021.5.0: ToolExecError: command did not execute successfully (status code exit status: 1): "c++" "-O3" "-ffunction-sections" "-fdata-sections" "-fPIC" "-m64" "-I" "/opt/rustwide/cargo-home/registry/src/index.crates.io-1949cf8c6b5b557f/tbb-sys-1.1.0+2021.5.0/tbb/include" "-w" "-w" "-std=c++17" "-mwaitpkg" "-D__TBB_BUILD" "-D__TBB_NO_IMPLICIT_LINKAGE" "-D__TBB_USE_ITT_NOTIFY" "-o" "/opt/rustwide/target/release/build/tbb-sys/9797f2df015a8b7e/out/d3f963cb505cecd3-queuing_rw_mutex.o" "-c" "tbb/src/tbb/queuing_rw_mutex.cpp"
[INFO] [stderr] error: failed to run custom build command for `tbb-sys v1.1.0+2021.5.0`
[INFO] [stderr] note: To improve backtraces for build dependencies, set the CARGO_PROFILE_RELEASE_BUILD_OVERRIDE_DEBUG=true environment variable to enable debug information generation.
[INFO] [stderr] 
[INFO] [stderr] Caused by:
[INFO] [stderr]   process didn't exit successfully: `/opt/rustwide/target/release/build/tbb-sys/a455e700e3a21e6c/out/build_script_build` (exit status: 1)
[INFO] [stderr]   --- stdout
[INFO] [stderr]   cargo:rerun-if-env-changed=CC_FORCE_DISABLE
[INFO] [stderr]   CC_FORCE_DISABLE = None
[INFO] [stderr]   cargo:rerun-if-env-changed=CXX_x86_64-unknown-linux-gnu
[INFO] [stderr]   CXX_x86_64-unknown-linux-gnu = None
[INFO] [stderr]   cargo:rerun-if-env-changed=CXX_x86_64_unknown_linux_gnu
[INFO] [stderr]   CXX_x86_64_unknown_linux_gnu = None
[INFO] [stderr]   cargo:rerun-if-env-changed=HOST_CXX
[INFO] [stderr]   HOST_CXX = None
[INFO] [stderr]   cargo:rerun-if-env-changed=CXX
[INFO] [stderr]   CXX = None
[INFO] [stderr]   cargo:rerun-if-env-changed=CC_ENABLE_DEBUG_OUTPUT
[INFO] [stderr]   cargo:rerun-if-env-changed=CRATE_CC_NO_DEFAULTS
[INFO] [stderr]   CRATE_CC_NO_DEFAULTS = None
[INFO] [stderr]   cargo:rerun-if-env-changed=CXXFLAGS
[INFO] [stderr]   CXXFLAGS = None
[INFO] [stderr]   cargo:rerun-if-env-changed=HOST_CXXFLAGS
[INFO] [stderr]   HOST_CXXFLAGS = None
[INFO] [stderr]   cargo:rerun-if-env-changed=CXXFLAGS_x86_64_unknown_linux_gnu
[INFO] [stderr]   CXXFLAGS_x86_64_unknown_linux_gnu = None
[INFO] [stderr]   cargo:rerun-if-env-changed=CXXFLAGS_x86_64-unknown-linux-gnu
[INFO] [stderr]   CXXFLAGS_x86_64-unknown-linux-gnu = None
[INFO] [stderr]   cargo:rerun-if-env-changed=CRATE_CC_NO_DEFAULTS
[INFO] [stderr]   CRATE_CC_NO_DEFAULTS = None
[INFO] [stderr]   cargo:rerun-if-env-changed=CXXFLAGS
[INFO] [stderr]   CXXFLAGS = None
[INFO] [stderr]   cargo:rerun-if-env-changed=HOST_CXXFLAGS
[INFO] [stderr]   HOST_CXXFLAGS = None
[INFO] [stderr]   cargo:rerun-if-env-changed=CXXFLAGS_x86_64_unknown_linux_gnu
[INFO] [stderr]   CXXFLAGS_x86_64_unknown_linux_gnu = None
[INFO] [stderr]   cargo:rerun-if-env-changed=CXXFLAGS_x86_64-unknown-linux-gnu
[INFO] [stderr]   CXXFLAGS_x86_64-unknown-linux-gnu = None
[INFO] [stderr]   cargo:rerun-if-env-changed=CRATE_CC_NO_DEFAULTS
[INFO] [stderr]   CRATE_CC_NO_DEFAULTS = None
[INFO] [stderr]   cargo:rerun-if-env-changed=CXXFLAGS
[INFO] [stderr]   CXXFLAGS = None
[INFO] [stderr]   cargo:rerun-if-env-changed=HOST_CXXFLAGS
[INFO] [stderr]   HOST_CXXFLAGS = None
[INFO] [stderr]   cargo:rerun-if-env-changed=CXXFLAGS_x86_64_unknown_linux_gnu
[INFO] [stderr]   CXXFLAGS_x86_64_unknown_linux_gnu = None
[INFO] [stderr]   cargo:rerun-if-env-changed=CXXFLAGS_x86_64-unknown-linux-gnu
[INFO] [stderr]   CXXFLAGS_x86_64-unknown-linux-gnu = None
[INFO] [stderr]   cargo:rerun-if-env-changed=CRATE_CC_NO_DEFAULTS
[INFO] [stderr]   CRATE_CC_NO_DEFAULTS = None
[INFO] [stderr]   cargo:rerun-if-env-changed=CXXFLAGS
[INFO] [stderr]   CXXFLAGS = None
[INFO] [stderr]   cargo:rerun-if-env-changed=HOST_CXXFLAGS
[INFO] [stderr]   HOST_CXXFLAGS = None
[INFO] [stderr]   cargo:rerun-if-env-changed=CXXFLAGS_x86_64_unknown_linux_gnu
[INFO] [stderr]   CXXFLAGS_x86_64_unknown_linux_gnu = None
[INFO] [stderr]   cargo:rerun-if-env-changed=CXXFLAGS_x86_64-unknown-linux-gnu
[INFO] [stderr]   CXXFLAGS_x86_64-unknown-linux-gnu = None
[INFO] [stderr]   cargo:rerun-if-env-changed=CRATE_CC_NO_DEFAULTS
[INFO] [stderr]   CRATE_CC_NO_DEFAULTS = None
[INFO] [stderr]   cargo:rerun-if-env-changed=CXXFLAGS
[INFO] [stderr]   CXXFLAGS = None
[INFO] [stderr]   cargo:rerun-if-env-changed=HOST_CXXFLAGS
[INFO] [stderr]   HOST_CXXFLAGS = None
[INFO] [stderr]   cargo:rerun-if-env-changed=CXXFLAGS_x86_64_unknown_linux_gnu
[INFO] [stderr]   CXXFLAGS_x86_64_unknown_linux_gnu = None
[INFO] [stderr]   cargo:rerun-if-env-changed=CXXFLAGS_x86_64-unknown-linux-gnu
[INFO] [stderr]   CXXFLAGS_x86_64-unknown-linux-gnu = None
[INFO] [stderr]   cargo:rerun-if-env-changed=CRATE_CC_NO_DEFAULTS
[INFO] [stderr]   CRATE_CC_NO_DEFAULTS = None
[INFO] [stderr]   cargo:rerun-if-env-changed=CXXFLAGS
[INFO] [stderr]   CXXFLAGS = None
[INFO] [stderr]   cargo:rerun-if-env-changed=HOST_CXXFLAGS
[INFO] [stderr]   HOST_CXXFLAGS = None
[INFO] [stderr]   cargo:rerun-if-env-changed=CXXFLAGS_x86_64_unknown_linux_gnu
[INFO] [stderr]   CXXFLAGS_x86_64_unknown_linux_gnu = None
[INFO] [stderr]   cargo:rerun-if-env-changed=CXXFLAGS_x86_64-unknown-linux-gnu
[INFO] [stderr]   CXXFLAGS_x86_64-unknown-linux-gnu = None
[INFO] [stderr]   cargo:rerun-if-env-changed=CRATE_CC_NO_DEFAULTS
[INFO] [stderr]   CRATE_CC_NO_DEFAULTS = None
[INFO] [stderr]   cargo:rerun-if-env-changed=CXXFLAGS
[INFO] [stderr]   CXXFLAGS = None
[INFO] [stderr]   cargo:rerun-if-env-changed=HOST_CXXFLAGS
[INFO] [stderr]   HOST_CXXFLAGS = None
[INFO] [stderr]   cargo:rerun-if-env-changed=CXXFLAGS_x86_64_unknown_linux_gnu
[INFO] [stderr]   CXXFLAGS_x86_64_unknown_linux_gnu = None
[INFO] [stderr]   cargo:rerun-if-env-changed=CXXFLAGS_x86_64-unknown-linux-gnu
[INFO] [stderr]   CXXFLAGS_x86_64-unknown-linux-gnu = None
[INFO] [stderr]   cargo:warning=c++: fatal error: Killed signal terminated program cc1plus
[INFO] [stderr]   cargo:warning=compilation terminated.
[INFO] [stderr]   exit status: 1
[INFO] [stderr]   cargo:warning=ToolExecError: command did not execute successfully (status code exit status: 1): "c++" "-O3" "-ffunction-sections" "-fdata-sections" "-fPIC" "-m64" "-I" "/opt/rustwide/cargo-home/registry/src/index.crates.io-1949cf8c6b5b557f/tbb-sys-1.1.0+2021.5.0/tbb/include" "-w" "-w" "-std=c++17" "-mwaitpkg" "-D__TBB_BUILD" "-D__TBB_NO_IMPLICIT_LINKAGE" "-D__TBB_USE_ITT_NOTIFY" "-o" "/opt/rustwide/target/release/build/tbb-sys/9797f2df015a8b7e/out/d3f963cb505cecd3-allocator.o" "-c" "tbb/src/tbb/allocator.cpp"
[INFO] [stderr]   cargo:warning=c++: fatal error: Killed signal terminated program cc1plus
[INFO] [stderr]   cargo:warning=compilation terminated.
[INFO] [stderr]   exit status: 1
[INFO] [stderr]   cargo:warning=ToolExecError: command did not execute successfully (status code exit status: 1): "c++" "-O3" "-ffunction-sections" "-fdata-sections" "-fPIC" "-m64" "-I" "/opt/rustwide/cargo-home/registry/src/index.crates.io-1949cf8c6b5b557f/tbb-sys-1.1.0+2021.5.0/tbb/include" "-w" "-w" "-std=c++17" "-mwaitpkg" "-D__TBB_BUILD" "-D__TBB_NO_IMPLICIT_LINKAGE" "-D__TBB_USE_ITT_NOTIFY" "-o" "/opt/rustwide/target/release/build/tbb-sys/9797f2df015a8b7e/out/d3f963cb505cecd3-arena.o" "-c" "tbb/src/tbb/arena.cpp"
[INFO] [stderr]   cargo:warning=c++: fatal error: Killed signal terminated program cc1plus
[INFO] [stderr]   cargo:warning=compilation terminated.
[INFO] [stderr]   exit status: 1
[INFO] [stderr]   cargo:warning=ToolExecError: command did not execute successfully (status code exit status: 1): "c++" "-O3" "-ffunction-sections" "-fdata-sections" "-fPIC" "-m64" "-I" "/opt/rustwide/cargo-home/registry/src/index.crates.io-1949cf8c6b5b557f/tbb-sys-1.1.0+2021.5.0/tbb/include" "-w" "-w" "-std=c++17" "-mwaitpkg" "-D__TBB_BUILD" "-D__TBB_NO_IMPLICIT_LINKAGE" "-D__TBB_USE_ITT_NOTIFY" "-o" "/opt/rustwide/target/release/build/tbb-sys/9797f2df015a8b7e/out/d3f963cb505cecd3-address_waiter.o" "-c" "tbb/src/tbb/address_waiter.cpp"
[INFO] [stderr]   cargo:warning=c++: fatal error: Killed signal terminated program cc1plus
[INFO] [stderr]   cargo:warning=compilation terminated.
[INFO] [stderr]   exit status: 1
[INFO] [stderr]   cargo:warning=ToolExecError: command did not execute successfully (status code exit status: 1): "c++" "-O3" "-ffunction-sections" "-fdata-sections" "-fPIC" "-m64" "-I" "/opt/rustwide/cargo-home/registry/src/index.crates.io-1949cf8c6b5b557f/tbb-sys-1.1.0+2021.5.0/tbb/include" "-w" "-w" "-std=c++17" "-mwaitpkg" "-D__TBB_BUILD" "-D__TBB_NO_IMPLICIT_LINKAGE" "-D__TBB_USE_ITT_NOTIFY" "-o" "/opt/rustwide/target/release/build/tbb-sys/9797f2df015a8b7e/out/d3f963cb505cecd3-arena_slot.o" "-c" "tbb/src/tbb/arena_slot.cpp"
[INFO] [stderr]   cargo:warning=c++: fatal error: Killed signal terminated program cc1plus
[INFO] [stderr]   cargo:warning=compilation terminated.
[INFO] [stderr]   exit status: 1
[INFO] [stderr]   cargo:warning=ToolExecError: command did not execute successfully (status code exit status: 1): "c++" "-O3" "-ffunction-sections" "-fdata-sections" "-fPIC" "-m64" "-I" "/opt/rustwide/cargo-home/registry/src/index.crates.io-1949cf8c6b5b557f/tbb-sys-1.1.0+2021.5.0/tbb/include" "-w" "-w" "-std=c++17" "-mwaitpkg" "-D__TBB_BUILD" "-D__TBB_NO_IMPLICIT_LINKAGE" "-D__TBB_USE_ITT_NOTIFY" "-o" "/opt/rustwide/target/release/build/tbb-sys/9797f2df015a8b7e/out/d3f963cb505cecd3-concurrent_bounded_queue.o" "-c" "tbb/src/tbb/concurrent_bounded_queue.cpp"
[INFO] [stderr]   cargo:warning=c++: fatal error: Killed signal terminated program cc1plus
[INFO] [stderr]   cargo:warning=compilation terminated.
[INFO] [stderr]   exit status: 1
[INFO] [stderr]   cargo:warning=ToolExecError: command did not execute successfully (status code exit status: 1): "c++" "-O3" "-ffunction-sections" "-fdata-sections" "-fPIC" "-m64" "-I" "/opt/rustwide/cargo-home/registry/src/index.crates.io-1949cf8c6b5b557f/tbb-sys-1.1.0+2021.5.0/tbb/include" "-w" "-w" "-std=c++17" "-mwaitpkg" "-D__TBB_BUILD" "-D__TBB_NO_IMPLICIT_LINKAGE" "-D__TBB_USE_ITT_NOTIFY" "-o" "/opt/rustwide/target/release/build/tbb-sys/9797f2df015a8b7e/out/d3f963cb505cecd3-exception.o" "-c" "tbb/src/tbb/exception.cpp"
[INFO] [stderr]   cargo:warning=c++: fatal error: Killed signal terminated program cc1plus
[INFO] [stderr]   cargo:warning=compilation terminated.
[INFO] [stderr]   exit status: 1
[INFO] [stderr]   cargo:warning=ToolExecError: command did not execute successfully (status code exit status: 1): "c++" "-O3" "-ffunction-sections" "-fdata-sections" "-fPIC" "-m64" "-I" "/opt/rustwide/cargo-home/registry/src/index.crates.io-1949cf8c6b5b557f/tbb-sys-1.1.0+2021.5.0/tbb/include" "-w" "-w" "-std=c++17" "-mwaitpkg" "-D__TBB_BUILD" "-D__TBB_NO_IMPLICIT_LINKAGE" "-D__TBB_USE_ITT_NOTIFY" "-o" "/opt/rustwide/target/release/build/tbb-sys/9797f2df015a8b7e/out/d3f963cb505cecd3-global_control.o" "-c" "tbb/src/tbb/global_control.cpp"
[INFO] [stderr]   cargo:warning=c++: fatal error: Killed signal terminated program cc1plus
[INFO] [stderr]   cargo:warning=compilation terminated.
[INFO] [stderr]   exit status: 1
[INFO] [stderr]   cargo:warning=ToolExecError: command did not execute successfully (status code exit status: 1): "c++" "-O3" "-ffunction-sections" "-fdata-sections" "-fPIC" "-m64" "-I" "/opt/rustwide/cargo-home/registry/src/index.crates.io-1949cf8c6b5b557f/tbb-sys-1.1.0+2021.5.0/tbb/include" "-w" "-w" "-std=c++17" "-mwaitpkg" "-D__TBB_BUILD" "-D__TBB_NO_IMPLICIT_LINKAGE" "-D__TBB_USE_ITT_NOTIFY" "-o" "/opt/rustwide/target/release/build/tbb-sys/9797f2df015a8b7e/out/d3f963cb505cecd3-dynamic_link.o" "-c" "tbb/src/tbb/dynamic_link.cpp"
[INFO] [stderr]   cargo:warning=c++: fatal error: Killed signal terminated program cc1plus
[INFO] [stderr]   cargo:warning=compilation terminated.
[INFO] [stderr]   exit status: 1
[INFO] [stderr]   cargo:warning=ToolExecError: command did not execute successfully (status code exit status: 1): "c++" "-O3" "-ffunction-sections" "-fdata-sections" "-fPIC" "-m64" "-I" "/opt/rustwide/cargo-home/registry/src/index.crates.io-1949cf8c6b5b557f/tbb-sys-1.1.0+2021.5.0/tbb/include" "-w" "-w" "-std=c++17" "-mwaitpkg" "-D__TBB_BUILD" "-D__TBB_NO_IMPLICIT_LINKAGE" "-D__TBB_USE_ITT_NOTIFY" "-o" "/opt/rustwide/target/release/build/tbb-sys/9797f2df015a8b7e/out/d3f963cb505cecd3-governor.o" "-c" "tbb/src/tbb/governor.cpp"
[INFO] [stderr]   exit status: 0
[INFO] [stderr]   cargo:warning=c++: fatal error: Killed signal terminated program cc1plus
[INFO] [stderr]   cargo:warning=compilation terminated.
[INFO] [stderr]   exit status: 1
[INFO] [stderr]   cargo:warning=ToolExecError: command did not execute successfully (status code exit status: 1): "c++" "-O3" "-ffunction-sections" "-fdata-sections" "-fPIC" "-m64" "-I" "/opt/rustwide/cargo-home/registry/src/index.crates.io-1949cf8c6b5b557f/tbb-sys-1.1.0+2021.5.0/tbb/include" "-w" "-w" "-std=c++17" "-mwaitpkg" "-D__TBB_BUILD" "-D__TBB_NO_IMPLICIT_LINKAGE" "-D__TBB_USE_ITT_NOTIFY" "-o" "/opt/rustwide/target/release/build/tbb-sys/9797f2df015a8b7e/out/d3f963cb505cecd3-main.o" "-c" "tbb/src/tbb/main.cpp"
[INFO] [stderr]   cargo:warning=c++: fatal error: Killed signal terminated program cc1plus
[INFO] [stderr]   cargo:warning=compilation terminated.
[INFO] [stderr]   exit status: 1
[INFO] [stderr]   cargo:warning=ToolExecError: command did not execute successfully (status code exit status: 1): "c++" "-O3" "-ffunction-sections" "-fdata-sections" "-fPIC" "-m64" "-I" "/opt/rustwide/cargo-home/registry/src/index.crates.io-1949cf8c6b5b557f/tbb-sys-1.1.0+2021.5.0/tbb/include" "-w" "-w" "-std=c++17" "-mwaitpkg" "-D__TBB_BUILD" "-D__TBB_NO_IMPLICIT_LINKAGE" "-D__TBB_USE_ITT_NOTIFY" "-o" "/opt/rustwide/target/release/build/tbb-sys/9797f2df015a8b7e/out/d3f963cb505cecd3-market.o" "-c" "tbb/src/tbb/market.cpp"
[INFO] [stderr]   cargo:warning=c++: fatal error: Killed signal terminated program cc1plus
[INFO] [stderr]   cargo:warning=compilation terminated.
[INFO] [stderr]   exit status: 1
[INFO] [stderr]   cargo:warning=ToolExecError: command did not execute successfully (status code exit status: 1): "c++" "-O3" "-ffunction-sections" "-fdata-sections" "-fPIC" "-m64" "-I" "/opt/rustwide/cargo-home/registry/src/index.crates.io-1949cf8c6b5b557f/tbb-sys-1.1.0+2021.5.0/tbb/include" "-w" "-w" "-std=c++17" "-mwaitpkg" "-D__TBB_BUILD" "-D__TBB_NO_IMPLICIT_LINKAGE" "-D__TBB_USE_ITT_NOTIFY" "-o" "/opt/rustwide/target/release/build/tbb-sys/9797f2df015a8b7e/out/d3f963cb505cecd3-misc.o" "-c" "tbb/src/tbb/misc.cpp"
[INFO] [stderr]   exit status: 0
[INFO] [stderr]   exit status: 0
[INFO] [stderr]   cargo:warning=c++: fatal error: Killed signal terminated program cc1plus
[INFO] [stderr]   cargo:warning=compilation terminated.
[INFO] [stderr]   cargo:warning=c++: fatal error: Killed signal terminated program cc1plus
[INFO] [stderr]   cargo:warning=compilation terminated.
[INFO] [stderr]   exit status: 1
[INFO] [stderr]   cargo:warning=ToolExecError: command did not execute successfully (status code exit status: 1): "c++" "-O3" "-ffunction-sections" "-fdata-sections" "-fPIC" "-m64" "-I" "/opt/rustwide/cargo-home/registry/src/index.crates.io-1949cf8c6b5b557f/tbb-sys-1.1.0+2021.5.0/tbb/include" "-w" "-w" "-std=c++17" "-mwaitpkg" "-D__TBB_BUILD" "-D__TBB_NO_IMPLICIT_LINKAGE" "-D__TBB_USE_ITT_NOTIFY" "-o" "/opt/rustwide/target/release/build/tbb-sys/9797f2df015a8b7e/out/d3f963cb505cecd3-observer_proxy.o" "-c" "tbb/src/tbb/observer_proxy.cpp"
[INFO] [stderr]   exit status: 1
[INFO] [stderr]   cargo:warning=ToolExecError: command did not execute successfully (status code exit status: 1): "c++" "-O3" "-ffunction-sections" "-fdata-sections" "-fPIC" "-m64" "-I" "/opt/rustwide/cargo-home/registry/src/index.crates.io-1949cf8c6b5b557f/tbb-sys-1.1.0+2021.5.0/tbb/include" "-w" "-w" "-std=c++17" "-mwaitpkg" "-D__TBB_BUILD" "-D__TBB_NO_IMPLICIT_LINKAGE" "-D__TBB_USE_ITT_NOTIFY" "-o" "/opt/rustwide/target/release/build/tbb-sys/9797f2df015a8b7e/out/d3f963cb505cecd3-profiling.o" "-c" "tbb/src/tbb/profiling.cpp"
[INFO] [stderr]   cargo:warning=c++: fatal error: Killed signal terminated program cc1plus
[INFO] [stderr]   cargo:warning=compilation terminated.
[INFO] [stderr]   exit status: 1
[INFO] [stderr]   cargo:warning=ToolExecError: command did not execute successfully (status code exit status: 1): "c++" "-O3" "-ffunction-sections" "-fdata-sections" "-fPIC" "-m64" "-I" "/opt/rustwide/cargo-home/registry/src/index.crates.io-1949cf8c6b5b557f/tbb-sys-1.1.0+2021.5.0/tbb/include" "-w" "-w" "-std=c++17" "-mwaitpkg" "-D__TBB_BUILD" "-D__TBB_NO_IMPLICIT_LINKAGE" "-D__TBB_USE_ITT_NOTIFY" "-o" "/opt/rustwide/target/release/build/tbb-sys/9797f2df015a8b7e/out/d3f963cb505cecd3-misc_ex.o" "-c" "tbb/src/tbb/misc_ex.cpp"
[INFO] [stderr]   cargo:warning=c++: fatal error: Killed signal terminated program cc1plus
[INFO] [stderr]   cargo:warning=compilation terminated.
[INFO] [stderr]   exit status: 1
[INFO] [stderr]   cargo:warning=ToolExecError: command did not execute successfully (status code exit status: 1): "c++" "-O3" "-ffunction-sections" "-fdata-sections" "-fPIC" "-m64" "-I" "/opt/rustwide/cargo-home/registry/src/index.crates.io-1949cf8c6b5b557f/tbb-sys-1.1.0+2021.5.0/tbb/include" "-w" "-w" "-std=c++17" "-mwaitpkg" "-D__TBB_BUILD" "-D__TBB_NO_IMPLICIT_LINKAGE" "-D__TBB_USE_ITT_NOTIFY" "-o" "/opt/rustwide/target/release/build/tbb-sys/9797f2df015a8b7e/out/d3f963cb505cecd3-queuing_rw_mutex.o" "-c" "tbb/src/tbb/queuing_rw_mutex.cpp"
[INFO] [stderr]   exit status: 0
[INFO] [stderr]   exit status: 0
[INFO] [stderr]   exit status: 0
[INFO] [stderr]   exit status: 0
[INFO] [stderr]   exit status: 0
[INFO] [stderr]   exit status: 0
[INFO] [stderr]   exit status: 0
[INFO] [stderr]   exit status: 0
[INFO] [stderr]   exit status: 0
[INFO] [stderr] 
[INFO] [stderr]   --- stderr
[INFO] [stderr] 
[INFO] [stderr] 
[INFO] [stderr]   error occurred in cc-rs: command did not execute successfully (status code exit status: 1): "c++" "-O3" "-ffunction-sections" "-fdata-sections" "-fPIC" "-m64" "-I" "/opt/rustwide/cargo-home/registry/src/index.crates.io-1949cf8c6b5b557f/tbb-sys-1.1.0+2021.5.0/tbb/include" "-w" "-w" "-std=c++17" "-mwaitpkg" "-D__TBB_BUILD" "-D__TBB_NO_IMPLICIT_LINKAGE" "-D__TBB_USE_ITT_NOTIFY" "-o" "/opt/rustwide/target/release/build/tbb-sys/9797f2df015a8b7e/out/d3f963cb505cecd3-queuing_rw_mutex.o" "-c" "tbb/src/tbb/queuing_rw_mutex.cpp"
[INFO] [stderr] 
[INFO] [stderr] 
[INFO] running `Command { std: "docker" "inspect" "6c1d31b47614a57bba47d20e65a6d61cf11c093a471991d93770c1a10c0c8637", kill_on_drop: false }`
[INFO] running `Command { std: "docker" "rm" "-f" "6c1d31b47614a57bba47d20e65a6d61cf11c093a471991d93770c1a10c0c8637", kill_on_drop: false }`
[INFO] [stdout] 6c1d31b47614a57bba47d20e65a6d61cf11c093a471991d93770c1a10c0c8637
