[INFO] fetching crate risc0-circuit-rv32im-v2-sys 0.1.2...
[INFO] testing risc0-circuit-rv32im-v2-sys-0.1.2 against 1.100.0-beta.1+cargoflags=--release for beta-release-1.100-2
[INFO] extracting crate risc0-circuit-rv32im-v2-sys 0.1.2 into /workspace/builds/worker-6-tc2/source
[INFO] started tweaking crates.io crate risc0-circuit-rv32im-v2-sys 0.1.2
[INFO] finished tweaking crates.io crate risc0-circuit-rv32im-v2-sys 0.1.2
[INFO] tweaked toml for crates.io crate risc0-circuit-rv32im-v2-sys 0.1.2 written to /workspace/builds/worker-6-tc2/source/Cargo.toml
[INFO] validating manifest of crates.io crate risc0-circuit-rv32im-v2-sys 0.1.2 on toolchain 1.100.0-beta.1
[INFO] running `Command { std: CARGO_HOME="/workspace/cargo-home" RUSTUP_HOME="/workspace/rustup-home" "/workspace/cargo-home/bin/cargo" "+1.100.0-beta.1" "metadata" "--manifest-path" "Cargo.toml" "--no-deps", kill_on_drop: false }`
[INFO] running `Command { std: CARGO_HOME="/workspace/cargo-home" RUSTUP_HOME="/workspace/rustup-home" "/workspace/cargo-home/bin/cargo" "+1.100.0-beta.1" "generate-lockfile" "--manifest-path" "Cargo.toml", kill_on_drop: false }`
[INFO] [stderr]     Updating crates.io index
[INFO] [stderr]     Blocking waiting for file lock on package cache
[INFO] [stderr]      Locking 110 packages to highest compatible versions
[INFO] [stderr]       Adding derive_more v1.0.0 (available: v2.1.1)
[INFO] [stderr]       Adding generic-array v0.14.7 (available: v0.14.9)
[INFO] [stderr]       Adding risc0-build-kernel v1.2.6 (available: v2.0.1)
[INFO] [stderr]       Adding risc0-core v1.2.6 (available: v3.0.2)
[INFO] running `Command { std: CARGO_HOME="/workspace/cargo-home" RUSTUP_HOME="/workspace/rustup-home" "/workspace/cargo-home/bin/cargo" "+1.100.0-beta.1" "fetch" "--manifest-path" "Cargo.toml", kill_on_drop: false }`
[INFO] [stderr]     Blocking waiting for file lock on package cache
[INFO] running `Command { std: "docker" "create" "-v" "/var/lib/crater-agent-workspace/builds/worker-6-tc2/source:/opt/rustwide/workdir:ro,Z" "-v" "/var/lib/crater-agent-workspace/builds/worker-6-tc2/target:/opt/rustwide/target:rw,Z" "-v" "/var/lib/crater-agent-workspace/cargo-home:/opt/rustwide/cargo-home:ro,Z" "-v" "/var/lib/crater-agent-workspace/rustup-home:/opt/rustwide/rustup-home:ro,Z" "-m" "1610612736" "--network" "none" "ghcr.io/rust-lang/crates-build-env/linux@sha256:77db811e55d90add9212f6832c23229e3de5f1c1f9905e8cb07319ea15df73ac" "sleep" "infinity", kill_on_drop: false }`
[INFO] [stdout] 2cd8c06b994587957bfc9943482ac7206c443ecf95daaca5eb8a5b13b8831756
[INFO] running `Command { std: "docker" "start" "2cd8c06b994587957bfc9943482ac7206c443ecf95daaca5eb8a5b13b8831756", kill_on_drop: false }`
[INFO] running `Command { std: "docker" "inspect" "2cd8c06b994587957bfc9943482ac7206c443ecf95daaca5eb8a5b13b8831756", kill_on_drop: false }`
[INFO] running `Command { std: "docker" "exec" "-e" "SOURCE_DIR=/opt/rustwide/workdir" "-e" "CARGO_HOME=/opt/rustwide/cargo-home" "-e" "RUSTUP_HOME=/opt/rustwide/rustup-home" "-e" "CARGO_TARGET_DIR=/opt/rustwide/target" "-w" "/opt/rustwide/workdir" "--user" "0:0" "2cd8c06b994587957bfc9943482ac7206c443ecf95daaca5eb8a5b13b8831756" "/opt/rustwide/cargo-home/bin/cargo" "+1.100.0-beta.1" "metadata" "--no-deps" "--format-version=1", kill_on_drop: false }`
[INFO] running `Command { std: "docker" "inspect" "2cd8c06b994587957bfc9943482ac7206c443ecf95daaca5eb8a5b13b8831756", kill_on_drop: false }`
[INFO] running `Command { std: "docker" "exec" "-e" "SOURCE_DIR=/opt/rustwide/workdir" "-e" "CARGO_HOME=/opt/rustwide/cargo-home" "-e" "RUSTUP_HOME=/opt/rustwide/rustup-home" "-e" "CARGO_TARGET_DIR=/opt/rustwide/target" "-e" "CARGO_INCREMENTAL=0" "-e" "RUST_BACKTRACE=full" "-e" "RUSTFLAGS=--cap-lints=warn" "-e" "RUSTDOCFLAGS=--cap-lints=warn" "-w" "/opt/rustwide/workdir" "--user" "0:0" "2cd8c06b994587957bfc9943482ac7206c443ecf95daaca5eb8a5b13b8831756" "/opt/rustwide/cargo-home/bin/cargo" "+1.100.0-beta.1" "build" "--frozen" "--message-format=json" "--release", kill_on_drop: false }`
[INFO] [stderr]    Compiling libc v0.2.191
[INFO] [stderr]    Compiling version_check v0.9.5
[INFO] [stderr]    Compiling crossbeam-utils v0.8.23
[INFO] [stderr]    Compiling crossbeam-epoch v0.9.21
[INFO] [stderr]    Compiling typenum v1.20.1
[INFO] [stderr]    Compiling crossbeam-deque v0.8.8
[INFO] [stderr]    Compiling option-ext v0.2.0
[INFO] [stderr]    Compiling proc-macro2 v1.0.107
[INFO] [stderr]    Compiling getrandom v0.4.3
[INFO] [stderr]    Compiling rustix v1.1.5
[INFO] [stderr]    Compiling rayon-core v1.13.0
[INFO] [stderr]    Compiling cfg-if v1.0.5
[INFO] [stderr]    Compiling quote v1.0.47
[INFO] [stderr]    Compiling bitflags v2.13.2
[INFO] [stderr]    Compiling linux-raw-sys v0.12.1
[INFO] [stderr]    Compiling unicode-ident v1.0.27
[INFO] [stderr]    Compiling find-msvc-tools v0.1.14
[INFO] [stderr]    Compiling fastrand v2.5.0
[INFO] [stderr]    Compiling once_cell v1.21.4
[INFO] [stderr]    Compiling shlex v2.0.1
[INFO] [stderr]    Compiling either v1.19.0
[INFO] [stderr]    Compiling cpufeatures v0.2.17
[INFO] [stderr]    Compiling hex v0.4.3
[INFO] [stderr]    Compiling glob v0.3.4
[INFO] [stderr]    Compiling anyhow v1.0.104
[INFO] [stderr]    Compiling unicode-xid v0.2.6
[INFO] [stderr]    Compiling rand_core v0.6.4
[INFO] [stderr]    Compiling generic-array v0.14.7
[INFO] [stderr]    Compiling syn v3.0.9
[INFO] [stderr]    Compiling syn v2.0.119
[INFO] [stderr]    Compiling block-buffer v0.10.4
[INFO] [stderr]    Compiling crypto-common v0.1.7
[INFO] [stderr]    Compiling digest v0.10.7
[INFO] [stderr]    Compiling rayon v1.12.0
[INFO] [stderr]    Compiling sha2 v0.10.9
[INFO] [stderr]    Compiling jobserver v0.1.35
[INFO] [stderr]    Compiling dirs-sys v0.5.0
[INFO] [stderr]    Compiling dirs-sys v0.4.1
[INFO] [stderr]    Compiling directories v5.0.1
[INFO] [stderr]    Compiling directories v6.0.0
[INFO] [stderr]    Compiling cc v1.8.0
[INFO] [stderr]    Compiling tempfile v3.27.0
[INFO] [stderr]    Compiling bytemuck_derive v1.12.1
[INFO] [stderr]    Compiling derive_more-impl v1.0.0
[INFO] [stderr]    Compiling risc0-build-kernel v2.0.1
[INFO] [stderr]    Compiling risc0-build-kernel v1.2.6
[INFO] [stderr]    Compiling bytemuck v1.25.2
[INFO] [stderr]    Compiling risc0-circuit-rv32im-v2-sys v0.1.2 (/opt/rustwide/workdir)
[INFO] [stderr]    Compiling risc0-core v1.2.6
[INFO] [stderr]    Compiling risc0-sys v1.5.0
[INFO] [stderr]    Compiling derive_more v1.0.0
[INFO] [stderr] warning: risc0-circuit-rv32im-v2-sys@0.1.2: c++: fatal error: Killed signal terminated program cc1plus
[INFO] [stderr] warning: risc0-circuit-rv32im-v2-sys@0.1.2: compilation terminated.
[INFO] [stderr] warning: risc0-circuit-rv32im-v2-sys@0.1.2: ToolExecError: command did not execute successfully (status code exit status: 1): "c++" "-O3" "-ffunction-sections" "-fdata-sections" "-fPIC" "-m64" "-I" "/opt/rustwide/cargo-home/registry/src/index.crates.io-1949cf8c6b5b557f/risc0-sys-1.5.0/cxx" "-Wall" "-Wextra" "-std=c++17" "-fno-var-tracking" "-fno-var-tracking-assignments" "-g0" "-o" "/opt/rustwide/target/release/build/risc0-circuit-rv32im-v2-sys/92a0c7568b9eb340/out/8fa1a16122eeabf8-rust_poly_fp_1.o" "-c" "kernels/cxx/rust_poly_fp_1.cpp"
[INFO] [stderr] warning: risc0-circuit-rv32im-v2-sys@0.1.2: c++: fatal error: Killed signal terminated program cc1plus
[INFO] [stderr] warning: risc0-circuit-rv32im-v2-sys@0.1.2: compilation terminated.
[INFO] [stderr] warning: risc0-circuit-rv32im-v2-sys@0.1.2: ToolExecError: command did not execute successfully (status code exit status: 1): "c++" "-O3" "-ffunction-sections" "-fdata-sections" "-fPIC" "-m64" "-I" "/opt/rustwide/cargo-home/registry/src/index.crates.io-1949cf8c6b5b557f/risc0-sys-1.5.0/cxx" "-Wall" "-Wextra" "-std=c++17" "-fno-var-tracking" "-fno-var-tracking-assignments" "-g0" "-o" "/opt/rustwide/target/release/build/risc0-circuit-rv32im-v2-sys/92a0c7568b9eb340/out/8fa1a16122eeabf8-steps.o" "-c" "kernels/cxx/steps.cpp"
[INFO] [stderr] error: failed to run custom build command for `risc0-circuit-rv32im-v2-sys v0.1.2 (/opt/rustwide/workdir)`
[INFO] [stderr] note: To improve backtraces for build dependencies, set the CARGO_PROFILE_RELEASE_BUILD_OVERRIDE_DEBUG=true environment variable to enable debug information generation.
[INFO] [stderr] 
[INFO] [stderr] Caused by:
[INFO] [stderr]   process didn't exit successfully: `/opt/rustwide/target/release/build/risc0-circuit-rv32im-v2-sys/f7df4539916e7131/out/build_script_build` (exit status: 1)
[INFO] [stderr]   --- stdout
[INFO] [stderr]   cargo:rerun-if-changed=kernels/cxx
[INFO] [stderr]   cargo:rerun-if-env-changed=RISC0_SKIP_BUILD_KERNELS
[INFO] [stderr]   cargo:rerun-if-changed=kernels/cxx/eval_check.cpp
[INFO] [stderr]   cargo:rerun-if-changed=kernels/cxx/ffi.cpp
[INFO] [stderr]   cargo:rerun-if-changed=kernels/cxx/rust_poly_fp_0.cpp
[INFO] [stderr]   cargo:rerun-if-changed=kernels/cxx/rust_poly_fp_1.cpp
[INFO] [stderr]   cargo:rerun-if-changed=kernels/cxx/rust_poly_fp_2.cpp
[INFO] [stderr]   cargo:rerun-if-changed=kernels/cxx/rust_poly_fp_3.cpp
[INFO] [stderr]   cargo:rerun-if-changed=kernels/cxx/steps.cpp
[INFO] [stderr]   cargo:rerun-if-changed=kernels/cxx/buffers.h
[INFO] [stderr]   cargo:rerun-if-changed=kernels/cxx/preflight.h
[INFO] [stderr]   cargo:rerun-if-changed=kernels/cxx/steps.h
[INFO] [stderr]   cargo:rerun-if-changed=kernels/cxx/tables.h
[INFO] [stderr]   cargo:rerun-if-changed=kernels/cxx/witgen.h
[INFO] [stderr]   cargo:rerun-if-changed=kernels/cxx/defs.cpp.inc
[INFO] [stderr]   cargo:rerun-if-changed=kernels/cxx/layout.cpp.inc
[INFO] [stderr]   cargo:rerun-if-changed=kernels/cxx/layout.h.inc
[INFO] [stderr]   cargo:rerun-if-changed=kernels/cxx/types.h.inc
[INFO] [stderr]   cargo:rerun-if-env-changed=CC_FORCE_DISABLE
[INFO] [stderr]   CC_FORCE_DISABLE = None
[INFO] [stderr]   cargo:rerun-if-env-changed=CXX_x86_64-unknown-linux-gnu
[INFO] [stderr]   CXX_x86_64-unknown-linux-gnu = None
[INFO] [stderr]   cargo:rerun-if-env-changed=CXX_x86_64_unknown_linux_gnu
[INFO] [stderr]   CXX_x86_64_unknown_linux_gnu = None
[INFO] [stderr]   cargo:rerun-if-env-changed=HOST_CXX
[INFO] [stderr]   HOST_CXX = None
[INFO] [stderr]   cargo:rerun-if-env-changed=CXX
[INFO] [stderr]   CXX = None
[INFO] [stderr]   cargo:rerun-if-env-changed=CC_ENABLE_DEBUG_OUTPUT
[INFO] [stderr]   cargo:rerun-if-env-changed=CRATE_CC_NO_DEFAULTS
[INFO] [stderr]   CRATE_CC_NO_DEFAULTS = None
[INFO] [stderr]   cargo:rerun-if-env-changed=CXXFLAGS
[INFO] [stderr]   CXXFLAGS = None
[INFO] [stderr]   cargo:rerun-if-env-changed=HOST_CXXFLAGS
[INFO] [stderr]   HOST_CXXFLAGS = None
[INFO] [stderr]   cargo:rerun-if-env-changed=CXXFLAGS_x86_64_unknown_linux_gnu
[INFO] [stderr]   CXXFLAGS_x86_64_unknown_linux_gnu = None
[INFO] [stderr]   cargo:rerun-if-env-changed=CXXFLAGS_x86_64-unknown-linux-gnu
[INFO] [stderr]   CXXFLAGS_x86_64-unknown-linux-gnu = None
[INFO] [stderr]   cargo:rerun-if-env-changed=CRATE_CC_NO_DEFAULTS
[INFO] [stderr]   CRATE_CC_NO_DEFAULTS = None
[INFO] [stderr]   cargo:rerun-if-env-changed=CXXFLAGS
[INFO] [stderr]   CXXFLAGS = None
[INFO] [stderr]   cargo:rerun-if-env-changed=HOST_CXXFLAGS
[INFO] [stderr]   HOST_CXXFLAGS = None
[INFO] [stderr]   cargo:rerun-if-env-changed=CXXFLAGS_x86_64_unknown_linux_gnu
[INFO] [stderr]   CXXFLAGS_x86_64_unknown_linux_gnu = None
[INFO] [stderr]   cargo:rerun-if-env-changed=CXXFLAGS_x86_64-unknown-linux-gnu
[INFO] [stderr]   CXXFLAGS_x86_64-unknown-linux-gnu = None
[INFO] [stderr]   cargo:rerun-if-env-changed=CRATE_CC_NO_DEFAULTS
[INFO] [stderr]   CRATE_CC_NO_DEFAULTS = None
[INFO] [stderr]   cargo:rerun-if-env-changed=CXXFLAGS
[INFO] [stderr]   CXXFLAGS = None
[INFO] [stderr]   cargo:rerun-if-env-changed=HOST_CXXFLAGS
[INFO] [stderr]   HOST_CXXFLAGS = None
[INFO] [stderr]   cargo:rerun-if-env-changed=CXXFLAGS_x86_64_unknown_linux_gnu
[INFO] [stderr]   CXXFLAGS_x86_64_unknown_linux_gnu = None
[INFO] [stderr]   cargo:rerun-if-env-changed=CXXFLAGS_x86_64-unknown-linux-gnu
[INFO] [stderr]   CXXFLAGS_x86_64-unknown-linux-gnu = None
[INFO] [stderr]   cargo:rerun-if-env-changed=CRATE_CC_NO_DEFAULTS
[INFO] [stderr]   CRATE_CC_NO_DEFAULTS = None
[INFO] [stderr]   cargo:rerun-if-env-changed=CXXFLAGS
[INFO] [stderr]   CXXFLAGS = None
[INFO] [stderr]   cargo:rerun-if-env-changed=HOST_CXXFLAGS
[INFO] [stderr]   HOST_CXXFLAGS = None
[INFO] [stderr]   cargo:rerun-if-env-changed=CXXFLAGS_x86_64_unknown_linux_gnu
[INFO] [stderr]   CXXFLAGS_x86_64_unknown_linux_gnu = None
[INFO] [stderr]   cargo:rerun-if-env-changed=CXXFLAGS_x86_64-unknown-linux-gnu
[INFO] [stderr]   CXXFLAGS_x86_64-unknown-linux-gnu = None
[INFO] [stderr]   cargo:rerun-if-env-changed=CRATE_CC_NO_DEFAULTS
[INFO] [stderr]   CRATE_CC_NO_DEFAULTS = None
[INFO] [stderr]   cargo:rerun-if-env-changed=CXXFLAGS
[INFO] [stderr]   CXXFLAGS = None
[INFO] [stderr]   cargo:rerun-if-env-changed=HOST_CXXFLAGS
[INFO] [stderr]   HOST_CXXFLAGS = None
[INFO] [stderr]   cargo:rerun-if-env-changed=CXXFLAGS_x86_64_unknown_linux_gnu
[INFO] [stderr]   CXXFLAGS_x86_64_unknown_linux_gnu = None
[INFO] [stderr]   cargo:rerun-if-env-changed=CXXFLAGS_x86_64-unknown-linux-gnu
[INFO] [stderr]   CXXFLAGS_x86_64-unknown-linux-gnu = None
[INFO] [stderr]   cargo:rerun-if-env-changed=CRATE_CC_NO_DEFAULTS
[INFO] [stderr]   CRATE_CC_NO_DEFAULTS = None
[INFO] [stderr]   cargo:rerun-if-env-changed=CXXFLAGS
[INFO] [stderr]   CXXFLAGS = None
[INFO] [stderr]   cargo:rerun-if-env-changed=HOST_CXXFLAGS
[INFO] [stderr]   HOST_CXXFLAGS = None
[INFO] [stderr]   cargo:rerun-if-env-changed=CXXFLAGS_x86_64_unknown_linux_gnu
[INFO] [stderr]   CXXFLAGS_x86_64_unknown_linux_gnu = None
[INFO] [stderr]   cargo:rerun-if-env-changed=CXXFLAGS_x86_64-unknown-linux-gnu
[INFO] [stderr]   CXXFLAGS_x86_64-unknown-linux-gnu = None
[INFO] [stderr]   exit status: 0
[INFO] [stderr]   exit status: 0
[INFO] [stderr]   cargo:warning=c++: fatal error: Killed signal terminated program cc1plus
[INFO] [stderr]   cargo:warning=compilation terminated.
[INFO] [stderr]   exit status: 1
[INFO] [stderr]   cargo:warning=ToolExecError: command did not execute successfully (status code exit status: 1): "c++" "-O3" "-ffunction-sections" "-fdata-sections" "-fPIC" "-m64" "-I" "/opt/rustwide/cargo-home/registry/src/index.crates.io-1949cf8c6b5b557f/risc0-sys-1.5.0/cxx" "-Wall" "-Wextra" "-std=c++17" "-fno-var-tracking" "-fno-var-tracking-assignments" "-g0" "-o" "/opt/rustwide/target/release/build/risc0-circuit-rv32im-v2-sys/92a0c7568b9eb340/out/8fa1a16122eeabf8-rust_poly_fp_1.o" "-c" "kernels/cxx/rust_poly_fp_1.cpp"
[INFO] [stderr]   cargo:warning=c++: fatal error: Killed signal terminated program cc1plus
[INFO] [stderr]   cargo:warning=compilation terminated.
[INFO] [stderr]   exit status: 1
[INFO] [stderr]   cargo:warning=ToolExecError: command did not execute successfully (status code exit status: 1): "c++" "-O3" "-ffunction-sections" "-fdata-sections" "-fPIC" "-m64" "-I" "/opt/rustwide/cargo-home/registry/src/index.crates.io-1949cf8c6b5b557f/risc0-sys-1.5.0/cxx" "-Wall" "-Wextra" "-std=c++17" "-fno-var-tracking" "-fno-var-tracking-assignments" "-g0" "-o" "/opt/rustwide/target/release/build/risc0-circuit-rv32im-v2-sys/92a0c7568b9eb340/out/8fa1a16122eeabf8-steps.o" "-c" "kernels/cxx/steps.cpp"
[INFO] [stderr]   exit status: 0
[INFO] [stderr]   exit status: 0
[INFO] [stderr]   exit status: 0
[INFO] [stderr] 
[INFO] [stderr]   --- stderr
[INFO] [stderr] 
[INFO] [stderr] 
[INFO] [stderr]   error occurred in cc-rs: command did not execute successfully (status code exit status: 1): "c++" "-O3" "-ffunction-sections" "-fdata-sections" "-fPIC" "-m64" "-I" "/opt/rustwide/cargo-home/registry/src/index.crates.io-1949cf8c6b5b557f/risc0-sys-1.5.0/cxx" "-Wall" "-Wextra" "-std=c++17" "-fno-var-tracking" "-fno-var-tracking-assignments" "-g0" "-o" "/opt/rustwide/target/release/build/risc0-circuit-rv32im-v2-sys/92a0c7568b9eb340/out/8fa1a16122eeabf8-steps.o" "-c" "kernels/cxx/steps.cpp"
[INFO] [stderr] 
[INFO] [stderr] 
[INFO] running `Command { std: "docker" "inspect" "2cd8c06b994587957bfc9943482ac7206c443ecf95daaca5eb8a5b13b8831756", kill_on_drop: false }`
[INFO] running `Command { std: "docker" "rm" "-f" "2cd8c06b994587957bfc9943482ac7206c443ecf95daaca5eb8a5b13b8831756", kill_on_drop: false }`
[INFO] [stdout] 2cd8c06b994587957bfc9943482ac7206c443ecf95daaca5eb8a5b13b8831756
