[INFO] fetching crate ringo-phone 0.16.1...
[INFO] testing ringo-phone-0.16.1 against 1.99.0-beta.8+cargoflags=--release for beta-release-1.100-2
[INFO] extracting crate ringo-phone 0.16.1 into /workspace/builds/worker-2-tc1/source
[INFO] started tweaking crates.io crate ringo-phone 0.16.1
[INFO] removed 0 missing tests
[INFO] finished tweaking crates.io crate ringo-phone 0.16.1
[INFO] tweaked toml for crates.io crate ringo-phone 0.16.1 written to /workspace/builds/worker-2-tc1/source/Cargo.toml
[INFO] validating manifest of crates.io crate ringo-phone 0.16.1 on toolchain 1.99.0-beta.8
[INFO] running `Command { std: CARGO_HOME="/workspace/cargo-home" RUSTUP_HOME="/workspace/rustup-home" "/workspace/cargo-home/bin/cargo" "+1.99.0-beta.8" "metadata" "--manifest-path" "Cargo.toml" "--no-deps", kill_on_drop: false }`
[INFO] crate crates.io crate ringo-phone 0.16.1 already has a lockfile, it will not be regenerated
[INFO] running `Command { std: CARGO_HOME="/workspace/cargo-home" RUSTUP_HOME="/workspace/rustup-home" "/workspace/cargo-home/bin/cargo" "+1.99.0-beta.8" "fetch" "--manifest-path" "Cargo.toml", kill_on_drop: false }`
[INFO] [stderr]     Updating crates.io index
[INFO] [stderr]  Downloading crates ...
[INFO] [stderr]   Downloaded bindgen v0.73.2
[INFO] [stderr]   Downloaded ringo-core v0.16.1
[INFO] running `Command { std: "docker" "create" "-v" "/var/lib/crater-agent-workspace/builds/worker-2-tc1/source:/opt/rustwide/workdir:ro,Z" "-v" "/var/lib/crater-agent-workspace/builds/worker-2-tc1/target:/opt/rustwide/target:rw,Z" "-v" "/var/lib/crater-agent-workspace/cargo-home:/opt/rustwide/cargo-home:ro,Z" "-v" "/var/lib/crater-agent-workspace/rustup-home:/opt/rustwide/rustup-home:ro,Z" "-m" "1610612736" "--network" "none" "ghcr.io/rust-lang/crates-build-env/linux@sha256:77db811e55d90add9212f6832c23229e3de5f1c1f9905e8cb07319ea15df73ac" "sleep" "infinity", kill_on_drop: false }`
[INFO] [stdout] cf6efe061434321878a0859ce6ea9a893ec377e3f6f9af2ad935e4d49a82b578
[INFO] running `Command { std: "docker" "start" "cf6efe061434321878a0859ce6ea9a893ec377e3f6f9af2ad935e4d49a82b578", kill_on_drop: false }`
[INFO] running `Command { std: "docker" "inspect" "cf6efe061434321878a0859ce6ea9a893ec377e3f6f9af2ad935e4d49a82b578", kill_on_drop: false }`
[INFO] running `Command { std: "docker" "exec" "-e" "SOURCE_DIR=/opt/rustwide/workdir" "-e" "CARGO_HOME=/opt/rustwide/cargo-home" "-e" "RUSTUP_HOME=/opt/rustwide/rustup-home" "-e" "CARGO_TARGET_DIR=/opt/rustwide/target" "-w" "/opt/rustwide/workdir" "--user" "0:0" "cf6efe061434321878a0859ce6ea9a893ec377e3f6f9af2ad935e4d49a82b578" "/opt/rustwide/cargo-home/bin/cargo" "+1.99.0-beta.8" "metadata" "--no-deps" "--format-version=1", kill_on_drop: false }`
[INFO] running `Command { std: "docker" "inspect" "cf6efe061434321878a0859ce6ea9a893ec377e3f6f9af2ad935e4d49a82b578", kill_on_drop: false }`
[INFO] running `Command { std: "docker" "exec" "-e" "SOURCE_DIR=/opt/rustwide/workdir" "-e" "CARGO_HOME=/opt/rustwide/cargo-home" "-e" "RUSTUP_HOME=/opt/rustwide/rustup-home" "-e" "CARGO_TARGET_DIR=/opt/rustwide/target" "-e" "CARGO_INCREMENTAL=0" "-e" "RUST_BACKTRACE=full" "-e" "RUSTFLAGS=--cap-lints=warn" "-e" "RUSTDOCFLAGS=--cap-lints=warn" "-w" "/opt/rustwide/workdir" "--user" "0:0" "cf6efe061434321878a0859ce6ea9a893ec377e3f6f9af2ad935e4d49a82b578" "/opt/rustwide/cargo-home/bin/cargo" "+1.99.0-beta.8" "build" "--frozen" "--message-format=json" "--release", kill_on_drop: false }`
[INFO] [stderr]    Compiling thiserror v2.0.20
[INFO] [stderr]    Compiling either v1.18.0
[INFO] [stderr]    Compiling mio v1.2.3
[INFO] [stderr]    Compiling openssl-src v300.6.1+3.6.3
[INFO] [stderr]    Compiling libloading v0.8.9
[INFO] [stderr]    Compiling darling_core v0.24.1
[INFO] [stderr]    Compiling strum_macros v0.28.0
[INFO] [stderr]    Compiling instability v0.3.13
[INFO] [stderr]    Compiling bindgen v0.73.2
[INFO] [stderr]    Compiling prettyplease v0.2.37
[INFO] [stderr]    Compiling lru v0.18.4
[INFO] [stderr]    Compiling compact_str v0.9.1
[INFO] [stderr]    Compiling critical-section v1.2.0
[INFO] [stderr]    Compiling rustix v1.1.4
[INFO] [stderr]    Compiling bitflags v2.13.1
[INFO] [stderr]    Compiling derive_more-impl v2.1.1
[INFO] [stderr]    Compiling signal-hook v0.3.18
[INFO] [stderr]    Compiling time v0.3.55
[INFO] [stderr]    Compiling line-clipping v0.3.8
[INFO] [stderr]    Compiling clap_builder v4.6.6
[INFO] [stderr]    Compiling clap_derive v4.6.4
[INFO] [stderr]    Compiling openssl-sys v0.9.117
[INFO] [stderr]    Compiling itertools v0.14.0
[INFO] [stderr]    Compiling clang-sys v1.9.1
[INFO] [stderr]    Compiling derive_more v2.1.1
[INFO] [stderr]    Compiling kasuari v0.4.12
[INFO] [stderr]    Compiling serde_json v1.0.151
[INFO] [stderr]    Compiling signal-hook-mio v0.2.5
[INFO] [stderr]    Compiling tokio v1.53.1
[INFO] [stderr]    Compiling serde v1.0.229
[INFO] [stderr]    Compiling toml_datetime v1.1.1+spec-1.1.0
[INFO] [stderr]    Compiling serde_spanned v1.1.1
[INFO] [stderr]    Compiling ringo-phone v0.16.1 (/opt/rustwide/workdir)
[INFO] [stderr]    Compiling toml v1.1.5+spec-1.1.0
[INFO] [stderr]    Compiling uuid v1.26.1
[INFO] [stderr]    Compiling crossterm v0.29.0
[INFO] [stderr]    Compiling strum v0.28.0
[INFO] [stderr]    Compiling darling_macro v0.24.1
[INFO] [stderr]    Compiling darling v0.24.1
[INFO] [stderr]    Compiling unicode-truncate v2.0.1
[INFO] [stderr]    Compiling ratatui-core v0.1.2
[INFO] [stderr]    Compiling clap v4.6.6
[INFO] [stderr]    Compiling clap_complete v4.6.9
[INFO] [stderr]    Compiling ratatui-widgets v0.3.2
[INFO] [stderr]    Compiling ratatui-crossterm v0.1.2
[INFO] [stderr]    Compiling ratatui-macros v0.7.2
[INFO] [stderr]    Compiling ratatui v0.30.2
[INFO] [stderr]    Compiling ringo-core v0.16.1
[INFO] [stdout] error: linking with `cc` failed: exit status: 1
[INFO] [stdout]   |
[INFO] [stdout]   = note:  "cc" "-m64" "/opt/rustwide/target/release/deps/rustcQ3sl6C/symbols.o" "<17 object files omitted>" "-Wl,--as-needed" "-Wl,-Bstatic" "/opt/rustwide/target/release/deps/{libtoml-a273c982cc5cfd67,libtoml_writer-958044d8e3b21f90,libtoml_parser-101e83f09683e81d,libwinnow-0051468af8334b5e,libserde_spanned-25b878dbfaefb382,libtoml_datetime-c2165f6dffcd882f,libserde_json-fc73b12bfdcfed8a,libmemchr-b09fcc675b44dbcc,libzmij-586d023c1dba25b5,libclap_complete-825ce4a1cc1eb4b0,libshlex-901f7a650d925d40,libis_executable-13b78f4821e9a0aa,libclap-485bc08bd0edef79,libclap_builder-a4469557d1510dd2,libstrsim-59d8e27f2067b49a,libanstream-fbf9902fe662423b,libanstyle_query-b45e303465962535,libis_terminal_polyfill-d4b89543c4de780e,libcolorchoice-fd7c3d86e50e55dc,libanstyle_parse-5d41ba8ec76e50fb,libutf8parse-fd39fdebeec71100,libclap_lex-07d624aa69fa7d24,libanstyle-bd06819c7e2cd060,libuuid-5400b0ef1ba32904,libgetrandom-8ad6a78ffb01b487,libratatui-758cdab738c62586,libratatui_macros-e678a7325d307278,libratatui_widgets-920ebbe68d9d7a5a,libtime-469213f58866ba03,libnum_threads-a2ecdc5cb75d2eee,libpowerfmt-36b72e9804a215c5,libnum_conv-08e57f26d0acaf0c,libderanged-a2cab551518318dc,libtime_core-2b0526d01a8480c3,libline_clipping-05756b40f9535a2d,libratatui_crossterm-1d668105df0a8e00,libratatui_core-b53e8a671a1fdcdb,libunicode_truncate-4457e0caf0f0210a,liblru-6cff9d24d4649e84,libkasuari-10e9f17d91e91056,libhashbrown-1eaf5863533b956f,libthiserror-d9893188e10e0169,libitertools-21225a1b900bb4dd,libeither-e9ddfe2403fddc43,libhashbrown-f2f6bc6154a0c980,libequivalent-26a0d6a3c1145f1b,libfoldhash-aad4872049cd9a91,liballocator_api2-fcccdd0f80408343,libunicode_width-c2e256aa7a1ffd47,libcompact_str-6c6ffd95aff6fe8c,libryu-cc0a3553ff73174e,libitoa-1e9e3b22820c4a15,libstatic_assertions-306fc8cfb43dc741,libcastaway-ac273d84e93571c0,libunicode_segmentation-66be9fe01a654f56,libstrum-1b044340f88b04f5,libcrossterm-c5bf0714685bf222,librustix-4a363c7ba6f03156,liblinux_raw_sys-6cd558001fb913e0,libbitflags-30c9ca0ce64ca3ab,libderive_more-a331d2ec38817bf9,libsignal_hook_mio-a846f1168ba90081,libsignal_hook-7c8f3732b628f137,libringo_core-49bc35136aa6a790,libchrono-6a9a26a787fb62f7,libiana_time_zone-ea2d38d0aead4a1d,libnum_traits-edc15f9ab50e8470,libserde-89881fc5c47a42f5,libserde_core-ade0fd06ac247b53,libtokio-01f4b7cb9e62c01d,libsignal_hook_registry-1101c3194325a44f,liberrno-6727c48c188121ff,libsocket2-150b3378961994f5,libbytes-654f8a7a557a4087,libmio-899e2afa9cf8a311,liblog-3c55b5043a18cee7,libparking_lot-71a9c8129e7060ac,libparking_lot_core-395f0587d4ad0552,liblibc-a0996e9cad7bedd7,libcfg_if-6d8dca19095bb388,libsmallvec-2100baf27c80adc4,liblock_api-0c6a3406bef68330,libscopeguard-5f9373ec660020b4,libpin_project_lite-9a89bb36c0c56875,libanyhow-d9d662e7f67d1b3f}.rlib" "<sysroot>/lib/rustlib/x86_64-unknown-linux-gnu/lib/{libstd-*,libpanic_unwind-*,libobject-*,libmemchr-*,libaddr2line-*,libgimli-*,libcfg_if-*,librustc_demangle-*,libstd_detect-*,libhashbrown-*,librustc_std_workspace_alloc-*,libminiz_oxide-*,libadler2-*,libunwind-*,liblibc-*,librustc_std_workspace_core-*,liballoc-*,libcore-*,libcompiler_builtins-*}.rlib" "-Wl,-Bdynamic" "-lpulse" "-lpulse-simple" "-lz" "-lresolv" "-lm" "-ldl" "-lpthread" "-lspandsp" "-lopus" "-lgcc_s" "-lutil" "-lrt" "-lpthread" "-lm" "-ldl" "-lc" "-L" "/opt/rustwide/target/release/deps/rustcQ3sl6C/raw-dylibs" "-B<sysroot>/lib/rustlib/x86_64-unknown-linux-gnu/bin/gcc-ld" "-fuse-ld=lld" "-Wl,--eh-frame-hdr" "-Wl,-z,noexecstack" "-L" "/opt/rustwide/target/release/build/ringo-core-e35026d31c633756/out/baresip-install/lib" "-L" "/opt/rustwide/target/release/build/ringo-core-e35026d31c633756/out/re-install/lib" "-L" "/opt/rustwide/target/release/build/openssl-sys-3a8c4c5fe238de1d/out/openssl-build/install/lib" "-L" "/usr/lib/x86_64-linux-gnu" "-L" "/usr/include" "-L" "<sysroot>/lib/rustlib/x86_64-unknown-linux-gnu/lib" "-o" "/opt/rustwide/target/release/deps/ringo-b6a283bb186899c0" "-Wl,--gc-sections" "-pie" "-Wl,-z,relro,-z,now" "-Wl,-O1" "-Wl,--strip-debug" "-nodefaultlibs" "-Wl,--whole-archive" "/opt/rustwide/target/release/build/ringo-core-e35026d31c633756/out/baresip-install/lib/libbaresip.a" "/opt/rustwide/target/release/build/ringo-core-e35026d31c633756/out/re-install/lib/libre.a" "-Wl,--no-whole-archive" "-lspandsp" "-lopus" "-lpulse" "-lpulse-simple" "/opt/rustwide/target/release/build/openssl-sys-3a8c4c5fe238de1d/out/openssl-build/install/lib/libssl.a" "/opt/rustwide/target/release/build/openssl-sys-3a8c4c5fe238de1d/out/openssl-build/install/lib/libcrypto.a" "-lz" "-lresolv" "-ldl" "-lpthread" "-lc" "-lm"
[INFO] [stdout]   = note: some arguments are omitted. use `--verbose` to show all linker arguments
[INFO] [stdout]   = note: rust-lld: error: unable to find library -lspandsp
[INFO] [stdout]           rust-lld: error: unable to find library -lspandsp
[INFO] [stdout]           collect2: error: ld returned 1 exit status
[INFO] [stdout]           
[INFO] [stdout] 
[INFO] [stdout] 
[INFO] [stderr] error: could not compile `ringo-phone` (bin "ringo") due to 1 previous error
[INFO] running `Command { std: "docker" "inspect" "cf6efe061434321878a0859ce6ea9a893ec377e3f6f9af2ad935e4d49a82b578", kill_on_drop: false }`
[INFO] running `Command { std: "docker" "rm" "-f" "cf6efe061434321878a0859ce6ea9a893ec377e3f6f9af2ad935e4d49a82b578", kill_on_drop: false }`
[INFO] [stdout] cf6efe061434321878a0859ce6ea9a893ec377e3f6f9af2ad935e4d49a82b578
