[INFO] fetching crate rightkit-http 0.3.0...
[INFO] testing rightkit-http-0.3.0 against 1.100.0-beta.1+cargoflags=--release for beta-release-1.100-2
[INFO] extracting crate rightkit-http 0.3.0 into /workspace/builds/worker-7-tc2/source
[INFO] started tweaking crates.io crate rightkit-http 0.3.0
[INFO] removed 0 missing tests
[INFO] finished tweaking crates.io crate rightkit-http 0.3.0
[INFO] tweaked toml for crates.io crate rightkit-http 0.3.0 written to /workspace/builds/worker-7-tc2/source/Cargo.toml
[INFO] validating manifest of crates.io crate rightkit-http 0.3.0 on toolchain 1.100.0-beta.1
[INFO] running `Command { std: CARGO_HOME="/workspace/cargo-home" RUSTUP_HOME="/workspace/rustup-home" "/workspace/cargo-home/bin/cargo" "+1.100.0-beta.1" "metadata" "--manifest-path" "Cargo.toml" "--no-deps", kill_on_drop: false }`
[INFO] crate crates.io crate rightkit-http 0.3.0 already has a lockfile, it will not be regenerated
[INFO] running `Command { std: CARGO_HOME="/workspace/cargo-home" RUSTUP_HOME="/workspace/rustup-home" "/workspace/cargo-home/bin/cargo" "+1.100.0-beta.1" "fetch" "--manifest-path" "Cargo.toml", kill_on_drop: false }`
[INFO] running `Command { std: "docker" "create" "-v" "/var/lib/crater-agent-workspace/builds/worker-7-tc2/source:/opt/rustwide/workdir:ro,Z" "-v" "/var/lib/crater-agent-workspace/builds/worker-7-tc2/target:/opt/rustwide/target:rw,Z" "-v" "/var/lib/crater-agent-workspace/cargo-home:/opt/rustwide/cargo-home:ro,Z" "-v" "/var/lib/crater-agent-workspace/rustup-home:/opt/rustwide/rustup-home:ro,Z" "-m" "1610612736" "--network" "none" "ghcr.io/rust-lang/crates-build-env/linux@sha256:77db811e55d90add9212f6832c23229e3de5f1c1f9905e8cb07319ea15df73ac" "sleep" "infinity", kill_on_drop: false }`
[INFO] [stdout] 48a26739bce4b626b59d2c4c97b8de1f665afda5e90ce24fa36f5abf7564eb95
[INFO] running `Command { std: "docker" "start" "48a26739bce4b626b59d2c4c97b8de1f665afda5e90ce24fa36f5abf7564eb95", kill_on_drop: false }`
[INFO] running `Command { std: "docker" "inspect" "48a26739bce4b626b59d2c4c97b8de1f665afda5e90ce24fa36f5abf7564eb95", kill_on_drop: false }`
[INFO] running `Command { std: "docker" "exec" "-e" "SOURCE_DIR=/opt/rustwide/workdir" "-e" "CARGO_HOME=/opt/rustwide/cargo-home" "-e" "RUSTUP_HOME=/opt/rustwide/rustup-home" "-e" "CARGO_TARGET_DIR=/opt/rustwide/target" "-w" "/opt/rustwide/workdir" "--user" "0:0" "48a26739bce4b626b59d2c4c97b8de1f665afda5e90ce24fa36f5abf7564eb95" "/opt/rustwide/cargo-home/bin/cargo" "+1.100.0-beta.1" "metadata" "--no-deps" "--format-version=1", kill_on_drop: false }`
[INFO] running `Command { std: "docker" "inspect" "48a26739bce4b626b59d2c4c97b8de1f665afda5e90ce24fa36f5abf7564eb95", kill_on_drop: false }`
[INFO] running `Command { std: "docker" "exec" "-e" "SOURCE_DIR=/opt/rustwide/workdir" "-e" "CARGO_HOME=/opt/rustwide/cargo-home" "-e" "RUSTUP_HOME=/opt/rustwide/rustup-home" "-e" "CARGO_TARGET_DIR=/opt/rustwide/target" "-e" "CARGO_INCREMENTAL=0" "-e" "RUST_BACKTRACE=full" "-e" "RUSTFLAGS=--cap-lints=warn" "-e" "RUSTDOCFLAGS=--cap-lints=warn" "-w" "/opt/rustwide/workdir" "--user" "0:0" "48a26739bce4b626b59d2c4c97b8de1f665afda5e90ce24fa36f5abf7564eb95" "/opt/rustwide/cargo-home/bin/cargo" "+1.100.0-beta.1" "build" "--frozen" "--message-format=json" "--release", kill_on_drop: false }`
[INFO] [stderr]    Compiling libc v0.2.186
[INFO] [stderr]    Compiling cc v1.2.67
[INFO] [stderr]    Compiling quote v1.0.46
[INFO] [stderr]    Compiling http v1.4.2
[INFO] [stderr]    Compiling base64 v0.23.1
[INFO] [stderr]    Compiling webpki-roots v1.0.9
[INFO] [stderr]    Compiling utf8-zero v0.8.1
[INFO] [stderr]    Compiling serde_json v1.0.150
[INFO] [stderr]    Compiling syn v2.0.118
[INFO] [stderr]    Compiling ureq-proto v0.6.4
[INFO] [stderr]    Compiling ring v0.17.14
[INFO] [stderr]    Compiling getrandom v0.2.17
[INFO] [stderr]    Compiling getrandom v0.4.3
[INFO] [stderr]    Compiling serde_derive v1.0.228
[INFO] [stderr]    Compiling serde v1.0.228
[INFO] [stderr]    Compiling rustls v0.23.45
[INFO] [stderr]    Compiling rustls-webpki v0.103.15
[INFO] [stderr]    Compiling rustls-platform-verifier v0.7.1
[INFO] [stderr]    Compiling ureq v3.4.2
[INFO] [stderr]    Compiling rightkit-http v0.3.0 (/opt/rustwide/workdir)
[INFO] [stderr]     Finished `release` profile [optimized] target(s) in 46.30s
[INFO] running `Command { std: "docker" "inspect" "48a26739bce4b626b59d2c4c97b8de1f665afda5e90ce24fa36f5abf7564eb95", kill_on_drop: false }`
[INFO] running `Command { std: "docker" "exec" "-e" "SOURCE_DIR=/opt/rustwide/workdir" "-e" "CARGO_HOME=/opt/rustwide/cargo-home" "-e" "RUSTUP_HOME=/opt/rustwide/rustup-home" "-e" "CARGO_TARGET_DIR=/opt/rustwide/target" "-e" "CARGO_INCREMENTAL=0" "-e" "RUST_BACKTRACE=full" "-e" "RUSTFLAGS=--cap-lints=warn" "-e" "RUSTDOCFLAGS=--cap-lints=warn" "-w" "/opt/rustwide/workdir" "--user" "0:0" "48a26739bce4b626b59d2c4c97b8de1f665afda5e90ce24fa36f5abf7564eb95" "/opt/rustwide/cargo-home/bin/cargo" "+1.100.0-beta.1" "test" "--frozen" "--no-run" "--message-format=json" "--release", kill_on_drop: false }`
[INFO] [stderr]    Compiling time v0.3.55
[INFO] [stderr]    Compiling tokio-macros v2.7.1
[INFO] [stderr]    Compiling rightkit-http v0.3.0 (/opt/rustwide/workdir)
[INFO] [stderr]    Compiling tokio v1.53.0
[INFO] [stderr]    Compiling yasna v0.5.2
[INFO] [stderr]    Compiling rcgen v0.13.2
[INFO] [stdout] error[E0432]: unresolved import `rightkit_http::testing`
[INFO] [stdout]   --> tests/second_read.rs:12:20
[INFO] [stdout]    |
[INFO] [stdout] 12 | use rightkit_http::testing::loopback_config;
[INFO] [stdout]    |                    ^^^^^^^ could not find `testing` in `rightkit_http`
[INFO] [stdout]    |
[INFO] [stdout] note: found an item that was configured out
[INFO] [stdout]   --> src/lib.rs:35:9
[INFO] [stdout]    |
[INFO] [stdout] 34 | #[cfg(feature = "testing")]
[INFO] [stdout]    |       ------------------- the item is gated behind the `testing` feature
[INFO] [stdout] 35 | pub mod testing;
[INFO] [stdout]    |         ^^^^^^^
[INFO] [stdout] 
[INFO] [stdout] 
[INFO] [stdout] error[E0432]: unresolved import `rightkit_http::testing`
[INFO] [stdout]   --> tests/bodiless_framing.rs:13:20
[INFO] [stdout]    |
[INFO] [stdout] 13 | use rightkit_http::testing::loopback_config;
[INFO] [stdout]    |                    ^^^^^^^ could not find `testing` in `rightkit_http`
[INFO] [stdout]    |
[INFO] [stdout] note: found an item that was configured out
[INFO] [stdout]   --> src/lib.rs:35:9
[INFO] [stdout]    |
[INFO] [stdout] 34 | #[cfg(feature = "testing")]
[INFO] [stdout]    |       ------------------- the item is gated behind the `testing` feature
[INFO] [stdout] 35 | pub mod testing;
[INFO] [stdout]    |         ^^^^^^^
[INFO] [stdout] 
[INFO] [stdout] 
[INFO] [stdout] error[E0432]: unresolved import `rightkit_http::testing`
[INFO] [stdout]   --> tests/audit_fixes.rs:10:20
[INFO] [stdout]    |
[INFO] [stdout] 10 | use rightkit_http::testing::{loopback_config, loopback_policy, MockResponse, MockServer};
[INFO] [stdout]    |                    ^^^^^^^ could not find `testing` in `rightkit_http`
[INFO] [stdout]    |
[INFO] [stdout] note: found an item that was configured out
[INFO] [stdout]   --> src/lib.rs:35:9
[INFO] [stdout]    |
[INFO] [stdout] 34 | #[cfg(feature = "testing")]
[INFO] [stdout]    |       ------------------- the item is gated behind the `testing` feature
[INFO] [stdout] 35 | pub mod testing;
[INFO] [stdout]    |         ^^^^^^^
[INFO] [stdout] 
[INFO] [stdout] 
[INFO] [stdout] error[E0432]: unresolved import `rightkit_http::testing`
[INFO] [stdout]   --> tests/proxy.rs:12:20
[INFO] [stdout]    |
[INFO] [stdout] 12 | use rightkit_http::testing::{MockResponse, MockServer};
[INFO] [stdout]    |                    ^^^^^^^ could not find `testing` in `rightkit_http`
[INFO] [stdout]    |
[INFO] [stdout] note: found an item that was configured out
[INFO] [stdout]   --> src/lib.rs:35:9
[INFO] [stdout]    |
[INFO] [stdout] 34 | #[cfg(feature = "testing")]
[INFO] [stdout]    |       ------------------- the item is gated behind the `testing` feature
[INFO] [stdout] 35 | pub mod testing;
[INFO] [stdout]    |         ^^^^^^^
[INFO] [stdout] 
[INFO] [stdout] 
[INFO] [stdout] error[E0432]: unresolved import `rightkit_http::testing`
[INFO] [stdout]   --> tests/audit_030.rs:5:20
[INFO] [stdout]    |
[INFO] [stdout]  5 | use rightkit_http::testing::{loopback_config, MockResponse, MockServer};
[INFO] [stdout]    |                    ^^^^^^^ could not find `testing` in `rightkit_http`
[INFO] [stdout]    |
[INFO] [stdout] note: found an item that was configured out
[INFO] [stdout]   --> src/lib.rs:35:9
[INFO] [stdout]    |
[INFO] [stdout] 34 | #[cfg(feature = "testing")]
[INFO] [stdout]    |       ------------------- the item is gated behind the `testing` feature
[INFO] [stdout] 35 | pub mod testing;
[INFO] [stdout]    |         ^^^^^^^
[INFO] [stdout] 
[INFO] [stdout] 
[INFO] [stdout] error[E0432]: unresolved import `rightkit_http::testing`
[INFO] [stdout]   --> tests/request_policy.rs:9:20
[INFO] [stdout]    |
[INFO] [stdout]  9 | use rightkit_http::testing::{MockResponse, MockServer};
[INFO] [stdout]    |                    ^^^^^^^ could not find `testing` in `rightkit_http`
[INFO] [stdout]    |
[INFO] [stdout] note: found an item that was configured out
[INFO] [stdout]   --> src/lib.rs:35:9
[INFO] [stdout]    |
[INFO] [stdout] 34 | #[cfg(feature = "testing")]
[INFO] [stdout]    |       ------------------- the item is gated behind the `testing` feature
[INFO] [stdout] 35 | pub mod testing;
[INFO] [stdout]    |         ^^^^^^^
[INFO] [stdout] 
[INFO] [stdout] 
[INFO] [stdout] error[E0432]: unresolved import `rightkit_http::testing`
[INFO] [stdout]   --> tests/send_headers.rs:7:20
[INFO] [stdout]    |
[INFO] [stdout]  7 | use rightkit_http::testing::{loopback_config, loopback_policy, MockResponse, MockServer};
[INFO] [stdout]    |                    ^^^^^^^ could not find `testing` in `rightkit_http`
[INFO] [stdout]    |
[INFO] [stdout] note: found an item that was configured out
[INFO] [stdout]   --> src/lib.rs:35:9
[INFO] [stdout]    |
[INFO] [stdout] 34 | #[cfg(feature = "testing")]
[INFO] [stdout]    |       ------------------- the item is gated behind the `testing` feature
[INFO] [stdout] 35 | pub mod testing;
[INFO] [stdout]    |         ^^^^^^^
[INFO] [stdout] 
[INFO] [stdout] 
[INFO] [stdout] For more information about this error, try `rustc --explain E0432`.
[INFO] [stdout] 
[INFO] [stderr] error: could not compile `rightkit-http` (test "audit_030") due to 1 previous error
[INFO] [stderr] warning: build failed, waiting for other jobs to finish...
[INFO] [stdout] For more information about this error, try `rustc --explain E0432`.
[INFO] [stdout] 
[INFO] [stdout] error[E0432]: unresolved import `rightkit_http::testing`
[INFO] [stdout]   --> tests/phases.rs:5:20
[INFO] [stdout]    |
[INFO] [stdout]  5 | use rightkit_http::testing::{loopback_config, MockResponse, MockServer};
[INFO] [stdout]    |                    ^^^^^^^ could not find `testing` in `rightkit_http`
[INFO] [stdout]    |
[INFO] [stdout] note: found an item that was configured out
[INFO] [stdout]   --> src/lib.rs:35:9
[INFO] [stdout]    |
[INFO] [stdout] 34 | #[cfg(feature = "testing")]
[INFO] [stdout]    |       ------------------- the item is gated behind the `testing` feature
[INFO] [stdout] 35 | pub mod testing;
[INFO] [stdout]    |         ^^^^^^^
[INFO] [stdout] 
[INFO] [stdout] 
[INFO] [stdout] error[E0432]: unresolved import `rightkit_http::testing`
[INFO] [stdout]   --> tests/trust_https.rs:10:20
[INFO] [stdout]    |
[INFO] [stdout] 10 | use rightkit_http::testing::{loopback_config, MockResponse, MockServer};
[INFO] [stdout]    |                    ^^^^^^^ could not find `testing` in `rightkit_http`
[INFO] [stdout]    |
[INFO] [stdout] note: found an item that was configured out
[INFO] [stdout]   --> src/lib.rs:35:9
[INFO] [stdout]    |
[INFO] [stdout] 34 | #[cfg(feature = "testing")]
[INFO] [stdout]    |       ------------------- the item is gated behind the `testing` feature
[INFO] [stdout] 35 | pub mod testing;
[INFO] [stdout]    |         ^^^^^^^
[INFO] [stdout] 
[INFO] [stdout] 
[INFO] [stdout] error[E0433]: cannot find `testing` in `rightkit_http`
[INFO] [stdout]   --> tests/request_policy.rs:17:26
[INFO] [stdout]    |
[INFO] [stdout] 17 |         ..rightkit_http::testing::loopback_config()
[INFO] [stdout]    |                          ^^^^^^^ could not find `testing` in `rightkit_http`
[INFO] [stdout]    |
[INFO] [stdout] note: found an item that was configured out
[INFO] [stdout]   --> src/lib.rs:35:9
[INFO] [stdout]    |
[INFO] [stdout] 34 | #[cfg(feature = "testing")]
[INFO] [stdout]    |       ------------------- the item is gated behind the `testing` feature
[INFO] [stdout] 35 | pub mod testing;
[INFO] [stdout]    |         ^^^^^^^
[INFO] [stdout] 
[INFO] [stdout] 
[INFO] [stdout] For more information about this error, try `rustc --explain E0432`.
[INFO] [stdout] 
[INFO] [stderr] error: could not compile `rightkit-http` (test "second_read") due to 1 previous error
[INFO] [stderr] error: could not compile `rightkit-http` (test "trust_https") due to 1 previous error
[INFO] [stdout] error[E0433]: cannot find `testing` in `rightkit_http`
[INFO] [stdout]    --> tests/request_policy.rs:223:30
[INFO] [stdout]     |
[INFO] [stdout] 223 |             ..rightkit_http::testing::loopback_config()
[INFO] [stdout]     |                              ^^^^^^^ could not find `testing` in `rightkit_http`
[INFO] [stdout]     |
[INFO] [stdout] note: found an item that was configured out
[INFO] [stdout]    --> src/lib.rs:35:9
[INFO] [stdout]     |
[INFO] [stdout]  34 | #[cfg(feature = "testing")]
[INFO] [stdout]     |       ------------------- the item is gated behind the `testing` feature
[INFO] [stdout]  35 | pub mod testing;
[INFO] [stdout]     |         ^^^^^^^
[INFO] [stdout] 
[INFO] [stdout] 
[INFO] [stdout] For more information about this error, try `rustc --explain E0432`.
[INFO] [stdout] 
[INFO] [stdout] error[E0432]: unresolved import `rightkit_http::testing`
[INFO] [stdout]   --> tests/proxy_env.rs:12:20
[INFO] [stdout]    |
[INFO] [stdout] 12 | use rightkit_http::testing::{MockResponse, MockServer};
[INFO] [stdout]    |                    ^^^^^^^ could not find `testing` in `rightkit_http`
[INFO] [stdout]    |
[INFO] [stdout] note: found an item that was configured out
[INFO] [stdout]   --> src/lib.rs:35:9
[INFO] [stdout]    |
[INFO] [stdout] 34 | #[cfg(feature = "testing")]
[INFO] [stdout]    |       ------------------- the item is gated behind the `testing` feature
[INFO] [stdout] 35 | pub mod testing;
[INFO] [stdout]    |         ^^^^^^^
[INFO] [stdout] 
[INFO] [stdout] 
[INFO] [stdout] error[E0433]: cannot find `testing` in `rightkit_http`
[INFO] [stdout]    --> tests/phases.rs:110:33
[INFO] [stdout]     |
[INFO] [stdout] 110 |         r.body = rightkit_http::testing::MockBody::TruncatedAfter(b"part".to_vec());
[INFO] [stdout]     |                                 ^^^^^^^ could not find `testing` in `rightkit_http`
[INFO] [stdout]     |
[INFO] [stdout] note: found an item that was configured out
[INFO] [stdout]    --> src/lib.rs:35:9
[INFO] [stdout]     |
[INFO] [stdout]  34 | #[cfg(feature = "testing")]
[INFO] [stdout]     |       ------------------- the item is gated behind the `testing` feature
[INFO] [stdout]  35 | pub mod testing;
[INFO] [stdout]     |         ^^^^^^^
[INFO] [stdout] 
[INFO] [stdout] 
[INFO] [stdout] For more information about this error, try `rustc --explain E0432`.
[INFO] [stdout] 
[INFO] [stderr] error: could not compile `rightkit-http` (test "send_headers") due to 1 previous error
[INFO] [stderr] error: could not compile `rightkit-http` (test "bodiless_framing") due to 1 previous error
[INFO] [stdout] For more information about this error, try `rustc --explain E0432`.
[INFO] [stdout] 
[INFO] [stdout] Some errors have detailed explanations: E0432, E0433.
[INFO] [stdout] 
[INFO] [stdout] For more information about an error, try `rustc --explain E0432`.
[INFO] [stdout] 
[INFO] [stderr] error: could not compile `rightkit-http` (test "proxy") due to 1 previous error
[INFO] [stdout] For more information about this error, try `rustc --explain E0432`.
[INFO] [stdout] 
[INFO] [stderr] error: could not compile `rightkit-http` (test "request_policy") due to 3 previous errors
[INFO] [stderr] error: could not compile `rightkit-http` (test "audit_fixes") due to 1 previous error
[INFO] [stderr] error: could not compile `rightkit-http` (test "phases") due to 2 previous errors
[INFO] [stdout] Some errors have detailed explanations: E0432, E0433.
[INFO] [stdout] 
[INFO] [stdout] For more information about an error, try `rustc --explain E0432`.
[INFO] [stdout] 
[INFO] [stdout] For more information about this error, try `rustc --explain E0432`.
[INFO] [stdout] 
[INFO] [stderr] error: could not compile `rightkit-http` (test "proxy_env") due to 1 previous error
[INFO] running `Command { std: "docker" "inspect" "48a26739bce4b626b59d2c4c97b8de1f665afda5e90ce24fa36f5abf7564eb95", kill_on_drop: false }`
[INFO] running `Command { std: "docker" "rm" "-f" "48a26739bce4b626b59d2c4c97b8de1f665afda5e90ce24fa36f5abf7564eb95", kill_on_drop: false }`
[INFO] [stdout] 48a26739bce4b626b59d2c4c97b8de1f665afda5e90ce24fa36f5abf7564eb95
