[INFO] fetching crate rig-derive 0.44.0...
[INFO] testing rig-derive-0.44.0 against 1.99.0-beta.8+cargoflags=--release for beta-release-1.100-2
[INFO] extracting crate rig-derive 0.44.0 into /workspace/builds/worker-4-tc1/source
[INFO] started tweaking crates.io crate rig-derive 0.44.0
[INFO] removed 0 missing examples
[INFO] removed 0 missing tests
[INFO] finished tweaking crates.io crate rig-derive 0.44.0
[INFO] tweaked toml for crates.io crate rig-derive 0.44.0 written to /workspace/builds/worker-4-tc1/source/Cargo.toml
[INFO] validating manifest of crates.io crate rig-derive 0.44.0 on toolchain 1.99.0-beta.8
[INFO] running `Command { std: CARGO_HOME="/workspace/cargo-home" RUSTUP_HOME="/workspace/rustup-home" "/workspace/cargo-home/bin/cargo" "+1.99.0-beta.8" "metadata" "--manifest-path" "Cargo.toml" "--no-deps", kill_on_drop: false }`
[INFO] crate crates.io crate rig-derive 0.44.0 already has a lockfile, it will not be regenerated
[INFO] running `Command { std: CARGO_HOME="/workspace/cargo-home" RUSTUP_HOME="/workspace/rustup-home" "/workspace/cargo-home/bin/cargo" "+1.99.0-beta.8" "fetch" "--manifest-path" "Cargo.toml", kill_on_drop: false }`
[INFO] running `Command { std: "docker" "create" "-v" "/var/lib/crater-agent-workspace/builds/worker-4-tc1/source:/opt/rustwide/workdir:ro,Z" "-v" "/var/lib/crater-agent-workspace/builds/worker-4-tc1/target:/opt/rustwide/target:rw,Z" "-v" "/var/lib/crater-agent-workspace/cargo-home:/opt/rustwide/cargo-home:ro,Z" "-v" "/var/lib/crater-agent-workspace/rustup-home:/opt/rustwide/rustup-home:ro,Z" "-m" "1610612736" "--network" "none" "ghcr.io/rust-lang/crates-build-env/linux@sha256:77db811e55d90add9212f6832c23229e3de5f1c1f9905e8cb07319ea15df73ac" "sleep" "infinity", kill_on_drop: false }`
[INFO] [stdout] c4e3ed14264066c39e0d55a38f06f8bcda7c9c6fd115b88c6eabbbaf32962a69
[INFO] running `Command { std: "docker" "start" "c4e3ed14264066c39e0d55a38f06f8bcda7c9c6fd115b88c6eabbbaf32962a69", kill_on_drop: false }`
[INFO] running `Command { std: "docker" "inspect" "c4e3ed14264066c39e0d55a38f06f8bcda7c9c6fd115b88c6eabbbaf32962a69", kill_on_drop: false }`
[INFO] running `Command { std: "docker" "exec" "-e" "SOURCE_DIR=/opt/rustwide/workdir" "-e" "CARGO_HOME=/opt/rustwide/cargo-home" "-e" "RUSTUP_HOME=/opt/rustwide/rustup-home" "-e" "CARGO_TARGET_DIR=/opt/rustwide/target" "-w" "/opt/rustwide/workdir" "--user" "0:0" "c4e3ed14264066c39e0d55a38f06f8bcda7c9c6fd115b88c6eabbbaf32962a69" "/opt/rustwide/cargo-home/bin/cargo" "+1.99.0-beta.8" "metadata" "--no-deps" "--format-version=1", kill_on_drop: false }`
[INFO] running `Command { std: "docker" "inspect" "c4e3ed14264066c39e0d55a38f06f8bcda7c9c6fd115b88c6eabbbaf32962a69", kill_on_drop: false }`
[INFO] running `Command { std: "docker" "exec" "-e" "SOURCE_DIR=/opt/rustwide/workdir" "-e" "CARGO_HOME=/opt/rustwide/cargo-home" "-e" "RUSTUP_HOME=/opt/rustwide/rustup-home" "-e" "CARGO_TARGET_DIR=/opt/rustwide/target" "-e" "CARGO_INCREMENTAL=0" "-e" "RUST_BACKTRACE=full" "-e" "RUSTFLAGS=--cap-lints=warn" "-e" "RUSTDOCFLAGS=--cap-lints=warn" "-w" "/opt/rustwide/workdir" "--user" "0:0" "c4e3ed14264066c39e0d55a38f06f8bcda7c9c6fd115b88c6eabbbaf32962a69" "/opt/rustwide/cargo-home/bin/cargo" "+1.99.0-beta.8" "build" "--frozen" "--message-format=json" "--release", kill_on_drop: false }`
[INFO] [stderr]    Compiling hashbrown v0.17.0
[INFO] [stderr]    Compiling winnow v1.0.2
[INFO] [stderr]    Compiling convert_case v0.11.0
[INFO] [stderr]    Compiling indexmap v2.14.0
[INFO] [stderr]    Compiling toml_parser v1.1.2+spec-1.1.0
[INFO] [stderr]    Compiling toml_edit v0.25.11+spec-1.1.0
[INFO] [stderr]    Compiling proc-macro-crate v3.5.0
[INFO] [stderr]    Compiling rig-derive v0.44.0 (/opt/rustwide/workdir)
[INFO] [stderr]     Finished `release` profile [optimized] target(s) in 17.61s
[INFO] running `Command { std: "docker" "inspect" "c4e3ed14264066c39e0d55a38f06f8bcda7c9c6fd115b88c6eabbbaf32962a69", kill_on_drop: false }`
[INFO] running `Command { std: "docker" "exec" "-e" "SOURCE_DIR=/opt/rustwide/workdir" "-e" "CARGO_HOME=/opt/rustwide/cargo-home" "-e" "RUSTUP_HOME=/opt/rustwide/rustup-home" "-e" "CARGO_TARGET_DIR=/opt/rustwide/target" "-e" "CARGO_INCREMENTAL=0" "-e" "RUST_BACKTRACE=full" "-e" "RUSTFLAGS=--cap-lints=warn" "-e" "RUSTDOCFLAGS=--cap-lints=warn" "-w" "/opt/rustwide/workdir" "--user" "0:0" "c4e3ed14264066c39e0d55a38f06f8bcda7c9c6fd115b88c6eabbbaf32962a69" "/opt/rustwide/cargo-home/bin/cargo" "+1.99.0-beta.8" "test" "--frozen" "--no-run" "--message-format=json" "--release", kill_on_drop: false }`
[INFO] [stderr]    Compiling serde_core v1.0.228
[INFO] [stderr]    Compiling serde v1.0.228
[INFO] [stderr]    Compiling serde_json v1.0.150
[INFO] [stderr]    Compiling target-triple v1.0.0
[INFO] [stderr]    Compiling ref-cast-impl v1.0.25
[INFO] [stderr]    Compiling serde_derive_internals v0.29.1
[INFO] [stderr]    Compiling winnow v1.0.2
[INFO] [stderr]    Compiling tokio-macros v2.7.0
[INFO] [stderr]    Compiling serde_derive v1.0.228
[INFO] [stderr]    Compiling toml_datetime v1.1.1+spec-1.1.0
[INFO] [stderr]    Compiling proc-macro2 v1.0.106
[INFO] [stderr]    Compiling unicode-ident v1.0.24
[INFO] [stderr]    Compiling hashbrown v0.17.0
[INFO] [stderr]    Compiling schemars_derive v1.2.1
[INFO] [stderr]    Compiling indexmap v2.14.0
[INFO] [stderr]    Compiling serde_spanned v1.1.1
[INFO] [stderr]    Compiling quote v1.0.45
[INFO] [stderr]    Compiling toml_writer v1.1.1+spec-1.1.0
[INFO] [stderr]    Compiling toml_parser v1.1.2+spec-1.1.0
[INFO] [stderr]    Compiling ref-cast v1.0.25
[INFO] [stderr]    Compiling unicode-segmentation v1.13.2
[INFO] [stderr]    Compiling toml v1.1.2+spec-1.1.0
[INFO] [stderr]    Compiling toml_edit v0.25.11+spec-1.1.0
[INFO] [stderr]    Compiling tokio v1.52.3
[INFO] [stderr]    Compiling tracing-subscriber v0.3.23
[INFO] [stderr]    Compiling proc-macro-crate v3.5.0
[INFO] [stderr]    Compiling schemars v1.2.1
[INFO] [stderr]    Compiling trybuild v1.0.120
[INFO] [stderr]    Compiling rig-derive v0.44.0 (/opt/rustwide/workdir)
[INFO] [stderr]    Compiling convert_case v0.11.0
[INFO] [stderr]    Compiling syn v2.0.117
[INFO] [stderr]    Compiling tracing-core v0.1.36
[INFO] [stderr]    Compiling parking_lot_core v0.9.12
[INFO] [stderr]    Compiling errno v0.3.14
[INFO] [stderr]    Compiling lazy_static v1.5.0
[INFO] [stderr]    Compiling log v0.4.33
[INFO] [stderr]    Compiling tracing-log v0.2.0
[INFO] [stderr]    Compiling sharded-slab v0.1.7
[INFO] [stderr]    Compiling signal-hook-registry v1.4.8
[INFO] [stderr]    Compiling parking_lot v0.12.5
[INFO] [stderr]    Compiling thread_local v1.1.9
[INFO] [stderr]    Compiling socket2 v0.6.3
[INFO] [stderr]    Compiling mio v1.2.0
[INFO] [stderr]    Compiling nu-ansi-term v0.50.3
[INFO] [stderr]    Compiling dyn-clone v1.0.20
[INFO] [stdout] error[E0433]: cannot find module or crate `rig_core` in this scope
[INFO] [stdout]  --> tests/embed_trait_dispatch.rs:1:5
[INFO] [stdout]   |
[INFO] [stdout] 1 | use rig_core::embeddings::{Embed, EmbedError, TextEmbedder, to_texts};
[INFO] [stdout]   |     ^^^^^^^^ use of unresolved module or unlinked crate `rig_core`
[INFO] [stdout]   |
[INFO] [stdout]   = help: if you wanted to use a crate named `rig_core`, use `cargo add rig_core` to add it to your `Cargo.toml`
[INFO] [stdout] 
[INFO] [stdout] 
[INFO] [stdout] error[E0433]: cannot find module or crate `rig_core` in this scope
[INFO] [stdout]  --> tests/tool_binding_hygiene.rs:1:5
[INFO] [stdout]   |
[INFO] [stdout] 1 | use rig_core::tool::{PortableTool, Tool, ToolContext, ToolExecutionError};
[INFO] [stdout]   |     ^^^^^^^^ use of unresolved module or unlinked crate `rig_core`
[INFO] [stdout]   |
[INFO] [stdout]   = help: if you wanted to use a crate named `rig_core`, use `cargo add rig_core` to add it to your `Cargo.toml`
[INFO] [stdout] 
[INFO] [stdout] 
[INFO] [stdout] error[E0433]: cannot find `rig_core` in the list of imported crates
[INFO] [stdout]  --> tests/tool_binding_hygiene.rs:4:1
[INFO] [stdout]   |
[INFO] [stdout] 4 | #[rig_tool]
[INFO] [stdout]   | ^^^^^^^^^^^ could not find `rig_core` in the list of imported crates
[INFO] [stdout]   |
[INFO] [stdout]   = note: this error originates in the attribute macro `rig_tool` (in Nightly builds, run with -Z macro-backtrace for more info)
[INFO] [stdout] 
[INFO] [stdout] 
[INFO] [stdout] error[E0433]: cannot find `rig_core` in the list of imported crates
[INFO] [stdout]  --> tests/tool_binding_hygiene.rs:9:1
[INFO] [stdout]   |
[INFO] [stdout] 9 | #[rig_tool]
[INFO] [stdout]   | ^^^^^^^^^^^ could not find `rig_core` in the list of imported crates
[INFO] [stdout]   |
[INFO] [stdout]   = note: this error originates in the attribute macro `rig_tool` (in Nightly builds, run with -Z macro-backtrace for more info)
[INFO] [stdout] 
[INFO] [stdout] 
[INFO] [stdout] error[E0433]: cannot find `rig_core` in the list of imported crates
[INFO] [stdout]   --> tests/tool_binding_hygiene.rs:44:5
[INFO] [stdout]    |
[INFO] [stdout] 44 |     #[rig_tool]
[INFO] [stdout]    |     ^^^^^^^^^^^ could not find `rig_core` in the list of imported crates
[INFO] [stdout]    |
[INFO] [stdout]    = note: this error originates in the attribute macro `rig_tool` (in Nightly builds, run with -Z macro-backtrace for more info)
[INFO] [stdout] 
[INFO] [stdout] 
[INFO] [stdout] error[E0433]: cannot find module or crate `rig_core` in this scope
[INFO] [stdout]  --> tests/context_value.rs:5:5
[INFO] [stdout]   |
[INFO] [stdout] 5 | use rig_core::tool::{ContextValue, ToolContext};
[INFO] [stdout]   |     ^^^^^^^^ use of unresolved module or unlinked crate `rig_core`
[INFO] [stdout]   |
[INFO] [stdout]   = help: if you wanted to use a crate named `rig_core`, use `cargo add rig_core` to add it to your `Cargo.toml`
[INFO] [stdout] 
[INFO] [stdout] 
[INFO] [stdout] error[E0433]: cannot find `Serialize` in `serde`
[INFO] [stdout]    --> tests/context_value.rs:7:35
[INFO] [stdout]     |
[INFO] [stdout]   7 | #[derive(Debug, PartialEq, serde::Serialize, serde::Deserialize, rig_core::ContextValue)]
[INFO] [stdout]     |                                   ^^^^^^^^^ could not find `Serialize` in `serde`
[INFO] [stdout]     |
[INFO] [stdout] note: found an item that was configured out
[INFO] [stdout]    --> /opt/rustwide/cargo-home/registry/src/index.crates.io-1949cf8c6b5b557f/serde-1.0.228/src/lib.rs:279:37
[INFO] [stdout]     |
[INFO] [stdout] 277 | #[cfg(feature = "serde_derive")]
[INFO] [stdout]     |       ------------------------ the item is gated behind the `serde_derive` feature
[INFO] [stdout] 278 | #[cfg_attr(docsrs, doc(cfg(feature = "derive")))]
[INFO] [stdout] 279 | pub use serde_derive::{Deserialize, Serialize};
[INFO] [stdout]     |                                     ^^^^^^^^^
[INFO] [stdout] 
[INFO] [stdout] 
[INFO] [stdout] error[E0433]: cannot find `Deserialize` in `serde`
[INFO] [stdout]    --> tests/context_value.rs:7:53
[INFO] [stdout]     |
[INFO] [stdout]   7 | #[derive(Debug, PartialEq, serde::Serialize, serde::Deserialize, rig_core::ContextValue)]
[INFO] [stdout]     |                                                     ^^^^^^^^^^^ could not find `Deserialize` in `serde`
[INFO] [stdout]     |
[INFO] [stdout] note: found an item that was configured out
[INFO] [stdout]    --> /opt/rustwide/cargo-home/registry/src/index.crates.io-1949cf8c6b5b557f/serde-1.0.228/src/lib.rs:279:24
[INFO] [stdout]     |
[INFO] [stdout] 277 | #[cfg(feature = "serde_derive")]
[INFO] [stdout]     |       ------------------------ the item is gated behind the `serde_derive` feature
[INFO] [stdout] 278 | #[cfg_attr(docsrs, doc(cfg(feature = "derive")))]
[INFO] [stdout] 279 | pub use serde_derive::{Deserialize, Serialize};
[INFO] [stdout]     |                        ^^^^^^^^^^^
[INFO] [stdout] 
[INFO] [stdout] 
[INFO] [stdout] error[E0433]: cannot find `Serialize` in `serde`
[INFO] [stdout]    --> tests/context_value.rs:10:35
[INFO] [stdout]     |
[INFO] [stdout]  10 | #[derive(Debug, PartialEq, serde::Serialize, serde::Deserialize, rig_core::ContextValue)]
[INFO] [stdout]     |                                   ^^^^^^^^^ could not find `Serialize` in `serde`
[INFO] [stdout]     |
[INFO] [stdout] note: found an item that was configured out
[INFO] [stdout]    --> /opt/rustwide/cargo-home/registry/src/index.crates.io-1949cf8c6b5b557f/serde-1.0.228/src/lib.rs:279:37
[INFO] [stdout]     |
[INFO] [stdout] 277 | #[cfg(feature = "serde_derive")]
[INFO] [stdout]     |       ------------------------ the item is gated behind the `serde_derive` feature
[INFO] [stdout] 278 | #[cfg_attr(docsrs, doc(cfg(feature = "derive")))]
[INFO] [stdout] 279 | pub use serde_derive::{Deserialize, Serialize};
[INFO] [stdout]     |                                     ^^^^^^^^^
[INFO] [stdout] 
[INFO] [stdout] 
[INFO] [stdout] error[E0433]: cannot find `Deserialize` in `serde`
[INFO] [stdout]    --> tests/context_value.rs:10:53
[INFO] [stdout]     |
[INFO] [stdout]  10 | #[derive(Debug, PartialEq, serde::Serialize, serde::Deserialize, rig_core::ContextValue)]
[INFO] [stdout]     |                                                     ^^^^^^^^^^^ could not find `Deserialize` in `serde`
[INFO] [stdout]     |
[INFO] [stdout] note: found an item that was configured out
[INFO] [stdout]    --> /opt/rustwide/cargo-home/registry/src/index.crates.io-1949cf8c6b5b557f/serde-1.0.228/src/lib.rs:279:24
[INFO] [stdout]     |
[INFO] [stdout] 277 | #[cfg(feature = "serde_derive")]
[INFO] [stdout]     |       ------------------------ the item is gated behind the `serde_derive` feature
[INFO] [stdout] 278 | #[cfg_attr(docsrs, doc(cfg(feature = "derive")))]
[INFO] [stdout] 279 | pub use serde_derive::{Deserialize, Serialize};
[INFO] [stdout]     |                        ^^^^^^^^^^^
[INFO] [stdout] 
[INFO] [stdout] 
[INFO] [stdout] error[E0433]: cannot find module or crate `rig_core` in this scope
[INFO] [stdout]  --> tests/context_value.rs:7:66
[INFO] [stdout]   |
[INFO] [stdout] 7 | #[derive(Debug, PartialEq, serde::Serialize, serde::Deserialize, rig_core::ContextValue)]
[INFO] [stdout]   |                                                                  ^^^^^^^^ use of unresolved module or unlinked crate `rig_core`
[INFO] [stdout] 
[INFO] [stdout] 
[INFO] [stdout] error[E0433]: cannot find module or crate `rig_core` in this scope
[INFO] [stdout]   --> tests/context_value.rs:10:66
[INFO] [stdout]    |
[INFO] [stdout] 10 | #[derive(Debug, PartialEq, serde::Serialize, serde::Deserialize, rig_core::ContextValue)]
[INFO] [stdout]    |                                                                  ^^^^^^^^ use of unresolved module or unlinked crate `rig_core`
[INFO] [stdout] 
[INFO] [stdout] 
[INFO] [stdout] error[E0433]: cannot find module or crate `rig_agent` in this scope
[INFO] [stdout]  --> examples/rig_tool/async_tool.rs:1:5
[INFO] [stdout]   |
[INFO] [stdout] 1 | use rig_agent::prelude::*;
[INFO] [stdout]   |     ^^^^^^^^^ use of unresolved module or unlinked crate `rig_agent`
[INFO] [stdout]   |
[INFO] [stdout]   = help: if you wanted to use a crate named `rig_agent`, use `cargo add rig_agent` to add it to your `Cargo.toml`
[INFO] [stdout] 
[INFO] [stdout] 
[INFO] [stdout] error[E0433]: cannot find module or crate `rig_core` in this scope
[INFO] [stdout]  --> tests/portable_tool.rs:1:5
[INFO] [stdout]   |
[INFO] [stdout] 1 | use rig_core::tool::{PortableTool, ToolExecutionError};
[INFO] [stdout]   |     ^^^^^^^^ use of unresolved module or unlinked crate `rig_core`
[INFO] [stdout]   |
[INFO] [stdout]   = help: if you wanted to use a crate named `rig_core`, use `cargo add rig_core` to add it to your `Cargo.toml`
[INFO] [stdout] 
[INFO] [stdout] 
[INFO] [stdout] error[E0433]: cannot find `rig_core` in the list of imported crates
[INFO] [stdout]  --> tests/portable_tool.rs:4:1
[INFO] [stdout]   |
[INFO] [stdout] 4 | #[rig_tool(description = "A context-free portable addition tool")]
[INFO] [stdout]   | ^^^^^^^^^^^^^^^^^^^^^^^^^^^^^^^^^^^^^^^^^^^^^^^^^^^^^^^^^^^^^^^^^^ could not find `rig_core` in the list of imported crates
[INFO] [stdout]   |
[INFO] [stdout]   = note: this error originates in the attribute macro `rig_tool` (in Nightly builds, run with -Z macro-backtrace for more info)
[INFO] [stdout] 
[INFO] [stdout] 
[INFO] [stdout] error: cannot find attribute `serde` in this scope
[INFO] [stdout]  --> tests/tool_binding_hygiene.rs:4:1
[INFO] [stdout]   |
[INFO] [stdout] 4 | #[rig_tool]
[INFO] [stdout]   | ^^^^^^^^^^^
[INFO] [stdout]   |
[INFO] [stdout]   = note: `serde` is in scope, but it is a crate, not an attribute
[INFO] [stdout]   = note: this error originates in the attribute macro `rig_tool` (in Nightly builds, run with -Z macro-backtrace for more info)
[INFO] [stdout] 
[INFO] [stdout] 
[INFO] [stdout] error: cannot find attribute `schemars` in this scope
[INFO] [stdout]  --> tests/tool_binding_hygiene.rs:4:1
[INFO] [stdout]   |
[INFO] [stdout] 4 | #[rig_tool]
[INFO] [stdout]   | ^^^^^^^^^^^
[INFO] [stdout]   |
[INFO] [stdout]   = note: `schemars` is in scope, but it is a crate, not an attribute
[INFO] [stdout]   = note: this error originates in the attribute macro `rig_tool` (in Nightly builds, run with -Z macro-backtrace for more info)
[INFO] [stdout] 
[INFO] [stdout] 
[INFO] [stdout] error[E0433]: cannot find `rig_core` in the list of imported crates
[INFO] [stdout]   --> tests/embed_trait_dispatch.rs:19:10
[INFO] [stdout]    |
[INFO] [stdout] 19 | #[derive(rig_derive::Embed)]
[INFO] [stdout]    |          ^^^^^^^^^^^^^^^^^ could not find `rig_core` in the list of imported crates
[INFO] [stdout]    |
[INFO] [stdout]    = note: this error originates in the derive macro `rig_derive::Embed` (in Nightly builds, run with -Z macro-backtrace for more info)
[INFO] [stdout] 
[INFO] [stdout] 
[INFO] [stdout] error: cannot find attribute `serde` in this scope
[INFO] [stdout]  --> tests/tool_binding_hygiene.rs:9:1
[INFO] [stdout]   |
[INFO] [stdout] 9 | #[rig_tool]
[INFO] [stdout]   | ^^^^^^^^^^^
[INFO] [stdout]   |
[INFO] [stdout]   = note: `serde` is in scope, but it is a crate, not an attribute
[INFO] [stdout]   = note: this error originates in the attribute macro `rig_tool` (in Nightly builds, run with -Z macro-backtrace for more info)
[INFO] [stdout] 
[INFO] [stdout] 
[INFO] [stdout] error: cannot find attribute `schemars` in this scope
[INFO] [stdout]  --> tests/tool_binding_hygiene.rs:9:1
[INFO] [stdout]   |
[INFO] [stdout] 9 | #[rig_tool]
[INFO] [stdout]   | ^^^^^^^^^^^
[INFO] [stdout]   |
[INFO] [stdout]   = note: `schemars` is in scope, but it is a crate, not an attribute
[INFO] [stdout]   = note: this error originates in the attribute macro `rig_tool` (in Nightly builds, run with -Z macro-backtrace for more info)
[INFO] [stdout] 
[INFO] [stdout] 
[INFO] [stdout] error[E0433]: cannot find module or crate `rig_core` in this scope
[INFO] [stdout]  --> examples/rig_tool/async_tool.rs:3:5
[INFO] [stdout]   |
[INFO] [stdout] 3 | use rig_core::providers::openai::OpenAI;
[INFO] [stdout]   |     ^^^^^^^^ use of unresolved module or unlinked crate `rig_core`
[INFO] [stdout]   |
[INFO] [stdout]   = help: if you wanted to use a crate named `rig_core`, use `cargo add rig_core` to add it to your `Cargo.toml`
[INFO] [stdout] 
[INFO] [stdout] 
[INFO] [stdout] error[E0433]: cannot find module or crate `rig_core` in this scope
[INFO] [stdout]  --> examples/rig_tool/async_tool.rs:4:5
[INFO] [stdout]   |
[INFO] [stdout] 4 | use rig_core::tool::ToolExecutionError;
[INFO] [stdout]   |     ^^^^^^^^ use of unresolved module or unlinked crate `rig_core`
[INFO] [stdout]   |
[INFO] [stdout]   = help: if you wanted to use a crate named `rig_core`, use `cargo add rig_core` to add it to your `Cargo.toml`
[INFO] [stdout] 
[INFO] [stdout] 
[INFO] [stdout] error[E0432]: unresolved import `rig_core`
[INFO] [stdout]  --> examples/rig_tool/async_tool.rs:2:5
[INFO] [stdout]   |
[INFO] [stdout] 2 | use rig_core::providers;
[INFO] [stdout]   |     ^^^^^^^^ use of unresolved module or unlinked crate `rig_core`
[INFO] [stdout]   |
[INFO] [stdout]   = help: if you wanted to use a crate named `rig_core`, use `cargo add rig_core` to add it to your `Cargo.toml`
[INFO] [stdout] 
[INFO] [stdout] 
[INFO] [stdout] error[E0433]: cannot find `rig_core` in the list of imported crates
[INFO] [stdout]  --> examples/rig_tool/async_tool.rs:9:1
[INFO] [stdout]   |
[INFO] [stdout] 9 | #[rig_tool]
[INFO] [stdout]   | ^^^^^^^^^^^ could not find `rig_core` in the list of imported crates
[INFO] [stdout]   |
[INFO] [stdout]   = note: this error originates in the attribute macro `rig_tool` (in Nightly builds, run with -Z macro-backtrace for more info)
[INFO] [stdout] 
[INFO] [stdout] 
[INFO] [stdout] error: cannot find attribute `serde` in this scope
[INFO] [stdout]   --> tests/tool_binding_hygiene.rs:44:5
[INFO] [stdout]    |
[INFO] [stdout] 44 |     #[rig_tool]
[INFO] [stdout]    |     ^^^^^^^^^^^
[INFO] [stdout]    |
[INFO] [stdout]    = note: `serde` is in scope, but it is a crate, not an attribute
[INFO] [stdout]    = note: this error originates in the attribute macro `rig_tool` (in Nightly builds, run with -Z macro-backtrace for more info)
[INFO] [stdout] 
[INFO] [stdout] 
[INFO] [stdout] error: cannot find attribute `schemars` in this scope
[INFO] [stdout]   --> tests/tool_binding_hygiene.rs:44:5
[INFO] [stdout]    |
[INFO] [stdout] 44 |     #[rig_tool]
[INFO] [stdout]    |     ^^^^^^^^^^^
[INFO] [stdout]    |
[INFO] [stdout]    = note: `schemars` is in scope, but it is a crate, not an attribute
[INFO] [stdout]    = note: this error originates in the attribute macro `rig_tool` (in Nightly builds, run with -Z macro-backtrace for more info)
[INFO] [stdout] 
[INFO] [stdout] 
[INFO] [stdout] For more information about this error, try `rustc --explain E0433`.
[INFO] [stdout] 
[INFO] [stderr] error: could not compile `rig-derive` (test "embed_trait_dispatch") due to 2 previous errors
[INFO] [stderr] warning: build failed, waiting for other jobs to finish...
[INFO] [stdout] error[E0106]: missing lifetime specifier
[INFO] [stdout]   --> tests/tool_binding_hygiene.rs:11:13
[INFO] [stdout]    |
[INFO] [stdout] 11 |     _state: &mut rig_core::tool::ToolContext,
[INFO] [stdout]    |             ^ expected named lifetime parameter
[INFO] [stdout]    |
[INFO] [stdout] help: consider introducing a named lifetime parameter
[INFO] [stdout]    |
[INFO] [stdout]  9 ~ #[rig_tool]<'a>
[INFO] [stdout] 10 | async fn _context(
[INFO] [stdout] 11 ~     _state: &'a mut rig_core::tool::ToolContext,
[INFO] [stdout]    |
[INFO] [stdout] 
[INFO] [stdout] 
[INFO] [stdout] error: cannot find attribute `serde` in this scope
[INFO] [stdout]  --> examples/rig_tool/async_tool.rs:9:1
[INFO] [stdout]   |
[INFO] [stdout] 9 | #[rig_tool]
[INFO] [stdout]   | ^^^^^^^^^^^
[INFO] [stdout]   |
[INFO] [stdout]   = note: `serde` is an attribute that can be used by the derive macros `Deserialize`, `JsonSchema`, `JsonSchema_repr` and `Serialize`, you might be missing a `derive` attribute
[INFO] [stdout]   = note: `serde` is in scope, but it is a crate, not an attribute
[INFO] [stdout]   = note: this error originates in the attribute macro `rig_tool` (in Nightly builds, run with -Z macro-backtrace for more info)
[INFO] [stdout] 
[INFO] [stdout] 
[INFO] [stdout] error[E0433]: cannot find module or crate `rig_core` in this scope
[INFO] [stdout]   --> tests/tool_binding_hygiene.rs:11:18
[INFO] [stdout]    |
[INFO] [stdout] 11 |     _state: &mut rig_core::tool::ToolContext,
[INFO] [stdout]    |                  ^^^^^^^^ use of unresolved module or unlinked crate `rig_core`
[INFO] [stdout]    |
[INFO] [stdout]    = help: if you wanted to use a crate named `rig_core`, use `cargo add rig_core` to add it to your `Cargo.toml`
[INFO] [stdout] 
[INFO] [stdout] 
[INFO] [stdout] error: cannot find attribute `serde` in this scope
[INFO] [stdout]  --> tests/portable_tool.rs:4:1
[INFO] [stdout]   |
[INFO] [stdout] 4 | #[rig_tool(description = "A context-free portable addition tool")]
[INFO] [stdout]   | ^^^^^^^^^^^^^^^^^^^^^^^^^^^^^^^^^^^^^^^^^^^^^^^^^^^^^^^^^^^^^^^^^^
[INFO] [stdout]   |
[INFO] [stdout]   = note: `serde` is in scope, but it is a crate, not an attribute
[INFO] [stdout]   = note: this error originates in the attribute macro `rig_tool` (in Nightly builds, run with -Z macro-backtrace for more info)
[INFO] [stdout] 
[INFO] [stdout] 
[INFO] [stdout] error: cannot find attribute `schemars` in this scope
[INFO] [stdout]  --> tests/portable_tool.rs:4:1
[INFO] [stdout]   |
[INFO] [stdout] 4 | #[rig_tool(description = "A context-free portable addition tool")]
[INFO] [stdout]   | ^^^^^^^^^^^^^^^^^^^^^^^^^^^^^^^^^^^^^^^^^^^^^^^^^^^^^^^^^^^^^^^^^^
[INFO] [stdout]   |
[INFO] [stdout]   = note: `schemars` is in scope, but it is a crate, not an attribute
[INFO] [stdout]   = note: this error originates in the attribute macro `rig_tool` (in Nightly builds, run with -Z macro-backtrace for more info)
[INFO] [stdout] 
[INFO] [stdout] 
[INFO] [stdout] error: cannot find attribute `schemars` in this scope
[INFO] [stdout]  --> examples/rig_tool/async_tool.rs:9:1
[INFO] [stdout]   |
[INFO] [stdout] 9 | #[rig_tool]
[INFO] [stdout]   | ^^^^^^^^^^^
[INFO] [stdout]   |
[INFO] [stdout]   = note: `schemars` is an attribute that can be used by the derive macros `JsonSchema` and `JsonSchema_repr`, you might be missing a `derive` attribute
[INFO] [stdout]   = note: `schemars` is in scope, but it is a crate, not an attribute
[INFO] [stdout]   = note: this error originates in the attribute macro `rig_tool` (in Nightly builds, run with -Z macro-backtrace for more info)
[INFO] [stdout] 
[INFO] [stdout] 
[INFO] [stdout] error: cannot find attribute `context` in this scope
[INFO] [stdout]   --> tests/context_value.rs:11:3
[INFO] [stdout]    |
[INFO] [stdout] 11 | #[context(key = "session.tenant")]
[INFO] [stdout]    |   ^^^^^^^
[INFO] [stdout] 
[INFO] [stdout] 
[INFO] [stdout] error[E0433]: cannot find module or crate `rig_agent` in this scope
[INFO] [stdout]  --> tests/schemars_schema.rs:7:5
[INFO] [stdout]   |
[INFO] [stdout] 7 | use rig_agent::tool::Tool;
[INFO] [stdout]   |     ^^^^^^^^^ use of unresolved module or unlinked crate `rig_agent`
[INFO] [stdout]   |
[INFO] [stdout]   = help: if you wanted to use a crate named `rig_agent`, use `cargo add rig_agent` to add it to your `Cargo.toml`
[INFO] [stdout] 
[INFO] [stdout] 
[INFO] [stdout] error[E0433]: cannot find `Deserialize` in `serde`
[INFO] [stdout]    --> tests/schemars_schema.rs:238:24
[INFO] [stdout]     |
[INFO] [stdout] 238 | #[derive(Debug, serde::Deserialize, rig_core::schemars::JsonSchema)]
[INFO] [stdout]     |                        ^^^^^^^^^^^ could not find `Deserialize` in `serde`
[INFO] [stdout]     |
[INFO] [stdout] note: found an item that was configured out
[INFO] [stdout]    --> /opt/rustwide/cargo-home/registry/src/index.crates.io-1949cf8c6b5b557f/serde-1.0.228/src/lib.rs:279:24
[INFO] [stdout]     |
[INFO] [stdout] 277 | #[cfg(feature = "serde_derive")]
[INFO] [stdout]     |       ------------------------ the item is gated behind the `serde_derive` feature
[INFO] [stdout] 278 | #[cfg_attr(docsrs, doc(cfg(feature = "derive")))]
[INFO] [stdout] 279 | pub use serde_derive::{Deserialize, Serialize};
[INFO] [stdout]     |                        ^^^^^^^^^^^
[INFO] [stdout] 
[INFO] [stdout] 
[INFO] [stdout] error[E0433]: cannot find `Deserialize` in `serde`
[INFO] [stdout]    --> tests/schemars_schema.rs:289:17
[INFO] [stdout]     |
[INFO] [stdout] 289 | #[derive(serde::Deserialize, rig_core::schemars::JsonSchema)]
[INFO] [stdout]     |                 ^^^^^^^^^^^ could not find `Deserialize` in `serde`
[INFO] [stdout]     |
[INFO] [stdout] note: found an item that was configured out
[INFO] [stdout]    --> /opt/rustwide/cargo-home/registry/src/index.crates.io-1949cf8c6b5b557f/serde-1.0.228/src/lib.rs:279:24
[INFO] [stdout]     |
[INFO] [stdout] 277 | #[cfg(feature = "serde_derive")]
[INFO] [stdout]     |       ------------------------ the item is gated behind the `serde_derive` feature
[INFO] [stdout] 278 | #[cfg_attr(docsrs, doc(cfg(feature = "derive")))]
[INFO] [stdout] 279 | pub use serde_derive::{Deserialize, Serialize};
[INFO] [stdout]     |                        ^^^^^^^^^^^
[INFO] [stdout] 
[INFO] [stdout] 
[INFO] [stdout] error[E0433]: cannot find `rig_core` in the list of imported crates
[INFO] [stdout]   --> tests/schemars_schema.rs:13:1
[INFO] [stdout]    |
[INFO] [stdout] 13 | #[rig_tool]
[INFO] [stdout]    | ^^^^^^^^^^^ could not find `rig_core` in the list of imported crates
[INFO] [stdout]    |
[INFO] [stdout]    = note: this error originates in the attribute macro `rig_tool` (in Nightly builds, run with -Z macro-backtrace for more info)
[INFO] [stdout] 
[INFO] [stdout] 
[INFO] [stdout] error[E0433]: cannot find `rig_core` in the list of imported crates
[INFO] [stdout]   --> tests/schemars_schema.rs:40:1
[INFO] [stdout]    |
[INFO] [stdout] 40 | / #[rig_tool(
[INFO] [stdout] 41 | |     description = "Override description",
[INFO] [stdout] 42 | |     params(query = "Override param doc")
[INFO] [stdout] 43 | | )]
[INFO] [stdout]    | |__^ could not find `rig_core` in the list of imported crates
[INFO] [stdout]    |
[INFO] [stdout]    = note: this error originates in the attribute macro `rig_tool` (in Nightly builds, run with -Z macro-backtrace for more info)
[INFO] [stdout] 
[INFO] [stdout] 
[INFO] [stdout] error[E0433]: cannot find `rig_core` in the list of imported crates
[INFO] [stdout]   --> tests/schemars_schema.rs:62:1
[INFO] [stdout]    |
[INFO] [stdout] 62 | #[rig_tool]
[INFO] [stdout]    | ^^^^^^^^^^^ could not find `rig_core` in the list of imported crates
[INFO] [stdout]    |
[INFO] [stdout]    = note: this error originates in the attribute macro `rig_tool` (in Nightly builds, run with -Z macro-backtrace for more info)
[INFO] [stdout] 
[INFO] [stdout] 
[INFO] [stdout] error[E0433]: cannot find `rig_core` in the list of imported crates
[INFO] [stdout]    --> tests/schemars_schema.rs:125:1
[INFO] [stdout]     |
[INFO] [stdout] 125 | #[rig_tool]
[INFO] [stdout]     | ^^^^^^^^^^^ could not find `rig_core` in the list of imported crates
[INFO] [stdout]     |
[INFO] [stdout]     = note: this error originates in the attribute macro `rig_tool` (in Nightly builds, run with -Z macro-backtrace for more info)
[INFO] [stdout] 
[INFO] [stdout] 
[INFO] [stdout] error[E0433]: cannot find `rig_core` in the list of imported crates
[INFO] [stdout]    --> tests/schemars_schema.rs:146:1
[INFO] [stdout]     |
[INFO] [stdout] 146 | #[rig_tool]
[INFO] [stdout]     | ^^^^^^^^^^^ could not find `rig_core` in the list of imported crates
[INFO] [stdout]     |
[INFO] [stdout]     = note: this error originates in the attribute macro `rig_tool` (in Nightly builds, run with -Z macro-backtrace for more info)
[INFO] [stdout] 
[INFO] [stdout] 
[INFO] [stdout] error[E0433]: cannot find `rig_core` in the list of imported crates
[INFO] [stdout]    --> tests/schemars_schema.rs:165:1
[INFO] [stdout]     |
[INFO] [stdout] 165 | #[rig_tool]
[INFO] [stdout]     | ^^^^^^^^^^^ could not find `rig_core` in the list of imported crates
[INFO] [stdout]     |
[INFO] [stdout]     = note: this error originates in the attribute macro `rig_tool` (in Nightly builds, run with -Z macro-backtrace for more info)
[INFO] [stdout] 
[INFO] [stdout] 
[INFO] [stdout] error[E0433]: cannot find `rig_core` in the list of imported crates
[INFO] [stdout]    --> tests/schemars_schema.rs:185:1
[INFO] [stdout]     |
[INFO] [stdout] 185 | #[rig_tool]
[INFO] [stdout]     | ^^^^^^^^^^^ could not find `rig_core` in the list of imported crates
[INFO] [stdout]     |
[INFO] [stdout]     = note: this error originates in the attribute macro `rig_tool` (in Nightly builds, run with -Z macro-backtrace for more info)
[INFO] [stdout] 
[INFO] [stdout] 
[INFO] [stdout] error[E0433]: cannot find `rig_core` in the list of imported crates
[INFO] [stdout]    --> tests/schemars_schema.rs:202:1
[INFO] [stdout]     |
[INFO] [stdout] 202 | #[rig_tool]
[INFO] [stdout]     | ^^^^^^^^^^^ could not find `rig_core` in the list of imported crates
[INFO] [stdout]     |
[INFO] [stdout]     = note: this error originates in the attribute macro `rig_tool` (in Nightly builds, run with -Z macro-backtrace for more info)
[INFO] [stdout] 
[INFO] [stdout] 
[INFO] [stdout] error[E0433]: cannot find module or crate `rig_core` in this scope
[INFO] [stdout]    --> tests/schemars_schema.rs:238:37
[INFO] [stdout]     |
[INFO] [stdout] 238 | #[derive(Debug, serde::Deserialize, rig_core::schemars::JsonSchema)]
[INFO] [stdout]     |                                     ^^^^^^^^ use of unresolved module or unlinked crate `rig_core`
[INFO] [stdout] 
[INFO] [stdout] 
[INFO] [stdout] error[E0433]: cannot find `rig_core` in the list of imported crates
[INFO] [stdout]    --> tests/schemars_schema.rs:247:1
[INFO] [stdout]     |
[INFO] [stdout] 247 | #[rig_tool]
[INFO] [stdout]     | ^^^^^^^^^^^ could not find `rig_core` in the list of imported crates
[INFO] [stdout]     |
[INFO] [stdout]     = note: this error originates in the attribute macro `rig_tool` (in Nightly builds, run with -Z macro-backtrace for more info)
[INFO] [stdout] 
[INFO] [stdout] 
[INFO] [stdout] error[E0433]: cannot find `rig_core` in the list of imported crates
[INFO] [stdout]    --> tests/schemars_schema.rs:269:1
[INFO] [stdout]     |
[INFO] [stdout] 269 | #[rig_tool]
[INFO] [stdout]     | ^^^^^^^^^^^ could not find `rig_core` in the list of imported crates
[INFO] [stdout]     |
[INFO] [stdout]     = note: this error originates in the attribute macro `rig_tool` (in Nightly builds, run with -Z macro-backtrace for more info)
[INFO] [stdout] 
[INFO] [stdout] 
[INFO] [stdout] error[E0433]: cannot find module or crate `rig_core` in this scope
[INFO] [stdout]    --> tests/schemars_schema.rs:289:30
[INFO] [stdout]     |
[INFO] [stdout] 289 | #[derive(serde::Deserialize, rig_core::schemars::JsonSchema)]
[INFO] [stdout]     |                              ^^^^^^^^ use of unresolved module or unlinked crate `rig_core`
[INFO] [stdout] 
[INFO] [stdout] 
[INFO] [stdout] error[E0433]: cannot find `rig_core` in the list of imported crates
[INFO] [stdout]    --> tests/schemars_schema.rs:298:1
[INFO] [stdout]     |
[INFO] [stdout] 298 | #[rig_tool]
[INFO] [stdout]     | ^^^^^^^^^^^ could not find `rig_core` in the list of imported crates
[INFO] [stdout]     |
[INFO] [stdout]     = note: this error originates in the attribute macro `rig_tool` (in Nightly builds, run with -Z macro-backtrace for more info)
[INFO] [stdout] 
[INFO] [stdout] 
[INFO] [stdout] error[E0433]: cannot find `rig_core` in the list of imported crates
[INFO] [stdout]    --> tests/schemars_schema.rs:341:1
[INFO] [stdout]     |
[INFO] [stdout] 341 | #[rig_tool]
[INFO] [stdout]     | ^^^^^^^^^^^ could not find `rig_core` in the list of imported crates
[INFO] [stdout]     |
[INFO] [stdout]     = note: this error originates in the attribute macro `rig_tool` (in Nightly builds, run with -Z macro-backtrace for more info)
[INFO] [stdout] 
[INFO] [stdout] 
[INFO] [stdout] error[E0433]: cannot find module or crate `rig_agent` in this scope
[INFO] [stdout]  --> examples/rig_tool/full.rs:1:5
[INFO] [stdout]   |
[INFO] [stdout] 1 | use rig_agent::prelude::*;
[INFO] [stdout]   |     ^^^^^^^^^ use of unresolved module or unlinked crate `rig_agent`
[INFO] [stdout]   |
[INFO] [stdout]   = help: if you wanted to use a crate named `rig_agent`, use `cargo add rig_agent` to add it to your `Cargo.toml`
[INFO] [stdout] 
[INFO] [stdout] 
[INFO] [stdout] Some errors have detailed explanations: E0106, E0433.
[INFO] [stdout] 
[INFO] [stdout] For more information about an error, try `rustc --explain E0106`.
[INFO] [stdout] 
[INFO] [stderr] error: could not compile `rig-derive` (test "tool_binding_hygiene") due to 12 previous errors
[INFO] [stdout] For more information about this error, try `rustc --explain E0433`.
[INFO] [stdout] 
[INFO] [stdout] error[E0433]: cannot find module or crate `rig_core` in this scope
[INFO] [stdout]  --> examples/rig_tool/full.rs:3:5
[INFO] [stdout]   |
[INFO] [stdout] 3 | use rig_core::providers::openai::OpenAI;
[INFO] [stdout]   |     ^^^^^^^^ use of unresolved module or unlinked crate `rig_core`
[INFO] [stdout]   |
[INFO] [stdout]   = help: if you wanted to use a crate named `rig_core`, use `cargo add rig_core` to add it to your `Cargo.toml`
[INFO] [stdout] 
[INFO] [stdout] 
[INFO] [stderr] error: could not compile `rig-derive` (test "context_value") due to 8 previous errors
[INFO] [stdout] error[E0432]: unresolved import `rig_core`
[INFO] [stdout]  --> examples/rig_tool/full.rs:2:5
[INFO] [stdout]   |
[INFO] [stdout] 2 | use rig_core::providers;
[INFO] [stdout]   |     ^^^^^^^^ use of unresolved module or unlinked crate `rig_core`
[INFO] [stdout]   |
[INFO] [stdout]   = help: if you wanted to use a crate named `rig_core`, use `cargo add rig_core` to add it to your `Cargo.toml`
[INFO] [stdout] 
[INFO] [stdout] 
[INFO] [stdout] error[E0433]: cannot find `rig_core` in the list of imported crates
[INFO] [stdout]  --> examples/rig_tool/full.rs:7:1
[INFO] [stdout]   |
[INFO] [stdout] 7 | #[rig_tool]
[INFO] [stdout]   | ^^^^^^^^^^^ could not find `rig_core` in the list of imported crates
[INFO] [stdout]   |
[INFO] [stdout]   = note: this error originates in the attribute macro `rig_tool` (in Nightly builds, run with -Z macro-backtrace for more info)
[INFO] [stdout] 
[INFO] [stdout] 
[INFO] [stdout] For more information about this error, try `rustc --explain E0433`.
[INFO] [stdout] 
[INFO] [stderr] error: could not compile `rig-derive` (test "portable_tool") due to 4 previous errors
[INFO] [stdout] error[E0433]: cannot find module or crate `rig_agent` in this scope
[INFO] [stdout]   --> examples/rig_tool/async_tool.rs:38:39
[INFO] [stdout]    |
[INFO] [stdout] 38 |         serde_json::to_string_pretty(&rig_agent::tool::tool_definition(&AsyncOperation))?
[INFO] [stdout]    |                                       ^^^^^^^^^ use of unresolved module or unlinked crate `rig_agent`
[INFO] [stdout]    |
[INFO] [stdout]    = help: if you wanted to use a crate named `rig_agent`, use `cargo add rig_agent` to add it to your `Cargo.toml`
[INFO] [stdout] 
[INFO] [stdout] 
[INFO] [stderr] error: could not compile `rig-derive` (example "async_tool") due to 9 previous errors
[INFO] [stdout] error[E0433]: cannot find type `AgentBuilder` in this scope
[INFO] [stdout]   --> examples/rig_tool/async_tool.rs:29:23
[INFO] [stdout]    |
[INFO] [stdout] 29 |     let async_agent = AgentBuilder::new(OpenAI::from_env()?.completion(providers::openai::GPT_4O))
[INFO] [stdout]    |                       ^^^^^^^^^^^^ use of undeclared type `AgentBuilder`
[INFO] [stdout] 
[INFO] [stdout] 
[INFO] [stdout] Some errors have detailed explanations: E0432, E0433.
[INFO] [stdout] 
[INFO] [stdout] For more information about an error, try `rustc --explain E0432`.
[INFO] [stdout] 
[INFO] [stdout] error: cannot find attribute `serde` in this scope
[INFO] [stdout]   --> tests/schemars_schema.rs:13:1
[INFO] [stdout]    |
[INFO] [stdout] 13 | #[rig_tool]
[INFO] [stdout]    | ^^^^^^^^^^^
[INFO] [stdout]    |
[INFO] [stdout]    = note: `serde` is in scope, but it is a crate, not an attribute
[INFO] [stdout]    = note: this error originates in the attribute macro `rig_tool` (in Nightly builds, run with -Z macro-backtrace for more info)
[INFO] [stdout] 
[INFO] [stdout] 
[INFO] [stdout] error: cannot find attribute `schemars` in this scope
[INFO] [stdout]   --> tests/schemars_schema.rs:13:1
[INFO] [stdout]    |
[INFO] [stdout] 13 | #[rig_tool]
[INFO] [stdout]    | ^^^^^^^^^^^
[INFO] [stdout]    |
[INFO] [stdout]    = note: `schemars` is in scope, but it is a crate, not an attribute
[INFO] [stdout]    = note: this error originates in the attribute macro `rig_tool` (in Nightly builds, run with -Z macro-backtrace for more info)
[INFO] [stdout] 
[INFO] [stdout] 
[INFO] [stdout] error: cannot find attribute `serde` in this scope
[INFO] [stdout]   --> tests/schemars_schema.rs:40:1
[INFO] [stdout]    |
[INFO] [stdout] 40 | / #[rig_tool(
[INFO] [stdout] 41 | |     description = "Override description",
[INFO] [stdout] 42 | |     params(query = "Override param doc")
[INFO] [stdout] 43 | | )]
[INFO] [stdout]    | |__^
[INFO] [stdout]    |
[INFO] [stdout]    = note: `serde` is in scope, but it is a crate, not an attribute
[INFO] [stdout]    = note: this error originates in the attribute macro `rig_tool` (in Nightly builds, run with -Z macro-backtrace for more info)
[INFO] [stdout] 
[INFO] [stdout] 
[INFO] [stdout] error: cannot find attribute `serde` in this scope
[INFO] [stdout]  --> examples/rig_tool/full.rs:7:1
[INFO] [stdout]   |
[INFO] [stdout] 7 | #[rig_tool]
[INFO] [stdout]   | ^^^^^^^^^^^
[INFO] [stdout]   |
[INFO] [stdout]   = note: `serde` is an attribute that can be used by the derive macros `Deserialize`, `JsonSchema`, `JsonSchema_repr` and `Serialize`, you might be missing a `derive` attribute
[INFO] [stdout]   = note: `serde` is in scope, but it is a crate, not an attribute
[INFO] [stdout]   = note: this error originates in the attribute macro `rig_tool` (in Nightly builds, run with -Z macro-backtrace for more info)
[INFO] [stdout] 
[INFO] [stdout] 
[INFO] [stdout] error: cannot find attribute `schemars` in this scope
[INFO] [stdout]   --> tests/schemars_schema.rs:40:1
[INFO] [stdout]    |
[INFO] [stdout] 40 | / #[rig_tool(
[INFO] [stdout] 41 | |     description = "Override description",
[INFO] [stdout] 42 | |     params(query = "Override param doc")
[INFO] [stdout] 43 | | )]
[INFO] [stdout]    | |__^
[INFO] [stdout]    |
[INFO] [stdout]    = note: `schemars` is in scope, but it is a crate, not an attribute
[INFO] [stdout]    = note: this error originates in the attribute macro `rig_tool` (in Nightly builds, run with -Z macro-backtrace for more info)
[INFO] [stdout] 
[INFO] [stdout] 
[INFO] [stdout] error: cannot find attribute `schemars` in this scope
[INFO] [stdout]  --> examples/rig_tool/full.rs:7:1
[INFO] [stdout]   |
[INFO] [stdout] 7 | #[rig_tool]
[INFO] [stdout]   | ^^^^^^^^^^^
[INFO] [stdout]   |
[INFO] [stdout]   = note: `schemars` is an attribute that can be used by the derive macros `JsonSchema` and `JsonSchema_repr`, you might be missing a `derive` attribute
[INFO] [stdout]   = note: `schemars` is in scope, but it is a crate, not an attribute
[INFO] [stdout]   = note: this error originates in the attribute macro `rig_tool` (in Nightly builds, run with -Z macro-backtrace for more info)
[INFO] [stdout] 
[INFO] [stdout] 
[INFO] [stdout] error: cannot find attribute `serde` in this scope
[INFO] [stdout]   --> tests/schemars_schema.rs:62:1
[INFO] [stdout]    |
[INFO] [stdout] 62 | #[rig_tool]
[INFO] [stdout]    | ^^^^^^^^^^^
[INFO] [stdout]    |
[INFO] [stdout]    = note: `serde` is in scope, but it is a crate, not an attribute
[INFO] [stdout]    = note: this error originates in the attribute macro `rig_tool` (in Nightly builds, run with -Z macro-backtrace for more info)
[INFO] [stdout] 
[INFO] [stdout] 
[INFO] [stdout] error: cannot find attribute `schemars` in this scope
[INFO] [stdout]   --> tests/schemars_schema.rs:62:1
[INFO] [stdout]    |
[INFO] [stdout] 62 | #[rig_tool]
[INFO] [stdout]    | ^^^^^^^^^^^
[INFO] [stdout]    |
[INFO] [stdout]    = note: `schemars` is in scope, but it is a crate, not an attribute
[INFO] [stdout]    = note: this error originates in the attribute macro `rig_tool` (in Nightly builds, run with -Z macro-backtrace for more info)
[INFO] [stdout] 
[INFO] [stdout] 
[INFO] [stdout] error[E0433]: cannot find module or crate `rig_core` in this scope
[INFO] [stdout]   --> examples/rig_tool/full.rs:13:21
[INFO] [stdout]    |
[INFO] [stdout] 13 | ) -> Result<String, rig_core::tool::ToolExecutionError> {
[INFO] [stdout]    |                     ^^^^^^^^ use of unresolved module or unlinked crate `rig_core`
[INFO] [stdout]    |
[INFO] [stdout]    = help: if you wanted to use a crate named `rig_core`, use `cargo add rig_core` to add it to your `Cargo.toml`
[INFO] [stdout] 
[INFO] [stdout] 
[INFO] [stdout] error: cannot find attribute `serde` in this scope
[INFO] [stdout]    --> tests/schemars_schema.rs:125:1
[INFO] [stdout]     |
[INFO] [stdout] 125 | #[rig_tool]
[INFO] [stdout]     | ^^^^^^^^^^^
[INFO] [stdout]     |
[INFO] [stdout]     = note: `serde` is in scope, but it is a crate, not an attribute
[INFO] [stdout]     = note: this error originates in the attribute macro `rig_tool` (in Nightly builds, run with -Z macro-backtrace for more info)
[INFO] [stdout] 
[INFO] [stdout] 
[INFO] [stdout] error[E0433]: cannot find module or crate `rig_core` in this scope
[INFO] [stdout]   --> examples/rig_tool/full.rs:19:24
[INFO] [stdout]    |
[INFO] [stdout] 19 |             return Err(rig_core::tool::ToolExecutionError::other(format!(
[INFO] [stdout]    |                        ^^^^^^^^ use of unresolved module or unlinked crate `rig_core`
[INFO] [stdout]    |
[INFO] [stdout]    = help: if you wanted to use a crate named `rig_core`, use `cargo add rig_core` to add it to your `Cargo.toml`
[INFO] [stdout] 
[INFO] [stdout] 
[INFO] [stdout] error: cannot find attribute `schemars` in this scope
[INFO] [stdout]    --> tests/schemars_schema.rs:125:1
[INFO] [stdout]     |
[INFO] [stdout] 125 | #[rig_tool]
[INFO] [stdout]     | ^^^^^^^^^^^
[INFO] [stdout]     |
[INFO] [stdout]     = note: `schemars` is in scope, but it is a crate, not an attribute
[INFO] [stdout]     = note: this error originates in the attribute macro `rig_tool` (in Nightly builds, run with -Z macro-backtrace for more info)
[INFO] [stdout] 
[INFO] [stdout] 
[INFO] [stdout] error: cannot find attribute `serde` in this scope
[INFO] [stdout]    --> tests/schemars_schema.rs:146:1
[INFO] [stdout]     |
[INFO] [stdout] 146 | #[rig_tool]
[INFO] [stdout]     | ^^^^^^^^^^^
[INFO] [stdout]     |
[INFO] [stdout]     = note: `serde` is in scope, but it is a crate, not an attribute
[INFO] [stdout]     = note: this error originates in the attribute macro `rig_tool` (in Nightly builds, run with -Z macro-backtrace for more info)
[INFO] [stdout] 
[INFO] [stdout] 
[INFO] [stdout] error: cannot find attribute `schemars` in this scope
[INFO] [stdout]    --> tests/schemars_schema.rs:146:1
[INFO] [stdout]     |
[INFO] [stdout] 146 | #[rig_tool]
[INFO] [stdout]     | ^^^^^^^^^^^
[INFO] [stdout]     |
[INFO] [stdout]     = note: `schemars` is in scope, but it is a crate, not an attribute
[INFO] [stdout]     = note: this error originates in the attribute macro `rig_tool` (in Nightly builds, run with -Z macro-backtrace for more info)
[INFO] [stdout] 
[INFO] [stdout] 
[INFO] [stdout] error: cannot find attribute `serde` in this scope
[INFO] [stdout]    --> tests/schemars_schema.rs:165:1
[INFO] [stdout]     |
[INFO] [stdout] 165 | #[rig_tool]
[INFO] [stdout]     | ^^^^^^^^^^^
[INFO] [stdout]     |
[INFO] [stdout]     = note: `serde` is in scope, but it is a crate, not an attribute
[INFO] [stdout]     = note: this error originates in the attribute macro `rig_tool` (in Nightly builds, run with -Z macro-backtrace for more info)
[INFO] [stdout] 
[INFO] [stdout] 
[INFO] [stdout] error: cannot find attribute `schemars` in this scope
[INFO] [stdout]    --> tests/schemars_schema.rs:165:1
[INFO] [stdout]     |
[INFO] [stdout] 165 | #[rig_tool]
[INFO] [stdout]     | ^^^^^^^^^^^
[INFO] [stdout]     |
[INFO] [stdout]     = note: `schemars` is in scope, but it is a crate, not an attribute
[INFO] [stdout]     = note: this error originates in the attribute macro `rig_tool` (in Nightly builds, run with -Z macro-backtrace for more info)
[INFO] [stdout] 
[INFO] [stdout] 
[INFO] [stdout] error: cannot find attribute `serde` in this scope
[INFO] [stdout]    --> tests/schemars_schema.rs:185:1
[INFO] [stdout]     |
[INFO] [stdout] 185 | #[rig_tool]
[INFO] [stdout]     | ^^^^^^^^^^^
[INFO] [stdout]     |
[INFO] [stdout]     = note: `serde` is in scope, but it is a crate, not an attribute
[INFO] [stdout]     = note: this error originates in the attribute macro `rig_tool` (in Nightly builds, run with -Z macro-backtrace for more info)
[INFO] [stdout] 
[INFO] [stdout] 
[INFO] [stdout] error: cannot find attribute `schemars` in this scope
[INFO] [stdout]    --> tests/schemars_schema.rs:185:1
[INFO] [stdout]     |
[INFO] [stdout] 185 | #[rig_tool]
[INFO] [stdout]     | ^^^^^^^^^^^
[INFO] [stdout]     |
[INFO] [stdout]     = note: `schemars` is in scope, but it is a crate, not an attribute
[INFO] [stdout]     = note: this error originates in the attribute macro `rig_tool` (in Nightly builds, run with -Z macro-backtrace for more info)
[INFO] [stdout] 
[INFO] [stdout] 
[INFO] [stdout] error: cannot find attribute `serde` in this scope
[INFO] [stdout]    --> tests/schemars_schema.rs:202:1
[INFO] [stdout]     |
[INFO] [stdout] 202 | #[rig_tool]
[INFO] [stdout]     | ^^^^^^^^^^^
[INFO] [stdout]     |
[INFO] [stdout]     = note: `serde` is in scope, but it is a crate, not an attribute
[INFO] [stdout]     = note: this error originates in the attribute macro `rig_tool` (in Nightly builds, run with -Z macro-backtrace for more info)
[INFO] [stdout] 
[INFO] [stdout] 
[INFO] [stdout] error: cannot find attribute `schemars` in this scope
[INFO] [stdout]    --> tests/schemars_schema.rs:202:1
[INFO] [stdout]     |
[INFO] [stdout] 202 | #[rig_tool]
[INFO] [stdout]     | ^^^^^^^^^^^
[INFO] [stdout]     |
[INFO] [stdout]     = note: `schemars` is in scope, but it is a crate, not an attribute
[INFO] [stdout]     = note: this error originates in the attribute macro `rig_tool` (in Nightly builds, run with -Z macro-backtrace for more info)
[INFO] [stdout] 
[INFO] [stdout] 
[INFO] [stdout] error: cannot find attribute `serde` in this scope
[INFO] [stdout]    --> tests/schemars_schema.rs:240:7
[INFO] [stdout]     |
[INFO] [stdout] 240 |     #[serde(rename = "asc")]
[INFO] [stdout]     |       ^^^^^
[INFO] [stdout]     |
[INFO] [stdout]     = note: `serde` is in scope, but it is a crate, not an attribute
[INFO] [stdout] 
[INFO] [stdout] 
[INFO] [stdout] error: cannot find attribute `serde` in this scope
[INFO] [stdout]    --> tests/schemars_schema.rs:242:7
[INFO] [stdout]     |
[INFO] [stdout] 242 |     #[serde(rename = "desc")]
[INFO] [stdout]     |       ^^^^^
[INFO] [stdout]     |
[INFO] [stdout]     = note: `serde` is in scope, but it is a crate, not an attribute
[INFO] [stdout] 
[INFO] [stdout] 
[INFO] [stdout] error: cannot find attribute `serde` in this scope
[INFO] [stdout]    --> tests/schemars_schema.rs:247:1
[INFO] [stdout]     |
[INFO] [stdout] 247 | #[rig_tool]
[INFO] [stdout]     | ^^^^^^^^^^^
[INFO] [stdout]     |
[INFO] [stdout]     = note: `serde` is in scope, but it is a crate, not an attribute
[INFO] [stdout]     = note: this error originates in the attribute macro `rig_tool` (in Nightly builds, run with -Z macro-backtrace for more info)
[INFO] [stdout] 
[INFO] [stdout] 
[INFO] [stdout] error: cannot find attribute `schemars` in this scope
[INFO] [stdout]    --> tests/schemars_schema.rs:247:1
[INFO] [stdout]     |
[INFO] [stdout] 247 | #[rig_tool]
[INFO] [stdout]     | ^^^^^^^^^^^
[INFO] [stdout]     |
[INFO] [stdout]     = note: `schemars` is in scope, but it is a crate, not an attribute
[INFO] [stdout]     = note: this error originates in the attribute macro `rig_tool` (in Nightly builds, run with -Z macro-backtrace for more info)
[INFO] [stdout] 
[INFO] [stdout] 
[INFO] [stdout] error: cannot find attribute `serde` in this scope
[INFO] [stdout]    --> tests/schemars_schema.rs:269:1
[INFO] [stdout]     |
[INFO] [stdout] 269 | #[rig_tool]
[INFO] [stdout]     | ^^^^^^^^^^^
[INFO] [stdout]     |
[INFO] [stdout]     = note: `serde` is in scope, but it is a crate, not an attribute
[INFO] [stdout]     = note: this error originates in the attribute macro `rig_tool` (in Nightly builds, run with -Z macro-backtrace for more info)
[INFO] [stdout] 
[INFO] [stdout] 
[INFO] [stdout] error: cannot find attribute `schemars` in this scope
[INFO] [stdout]    --> tests/schemars_schema.rs:269:1
[INFO] [stdout]     |
[INFO] [stdout] 269 | #[rig_tool]
[INFO] [stdout]     | ^^^^^^^^^^^
[INFO] [stdout]     |
[INFO] [stdout]     = note: `schemars` is in scope, but it is a crate, not an attribute
[INFO] [stdout]     = note: this error originates in the attribute macro `rig_tool` (in Nightly builds, run with -Z macro-backtrace for more info)
[INFO] [stdout] 
[INFO] [stdout] 
[INFO] [stdout] error: cannot find attribute `serde` in this scope
[INFO] [stdout]    --> tests/schemars_schema.rs:298:1
[INFO] [stdout]     |
[INFO] [stdout] 298 | #[rig_tool]
[INFO] [stdout]     | ^^^^^^^^^^^
[INFO] [stdout]     |
[INFO] [stdout]     = note: `serde` is in scope, but it is a crate, not an attribute
[INFO] [stdout]     = note: this error originates in the attribute macro `rig_tool` (in Nightly builds, run with -Z macro-backtrace for more info)
[INFO] [stdout] 
[INFO] [stdout] 
[INFO] [stdout] error: cannot find attribute `schemars` in this scope
[INFO] [stdout]    --> tests/schemars_schema.rs:298:1
[INFO] [stdout]     |
[INFO] [stdout] 298 | #[rig_tool]
[INFO] [stdout]     | ^^^^^^^^^^^
[INFO] [stdout]     |
[INFO] [stdout]     = note: `schemars` is in scope, but it is a crate, not an attribute
[INFO] [stdout]     = note: this error originates in the attribute macro `rig_tool` (in Nightly builds, run with -Z macro-backtrace for more info)
[INFO] [stdout] 
[INFO] [stdout] 
[INFO] [stdout] error: cannot find attribute `serde` in this scope
[INFO] [stdout]    --> tests/schemars_schema.rs:341:1
[INFO] [stdout]     |
[INFO] [stdout] 341 | #[rig_tool]
[INFO] [stdout]     | ^^^^^^^^^^^
[INFO] [stdout]     |
[INFO] [stdout]     = note: `serde` is in scope, but it is a crate, not an attribute
[INFO] [stdout]     = note: this error originates in the attribute macro `rig_tool` (in Nightly builds, run with -Z macro-backtrace for more info)
[INFO] [stdout] 
[INFO] [stdout] 
[INFO] [stdout] error: cannot find attribute `schemars` in this scope
[INFO] [stdout]    --> tests/schemars_schema.rs:341:1
[INFO] [stdout]     |
[INFO] [stdout] 341 | #[rig_tool]
[INFO] [stdout]     | ^^^^^^^^^^^
[INFO] [stdout]     |
[INFO] [stdout]     = note: `schemars` is in scope, but it is a crate, not an attribute
[INFO] [stdout]     = note: this error originates in the attribute macro `rig_tool` (in Nightly builds, run with -Z macro-backtrace for more info)
[INFO] [stdout] 
[INFO] [stdout] 
[INFO] [stdout] error[E0433]: cannot find module or crate `rig_agent` in this scope
[INFO] [stdout]   --> examples/rig_tool/full.rs:41:39
[INFO] [stdout]    |
[INFO] [stdout] 41 |         serde_json::to_string_pretty(&rig_agent::tool::tool_definition(&StringProcessor))?
[INFO] [stdout]    |                                       ^^^^^^^^^ use of unresolved module or unlinked crate `rig_agent`
[INFO] [stdout]    |
[INFO] [stdout]    = help: if you wanted to use a crate named `rig_agent`, use `cargo add rig_agent` to add it to your `Cargo.toml`
[INFO] [stdout] 
[INFO] [stdout] 
[INFO] [stdout] error[E0433]: cannot find type `AgentBuilder` in this scope
[INFO] [stdout]   --> examples/rig_tool/full.rs:32:24
[INFO] [stdout]    |
[INFO] [stdout] 32 |     let string_agent = AgentBuilder::new(OpenAI::from_env()?.completion(providers::openai::GPT_4O))
[INFO] [stdout]    |                        ^^^^^^^^^^^^ use of undeclared type `AgentBuilder`
[INFO] [stdout] 
[INFO] [stdout] 
[INFO] [stdout] Some errors have detailed explanations: E0432, E0433.
[INFO] [stdout] 
[INFO] [stdout] For more information about an error, try `rustc --explain E0432`.
[INFO] [stdout] 
[INFO] [stdout] error[E0433]: cannot find module or crate `rig_core` in this scope
[INFO] [stdout]   --> tests/schemars_schema.rs:19:18
[INFO] [stdout]    |
[INFO] [stdout] 19 | ) -> Result<i32, rig_core::tool::ToolExecutionError> {
[INFO] [stdout]    |                  ^^^^^^^^ use of unresolved module or unlinked crate `rig_core`
[INFO] [stdout]    |
[INFO] [stdout]    = help: if you wanted to use a crate named `rig_core`, use `cargo add rig_core` to add it to your `Cargo.toml`
[INFO] [stdout] 
[INFO] [stdout] 
[INFO] [stderr] error: could not compile `rig-derive` (example "full") due to 10 previous errors
[INFO] [stdout] error[E0433]: cannot find module or crate `rig_agent` in this scope
[INFO] [stdout]   --> tests/schemars_schema.rs:25:15
[INFO] [stdout]    |
[INFO] [stdout] 25 |     let def = rig_agent::tool::tool_definition(&AddDoc);
[INFO] [stdout]    |               ^^^^^^^^^ use of unresolved module or unlinked crate `rig_agent`
[INFO] [stdout]    |
[INFO] [stdout]    = help: if you wanted to use a crate named `rig_agent`, use `cargo add rig_agent` to add it to your `Cargo.toml`
[INFO] [stdout] 
[INFO] [stdout] 
[INFO] [stdout] error[E0433]: cannot find module or crate `rig_agent` in this scope
[INFO] [stdout]   --> tests/schemars_schema.rs:31:15
[INFO] [stdout]    |
[INFO] [stdout] 31 |     let def = rig_agent::tool::tool_definition(&AddDoc);
[INFO] [stdout]    |               ^^^^^^^^^ use of unresolved module or unlinked crate `rig_agent`
[INFO] [stdout]    |
[INFO] [stdout]    = help: if you wanted to use a crate named `rig_agent`, use `cargo add rig_agent` to add it to your `Cargo.toml`
[INFO] [stdout] 
[INFO] [stdout] 
[INFO] [stdout] error[E0433]: cannot find module or crate `rig_core` in this scope
[INFO] [stdout]   --> tests/schemars_schema.rs:47:21
[INFO] [stdout]    |
[INFO] [stdout] 47 | ) -> Result<String, rig_core::tool::ToolExecutionError> {
[INFO] [stdout]    |                     ^^^^^^^^ use of unresolved module or unlinked crate `rig_core`
[INFO] [stdout]    |
[INFO] [stdout]    = help: if you wanted to use a crate named `rig_core`, use `cargo add rig_core` to add it to your `Cargo.toml`
[INFO] [stdout] 
[INFO] [stdout] 
[INFO] [stdout] error[E0433]: cannot find module or crate `rig_agent` in this scope
[INFO] [stdout]   --> tests/schemars_schema.rs:53:15
[INFO] [stdout]    |
[INFO] [stdout] 53 |     let def = rig_agent::tool::tool_definition(&SearchOverride);
[INFO] [stdout]    |               ^^^^^^^^^ use of unresolved module or unlinked crate `rig_agent`
[INFO] [stdout]    |
[INFO] [stdout]    = help: if you wanted to use a crate named `rig_agent`, use `cargo add rig_agent` to add it to your `Cargo.toml`
[INFO] [stdout] 
[INFO] [stdout] 
[INFO] [stdout] error[E0433]: cannot find module or crate `rig_core` in this scope
[INFO] [stdout]   --> tests/schemars_schema.rs:68:21
[INFO] [stdout]    |
[INFO] [stdout] 68 | ) -> Result<String, rig_core::tool::ToolExecutionError> {
[INFO] [stdout]    |                     ^^^^^^^^ use of unresolved module or unlinked crate `rig_core`
[INFO] [stdout]    |
[INFO] [stdout]    = help: if you wanted to use a crate named `rig_core`, use `cargo add rig_core` to add it to your `Cargo.toml`
[INFO] [stdout] 
[INFO] [stdout] 
[INFO] [stdout] error[E0433]: cannot find module or crate `rig_agent` in this scope
[INFO] [stdout]   --> tests/schemars_schema.rs:74:15
[INFO] [stdout]    |
[INFO] [stdout] 74 |     let def = rig_agent::tool::tool_definition(&SearchOptional);
[INFO] [stdout]    |               ^^^^^^^^^ use of unresolved module or unlinked crate `rig_agent`
[INFO] [stdout]    |
[INFO] [stdout]    = help: if you wanted to use a crate named `rig_agent`, use `cargo add rig_agent` to add it to your `Cargo.toml`
[INFO] [stdout] 
[INFO] [stdout] 
[INFO] [stdout] error[E0433]: cannot find module or crate `rig_agent` in this scope
[INFO] [stdout]   --> tests/schemars_schema.rs:96:15
[INFO] [stdout]    |
[INFO] [stdout] 96 |     let def = rig_agent::tool::tool_definition(&SearchOptional);
[INFO] [stdout]    |               ^^^^^^^^^ use of unresolved module or unlinked crate `rig_agent`
[INFO] [stdout]    |
[INFO] [stdout]    = help: if you wanted to use a crate named `rig_agent`, use `cargo add rig_agent` to add it to your `Cargo.toml`
[INFO] [stdout] 
[INFO] [stdout] 
[INFO] [stdout] error[E0433]: cannot find module or crate `rig_core` in this scope
[INFO] [stdout]    --> tests/schemars_schema.rs:131:21
[INFO] [stdout]     |
[INFO] [stdout] 131 | ) -> Result<String, rig_core::tool::ToolExecutionError> {
[INFO] [stdout]     |                     ^^^^^^^^ use of unresolved module or unlinked crate `rig_core`
[INFO] [stdout]     |
[INFO] [stdout]     = help: if you wanted to use a crate named `rig_core`, use `cargo add rig_core` to add it to your `Cargo.toml`
[INFO] [stdout] 
[INFO] [stdout] 
[INFO] [stdout] error[E0433]: cannot find module or crate `rig_agent` in this scope
[INFO] [stdout]    --> tests/schemars_schema.rs:137:15
[INFO] [stdout]     |
[INFO] [stdout] 137 |     let def = rig_agent::tool::tool_definition(&NumericTypes);
[INFO] [stdout]     |               ^^^^^^^^^ use of unresolved module or unlinked crate `rig_agent`
[INFO] [stdout]     |
[INFO] [stdout]     = help: if you wanted to use a crate named `rig_agent`, use `cargo add rig_agent` to add it to your `Cargo.toml`
[INFO] [stdout] 
[INFO] [stdout] 
[INFO] [stdout] error[E0433]: cannot find module or crate `rig_core` in this scope
[INFO] [stdout]    --> tests/schemars_schema.rs:150:18
[INFO] [stdout]     |
[INFO] [stdout] 150 | ) -> Result<i64, rig_core::tool::ToolExecutionError> {
[INFO] [stdout]     |                  ^^^^^^^^ use of unresolved module or unlinked crate `rig_core`
[INFO] [stdout]     |
[INFO] [stdout]     = help: if you wanted to use a crate named `rig_core`, use `cargo add rig_core` to add it to your `Cargo.toml`
[INFO] [stdout] 
[INFO] [stdout] 
[INFO] [stdout] error[E0433]: cannot find module or crate `rig_agent` in this scope
[INFO] [stdout]    --> tests/schemars_schema.rs:156:15
[INFO] [stdout]     |
[INFO] [stdout] 156 |     let def = rig_agent::tool::tool_definition(&SumVec);
[INFO] [stdout]     |               ^^^^^^^^^ use of unresolved module or unlinked crate `rig_agent`
[INFO] [stdout]     |
[INFO] [stdout]     = help: if you wanted to use a crate named `rig_agent`, use `cargo add rig_agent` to add it to your `Cargo.toml`
[INFO] [stdout] 
[INFO] [stdout] 
[INFO] [stdout] error[E0433]: cannot find module or crate `rig_core` in this scope
[INFO] [stdout]    --> tests/schemars_schema.rs:166:31
[INFO] [stdout]     |
[INFO] [stdout] 166 | fn no_params() -> Result<i32, rig_core::tool::ToolExecutionError> {
[INFO] [stdout]     |                               ^^^^^^^^ use of unresolved module or unlinked crate `rig_core`
[INFO] [stdout]     |
[INFO] [stdout]     = help: if you wanted to use a crate named `rig_core`, use `cargo add rig_core` to add it to your `Cargo.toml`
[INFO] [stdout] 
[INFO] [stdout] 
[INFO] [stdout] error[E0433]: cannot find module or crate `rig_agent` in this scope
[INFO] [stdout]    --> tests/schemars_schema.rs:172:15
[INFO] [stdout]     |
[INFO] [stdout] 172 |     let def = rig_agent::tool::tool_definition(&NoParams);
[INFO] [stdout]     |               ^^^^^^^^^ use of unresolved module or unlinked crate `rig_agent`
[INFO] [stdout]     |
[INFO] [stdout]     = help: if you wanted to use a crate named `rig_agent`, use `cargo add rig_agent` to add it to your `Cargo.toml`
[INFO] [stdout] 
[INFO] [stdout] 
[INFO] [stdout] error[E0433]: cannot find module or crate `rig_core` in this scope
[INFO] [stdout]    --> tests/schemars_schema.rs:189:19
[INFO] [stdout]     |
[INFO] [stdout] 189 | ) -> Result<bool, rig_core::tool::ToolExecutionError> {
[INFO] [stdout]     |                   ^^^^^^^^ use of unresolved module or unlinked crate `rig_core`
[INFO] [stdout]     |
[INFO] [stdout]     = help: if you wanted to use a crate named `rig_core`, use `cargo add rig_core` to add it to your `Cargo.toml`
[INFO] [stdout] 
[INFO] [stdout] 
[INFO] [stdout] error[E0433]: cannot find module or crate `rig_agent` in this scope
[INFO] [stdout]    --> tests/schemars_schema.rs:195:15
[INFO] [stdout]     |
[INFO] [stdout] 195 |     let def = rig_agent::tool::tool_definition(&Toggle);
[INFO] [stdout]     |               ^^^^^^^^^ use of unresolved module or unlinked crate `rig_agent`
[INFO] [stdout]     |
[INFO] [stdout]     = help: if you wanted to use a crate named `rig_agent`, use `cargo add rig_agent` to add it to your `Cargo.toml`
[INFO] [stdout] 
[INFO] [stdout] 
[INFO] [stdout] error[E0433]: cannot find module or crate `rig_core` in this scope
[INFO] [stdout]    --> tests/schemars_schema.rs:203:35
[INFO] [stdout]     |
[INFO] [stdout] 203 | fn no_docs(x: i32) -> Result<i32, rig_core::tool::ToolExecutionError> {
[INFO] [stdout]     |                                   ^^^^^^^^ use of unresolved module or unlinked crate `rig_core`
[INFO] [stdout]     |
[INFO] [stdout]     = help: if you wanted to use a crate named `rig_core`, use `cargo add rig_core` to add it to your `Cargo.toml`
[INFO] [stdout] 
[INFO] [stdout] 
[INFO] [stdout] error[E0433]: cannot find module or crate `rig_agent` in this scope
[INFO] [stdout]    --> tests/schemars_schema.rs:209:15
[INFO] [stdout]     |
[INFO] [stdout] 209 |     let def = rig_agent::tool::tool_definition(&NoDocs);
[INFO] [stdout]     |               ^^^^^^^^^ use of unresolved module or unlinked crate `rig_agent`
[INFO] [stdout]     |
[INFO] [stdout]     = help: if you wanted to use a crate named `rig_agent`, use `cargo add rig_agent` to add it to your `Cargo.toml`
[INFO] [stdout] 
[INFO] [stdout] 
[INFO] [stdout] error[E0433]: cannot find module or crate `rig_agent` in this scope
[INFO] [stdout]    --> tests/schemars_schema.rs:220:15
[INFO] [stdout]     |
[INFO] [stdout] 220 |     let def = rig_agent::tool::tool_definition(&AddDoc);
[INFO] [stdout]     |               ^^^^^^^^^ use of unresolved module or unlinked crate `rig_agent`
[INFO] [stdout]     |
[INFO] [stdout]     = help: if you wanted to use a crate named `rig_agent`, use `cargo add rig_agent` to add it to your `Cargo.toml`
[INFO] [stdout] 
[INFO] [stdout] 
[INFO] [stdout] error[E0433]: cannot find module or crate `rig_agent` in this scope
[INFO] [stdout]    --> tests/schemars_schema.rs:228:15
[INFO] [stdout]     |
[INFO] [stdout] 228 |     let def = rig_agent::tool::tool_definition(&AddDoc);
[INFO] [stdout]     |               ^^^^^^^^^ use of unresolved module or unlinked crate `rig_agent`
[INFO] [stdout]     |
[INFO] [stdout]     = help: if you wanted to use a crate named `rig_agent`, use `cargo add rig_agent` to add it to your `Cargo.toml`
[INFO] [stdout] 
[INFO] [stdout] 
[INFO] [stdout] error[E0433]: cannot find module or crate `rig_core` in this scope
[INFO] [stdout]    --> tests/schemars_schema.rs:251:21
[INFO] [stdout]     |
[INFO] [stdout] 251 | ) -> Result<String, rig_core::tool::ToolExecutionError> {
[INFO] [stdout]     |                     ^^^^^^^^ use of unresolved module or unlinked crate `rig_core`
[INFO] [stdout]     |
[INFO] [stdout]     = help: if you wanted to use a crate named `rig_core`, use `cargo add rig_core` to add it to your `Cargo.toml`
[INFO] [stdout] 
[INFO] [stdout] 
[INFO] [stdout] error[E0433]: cannot find module or crate `rig_agent` in this scope
[INFO] [stdout]    --> tests/schemars_schema.rs:257:15
[INFO] [stdout]     |
[INFO] [stdout] 257 |     let def = rig_agent::tool::tool_definition(&SortItems);
[INFO] [stdout]     |               ^^^^^^^^^ use of unresolved module or unlinked crate `rig_agent`
[INFO] [stdout]     |
[INFO] [stdout]     = help: if you wanted to use a crate named `rig_agent`, use `cargo add rig_agent` to add it to your `Cargo.toml`
[INFO] [stdout] 
[INFO] [stdout] 
[INFO] [stdout] error[E0433]: cannot find module or crate `rig_core` in this scope
[INFO] [stdout]    --> tests/schemars_schema.rs:273:21
[INFO] [stdout]     |
[INFO] [stdout] 273 | ) -> Result<String, rig_core::tool::ToolExecutionError> {
[INFO] [stdout]     |                     ^^^^^^^^ use of unresolved module or unlinked crate `rig_core`
[INFO] [stdout]     |
[INFO] [stdout]     = help: if you wanted to use a crate named `rig_core`, use `cargo add rig_core` to add it to your `Cargo.toml`
[INFO] [stdout] 
[INFO] [stdout] 
[INFO] [stdout] error[E0433]: cannot find module or crate `rig_agent` in this scope
[INFO] [stdout]    --> tests/schemars_schema.rs:279:15
[INFO] [stdout]     |
[INFO] [stdout] 279 |     let def = rig_agent::tool::tool_definition(&StoreMetadata);
[INFO] [stdout]     |               ^^^^^^^^^ use of unresolved module or unlinked crate `rig_agent`
[INFO] [stdout]     |
[INFO] [stdout]     = help: if you wanted to use a crate named `rig_agent`, use `cargo add rig_agent` to add it to your `Cargo.toml`
[INFO] [stdout] 
[INFO] [stdout] 
[INFO] [stdout] error[E0433]: cannot find module or crate `rig_core` in this scope
[INFO] [stdout]    --> tests/schemars_schema.rs:304:26
[INFO] [stdout]     |
[INFO] [stdout] 304 | ) -> Result<Vec<String>, rig_core::tool::ToolExecutionError> {
[INFO] [stdout]     |                          ^^^^^^^^ use of unresolved module or unlinked crate `rig_core`
[INFO] [stdout]     |
[INFO] [stdout]     = help: if you wanted to use a crate named `rig_core`, use `cargo add rig_core` to add it to your `Cargo.toml`
[INFO] [stdout] 
[INFO] [stdout] 
[INFO] [stdout] error[E0433]: cannot find module or crate `rig_agent` in this scope
[INFO] [stdout]    --> tests/schemars_schema.rs:313:15
[INFO] [stdout]     |
[INFO] [stdout] 313 |     let def = rig_agent::tool::tool_definition(&FindNearby);
[INFO] [stdout]     |               ^^^^^^^^^ use of unresolved module or unlinked crate `rig_agent`
[INFO] [stdout]     |
[INFO] [stdout]     = help: if you wanted to use a crate named `rig_agent`, use `cargo add rig_agent` to add it to your `Cargo.toml`
[INFO] [stdout] 
[INFO] [stdout] 
[INFO] [stdout] error[E0433]: cannot find module or crate `rig_core` in this scope
[INFO] [stdout]    --> tests/schemars_schema.rs:345:21
[INFO] [stdout]     |
[INFO] [stdout] 345 | ) -> Result<String, rig_core::tool::ToolExecutionError> {
[INFO] [stdout]     |                     ^^^^^^^^ use of unresolved module or unlinked crate `rig_core`
[INFO] [stdout]     |
[INFO] [stdout]     = help: if you wanted to use a crate named `rig_core`, use `cargo add rig_core` to add it to your `Cargo.toml`
[INFO] [stdout] 
[INFO] [stdout] 
[INFO] [stdout] error[E0433]: cannot find module or crate `rig_agent` in this scope
[INFO] [stdout]    --> tests/schemars_schema.rs:351:15
[INFO] [stdout]     |
[INFO] [stdout] 351 |     let def = rig_agent::tool::tool_definition(&FetchUrl);
[INFO] [stdout]     |               ^^^^^^^^^ use of unresolved module or unlinked crate `rig_agent`
[INFO] [stdout]     |
[INFO] [stdout]     = help: if you wanted to use a crate named `rig_agent`, use `cargo add rig_agent` to add it to your `Cargo.toml`
[INFO] [stdout] 
[INFO] [stdout] 
[INFO] [stdout] error[E0433]: cannot find module or crate `rig_agent` in this scope
[INFO] [stdout]    --> tests/schemars_schema.rs:361:18
[INFO] [stdout]     |
[INFO] [stdout] 361 |             &mut rig_agent::tool::ToolContext::new(),
[INFO] [stdout]     |                  ^^^^^^^^^ use of unresolved module or unlinked crate `rig_agent`
[INFO] [stdout]     |
[INFO] [stdout]     = help: if you wanted to use a crate named `rig_agent`, use `cargo add rig_agent` to add it to your `Cargo.toml`
[INFO] [stdout] 
[INFO] [stdout] 
[INFO] [stdout] For more information about this error, try `rustc --explain E0433`.
[INFO] [stdout] 
[INFO] [stderr] error: could not compile `rig-derive` (test "schemars_schema") due to 72 previous errors
[INFO] running `Command { std: "docker" "inspect" "c4e3ed14264066c39e0d55a38f06f8bcda7c9c6fd115b88c6eabbbaf32962a69", kill_on_drop: false }`
[INFO] running `Command { std: "docker" "rm" "-f" "c4e3ed14264066c39e0d55a38f06f8bcda7c9c6fd115b88c6eabbbaf32962a69", kill_on_drop: false }`
[INFO] [stdout] c4e3ed14264066c39e0d55a38f06f8bcda7c9c6fd115b88c6eabbbaf32962a69
