[INFO] fetching crate ridl-backend-proto 0.10.0...
[INFO] testing ridl-backend-proto-0.10.0 against 1.100.0-beta.1+cargoflags=--release for beta-release-1.100-2
[INFO] extracting crate ridl-backend-proto 0.10.0 into /workspace/builds/worker-3-tc2/source
[INFO] started tweaking crates.io crate ridl-backend-proto 0.10.0
[INFO] removed 0 missing tests
[INFO] finished tweaking crates.io crate ridl-backend-proto 0.10.0
[INFO] tweaked toml for crates.io crate ridl-backend-proto 0.10.0 written to /workspace/builds/worker-3-tc2/source/Cargo.toml
[INFO] validating manifest of crates.io crate ridl-backend-proto 0.10.0 on toolchain 1.100.0-beta.1
[INFO] running `Command { std: CARGO_HOME="/workspace/cargo-home" RUSTUP_HOME="/workspace/rustup-home" "/workspace/cargo-home/bin/cargo" "+1.100.0-beta.1" "metadata" "--manifest-path" "Cargo.toml" "--no-deps", kill_on_drop: false }`
[INFO] crate crates.io crate ridl-backend-proto 0.10.0 already has a lockfile, it will not be regenerated
[INFO] running `Command { std: CARGO_HOME="/workspace/cargo-home" RUSTUP_HOME="/workspace/rustup-home" "/workspace/cargo-home/bin/cargo" "+1.100.0-beta.1" "fetch" "--manifest-path" "Cargo.toml", kill_on_drop: false }`
[INFO] running `Command { std: "docker" "create" "-v" "/var/lib/crater-agent-workspace/builds/worker-3-tc2/source:/opt/rustwide/workdir:ro,Z" "-v" "/var/lib/crater-agent-workspace/builds/worker-3-tc2/target:/opt/rustwide/target:rw,Z" "-v" "/var/lib/crater-agent-workspace/cargo-home:/opt/rustwide/cargo-home:ro,Z" "-v" "/var/lib/crater-agent-workspace/rustup-home:/opt/rustwide/rustup-home:ro,Z" "-m" "1610612736" "--network" "none" "ghcr.io/rust-lang/crates-build-env/linux@sha256:77db811e55d90add9212f6832c23229e3de5f1c1f9905e8cb07319ea15df73ac" "sleep" "infinity", kill_on_drop: false }`
[INFO] [stdout] eecd3d60e66ca19b529d0395ba27b1d0498f9f5cbb81e2b46e5b8f05fe46cdf7
[INFO] running `Command { std: "docker" "start" "eecd3d60e66ca19b529d0395ba27b1d0498f9f5cbb81e2b46e5b8f05fe46cdf7", kill_on_drop: false }`
[INFO] running `Command { std: "docker" "inspect" "eecd3d60e66ca19b529d0395ba27b1d0498f9f5cbb81e2b46e5b8f05fe46cdf7", kill_on_drop: false }`
[INFO] running `Command { std: "docker" "exec" "-e" "SOURCE_DIR=/opt/rustwide/workdir" "-e" "CARGO_HOME=/opt/rustwide/cargo-home" "-e" "RUSTUP_HOME=/opt/rustwide/rustup-home" "-e" "CARGO_TARGET_DIR=/opt/rustwide/target" "-w" "/opt/rustwide/workdir" "--user" "0:0" "eecd3d60e66ca19b529d0395ba27b1d0498f9f5cbb81e2b46e5b8f05fe46cdf7" "/opt/rustwide/cargo-home/bin/cargo" "+1.100.0-beta.1" "metadata" "--no-deps" "--format-version=1", kill_on_drop: false }`
[INFO] running `Command { std: "docker" "inspect" "eecd3d60e66ca19b529d0395ba27b1d0498f9f5cbb81e2b46e5b8f05fe46cdf7", kill_on_drop: false }`
[INFO] running `Command { std: "docker" "exec" "-e" "SOURCE_DIR=/opt/rustwide/workdir" "-e" "CARGO_HOME=/opt/rustwide/cargo-home" "-e" "RUSTUP_HOME=/opt/rustwide/rustup-home" "-e" "CARGO_TARGET_DIR=/opt/rustwide/target" "-e" "CARGO_INCREMENTAL=0" "-e" "RUST_BACKTRACE=full" "-e" "RUSTFLAGS=--cap-lints=warn" "-e" "RUSTDOCFLAGS=--cap-lints=warn" "-w" "/opt/rustwide/workdir" "--user" "0:0" "eecd3d60e66ca19b529d0395ba27b1d0498f9f5cbb81e2b46e5b8f05fe46cdf7" "/opt/rustwide/cargo-home/bin/cargo" "+1.100.0-beta.1" "build" "--frozen" "--message-format=json" "--release", kill_on_drop: false }`
[INFO] [stderr]    Compiling anyhow v1.0.103
[INFO] [stderr]    Compiling either v1.16.0
[INFO] [stderr]    Compiling aho-corasick v1.1.4
[INFO] [stderr]    Compiling bytes v1.12.1
[INFO] [stderr]    Compiling bitflags v2.13.1
[INFO] [stderr]    Compiling logos-codegen v0.15.1
[INFO] [stderr]    Compiling rustix v1.1.4
[INFO] [stderr]    Compiling foldhash v0.1.5
[INFO] [stderr]    Compiling syn v2.0.119
[INFO] [stderr]    Compiling indexmap v2.14.0
[INFO] [stderr]    Compiling once_cell v1.21.4
[INFO] [stderr]    Compiling fastrand v2.4.1
[INFO] [stderr]    Compiling fixedbitset v0.5.7
[INFO] [stderr]    Compiling log v0.4.33
[INFO] [stderr]    Compiling serde_json v1.0.150
[INFO] [stderr]    Compiling itertools v0.14.0
[INFO] [stderr]    Compiling hashbrown v0.15.5
[INFO] [stderr]    Compiling digest v0.10.7
[INFO] [stderr]    Compiling sha2 v0.10.9
[INFO] [stderr]    Compiling petgraph v0.8.3
[INFO] [stderr]    Compiling regex-automata v0.4.16
[INFO] [stderr]    Compiling tempfile v3.27.0
[INFO] [stderr]    Compiling prettyplease v0.2.37
[INFO] [stderr]    Compiling logos-codegen v0.16.1
[INFO] [stderr]    Compiling regex v1.13.1
[INFO] [stderr]    Compiling prost-derive v0.14.4
[INFO] [stderr]    Compiling miette-derive v7.6.0
[INFO] [stderr]    Compiling thiserror-impl v2.0.18
[INFO] [stderr]    Compiling serde_derive v1.0.228
[INFO] [stderr]    Compiling logos-derive v0.16.1
[INFO] [stderr]    Compiling logos-derive v0.15.1
[INFO] [stderr]    Compiling logos v0.16.1
[INFO] [stderr]    Compiling logos v0.15.1
[INFO] [stderr]    Compiling miette v7.6.0
[INFO] [stderr]    Compiling thiserror v2.0.18
[INFO] [stderr]    Compiling prost v0.14.4
[INFO] [stderr]    Compiling prost-types v0.14.4
[INFO] [stderr]    Compiling prost-reflect v0.16.5
[INFO] [stderr]    Compiling protox-parse v0.9.0
[INFO] [stderr]    Compiling prost-build v0.14.4
[INFO] [stderr]    Compiling pbjson-build v0.9.0
[INFO] [stderr]    Compiling serde v1.0.228
[INFO] [stderr]    Compiling pbjson v0.9.0
[INFO] [stderr]    Compiling protox v0.9.1
[INFO] [stderr]    Compiling ridl-ir v0.10.0
[INFO] [stderr]    Compiling ridl-backend-proto v0.10.0 (/opt/rustwide/workdir)
[INFO] [stderr]     Finished `release` profile [optimized] target(s) in 1m 20s
[INFO] running `Command { std: "docker" "inspect" "eecd3d60e66ca19b529d0395ba27b1d0498f9f5cbb81e2b46e5b8f05fe46cdf7", kill_on_drop: false }`
[INFO] running `Command { std: "docker" "exec" "-e" "SOURCE_DIR=/opt/rustwide/workdir" "-e" "CARGO_HOME=/opt/rustwide/cargo-home" "-e" "RUSTUP_HOME=/opt/rustwide/rustup-home" "-e" "CARGO_TARGET_DIR=/opt/rustwide/target" "-e" "CARGO_INCREMENTAL=0" "-e" "RUST_BACKTRACE=full" "-e" "RUSTFLAGS=--cap-lints=warn" "-e" "RUSTDOCFLAGS=--cap-lints=warn" "-w" "/opt/rustwide/workdir" "--user" "0:0" "eecd3d60e66ca19b529d0395ba27b1d0498f9f5cbb81e2b46e5b8f05fe46cdf7" "/opt/rustwide/cargo-home/bin/cargo" "+1.100.0-beta.1" "test" "--frozen" "--no-run" "--message-format=json" "--release", kill_on_drop: false }`
[INFO] [stderr]    Compiling prost v0.14.4
[INFO] [stderr]    Compiling miette v7.6.0
[INFO] [stderr]    Compiling num-traits v0.2.19
[INFO] [stderr]    Compiling ppv-lite86 v0.2.21
[INFO] [stderr]    Compiling thiserror v2.0.18
[INFO] [stderr]    Compiling logos v0.15.1
[INFO] [stderr]    Compiling rand v0.9.5
[INFO] [stderr]    Compiling tempfile v3.27.0
[INFO] [stderr]    Compiling console v0.16.4
[INFO] [stderr]    Compiling insta v1.48.0
[INFO] [stderr]    Compiling rand_chacha v0.9.0
[INFO] [stderr]    Compiling prost-types v0.14.4
[INFO] [stderr]    Compiling proptest v1.11.0
[INFO] [stderr]    Compiling prost-reflect v0.16.5
[INFO] [stderr]    Compiling protox-parse v0.9.0
[INFO] [stderr]    Compiling ridl-ir v0.10.0
[INFO] [stderr]    Compiling protox v0.9.1
[INFO] [stderr]    Compiling ridl-backend-proto v0.10.0 (/opt/rustwide/workdir)
[INFO] [stdout] error[E0433]: cannot find module or crate `ridl_core` in this scope
[INFO] [stdout]   --> tests/corpus.rs:69:32
[INFO] [stdout]    |
[INFO] [stdout] 69 |             diagnostic.code != ridl_core::lint::lint_by_name("missing-docs").unwrap().code
[INFO] [stdout]    |                                ^^^^^^^^^ use of unresolved module or unlinked crate `ridl_core`
[INFO] [stdout]    |
[INFO] [stdout] help: there is a crate or module with a similar name
[INFO] [stdout]    |
[INFO] [stdout] 69 -             diagnostic.code != ridl_core::lint::lint_by_name("missing-docs").unwrap().code
[INFO] [stdout] 69 +             diagnostic.code != ridl_ir::lint::lint_by_name("missing-docs").unwrap().code
[INFO] [stdout]    |
[INFO] [stdout] 
[INFO] [stdout] 
[INFO] [stdout] error[E0433]: cannot find module or crate `ridl_core` in this scope
[INFO] [stdout]    --> tests/model_drift.rs:347:32
[INFO] [stdout]     |
[INFO] [stdout] 347 |             diagnostic.code != ridl_core::lint::lint_by_name("missing-docs").unwrap().code
[INFO] [stdout]     |                                ^^^^^^^^^ use of unresolved module or unlinked crate `ridl_core`
[INFO] [stdout]     |
[INFO] [stdout] help: there is a crate or module with a similar name
[INFO] [stdout]     |
[INFO] [stdout] 347 -             diagnostic.code != ridl_core::lint::lint_by_name("missing-docs").unwrap().code
[INFO] [stdout] 347 +             diagnostic.code != ridl_ir::lint::lint_by_name("missing-docs").unwrap().code
[INFO] [stdout]     |
[INFO] [stdout] 
[INFO] [stdout] 
[INFO] [stdout] error[E0433]: cannot find module or crate `ridlc` in this scope
[INFO] [stdout]  --> tests/induced_calls.rs:6:18
[INFO] [stdout]   |
[INFO] [stdout] 6 |     let output = ridlc::compile(
[INFO] [stdout]   |                  ^^^^^ use of unresolved module or unlinked crate `ridlc`
[INFO] [stdout]   |
[INFO] [stdout]   = help: if you wanted to use a crate named `ridlc`, use `cargo add ridlc` to add it to your `Cargo.toml`
[INFO] [stdout] 
[INFO] [stdout] 
[INFO] [stdout] error[E0433]: cannot find module or crate `ridl_core` in this scope
[INFO] [stdout]    --> tests/model_drift.rs:373:18
[INFO] [stdout]     |
[INFO] [stdout] 373 |     let mut db = ridl_core::RidlDatabase::default();
[INFO] [stdout]     |                  ^^^^^^^^^ use of unresolved module or unlinked crate `ridl_core`
[INFO] [stdout]     |
[INFO] [stdout] help: there is a crate or module with a similar name
[INFO] [stdout]     |
[INFO] [stdout] 373 -     let mut db = ridl_core::RidlDatabase::default();
[INFO] [stdout] 373 +     let mut db = ridl_ir::RidlDatabase::default();
[INFO] [stdout]     |
[INFO] [stdout] 
[INFO] [stdout] 
[INFO] [stdout] error[E0433]: cannot find module or crate `ridl_diff` in this scope
[INFO] [stdout]   --> tests/stability.rs:80:40
[INFO] [stdout]    |
[INFO] [stdout] 80 |         prop_assume!(report.verdict == ridl_diff::Verdict::Compatible);
[INFO] [stdout]    |                                        ^^^^^^^^^ use of unresolved module or unlinked crate `ridl_diff`
[INFO] [stdout]    |
[INFO] [stdout] help: there is a crate or module with a similar name
[INFO] [stdout]    |
[INFO] [stdout] 80 -         prop_assume!(report.verdict == ridl_diff::Verdict::Compatible);
[INFO] [stdout] 80 +         prop_assume!(report.verdict == ridl_ir::Verdict::Compatible);
[INFO] [stdout]    |
[INFO] [stdout] 
[INFO] [stdout] 
[INFO] [stdout] error[E0433]: cannot find module or crate `ridl_core` in this scope
[INFO] [stdout]    --> tests/corpus.rs:119:18
[INFO] [stdout]     |
[INFO] [stdout] 119 |     let mut db = ridl_core::RidlDatabase::default();
[INFO] [stdout]     |                  ^^^^^^^^^ use of unresolved module or unlinked crate `ridl_core`
[INFO] [stdout]     |
[INFO] [stdout] help: there is a crate or module with a similar name
[INFO] [stdout]     |
[INFO] [stdout] 119 -     let mut db = ridl_core::RidlDatabase::default();
[INFO] [stdout] 119 +     let mut db = ridl_ir::RidlDatabase::default();
[INFO] [stdout]     |
[INFO] [stdout] 
[INFO] [stdout] 
[INFO] [stdout] For more information about this error, try `rustc --explain E0433`.
[INFO] [stdout] 
[INFO] [stderr] error: could not compile `ridl-backend-proto` (test "induced_calls") due to 1 previous error
[INFO] [stderr] warning: build failed, waiting for other jobs to finish...
[INFO] [stdout] error[E0433]: cannot find module or crate `ridl_diff` in this scope
[INFO] [stdout]    --> tests/stability.rs:778:60
[INFO] [stdout]     |
[INFO] [stdout] 778 |         if ridl_diff::diff_packages(&old, &new).verdict == ridl_diff::Verdict::Compatible {
[INFO] [stdout]     |                                                            ^^^^^^^^^ use of unresolved module or unlinked crate `ridl_diff`
[INFO] [stdout]     |
[INFO] [stdout] help: there is a crate or module with a similar name
[INFO] [stdout]     |
[INFO] [stdout] 778 -         if ridl_diff::diff_packages(&old, &new).verdict == ridl_diff::Verdict::Compatible {
[INFO] [stdout] 778 +         if ridl_diff::diff_packages(&old, &new).verdict == ridl_ir::Verdict::Compatible {
[INFO] [stdout]     |
[INFO] [stdout] 
[INFO] [stdout] 
[INFO] [stdout] error[E0433]: cannot find module or crate `ridlc` in this scope
[INFO] [stdout]   --> tests/corpus.rs:63:18
[INFO] [stdout]    |
[INFO] [stdout] 63 |     let output = ridlc::compile(&path.display().to_string(), &text);
[INFO] [stdout]    |                  ^^^^^ use of unresolved module or unlinked crate `ridlc`
[INFO] [stdout]    |
[INFO] [stdout]    = help: if you wanted to use a crate named `ridlc`, use `cargo add ridlc` to add it to your `Cargo.toml`
[INFO] [stdout] 
[INFO] [stdout] 
[INFO] [stdout] error[E0433]: cannot find module or crate `ridlc` in this scope
[INFO] [stdout]    --> tests/model_drift.rs:341:18
[INFO] [stdout]     |
[INFO] [stdout] 341 |     let output = ridlc::compile(&path.display().to_string(), &text);
[INFO] [stdout]     |                  ^^^^^ use of unresolved module or unlinked crate `ridlc`
[INFO] [stdout]     |
[INFO] [stdout]     = help: if you wanted to use a crate named `ridlc`, use `cargo add ridlc` to add it to your `Cargo.toml`
[INFO] [stdout] 
[INFO] [stdout] 
[INFO] [stdout] error[E0433]: cannot find module or crate `ridlc` in this scope
[INFO] [stdout]    --> tests/corpus.rs:121:18
[INFO] [stdout]     |
[INFO] [stdout] 121 |     let output = ridlc::compile_workspace(&mut db, &entry)
[INFO] [stdout]     |                  ^^^^^ use of unresolved module or unlinked crate `ridlc`
[INFO] [stdout]     |
[INFO] [stdout]     = help: if you wanted to use a crate named `ridlc`, use `cargo add ridlc` to add it to your `Cargo.toml`
[INFO] [stdout] 
[INFO] [stdout] 
[INFO] [stdout] error[E0433]: cannot find module or crate `ridlc` in this scope
[INFO] [stdout]    --> tests/model_drift.rs:375:18
[INFO] [stdout]     |
[INFO] [stdout] 375 |     let output = ridlc::compile_workspace(&mut db, &entry)
[INFO] [stdout]     |                  ^^^^^ use of unresolved module or unlinked crate `ridlc`
[INFO] [stdout]     |
[INFO] [stdout]     = help: if you wanted to use a crate named `ridlc`, use `cargo add ridlc` to add it to your `Cargo.toml`
[INFO] [stdout] 
[INFO] [stdout] 
[INFO] [stdout] error[E0433]: cannot find module or crate `ridl_diff` in this scope
[INFO] [stdout]   --> tests/stability.rs:79:22
[INFO] [stdout]    |
[INFO] [stdout] 79 |         let report = ridl_diff::diff_packages(&old, &new);
[INFO] [stdout]    |                      ^^^^^^^^^ use of unresolved module or unlinked crate `ridl_diff`
[INFO] [stdout]    |
[INFO] [stdout] help: there is a crate or module with a similar name
[INFO] [stdout]    |
[INFO] [stdout] 79 -         let report = ridl_diff::diff_packages(&old, &new);
[INFO] [stdout] 79 +         let report = ridl_ir::diff_packages(&old, &new);
[INFO] [stdout]    |
[INFO] [stdout] 
[INFO] [stdout] 
[INFO] [stdout] For more information about this error, try `rustc --explain E0433`.
[INFO] [stdout] 
[INFO] [stdout] error[E0433]: cannot find module or crate `ridl_diff` in this scope
[INFO] [stdout]    --> tests/stability.rs:778:12
[INFO] [stdout]     |
[INFO] [stdout] 778 |         if ridl_diff::diff_packages(&old, &new).verdict == ridl_diff::Verdict::Compatible {
[INFO] [stdout]     |            ^^^^^^^^^ use of unresolved module or unlinked crate `ridl_diff`
[INFO] [stdout]     |
[INFO] [stdout] help: there is a crate or module with a similar name
[INFO] [stdout]     |
[INFO] [stdout] 778 -         if ridl_diff::diff_packages(&old, &new).verdict == ridl_diff::Verdict::Compatible {
[INFO] [stdout] 778 +         if ridl_ir::diff_packages(&old, &new).verdict == ridl_diff::Verdict::Compatible {
[INFO] [stdout]     |
[INFO] [stdout] 
[INFO] [stdout] 
[INFO] [stderr] error: could not compile `ridl-backend-proto` (test "corpus") due to 4 previous errors
[INFO] [stdout] For more information about this error, try `rustc --explain E0433`.
[INFO] [stdout] 
[INFO] [stderr] error: could not compile `ridl-backend-proto` (test "model_drift") due to 4 previous errors
[INFO] [stdout] For more information about this error, try `rustc --explain E0433`.
[INFO] [stdout] 
[INFO] [stderr] error: could not compile `ridl-backend-proto` (test "stability") due to 4 previous errors
[INFO] running `Command { std: "docker" "inspect" "eecd3d60e66ca19b529d0395ba27b1d0498f9f5cbb81e2b46e5b8f05fe46cdf7", kill_on_drop: false }`
[INFO] running `Command { std: "docker" "rm" "-f" "eecd3d60e66ca19b529d0395ba27b1d0498f9f5cbb81e2b46e5b8f05fe46cdf7", kill_on_drop: false }`
[INFO] [stdout] eecd3d60e66ca19b529d0395ba27b1d0498f9f5cbb81e2b46e5b8f05fe46cdf7
