[INFO] fetching crate ridl-backend-flatbuffers 0.10.0...
[INFO] testing ridl-backend-flatbuffers-0.10.0 against 1.100.0-beta.1+cargoflags=--release for beta-release-1.100-2
[INFO] extracting crate ridl-backend-flatbuffers 0.10.0 into /workspace/builds/worker-2-tc2/source
[INFO] started tweaking crates.io crate ridl-backend-flatbuffers 0.10.0
[INFO] removed 0 missing tests
[INFO] finished tweaking crates.io crate ridl-backend-flatbuffers 0.10.0
[INFO] tweaked toml for crates.io crate ridl-backend-flatbuffers 0.10.0 written to /workspace/builds/worker-2-tc2/source/Cargo.toml
[INFO] validating manifest of crates.io crate ridl-backend-flatbuffers 0.10.0 on toolchain 1.100.0-beta.1
[INFO] running `Command { std: CARGO_HOME="/workspace/cargo-home" RUSTUP_HOME="/workspace/rustup-home" "/workspace/cargo-home/bin/cargo" "+1.100.0-beta.1" "metadata" "--manifest-path" "Cargo.toml" "--no-deps", kill_on_drop: false }`
[INFO] crate crates.io crate ridl-backend-flatbuffers 0.10.0 already has a lockfile, it will not be regenerated
[INFO] running `Command { std: CARGO_HOME="/workspace/cargo-home" RUSTUP_HOME="/workspace/rustup-home" "/workspace/cargo-home/bin/cargo" "+1.100.0-beta.1" "fetch" "--manifest-path" "Cargo.toml", kill_on_drop: false }`
[INFO] [stderr]     Blocking waiting for file lock on package cache
[INFO] [stderr]     Blocking waiting for file lock on package cache
[INFO] running `Command { std: "docker" "create" "-v" "/var/lib/crater-agent-workspace/builds/worker-2-tc2/source:/opt/rustwide/workdir:ro,Z" "-v" "/var/lib/crater-agent-workspace/builds/worker-2-tc2/target:/opt/rustwide/target:rw,Z" "-v" "/var/lib/crater-agent-workspace/cargo-home:/opt/rustwide/cargo-home:ro,Z" "-v" "/var/lib/crater-agent-workspace/rustup-home:/opt/rustwide/rustup-home:ro,Z" "-m" "1610612736" "--network" "none" "ghcr.io/rust-lang/crates-build-env/linux@sha256:77db811e55d90add9212f6832c23229e3de5f1c1f9905e8cb07319ea15df73ac" "sleep" "infinity", kill_on_drop: false }`
[INFO] [stdout] 6a583ccf6d4fdbcd3993ed33dd6ce35649fbaffc055cca39bf272cd0ef66a4da
[INFO] running `Command { std: "docker" "start" "6a583ccf6d4fdbcd3993ed33dd6ce35649fbaffc055cca39bf272cd0ef66a4da", kill_on_drop: false }`
[INFO] running `Command { std: "docker" "inspect" "6a583ccf6d4fdbcd3993ed33dd6ce35649fbaffc055cca39bf272cd0ef66a4da", kill_on_drop: false }`
[INFO] running `Command { std: "docker" "exec" "-e" "SOURCE_DIR=/opt/rustwide/workdir" "-e" "CARGO_HOME=/opt/rustwide/cargo-home" "-e" "RUSTUP_HOME=/opt/rustwide/rustup-home" "-e" "CARGO_TARGET_DIR=/opt/rustwide/target" "-w" "/opt/rustwide/workdir" "--user" "0:0" "6a583ccf6d4fdbcd3993ed33dd6ce35649fbaffc055cca39bf272cd0ef66a4da" "/opt/rustwide/cargo-home/bin/cargo" "+1.100.0-beta.1" "metadata" "--no-deps" "--format-version=1", kill_on_drop: false }`
[INFO] running `Command { std: "docker" "inspect" "6a583ccf6d4fdbcd3993ed33dd6ce35649fbaffc055cca39bf272cd0ef66a4da", kill_on_drop: false }`
[INFO] running `Command { std: "docker" "exec" "-e" "SOURCE_DIR=/opt/rustwide/workdir" "-e" "CARGO_HOME=/opt/rustwide/cargo-home" "-e" "RUSTUP_HOME=/opt/rustwide/rustup-home" "-e" "CARGO_TARGET_DIR=/opt/rustwide/target" "-e" "CARGO_INCREMENTAL=0" "-e" "RUST_BACKTRACE=full" "-e" "RUSTFLAGS=--cap-lints=warn" "-e" "RUSTDOCFLAGS=--cap-lints=warn" "-w" "/opt/rustwide/workdir" "--user" "0:0" "6a583ccf6d4fdbcd3993ed33dd6ce35649fbaffc055cca39bf272cd0ef66a4da" "/opt/rustwide/cargo-home/bin/cargo" "+1.100.0-beta.1" "build" "--frozen" "--message-format=json" "--release", kill_on_drop: false }`
[INFO] [stderr]    Compiling anyhow v1.0.103
[INFO] [stderr]    Compiling either v1.16.0
[INFO] [stderr]    Compiling aho-corasick v1.1.4
[INFO] [stderr]    Compiling bitflags v2.13.1
[INFO] [stderr]    Compiling logos-codegen v0.15.1
[INFO] [stderr]    Compiling once_cell v1.21.4
[INFO] [stderr]    Compiling fastrand v2.4.1
[INFO] [stderr]    Compiling syn v2.0.119
[INFO] [stderr]    Compiling indexmap v2.14.0
[INFO] [stderr]    Compiling log v0.4.33
[INFO] [stderr]    Compiling bytes v1.12.1
[INFO] [stderr]    Compiling serde_json v1.0.150
[INFO] [stderr]    Compiling sha2 v0.10.9
[INFO] [stderr]    Compiling rustix v1.1.4
[INFO] [stderr]    Compiling itertools v0.14.0
[INFO] [stderr]    Compiling petgraph v0.8.3
[INFO] [stderr]    Compiling regex-automata v0.4.16
[INFO] [stderr]    Compiling tempfile v3.27.0
[INFO] [stderr]    Compiling prettyplease v0.2.37
[INFO] [stderr]    Compiling prost-derive v0.14.4
[INFO] [stderr]    Compiling miette-derive v7.6.0
[INFO] [stderr]    Compiling thiserror-impl v2.0.18
[INFO] [stderr]    Compiling serde_derive v1.0.228
[INFO] [stderr]    Compiling logos-codegen v0.16.1
[INFO] [stderr]    Compiling regex v1.13.1
[INFO] [stderr]    Compiling logos-derive v0.15.1
[INFO] [stderr]    Compiling prost v0.14.4
[INFO] [stderr]    Compiling logos v0.15.1
[INFO] [stderr]    Compiling thiserror v2.0.18
[INFO] [stderr]    Compiling prost-types v0.14.4
[INFO] [stderr]    Compiling logos-derive v0.16.1
[INFO] [stderr]    Compiling logos v0.16.1
[INFO] [stderr]    Compiling miette v7.6.0
[INFO] [stderr]    Compiling prost-reflect v0.16.5
[INFO] [stderr]    Compiling protox-parse v0.9.0
[INFO] [stderr]    Compiling pbjson-build v0.9.0
[INFO] [stderr]    Compiling prost-build v0.14.4
[INFO] [stderr]    Compiling serde v1.0.228
[INFO] [stderr]    Compiling pbjson v0.9.0
[INFO] [stderr]    Compiling protox v0.9.1
[INFO] [stderr]    Compiling ridl-ir v0.10.0
[INFO] [stderr]    Compiling ridl-backend-flatbuffers v0.10.0 (/opt/rustwide/workdir)
[INFO] [stderr]     Finished `release` profile [optimized] target(s) in 1m 07s
[INFO] running `Command { std: "docker" "inspect" "6a583ccf6d4fdbcd3993ed33dd6ce35649fbaffc055cca39bf272cd0ef66a4da", kill_on_drop: false }`
[INFO] running `Command { std: "docker" "exec" "-e" "SOURCE_DIR=/opt/rustwide/workdir" "-e" "CARGO_HOME=/opt/rustwide/cargo-home" "-e" "RUSTUP_HOME=/opt/rustwide/rustup-home" "-e" "CARGO_TARGET_DIR=/opt/rustwide/target" "-e" "CARGO_INCREMENTAL=0" "-e" "RUST_BACKTRACE=full" "-e" "RUSTFLAGS=--cap-lints=warn" "-e" "RUSTDOCFLAGS=--cap-lints=warn" "-w" "/opt/rustwide/workdir" "--user" "0:0" "6a583ccf6d4fdbcd3993ed33dd6ce35649fbaffc055cca39bf272cd0ef66a4da" "/opt/rustwide/cargo-home/bin/cargo" "+1.100.0-beta.1" "test" "--frozen" "--no-run" "--message-format=json" "--release", kill_on_drop: false }`
[INFO] [stderr]    Compiling indexmap v2.14.0
[INFO] [stderr]    Compiling typenum v1.20.1
[INFO] [stderr]    Compiling libc v0.2.186
[INFO] [stderr]    Compiling regex v1.13.1
[INFO] [stderr]    Compiling smallvec v1.15.2
[INFO] [stderr]    Compiling serde v1.0.228
[INFO] [stderr]    Compiling siphasher v1.0.3
[INFO] [stderr]    Compiling keccak v0.1.6
[INFO] [stderr]    Compiling zerocopy v0.8.54
[INFO] [stderr]    Compiling termcolor v1.4.1
[INFO] [stderr]    Compiling term v1.2.1
[INFO] [stderr]    Compiling same-file v1.0.6
[INFO] [stderr]    Compiling bit-vec v0.8.0
[INFO] [stderr]    Compiling derive_more-impl v2.1.1
[INFO] [stderr]    Compiling lalrpop-util v0.22.2
[INFO] [stderr]    Compiling aho-corasick v1.1.4
[INFO] [stderr]    Compiling phf_shared v0.11.3
[INFO] [stderr]    Compiling walkdir v2.5.0
[INFO] [stderr]    Compiling ena v0.14.4
[INFO] [stderr]    Compiling bit-set v0.8.0
[INFO] [stderr]    Compiling pico-args v0.5.0
[INFO] [stderr]    Compiling hashbrown v0.15.5
[INFO] [stderr]    Compiling serde_json v1.0.150
[INFO] [stderr]    Compiling tempfile v3.27.0
[INFO] [stderr]    Compiling codespan-reporting v0.13.1
[INFO] [stderr]    Compiling console v0.16.4
[INFO] [stderr]    Compiling ascii-canvas v4.0.0
[INFO] [stderr]    Compiling similar v2.7.0
[INFO] [stderr]    Compiling petgraph v0.8.3
[INFO] [stderr]    Compiling petgraph v0.7.1
[INFO] [stderr]    Compiling pbjson v0.9.0
[INFO] [stderr]    Compiling derive_more v2.1.1
[INFO] [stderr]    Compiling codespan v0.13.1
[INFO] [stderr]    Compiling generic-array v0.14.7
[INFO] [stderr]    Compiling planus-lexer v1.3.0
[INFO] [stderr]    Compiling regex-automata v0.4.16
[INFO] [stderr]    Compiling string-interner v0.19.0
[INFO] [stderr]    Compiling parking_lot_core v0.9.12
[INFO] [stderr]    Compiling insta v1.48.0
[INFO] [stderr]    Compiling crypto-common v0.1.7
[INFO] [stderr]    Compiling block-buffer v0.10.4
[INFO] [stderr]    Compiling parking_lot v0.12.5
[INFO] [stderr]    Compiling digest v0.10.7
[INFO] [stderr]    Compiling string_cache v0.8.9
[INFO] [stderr]    Compiling sha3 v0.10.9
[INFO] [stderr]    Compiling lalrpop v0.22.2
[INFO] [stderr]    Compiling prost-build v0.14.4
[INFO] [stderr]    Compiling ridl-ir v0.10.0
[INFO] [stderr]    Compiling planus-types v1.3.0
[INFO] [stderr]    Compiling ppv-lite86 v0.2.21
[INFO] [stderr]    Compiling rand_chacha v0.9.0
[INFO] [stderr]    Compiling proptest v1.11.0
[INFO] [stderr]    Compiling planus-translation v1.3.0
[INFO] [stderr]    Compiling ridl-backend-flatbuffers v0.10.0 (/opt/rustwide/workdir)
[INFO] [stdout] error[E0433]: cannot find module or crate `ridl_core` in this scope
[INFO] [stdout]    --> tests/model_drift.rs:365:32
[INFO] [stdout]     |
[INFO] [stdout] 365 |             diagnostic.code != ridl_core::lint::lint_by_name("missing-docs").unwrap().code
[INFO] [stdout]     |                                ^^^^^^^^^ use of unresolved module or unlinked crate `ridl_core`
[INFO] [stdout]     |
[INFO] [stdout] help: there is a crate or module with a similar name
[INFO] [stdout]     |
[INFO] [stdout] 365 -             diagnostic.code != ridl_core::lint::lint_by_name("missing-docs").unwrap().code
[INFO] [stdout] 365 +             diagnostic.code != ridl_ir::lint::lint_by_name("missing-docs").unwrap().code
[INFO] [stdout]     |
[INFO] [stdout] 
[INFO] [stdout] 
[INFO] [stdout] error[E0433]: cannot find module or crate `ridl_diff` in this scope
[INFO] [stdout]    --> tests/stability.rs:126:40
[INFO] [stdout]     |
[INFO] [stdout] 126 |         prop_assume!(report.verdict == ridl_diff::Verdict::Compatible);
[INFO] [stdout]     |                                        ^^^^^^^^^ use of unresolved module or unlinked crate `ridl_diff`
[INFO] [stdout]     |
[INFO] [stdout] help: there is a crate or module with a similar name
[INFO] [stdout]     |
[INFO] [stdout] 126 -         prop_assume!(report.verdict == ridl_diff::Verdict::Compatible);
[INFO] [stdout] 126 +         prop_assume!(report.verdict == ridl_ir::Verdict::Compatible);
[INFO] [stdout]     |
[INFO] [stdout] 
[INFO] [stdout] 
[INFO] [stdout] error[E0433]: cannot find module or crate `ridl_core` in this scope
[INFO] [stdout]    --> tests/model_drift.rs:396:18
[INFO] [stdout]     |
[INFO] [stdout] 396 |     let mut db = ridl_core::RidlDatabase::default();
[INFO] [stdout]     |                  ^^^^^^^^^ use of unresolved module or unlinked crate `ridl_core`
[INFO] [stdout]     |
[INFO] [stdout] help: there is a crate or module with a similar name
[INFO] [stdout]     |
[INFO] [stdout] 396 -     let mut db = ridl_core::RidlDatabase::default();
[INFO] [stdout] 396 +     let mut db = ridl_ir::RidlDatabase::default();
[INFO] [stdout]     |
[INFO] [stdout] 
[INFO] [stdout] 
[INFO] [stdout] error[E0433]: cannot find module or crate `ridlc` in this scope
[INFO] [stdout]  --> tests/induced_calls.rs:6:18
[INFO] [stdout]   |
[INFO] [stdout] 6 |     let output = ridlc::compile(
[INFO] [stdout]   |                  ^^^^^ use of unresolved module or unlinked crate `ridlc`
[INFO] [stdout]   |
[INFO] [stdout]   = help: if you wanted to use a crate named `ridlc`, use `cargo add ridlc` to add it to your `Cargo.toml`
[INFO] [stdout] 
[INFO] [stdout] 
[INFO] [stdout] error[E0433]: cannot find module or crate `ridl_core` in this scope
[INFO] [stdout]   --> tests/corpus.rs:51:32
[INFO] [stdout]    |
[INFO] [stdout] 51 |             diagnostic.code != ridl_core::lint::lint_by_name("missing-docs").unwrap().code
[INFO] [stdout]    |                                ^^^^^^^^^ use of unresolved module or unlinked crate `ridl_core`
[INFO] [stdout]    |
[INFO] [stdout] help: there is a crate or module with a similar name
[INFO] [stdout]    |
[INFO] [stdout] 51 -             diagnostic.code != ridl_core::lint::lint_by_name("missing-docs").unwrap().code
[INFO] [stdout] 51 +             diagnostic.code != ridl_ir::lint::lint_by_name("missing-docs").unwrap().code
[INFO] [stdout]    |
[INFO] [stdout] 
[INFO] [stdout] 
[INFO] [stdout] error[E0433]: cannot find module or crate `ridl_core` in this scope
[INFO] [stdout]     --> src/tests.rs:1877:32
[INFO] [stdout]      |
[INFO] [stdout] 1877 |             diagnostic.code != ridl_core::lint::lint_by_name("missing-docs").unwrap().code
[INFO] [stdout]      |                                ^^^^^^^^^ use of unresolved module or unlinked crate `ridl_core`
[INFO] [stdout]      |
[INFO] [stdout] help: there is a crate or module with a similar name
[INFO] [stdout]      |
[INFO] [stdout] 1877 -             diagnostic.code != ridl_core::lint::lint_by_name("missing-docs").unwrap().code
[INFO] [stdout] 1877 +             diagnostic.code != ridl_ir::lint::lint_by_name("missing-docs").unwrap().code
[INFO] [stdout]      |
[INFO] [stdout] 
[INFO] [stdout] 
[INFO] [stdout] error[E0433]: cannot find module or crate `ridl_diff` in this scope
[INFO] [stdout]    --> tests/stability.rs:824:60
[INFO] [stdout]     |
[INFO] [stdout] 824 |         if ridl_diff::diff_packages(&old, &new).verdict == ridl_diff::Verdict::Compatible {
[INFO] [stdout]     |                                                            ^^^^^^^^^ use of unresolved module or unlinked crate `ridl_diff`
[INFO] [stdout]     |
[INFO] [stdout] help: there is a crate or module with a similar name
[INFO] [stdout]     |
[INFO] [stdout] 824 -         if ridl_diff::diff_packages(&old, &new).verdict == ridl_diff::Verdict::Compatible {
[INFO] [stdout] 824 +         if ridl_diff::diff_packages(&old, &new).verdict == ridl_ir::Verdict::Compatible {
[INFO] [stdout]     |
[INFO] [stdout] 
[INFO] [stdout] 
[INFO] [stdout] error[E0433]: cannot find module or crate `ridl_core` in this scope
[INFO] [stdout]     --> src/tests.rs:1891:18
[INFO] [stdout]      |
[INFO] [stdout] 1891 |     let mut db = ridl_core::RidlDatabase::default();
[INFO] [stdout]      |                  ^^^^^^^^^ use of unresolved module or unlinked crate `ridl_core`
[INFO] [stdout]      |
[INFO] [stdout] help: there is a crate or module with a similar name
[INFO] [stdout]      |
[INFO] [stdout] 1891 -     let mut db = ridl_core::RidlDatabase::default();
[INFO] [stdout] 1891 +     let mut db = ridl_ir::RidlDatabase::default();
[INFO] [stdout]      |
[INFO] [stdout] 
[INFO] [stdout] 
[INFO] [stdout] error[E0433]: cannot find module or crate `ridl_core` in this scope
[INFO] [stdout]   --> tests/corpus.rs:86:18
[INFO] [stdout]    |
[INFO] [stdout] 86 |     let mut db = ridl_core::RidlDatabase::default();
[INFO] [stdout]    |                  ^^^^^^^^^ use of unresolved module or unlinked crate `ridl_core`
[INFO] [stdout]    |
[INFO] [stdout] help: there is a crate or module with a similar name
[INFO] [stdout]    |
[INFO] [stdout] 86 -     let mut db = ridl_core::RidlDatabase::default();
[INFO] [stdout] 86 +     let mut db = ridl_ir::RidlDatabase::default();
[INFO] [stdout]    |
[INFO] [stdout] 
[INFO] [stdout] 
[INFO] [stdout] For more information about this error, try `rustc --explain E0433`.
[INFO] [stdout] 
[INFO] [stdout] error[E0433]: cannot find module or crate `ridl_diff` in this scope
[INFO] [stdout]    --> tests/stability.rs:125:22
[INFO] [stdout]     |
[INFO] [stdout] 125 |         let report = ridl_diff::diff_packages(&old, &new);
[INFO] [stdout]     |                      ^^^^^^^^^ use of unresolved module or unlinked crate `ridl_diff`
[INFO] [stdout]     |
[INFO] [stdout] help: there is a crate or module with a similar name
[INFO] [stdout]     |
[INFO] [stdout] 125 -         let report = ridl_diff::diff_packages(&old, &new);
[INFO] [stdout] 125 +         let report = ridl_ir::diff_packages(&old, &new);
[INFO] [stdout]     |
[INFO] [stdout] 
[INFO] [stdout] 
[INFO] [stderr] error: could not compile `ridl-backend-flatbuffers` (test "induced_calls") due to 1 previous error
[INFO] [stderr] warning: build failed, waiting for other jobs to finish...
[INFO] [stdout] error[E0433]: cannot find module or crate `ridlc` in this scope
[INFO] [stdout]   --> tests/corpus.rs:45:18
[INFO] [stdout]    |
[INFO] [stdout] 45 |     let output = ridlc::compile(&path.display().to_string(), &text);
[INFO] [stdout]    |                  ^^^^^ use of unresolved module or unlinked crate `ridlc`
[INFO] [stdout]    |
[INFO] [stdout]    = help: if you wanted to use a crate named `ridlc`, use `cargo add ridlc` to add it to your `Cargo.toml`
[INFO] [stdout] 
[INFO] [stdout] 
[INFO] [stdout] error[E0433]: cannot find module or crate `ridlc` in this scope
[INFO] [stdout]   --> tests/corpus.rs:89:18
[INFO] [stdout]    |
[INFO] [stdout] 89 |     let output = ridlc::compile_workspace(&mut db, &entry)
[INFO] [stdout]    |                  ^^^^^ use of unresolved module or unlinked crate `ridlc`
[INFO] [stdout]    |
[INFO] [stdout]    = help: if you wanted to use a crate named `ridlc`, use `cargo add ridlc` to add it to your `Cargo.toml`
[INFO] [stdout] 
[INFO] [stdout] 
[INFO] [stdout] error[E0433]: cannot find module or crate `ridl_diff` in this scope
[INFO] [stdout]    --> tests/stability.rs:824:12
[INFO] [stdout]     |
[INFO] [stdout] 824 |         if ridl_diff::diff_packages(&old, &new).verdict == ridl_diff::Verdict::Compatible {
[INFO] [stdout]     |            ^^^^^^^^^ use of unresolved module or unlinked crate `ridl_diff`
[INFO] [stdout]     |
[INFO] [stdout] help: there is a crate or module with a similar name
[INFO] [stdout]     |
[INFO] [stdout] 824 -         if ridl_diff::diff_packages(&old, &new).verdict == ridl_diff::Verdict::Compatible {
[INFO] [stdout] 824 +         if ridl_ir::diff_packages(&old, &new).verdict == ridl_diff::Verdict::Compatible {
[INFO] [stdout]     |
[INFO] [stdout] 
[INFO] [stdout] 
[INFO] [stdout] For more information about this error, try `rustc --explain E0433`.
[INFO] [stdout] 
[INFO] [stderr] error: could not compile `ridl-backend-flatbuffers` (test "corpus") due to 4 previous errors
[INFO] [stdout] For more information about this error, try `rustc --explain E0433`.
[INFO] [stdout] 
[INFO] [stderr] error: could not compile `ridl-backend-flatbuffers` (test "stability") due to 4 previous errors
[INFO] [stdout] error[E0433]: cannot find module or crate `ridlc` in this scope
[INFO] [stdout]    --> tests/model_drift.rs:359:18
[INFO] [stdout]     |
[INFO] [stdout] 359 |     let output = ridlc::compile(&path.display().to_string(), &text);
[INFO] [stdout]     |                  ^^^^^ use of unresolved module or unlinked crate `ridlc`
[INFO] [stdout]     |
[INFO] [stdout]     = help: if you wanted to use a crate named `ridlc`, use `cargo add ridlc` to add it to your `Cargo.toml`
[INFO] [stdout] 
[INFO] [stdout] 
[INFO] [stdout] error[E0433]: cannot find module or crate `ridlc` in this scope
[INFO] [stdout]    --> tests/model_drift.rs:399:18
[INFO] [stdout]     |
[INFO] [stdout] 399 |     let output = ridlc::compile_workspace(&mut db, &entry)
[INFO] [stdout]     |                  ^^^^^ use of unresolved module or unlinked crate `ridlc`
[INFO] [stdout]     |
[INFO] [stdout]     = help: if you wanted to use a crate named `ridlc`, use `cargo add ridlc` to add it to your `Cargo.toml`
[INFO] [stdout] 
[INFO] [stdout] 
[INFO] [stdout] error[E0433]: cannot find module or crate `ridlc` in this scope
[INFO] [stdout]    --> tests/model_drift.rs:516:18
[INFO] [stdout]     |
[INFO] [stdout] 516 |     let output = ridlc::compile("optional.ridl", OPTIONAL_FIELDS);
[INFO] [stdout]     |                  ^^^^^ use of unresolved module or unlinked crate `ridlc`
[INFO] [stdout]     |
[INFO] [stdout]     = help: if you wanted to use a crate named `ridlc`, use `cargo add ridlc` to add it to your `Cargo.toml`
[INFO] [stdout] 
[INFO] [stdout] 
[INFO] [stdout] error[E0433]: cannot find module or crate `ridlc` in this scope
[INFO] [stdout]     --> src/tests.rs:1871:18
[INFO] [stdout]      |
[INFO] [stdout] 1871 |     let output = ridlc::compile(&path.display().to_string(), &text);
[INFO] [stdout]      |                  ^^^^^ use of unresolved module or unlinked crate `ridlc`
[INFO] [stdout]      |
[INFO] [stdout]      = help: if you wanted to use a crate named `ridlc`, use `cargo add ridlc` to add it to your `Cargo.toml`
[INFO] [stdout] 
[INFO] [stdout] 
[INFO] [stdout] error[E0433]: cannot find module or crate `ridlc` in this scope
[INFO] [stdout]     --> src/tests.rs:1894:18
[INFO] [stdout]      |
[INFO] [stdout] 1894 |     let output = ridlc::compile_workspace(&mut db, &entry).expect("load the fixture");
[INFO] [stdout]      |                  ^^^^^ use of unresolved module or unlinked crate `ridlc`
[INFO] [stdout]      |
[INFO] [stdout]      = help: if you wanted to use a crate named `ridlc`, use `cargo add ridlc` to add it to your `Cargo.toml`
[INFO] [stdout] 
[INFO] [stdout] 
[INFO] [stdout] For more information about this error, try `rustc --explain E0433`.
[INFO] [stdout] 
[INFO] [stderr] error: could not compile `ridl-backend-flatbuffers` (test "model_drift") due to 5 previous errors
[INFO] [stdout] For more information about this error, try `rustc --explain E0433`.
[INFO] [stdout] 
[INFO] [stderr] error: could not compile `ridl-backend-flatbuffers` (lib test) due to 4 previous errors
[INFO] running `Command { std: "docker" "inspect" "6a583ccf6d4fdbcd3993ed33dd6ce35649fbaffc055cca39bf272cd0ef66a4da", kill_on_drop: false }`
[INFO] running `Command { std: "docker" "rm" "-f" "6a583ccf6d4fdbcd3993ed33dd6ce35649fbaffc055cca39bf272cd0ef66a4da", kill_on_drop: false }`
[INFO] [stdout] 6a583ccf6d4fdbcd3993ed33dd6ce35649fbaffc055cca39bf272cd0ef66a4da
