[INFO] fetching crate rialo-venus-build-helper 0.21.0-alpha.0...
[INFO] testing rialo-venus-build-helper-0.21.0-alpha.0 against 1.100.0-beta.1+cargoflags=--release for beta-release-1.100-2
[INFO] extracting crate rialo-venus-build-helper 0.21.0-alpha.0 into /workspace/builds/worker-6-tc2/source
[INFO] started tweaking crates.io crate rialo-venus-build-helper 0.21.0-alpha.0
[INFO] finished tweaking crates.io crate rialo-venus-build-helper 0.21.0-alpha.0
[INFO] tweaked toml for crates.io crate rialo-venus-build-helper 0.21.0-alpha.0 written to /workspace/builds/worker-6-tc2/source/Cargo.toml
[INFO] validating manifest of crates.io crate rialo-venus-build-helper 0.21.0-alpha.0 on toolchain 1.100.0-beta.1
[INFO] running `Command { std: CARGO_HOME="/workspace/cargo-home" RUSTUP_HOME="/workspace/rustup-home" "/workspace/cargo-home/bin/cargo" "+1.100.0-beta.1" "metadata" "--manifest-path" "Cargo.toml" "--no-deps", kill_on_drop: false }`
[INFO] crate crates.io crate rialo-venus-build-helper 0.21.0-alpha.0 already has a lockfile, it will not be regenerated
[INFO] running `Command { std: CARGO_HOME="/workspace/cargo-home" RUSTUP_HOME="/workspace/rustup-home" "/workspace/cargo-home/bin/cargo" "+1.100.0-beta.1" "fetch" "--manifest-path" "Cargo.toml", kill_on_drop: false }`
[INFO] running `Command { std: "docker" "create" "-v" "/var/lib/crater-agent-workspace/builds/worker-6-tc2/source:/opt/rustwide/workdir:ro,Z" "-v" "/var/lib/crater-agent-workspace/builds/worker-6-tc2/target:/opt/rustwide/target:rw,Z" "-v" "/var/lib/crater-agent-workspace/cargo-home:/opt/rustwide/cargo-home:ro,Z" "-v" "/var/lib/crater-agent-workspace/rustup-home:/opt/rustwide/rustup-home:ro,Z" "-m" "1610612736" "--network" "none" "ghcr.io/rust-lang/crates-build-env/linux@sha256:77db811e55d90add9212f6832c23229e3de5f1c1f9905e8cb07319ea15df73ac" "sleep" "infinity", kill_on_drop: false }`
[INFO] [stdout] f19780e117cea3006a0f26a8633a4ae4dabb05a17097cac6fff3be0c423fb7ad
[INFO] running `Command { std: "docker" "start" "f19780e117cea3006a0f26a8633a4ae4dabb05a17097cac6fff3be0c423fb7ad", kill_on_drop: false }`
[INFO] running `Command { std: "docker" "inspect" "f19780e117cea3006a0f26a8633a4ae4dabb05a17097cac6fff3be0c423fb7ad", kill_on_drop: false }`
[INFO] running `Command { std: "docker" "exec" "-e" "SOURCE_DIR=/opt/rustwide/workdir" "-e" "CARGO_HOME=/opt/rustwide/cargo-home" "-e" "RUSTUP_HOME=/opt/rustwide/rustup-home" "-e" "CARGO_TARGET_DIR=/opt/rustwide/target" "-w" "/opt/rustwide/workdir" "--user" "0:0" "f19780e117cea3006a0f26a8633a4ae4dabb05a17097cac6fff3be0c423fb7ad" "/opt/rustwide/cargo-home/bin/cargo" "+1.100.0-beta.1" "metadata" "--no-deps" "--format-version=1", kill_on_drop: false }`
[INFO] running `Command { std: "docker" "inspect" "f19780e117cea3006a0f26a8633a4ae4dabb05a17097cac6fff3be0c423fb7ad", kill_on_drop: false }`
[INFO] running `Command { std: "docker" "exec" "-e" "SOURCE_DIR=/opt/rustwide/workdir" "-e" "CARGO_HOME=/opt/rustwide/cargo-home" "-e" "RUSTUP_HOME=/opt/rustwide/rustup-home" "-e" "CARGO_TARGET_DIR=/opt/rustwide/target" "-e" "CARGO_INCREMENTAL=0" "-e" "RUST_BACKTRACE=full" "-e" "RUSTFLAGS=--cap-lints=warn" "-e" "RUSTDOCFLAGS=--cap-lints=warn" "-w" "/opt/rustwide/workdir" "--user" "0:0" "f19780e117cea3006a0f26a8633a4ae4dabb05a17097cac6fff3be0c423fb7ad" "/opt/rustwide/cargo-home/bin/cargo" "+1.100.0-beta.1" "build" "--frozen" "--message-format=json" "--release", kill_on_drop: false }`
[INFO] [stderr]    Compiling proc-macro2 v1.0.106
[INFO] [stderr]    Compiling serde v1.0.228
[INFO] [stderr]    Compiling five8_core v0.1.2
[INFO] [stderr]    Compiling bs58 v0.5.1
[INFO] [stderr]    Compiling rialo-sanitize v0.21.0-alpha.0
[INFO] [stderr]    Compiling rialo-atomic-u64 v0.21.0-alpha.0
[INFO] [stderr]    Compiling rialo-s-decode-error v0.21.0-alpha.0
[INFO] [stderr]    Compiling cc v1.2.55
[INFO] [stderr]    Compiling zmij v1.0.20
[INFO] [stderr]    Compiling five8_const v0.1.4
[INFO] [stderr]    Compiling rustix v1.1.3
[INFO] [stderr]    Compiling unicode-ident v1.0.23
[INFO] [stderr]    Compiling quote v1.0.44
[INFO] [stderr]    Compiling winnow v0.7.14
[INFO] [stderr]    Compiling serde_json v1.0.149
[INFO] [stderr]    Compiling linux-raw-sys v0.11.0
[INFO] [stderr]    Compiling indexmap v2.13.0
[INFO] [stderr]    Compiling serde_spanned v1.0.4
[INFO] [stderr]    Compiling toml_datetime v0.7.5+spec-1.1.0
[INFO] [stderr]    Compiling constant_time_eq v0.4.2
[INFO] [stderr]    Compiling toml_writer v1.0.6+spec-1.1.0
[INFO] [stderr]    Compiling syn v2.0.114
[INFO] [stderr]    Compiling serde_bytes v0.11.19
[INFO] [stderr]    Compiling blake3 v1.8.3
[INFO] [stderr]    Compiling fs4 v1.1.0
[INFO] [stderr]    Compiling toml_parser v1.0.6+spec-1.1.0
[INFO] [stderr]    Compiling toml v0.9.11+spec-1.1.0
[INFO] [stderr]    Compiling prettyplease v0.2.37
[INFO] [stderr]    Compiling serde_derive v1.0.228
[INFO] [stderr]    Compiling tracing-attributes v0.1.31
[INFO] [stderr]    Compiling rialo-syngen-dsl v0.21.0-alpha.0
[INFO] [stderr]    Compiling tracing v0.1.44
[INFO] [stderr]    Compiling rialo-syngen-proc-macro v0.21.0-alpha.0
[INFO] [stderr]    Compiling rialo-s-pubkey v0.21.0-alpha.0
[INFO] [stderr]    Compiling bincode v1.3.3
[INFO] [stderr]    Compiling rialo-s-instruction v0.21.0-alpha.0
[INFO] [stderr]    Compiling rialo-s-system-interface v0.21.0-alpha.0
[INFO] [stderr]    Compiling rialo-limits v0.21.0-alpha.0
[INFO] [stderr]    Compiling rialo-s-sdk-ids v0.21.0-alpha.0
[INFO] [stderr]    Compiling rialo-venus-dsl v0.21.0-alpha.0
[INFO] [stderr]    Compiling rialo-rex-wasm-v1-loader-interface v0.21.0-alpha.0
[INFO] [stderr]    Compiling rialo-venus-build-helper v0.21.0-alpha.0 (/opt/rustwide/workdir)
[INFO] [stderr]     Finished `release` profile [optimized] target(s) in 1m 54s
[INFO] running `Command { std: "docker" "inspect" "f19780e117cea3006a0f26a8633a4ae4dabb05a17097cac6fff3be0c423fb7ad", kill_on_drop: false }`
[INFO] running `Command { std: "docker" "exec" "-e" "SOURCE_DIR=/opt/rustwide/workdir" "-e" "CARGO_HOME=/opt/rustwide/cargo-home" "-e" "RUSTUP_HOME=/opt/rustwide/rustup-home" "-e" "CARGO_TARGET_DIR=/opt/rustwide/target" "-e" "CARGO_INCREMENTAL=0" "-e" "RUST_BACKTRACE=full" "-e" "RUSTFLAGS=--cap-lints=warn" "-e" "RUSTDOCFLAGS=--cap-lints=warn" "-w" "/opt/rustwide/workdir" "--user" "0:0" "f19780e117cea3006a0f26a8633a4ae4dabb05a17097cac6fff3be0c423fb7ad" "/opt/rustwide/cargo-home/bin/cargo" "+1.100.0-beta.1" "test" "--frozen" "--no-run" "--message-format=json" "--release", kill_on_drop: false }`
[INFO] [stderr]    Compiling rialo-venus-build-helper v0.21.0-alpha.0 (/opt/rustwide/workdir)
[INFO] [stdout] error[E0433]: cannot find module or crate `fs4` in this scope
[INFO] [stdout]    --> src/lib.rs:573:13
[INFO] [stdout]     |
[INFO] [stdout] 573 |             fs4::FileExt::try_lock(&contender),
[INFO] [stdout]     |             ^^^ use of unresolved module or unlinked crate `fs4`
[INFO] [stdout]     |
[INFO] [stdout]     = help: if you wanted to use a crate named `fs4`, use `cargo add fs4` to add it to your `Cargo.toml`
[INFO] [stdout] help: consider importing this trait
[INFO] [stdout]     |
[INFO] [stdout] 531 +     use std::os::unix::prelude::FileExt;
[INFO] [stdout]     |
[INFO] [stdout] help: if you import `FileExt`, refer to it directly
[INFO] [stdout]     |
[INFO] [stdout] 573 -             fs4::FileExt::try_lock(&contender),
[INFO] [stdout] 573 +             FileExt::try_lock(&contender),
[INFO] [stdout]     |
[INFO] [stdout] 
[INFO] [stdout] 
[INFO] [stdout] error[E0433]: cannot find module or crate `fs4` in this scope
[INFO] [stdout]    --> src/lib.rs:574:17
[INFO] [stdout]     |
[INFO] [stdout] 574 |             Err(fs4::TryLockError::WouldBlock)
[INFO] [stdout]     |                 ^^^ use of unresolved module or unlinked crate `fs4`
[INFO] [stdout]     |
[INFO] [stdout]     = help: if you wanted to use a crate named `fs4`, use `cargo add fs4` to add it to your `Cargo.toml`
[INFO] [stdout] help: consider importing one of these enums
[INFO] [stdout]     |
[INFO] [stdout] 531 +     use std::fs::TryLockError;
[INFO] [stdout]     |
[INFO] [stdout] 531 +     use std::sync::TryLockError;
[INFO] [stdout]     |
[INFO] [stdout] help: if you import `TryLockError`, refer to it directly
[INFO] [stdout]     |
[INFO] [stdout] 574 -             Err(fs4::TryLockError::WouldBlock)
[INFO] [stdout] 574 +             Err(TryLockError::WouldBlock)
[INFO] [stdout]     |
[INFO] [stdout] 
[INFO] [stdout] 
[INFO] [stdout] error[E0433]: cannot find module or crate `fs4` in this scope
[INFO] [stdout]    --> src/lib.rs:577:9
[INFO] [stdout]     |
[INFO] [stdout] 577 |         fs4::FileExt::lock(&contender).unwrap();
[INFO] [stdout]     |         ^^^ use of unresolved module or unlinked crate `fs4`
[INFO] [stdout]     |
[INFO] [stdout]     = help: if you wanted to use a crate named `fs4`, use `cargo add fs4` to add it to your `Cargo.toml`
[INFO] [stdout] help: consider importing this trait
[INFO] [stdout]     |
[INFO] [stdout] 531 +     use std::os::unix::prelude::FileExt;
[INFO] [stdout]     |
[INFO] [stdout] help: if you import `FileExt`, refer to it directly
[INFO] [stdout]     |
[INFO] [stdout] 577 -         fs4::FileExt::lock(&contender).unwrap();
[INFO] [stdout] 577 +         FileExt::lock(&contender).unwrap();
[INFO] [stdout]     |
[INFO] [stdout] 
[INFO] [stdout] 
[INFO] [stdout] For more information about this error, try `rustc --explain E0433`.
[INFO] [stdout] 
[INFO] [stderr] error: could not compile `rialo-venus-build-helper` (lib test) due to 3 previous errors
[INFO] running `Command { std: "docker" "inspect" "f19780e117cea3006a0f26a8633a4ae4dabb05a17097cac6fff3be0c423fb7ad", kill_on_drop: false }`
[INFO] running `Command { std: "docker" "rm" "-f" "f19780e117cea3006a0f26a8633a4ae4dabb05a17097cac6fff3be0c423fb7ad", kill_on_drop: false }`
[INFO] [stdout] f19780e117cea3006a0f26a8633a4ae4dabb05a17097cac6fff3be0c423fb7ad
