[INFO] fetching crate rialo-types 0.21.0-alpha.0...
[INFO] testing rialo-types-0.21.0-alpha.0 against 1.100.0-beta.1+cargoflags=--release for beta-release-1.100-2
[INFO] extracting crate rialo-types 0.21.0-alpha.0 into /workspace/builds/worker-2-tc2/source
[INFO] started tweaking crates.io crate rialo-types 0.21.0-alpha.0
[INFO] finished tweaking crates.io crate rialo-types 0.21.0-alpha.0
[INFO] tweaked toml for crates.io crate rialo-types 0.21.0-alpha.0 written to /workspace/builds/worker-2-tc2/source/Cargo.toml
[INFO] validating manifest of crates.io crate rialo-types 0.21.0-alpha.0 on toolchain 1.100.0-beta.1
[INFO] running `Command { std: CARGO_HOME="/workspace/cargo-home" RUSTUP_HOME="/workspace/rustup-home" "/workspace/cargo-home/bin/cargo" "+1.100.0-beta.1" "metadata" "--manifest-path" "Cargo.toml" "--no-deps", kill_on_drop: false }`
[INFO] crate crates.io crate rialo-types 0.21.0-alpha.0 already has a lockfile, it will not be regenerated
[INFO] running `Command { std: CARGO_HOME="/workspace/cargo-home" RUSTUP_HOME="/workspace/rustup-home" "/workspace/cargo-home/bin/cargo" "+1.100.0-beta.1" "fetch" "--manifest-path" "Cargo.toml", kill_on_drop: false }`
[INFO] running `Command { std: "docker" "create" "-v" "/var/lib/crater-agent-workspace/builds/worker-2-tc2/source:/opt/rustwide/workdir:ro,Z" "-v" "/var/lib/crater-agent-workspace/builds/worker-2-tc2/target:/opt/rustwide/target:rw,Z" "-v" "/var/lib/crater-agent-workspace/cargo-home:/opt/rustwide/cargo-home:ro,Z" "-v" "/var/lib/crater-agent-workspace/rustup-home:/opt/rustwide/rustup-home:ro,Z" "-m" "1610612736" "--network" "none" "ghcr.io/rust-lang/crates-build-env/linux@sha256:77db811e55d90add9212f6832c23229e3de5f1c1f9905e8cb07319ea15df73ac" "sleep" "infinity", kill_on_drop: false }`
[INFO] [stdout] 0b53957a6c3b997b4842e4a13e0ab01badd3ef688c8aa9dbe1ae78a204e3a17b
[INFO] running `Command { std: "docker" "start" "0b53957a6c3b997b4842e4a13e0ab01badd3ef688c8aa9dbe1ae78a204e3a17b", kill_on_drop: false }`
[INFO] running `Command { std: "docker" "inspect" "0b53957a6c3b997b4842e4a13e0ab01badd3ef688c8aa9dbe1ae78a204e3a17b", kill_on_drop: false }`
[INFO] running `Command { std: "docker" "exec" "-e" "SOURCE_DIR=/opt/rustwide/workdir" "-e" "CARGO_HOME=/opt/rustwide/cargo-home" "-e" "RUSTUP_HOME=/opt/rustwide/rustup-home" "-e" "CARGO_TARGET_DIR=/opt/rustwide/target" "-w" "/opt/rustwide/workdir" "--user" "0:0" "0b53957a6c3b997b4842e4a13e0ab01badd3ef688c8aa9dbe1ae78a204e3a17b" "/opt/rustwide/cargo-home/bin/cargo" "+1.100.0-beta.1" "metadata" "--no-deps" "--format-version=1", kill_on_drop: false }`
[INFO] running `Command { std: "docker" "inspect" "0b53957a6c3b997b4842e4a13e0ab01badd3ef688c8aa9dbe1ae78a204e3a17b", kill_on_drop: false }`
[INFO] running `Command { std: "docker" "exec" "-e" "SOURCE_DIR=/opt/rustwide/workdir" "-e" "CARGO_HOME=/opt/rustwide/cargo-home" "-e" "RUSTUP_HOME=/opt/rustwide/rustup-home" "-e" "CARGO_TARGET_DIR=/opt/rustwide/target" "-e" "CARGO_INCREMENTAL=0" "-e" "RUST_BACKTRACE=full" "-e" "RUSTFLAGS=--cap-lints=warn" "-e" "RUSTDOCFLAGS=--cap-lints=warn" "-w" "/opt/rustwide/workdir" "--user" "0:0" "0b53957a6c3b997b4842e4a13e0ab01badd3ef688c8aa9dbe1ae78a204e3a17b" "/opt/rustwide/cargo-home/bin/cargo" "+1.100.0-beta.1" "build" "--frozen" "--message-format=json" "--release", kill_on_drop: false }`
[INFO] [stderr]    Compiling proc-macro2 v1.0.106
[INFO] [stderr]    Compiling unicode-ident v1.0.23
[INFO] [stderr]    Compiling serde_core v1.0.228
[INFO] [stderr]    Compiling serde v1.0.228
[INFO] [stderr]    Compiling toml_parser v1.0.6+spec-1.1.0
[INFO] [stderr]    Compiling borsh v1.6.0
[INFO] [stderr]    Compiling cc v1.2.55
[INFO] [stderr]    Compiling syn v1.0.109
[INFO] [stderr]    Compiling five8_core v0.1.2
[INFO] [stderr]    Compiling zmij v1.0.20
[INFO] [stderr]    Compiling serde_json v1.0.149
[INFO] [stderr]    Compiling rialo-atomic-u64 v0.21.0-alpha.0
[INFO] [stderr]    Compiling rialo-s-decode-error v0.21.0-alpha.0
[INFO] [stderr]    Compiling bs58 v0.5.1
[INFO] [stderr]    Compiling rialo-sanitize v0.21.0-alpha.0
[INFO] [stderr]    Compiling anyhow v1.0.101
[INFO] [stderr]    Compiling five8_const v0.1.4
[INFO] [stderr]    Compiling arrayvec v0.7.6
[INFO] [stderr]    Compiling rand_core v0.6.4
[INFO] [stderr]    Compiling arrayref v0.3.9
[INFO] [stderr]    Compiling constant_time_eq v0.4.2
[INFO] [stderr]    Compiling toml_edit v0.23.10+spec-1.0.0
[INFO] [stderr]    Compiling quote v1.0.44
[INFO] [stderr]    Compiling proc-macro-crate v3.4.0
[INFO] [stderr]    Compiling syn v2.0.114
[INFO] [stderr]    Compiling blake3 v1.8.3
[INFO] [stderr]    Compiling strum_macros v0.24.3
[INFO] [stderr]    Compiling serde_derive v1.0.228
[INFO] [stderr]    Compiling borsh-derive v1.6.0
[INFO] [stderr]    Compiling zeroize_derive v1.4.3
[INFO] [stderr]    Compiling tracing-attributes v0.1.31
[INFO] [stderr]    Compiling curve25519-dalek-derive v0.1.1
[INFO] [stderr]    Compiling thiserror-impl v1.0.69
[INFO] [stderr]    Compiling rialo-cli-representable v0.21.0-alpha.0
[INFO] [stderr]    Compiling zeroize v1.8.2
[INFO] [stderr]    Compiling curve25519-dalek v4.1.3
[INFO] [stderr]    Compiling thiserror v1.0.69
[INFO] [stderr]    Compiling tracing v0.1.44
[INFO] [stderr]    Compiling x25519-dalek v2.0.1
[INFO] [stderr]    Compiling rialo-s-pubkey v0.21.0-alpha.0
[INFO] [stderr]    Compiling rialo-tee-types v0.21.0-alpha.0
[INFO] [stderr]    Compiling rialo-cli-representation v0.21.0-alpha.0
[INFO] [stderr]    Compiling rialo-shared-types v0.21.0-alpha.0
[INFO] [stderr]    Compiling serde-big-array v0.5.1
[INFO] [stderr]    Compiling chrono v0.4.43
[INFO] [stderr]    Compiling rialo-limits v0.21.0-alpha.0
[INFO] [stderr]    Compiling rialo-types v0.21.0-alpha.0 (/opt/rustwide/workdir)
[INFO] [stderr] warning: unused dependency `anyhow`
[INFO] [stderr]  --> Cargo.toml:1:15
[INFO] [stderr]   |
[INFO] [stderr] 1 | [dependencies.anyhow]
[INFO] [stderr]   |               ^^^^^^^
[INFO] [stderr]   |
[INFO] [stderr]   = note: `cargo::unused_dependencies` is set to `warn` by default
[INFO] [stderr] help: consider removing the dependency on `anyhow`
[INFO] [stderr] warning: unused dependency `static_assertions`
[INFO] [stderr]   --> Cargo.toml:77:15
[INFO] [stderr]    |
[INFO] [stderr] 77 | [dependencies.static_assertions]
[INFO] [stderr]    |               ^^^^^^^^^^^^^^^^^^
[INFO] [stderr]    |
[INFO] [stderr] help: consider removing the dependency on `static_assertions`
[INFO] [stderr] warning: `rialo-types` (manifest) generated 2 warnings
[INFO] [stderr]     Finished `release` profile [optimized] target(s) in 29.50s
[INFO] [stderr] warning: the following packages contain code that will be rejected by a future version of Rust: borsh v1.6.0
[INFO] [stderr] note: to see what the problems were, use the option `--future-incompat-report`, or run `cargo report future-incompatibilities --id 2`
[INFO] running `Command { std: "docker" "inspect" "0b53957a6c3b997b4842e4a13e0ab01badd3ef688c8aa9dbe1ae78a204e3a17b", kill_on_drop: false }`
[INFO] running `Command { std: "docker" "exec" "-e" "SOURCE_DIR=/opt/rustwide/workdir" "-e" "CARGO_HOME=/opt/rustwide/cargo-home" "-e" "RUSTUP_HOME=/opt/rustwide/rustup-home" "-e" "CARGO_TARGET_DIR=/opt/rustwide/target" "-e" "CARGO_INCREMENTAL=0" "-e" "RUST_BACKTRACE=full" "-e" "RUSTFLAGS=--cap-lints=warn" "-e" "RUSTDOCFLAGS=--cap-lints=warn" "-w" "/opt/rustwide/workdir" "--user" "0:0" "0b53957a6c3b997b4842e4a13e0ab01badd3ef688c8aa9dbe1ae78a204e3a17b" "/opt/rustwide/cargo-home/bin/cargo" "+1.100.0-beta.1" "test" "--frozen" "--no-run" "--message-format=json" "--release", kill_on_drop: false }`
[INFO] [stderr]    Compiling rialo-types v0.21.0-alpha.0 (/opt/rustwide/workdir)
[INFO] [stdout] error[E0432]: unresolved import `bincode`
[INFO] [stdout]   --> src/tokenomics_epoch.rs:90:13
[INFO] [stdout]    |
[INFO] [stdout] 90 |         use bincode::Options;
[INFO] [stdout]    |             ^^^^^^^ use of unresolved module or unlinked crate `bincode`
[INFO] [stdout]    |
[INFO] [stdout]    = help: if you wanted to use a crate named `bincode`, use `cargo add bincode` to add it to your `Cargo.toml`
[INFO] [stdout] 
[INFO] [stdout] 
[INFO] [stdout] error[E0432]: unresolved import `bincode`
[INFO] [stdout]    --> src/time.rs:337:13
[INFO] [stdout]     |
[INFO] [stdout] 337 |         use bincode::Options;
[INFO] [stdout]     |             ^^^^^^^ use of unresolved module or unlinked crate `bincode`
[INFO] [stdout]     |
[INFO] [stdout]     = help: if you wanted to use a crate named `bincode`, use `cargo add bincode` to add it to your `Cargo.toml`
[INFO] [stdout] 
[INFO] [stdout] 
[INFO] [stdout] error[E0433]: cannot find module or crate `bincode` in this scope
[INFO] [stdout]   --> src/tokenomics_epoch.rs:91:19
[INFO] [stdout]    |
[INFO] [stdout] 91 |         let cfg = bincode::DefaultOptions::new()
[INFO] [stdout]    |                   ^^^^^^^ use of unresolved module or unlinked crate `bincode`
[INFO] [stdout]    |
[INFO] [stdout]    = help: if you wanted to use a crate named `bincode`, use `cargo add bincode` to add it to your `Cargo.toml`
[INFO] [stdout] 
[INFO] [stdout] 
[INFO] [stdout] error[E0433]: cannot find module or crate `bincode` in this scope
[INFO] [stdout]    --> src/time.rs:344:19
[INFO] [stdout]     |
[INFO] [stdout] 344 |         let cfg = bincode::DefaultOptions::new()
[INFO] [stdout]     |                   ^^^^^^^ use of unresolved module or unlinked crate `bincode`
[INFO] [stdout]     |
[INFO] [stdout]     = help: if you wanted to use a crate named `bincode`, use `cargo add bincode` to add it to your `Cargo.toml`
[INFO] [stdout] 
[INFO] [stdout] 
[INFO] [stdout] error[E0433]: cannot find module or crate `bincode` in this scope
[INFO] [stdout]    --> src/block.rs:156:13
[INFO] [stdout]     |
[INFO] [stdout] 156 |             bincode::serialize(&h).unwrap(),
[INFO] [stdout]     |             ^^^^^^^ use of unresolved module or unlinked crate `bincode`
[INFO] [stdout]     |
[INFO] [stdout]     = help: if you wanted to use a crate named `bincode`, use `cargo add bincode` to add it to your `Cargo.toml`
[INFO] [stdout] 
[INFO] [stdout] 
[INFO] [stdout] error[E0433]: cannot find module or crate `bincode` in this scope
[INFO] [stdout]    --> src/block.rs:157:13
[INFO] [stdout]     |
[INFO] [stdout] 157 |             bincode::serialize(&raw).unwrap()
[INFO] [stdout]     |             ^^^^^^^ use of unresolved module or unlinked crate `bincode`
[INFO] [stdout]     |
[INFO] [stdout]     = help: if you wanted to use a crate named `bincode`, use `cargo add bincode` to add it to your `Cargo.toml`
[INFO] [stdout] 
[INFO] [stdout] 
[INFO] [stdout] error[E0433]: cannot find module or crate `bincode` in this scope
[INFO] [stdout]    --> src/block.rs:160:13
[INFO] [stdout]     |
[INFO] [stdout] 160 |             bincode::deserialize::<BlockHeight>(&bincode::serialize(&raw).unwrap()).unwrap(),
[INFO] [stdout]     |             ^^^^^^^ use of unresolved module or unlinked crate `bincode`
[INFO] [stdout]     |
[INFO] [stdout]     = help: if you wanted to use a crate named `bincode`, use `cargo add bincode` to add it to your `Cargo.toml`
[INFO] [stdout] 
[INFO] [stdout] 
[INFO] [stdout] error[E0433]: cannot find module or crate `bincode` in this scope
[INFO] [stdout]    --> src/block.rs:160:50
[INFO] [stdout]     |
[INFO] [stdout] 160 |             bincode::deserialize::<BlockHeight>(&bincode::serialize(&raw).unwrap()).unwrap(),
[INFO] [stdout]     |                                                  ^^^^^^^ use of unresolved module or unlinked crate `bincode`
[INFO] [stdout]     |
[INFO] [stdout]     = help: if you wanted to use a crate named `bincode`, use `cargo add bincode` to add it to your `Cargo.toml`
[INFO] [stdout] 
[INFO] [stdout] 
[INFO] [stdout] error[E0433]: cannot find module or crate `bcs` in this scope
[INFO] [stdout]    --> src/block.rs:186:20
[INFO] [stdout]     |
[INFO] [stdout] 186 |         assert_eq!(bcs::to_bytes(&h).unwrap(), bcs::to_bytes(&raw).unwrap());
[INFO] [stdout]     |                    ^^^ use of unresolved module or unlinked crate `bcs`
[INFO] [stdout]     |
[INFO] [stdout]     = help: if you wanted to use a crate named `bcs`, use `cargo add bcs` to add it to your `Cargo.toml`
[INFO] [stdout] 
[INFO] [stdout] 
[INFO] [stdout] error[E0433]: cannot find module or crate `bcs` in this scope
[INFO] [stdout]    --> src/block.rs:186:48
[INFO] [stdout]     |
[INFO] [stdout] 186 |         assert_eq!(bcs::to_bytes(&h).unwrap(), bcs::to_bytes(&raw).unwrap());
[INFO] [stdout]     |                                                ^^^ use of unresolved module or unlinked crate `bcs`
[INFO] [stdout]     |
[INFO] [stdout]     = help: if you wanted to use a crate named `bcs`, use `cargo add bcs` to add it to your `Cargo.toml`
[INFO] [stdout] 
[INFO] [stdout] 
[INFO] [stdout] error[E0433]: cannot find module or crate `bcs` in this scope
[INFO] [stdout]    --> src/block.rs:188:13
[INFO] [stdout]     |
[INFO] [stdout] 188 |             bcs::from_bytes::<BlockHeight>(&bcs::to_bytes(&raw).unwrap()).unwrap(),
[INFO] [stdout]     |             ^^^ use of unresolved module or unlinked crate `bcs`
[INFO] [stdout]     |
[INFO] [stdout]     = help: if you wanted to use a crate named `bcs`, use `cargo add bcs` to add it to your `Cargo.toml`
[INFO] [stdout] 
[INFO] [stdout] 
[INFO] [stdout] error[E0433]: cannot find module or crate `bcs` in this scope
[INFO] [stdout]    --> src/block.rs:188:45
[INFO] [stdout]     |
[INFO] [stdout] 188 |             bcs::from_bytes::<BlockHeight>(&bcs::to_bytes(&raw).unwrap()).unwrap(),
[INFO] [stdout]     |                                             ^^^ use of unresolved module or unlinked crate `bcs`
[INFO] [stdout]     |
[INFO] [stdout]     = help: if you wanted to use a crate named `bcs`, use `cargo add bcs` to add it to your `Cargo.toml`
[INFO] [stdout] 
[INFO] [stdout] 
[INFO] [stdout] error[E0433]: cannot find module or crate `bcs` in this scope
[INFO] [stdout]    --> src/block.rs:202:13
[INFO] [stdout]     |
[INFO] [stdout] 202 |             bcs::to_bytes(&wrapped).unwrap(),
[INFO] [stdout]     |             ^^^ use of unresolved module or unlinked crate `bcs`
[INFO] [stdout]     |
[INFO] [stdout]     = help: if you wanted to use a crate named `bcs`, use `cargo add bcs` to add it to your `Cargo.toml`
[INFO] [stdout] 
[INFO] [stdout] 
[INFO] [stdout] error[E0433]: cannot find module or crate `bcs` in this scope
[INFO] [stdout]    --> src/block.rs:203:13
[INFO] [stdout]     |
[INFO] [stdout] 203 |             bcs::to_bytes(&WrappedRaw { height: raw }).unwrap()
[INFO] [stdout]     |             ^^^ use of unresolved module or unlinked crate `bcs`
[INFO] [stdout]     |
[INFO] [stdout]     = help: if you wanted to use a crate named `bcs`, use `cargo add bcs` to add it to your `Cargo.toml`
[INFO] [stdout] 
[INFO] [stdout] 
[INFO] [stdout] error[E0433]: cannot find module or crate `bcs` in this scope
[INFO] [stdout]    --> src/block.rs:206:13
[INFO] [stdout]     |
[INFO] [stdout] 206 |             bcs::from_bytes::<WrappedHeight>(&bcs::to_bytes(&wrapped).unwrap()).unwrap(),
[INFO] [stdout]     |             ^^^ use of unresolved module or unlinked crate `bcs`
[INFO] [stdout]     |
[INFO] [stdout]     = help: if you wanted to use a crate named `bcs`, use `cargo add bcs` to add it to your `Cargo.toml`
[INFO] [stdout] 
[INFO] [stdout] 
[INFO] [stdout] error[E0433]: cannot find module or crate `bcs` in this scope
[INFO] [stdout]    --> src/block.rs:206:47
[INFO] [stdout]     |
[INFO] [stdout] 206 |             bcs::from_bytes::<WrappedHeight>(&bcs::to_bytes(&wrapped).unwrap()).unwrap(),
[INFO] [stdout]     |                                               ^^^ use of unresolved module or unlinked crate `bcs`
[INFO] [stdout]     |
[INFO] [stdout]     = help: if you wanted to use a crate named `bcs`, use `cargo add bcs` to add it to your `Cargo.toml`
[INFO] [stdout] 
[INFO] [stdout] 
[INFO] [stdout] error[E0433]: cannot find module or crate `bincode` in this scope
[INFO] [stdout]    --> src/tokenomics_epoch.rs:106:13
[INFO] [stdout]     |
[INFO] [stdout] 106 |             bincode::serialize(&TokenomicsEpochId::new(9)).unwrap(),
[INFO] [stdout]     |             ^^^^^^^ use of unresolved module or unlinked crate `bincode`
[INFO] [stdout]     |
[INFO] [stdout]     = help: if you wanted to use a crate named `bincode`, use `cargo add bincode` to add it to your `Cargo.toml`
[INFO] [stdout] 
[INFO] [stdout] 
[INFO] [stdout] error[E0433]: cannot find module or crate `bincode` in this scope
[INFO] [stdout]    --> src/tokenomics_epoch.rs:107:13
[INFO] [stdout]     |
[INFO] [stdout] 107 |             bincode::serialize(&9u64).unwrap()
[INFO] [stdout]     |             ^^^^^^^ use of unresolved module or unlinked crate `bincode`
[INFO] [stdout]     |
[INFO] [stdout]     = help: if you wanted to use a crate named `bincode`, use `cargo add bincode` to add it to your `Cargo.toml`
[INFO] [stdout] 
[INFO] [stdout] 
[INFO] [stdout] error[E0433]: cannot find module or crate `bcs` in this scope
[INFO] [stdout]    --> src/tokenomics_epoch.rs:116:13
[INFO] [stdout]     |
[INFO] [stdout] 116 |             bcs::to_bytes(&TokenomicsEpochId::new(raw)).unwrap(),
[INFO] [stdout]     |             ^^^ use of unresolved module or unlinked crate `bcs`
[INFO] [stdout]     |
[INFO] [stdout]     = help: if you wanted to use a crate named `bcs`, use `cargo add bcs` to add it to your `Cargo.toml`
[INFO] [stdout] 
[INFO] [stdout] 
[INFO] [stdout] error[E0433]: cannot find module or crate `bcs` in this scope
[INFO] [stdout]    --> src/tokenomics_epoch.rs:117:13
[INFO] [stdout]     |
[INFO] [stdout] 117 |             bcs::to_bytes(&raw).unwrap()
[INFO] [stdout]     |             ^^^ use of unresolved module or unlinked crate `bcs`
[INFO] [stdout]     |
[INFO] [stdout]     = help: if you wanted to use a crate named `bcs`, use `cargo add bcs` to add it to your `Cargo.toml`
[INFO] [stdout] 
[INFO] [stdout] 
[INFO] [stdout] error[E0433]: cannot find module or crate `bcs` in this scope
[INFO] [stdout]    --> src/tokenomics_epoch.rs:120:13
[INFO] [stdout]     |
[INFO] [stdout] 120 |             bcs::from_bytes::<TokenomicsEpochId>(&bcs::to_bytes(&raw).unwrap()).unwrap(),
[INFO] [stdout]     |             ^^^ use of unresolved module or unlinked crate `bcs`
[INFO] [stdout]     |
[INFO] [stdout]     = help: if you wanted to use a crate named `bcs`, use `cargo add bcs` to add it to your `Cargo.toml`
[INFO] [stdout] 
[INFO] [stdout] 
[INFO] [stdout] error[E0433]: cannot find module or crate `bcs` in this scope
[INFO] [stdout]    --> src/tokenomics_epoch.rs:120:51
[INFO] [stdout]     |
[INFO] [stdout] 120 |             bcs::from_bytes::<TokenomicsEpochId>(&bcs::to_bytes(&raw).unwrap()).unwrap(),
[INFO] [stdout]     |                                                   ^^^ use of unresolved module or unlinked crate `bcs`
[INFO] [stdout]     |
[INFO] [stdout]     = help: if you wanted to use a crate named `bcs`, use `cargo add bcs` to add it to your `Cargo.toml`
[INFO] [stdout] 
[INFO] [stdout] 
[INFO] [stdout] error[E0433]: cannot find module or crate `bcs` in this scope
[INFO] [stdout]   --> src/dkg_epoch.rs:87:20
[INFO] [stdout]    |
[INFO] [stdout] 87 |         assert_eq!(bcs::to_bytes(&e).unwrap(), bcs::to_bytes(&raw).unwrap());
[INFO] [stdout]    |                    ^^^ use of unresolved module or unlinked crate `bcs`
[INFO] [stdout]    |
[INFO] [stdout]    = help: if you wanted to use a crate named `bcs`, use `cargo add bcs` to add it to your `Cargo.toml`
[INFO] [stdout] 
[INFO] [stdout] 
[INFO] [stdout] error[E0433]: cannot find module or crate `bcs` in this scope
[INFO] [stdout]   --> src/dkg_epoch.rs:87:48
[INFO] [stdout]    |
[INFO] [stdout] 87 |         assert_eq!(bcs::to_bytes(&e).unwrap(), bcs::to_bytes(&raw).unwrap());
[INFO] [stdout]    |                                                ^^^ use of unresolved module or unlinked crate `bcs`
[INFO] [stdout]    |
[INFO] [stdout]    = help: if you wanted to use a crate named `bcs`, use `cargo add bcs` to add it to your `Cargo.toml`
[INFO] [stdout] 
[INFO] [stdout] 
[INFO] [stdout] error[E0433]: cannot find module or crate `bcs` in this scope
[INFO] [stdout]   --> src/dkg_epoch.rs:89:13
[INFO] [stdout]    |
[INFO] [stdout] 89 |             bcs::from_bytes::<DkgEpochId>(&bcs::to_bytes(&raw).unwrap()).unwrap(),
[INFO] [stdout]    |             ^^^ use of unresolved module or unlinked crate `bcs`
[INFO] [stdout]    |
[INFO] [stdout]    = help: if you wanted to use a crate named `bcs`, use `cargo add bcs` to add it to your `Cargo.toml`
[INFO] [stdout] 
[INFO] [stdout] 
[INFO] [stdout] error[E0433]: cannot find module or crate `bcs` in this scope
[INFO] [stdout]   --> src/dkg_epoch.rs:89:44
[INFO] [stdout]    |
[INFO] [stdout] 89 |             bcs::from_bytes::<DkgEpochId>(&bcs::to_bytes(&raw).unwrap()).unwrap(),
[INFO] [stdout]    |                                            ^^^ use of unresolved module or unlinked crate `bcs`
[INFO] [stdout]    |
[INFO] [stdout]    = help: if you wanted to use a crate named `bcs`, use `cargo add bcs` to add it to your `Cargo.toml`
[INFO] [stdout] 
[INFO] [stdout] 
[INFO] [stdout] error[E0433]: cannot find module or crate `bincode` in this scope
[INFO] [stdout]   --> src/dkg_epoch.rs:99:13
[INFO] [stdout]    |
[INFO] [stdout] 99 |             bincode::serialize(&e).unwrap(),
[INFO] [stdout]    |             ^^^^^^^ use of unresolved module or unlinked crate `bincode`
[INFO] [stdout]    |
[INFO] [stdout]    = help: if you wanted to use a crate named `bincode`, use `cargo add bincode` to add it to your `Cargo.toml`
[INFO] [stdout] 
[INFO] [stdout] 
[INFO] [stdout] error[E0433]: cannot find module or crate `bincode` in this scope
[INFO] [stdout]    --> src/dkg_epoch.rs:100:13
[INFO] [stdout]     |
[INFO] [stdout] 100 |             bincode::serialize(&raw).unwrap()
[INFO] [stdout]     |             ^^^^^^^ use of unresolved module or unlinked crate `bincode`
[INFO] [stdout]     |
[INFO] [stdout]     = help: if you wanted to use a crate named `bincode`, use `cargo add bincode` to add it to your `Cargo.toml`
[INFO] [stdout] 
[INFO] [stdout] 
[INFO] [stdout] error[E0433]: cannot find module or crate `bcs` in this scope
[INFO] [stdout]    --> src/rex.rs:245:20
[INFO] [stdout]     |
[INFO] [stdout] 245 |         assert_eq!(bcs::to_bytes(&e).unwrap(), bcs::to_bytes(&raw).unwrap());
[INFO] [stdout]     |                    ^^^ use of unresolved module or unlinked crate `bcs`
[INFO] [stdout]     |
[INFO] [stdout]     = help: if you wanted to use a crate named `bcs`, use `cargo add bcs` to add it to your `Cargo.toml`
[INFO] [stdout] 
[INFO] [stdout] 
[INFO] [stdout] error[E0433]: cannot find module or crate `bcs` in this scope
[INFO] [stdout]    --> src/rex.rs:245:48
[INFO] [stdout]     |
[INFO] [stdout] 245 |         assert_eq!(bcs::to_bytes(&e).unwrap(), bcs::to_bytes(&raw).unwrap());
[INFO] [stdout]     |                                                ^^^ use of unresolved module or unlinked crate `bcs`
[INFO] [stdout]     |
[INFO] [stdout]     = help: if you wanted to use a crate named `bcs`, use `cargo add bcs` to add it to your `Cargo.toml`
[INFO] [stdout] 
[INFO] [stdout] 
[INFO] [stdout] error[E0433]: cannot find module or crate `bincode` in this scope
[INFO] [stdout]    --> src/rex.rs:247:13
[INFO] [stdout]     |
[INFO] [stdout] 247 |             bincode::serialize(&e).unwrap(),
[INFO] [stdout]     |             ^^^^^^^ use of unresolved module or unlinked crate `bincode`
[INFO] [stdout]     |
[INFO] [stdout]     = help: if you wanted to use a crate named `bincode`, use `cargo add bincode` to add it to your `Cargo.toml`
[INFO] [stdout] 
[INFO] [stdout] 
[INFO] [stdout] error[E0433]: cannot find module or crate `bincode` in this scope
[INFO] [stdout]    --> src/rex.rs:248:13
[INFO] [stdout]     |
[INFO] [stdout] 248 |             bincode::serialize(&raw).unwrap()
[INFO] [stdout]     |             ^^^^^^^ use of unresolved module or unlinked crate `bincode`
[INFO] [stdout]     |
[INFO] [stdout]     = help: if you wanted to use a crate named `bincode`, use `cargo add bincode` to add it to your `Cargo.toml`
[INFO] [stdout] 
[INFO] [stdout] 
[INFO] [stdout] error[E0433]: cannot find module or crate `bcs` in this scope
[INFO] [stdout]    --> src/rex.rs:271:20
[INFO] [stdout]     |
[INFO] [stdout] 271 |         assert_eq!(bcs::to_bytes(&c).unwrap(), bcs::to_bytes(&raw).unwrap());
[INFO] [stdout]     |                    ^^^ use of unresolved module or unlinked crate `bcs`
[INFO] [stdout]     |
[INFO] [stdout]     = help: if you wanted to use a crate named `bcs`, use `cargo add bcs` to add it to your `Cargo.toml`
[INFO] [stdout] 
[INFO] [stdout] 
[INFO] [stdout] error[E0433]: cannot find module or crate `bcs` in this scope
[INFO] [stdout]    --> src/rex.rs:271:48
[INFO] [stdout]     |
[INFO] [stdout] 271 |         assert_eq!(bcs::to_bytes(&c).unwrap(), bcs::to_bytes(&raw).unwrap());
[INFO] [stdout]     |                                                ^^^ use of unresolved module or unlinked crate `bcs`
[INFO] [stdout]     |
[INFO] [stdout]     = help: if you wanted to use a crate named `bcs`, use `cargo add bcs` to add it to your `Cargo.toml`
[INFO] [stdout] 
[INFO] [stdout] 
[INFO] [stdout] error[E0433]: cannot find module or crate `bincode` in this scope
[INFO] [stdout]    --> src/rex.rs:273:13
[INFO] [stdout]     |
[INFO] [stdout] 273 |             bincode::serialize(&c).unwrap(),
[INFO] [stdout]     |             ^^^^^^^ use of unresolved module or unlinked crate `bincode`
[INFO] [stdout]     |
[INFO] [stdout]     = help: if you wanted to use a crate named `bincode`, use `cargo add bincode` to add it to your `Cargo.toml`
[INFO] [stdout] 
[INFO] [stdout] 
[INFO] [stdout] error[E0433]: cannot find module or crate `bincode` in this scope
[INFO] [stdout]    --> src/rex.rs:274:13
[INFO] [stdout]     |
[INFO] [stdout] 274 |             bincode::serialize(&raw).unwrap()
[INFO] [stdout]     |             ^^^^^^^ use of unresolved module or unlinked crate `bincode`
[INFO] [stdout]     |
[INFO] [stdout]     = help: if you wanted to use a crate named `bincode`, use `cargo add bincode` to add it to your `Cargo.toml`
[INFO] [stdout] 
[INFO] [stdout] 
[INFO] [stdout] error[E0433]: cannot find module or crate `bcs` in this scope
[INFO] [stdout]    --> src/time.rs:319:17
[INFO] [stdout]     |
[INFO] [stdout] 319 |                 bcs::to_bytes(&TimestampMs::new(raw)).unwrap(),
[INFO] [stdout]     |                 ^^^ use of unresolved module or unlinked crate `bcs`
[INFO] [stdout]     |
[INFO] [stdout]     = help: if you wanted to use a crate named `bcs`, use `cargo add bcs` to add it to your `Cargo.toml`
[INFO] [stdout] 
[INFO] [stdout] 
[INFO] [stdout] error[E0433]: cannot find module or crate `bcs` in this scope
[INFO] [stdout]    --> src/time.rs:320:17
[INFO] [stdout]     |
[INFO] [stdout] 320 |                 bcs::to_bytes(&raw).unwrap()
[INFO] [stdout]     |                 ^^^ use of unresolved module or unlinked crate `bcs`
[INFO] [stdout]     |
[INFO] [stdout]     = help: if you wanted to use a crate named `bcs`, use `cargo add bcs` to add it to your `Cargo.toml`
[INFO] [stdout] 
[INFO] [stdout] 
[INFO] [stdout] error[E0433]: cannot find module or crate `bcs` in this scope
[INFO] [stdout]    --> src/time.rs:323:17
[INFO] [stdout]     |
[INFO] [stdout] 323 |                 bcs::to_bytes(&DurationMs::new(raw)).unwrap(),
[INFO] [stdout]     |                 ^^^ use of unresolved module or unlinked crate `bcs`
[INFO] [stdout]     |
[INFO] [stdout]     = help: if you wanted to use a crate named `bcs`, use `cargo add bcs` to add it to your `Cargo.toml`
[INFO] [stdout] 
[INFO] [stdout] 
[INFO] [stdout] error[E0433]: cannot find module or crate `bcs` in this scope
[INFO] [stdout]    --> src/time.rs:324:17
[INFO] [stdout]     |
[INFO] [stdout] 324 |                 bcs::to_bytes(&raw).unwrap()
[INFO] [stdout]     |                 ^^^ use of unresolved module or unlinked crate `bcs`
[INFO] [stdout]     |
[INFO] [stdout]     = help: if you wanted to use a crate named `bcs`, use `cargo add bcs` to add it to your `Cargo.toml`
[INFO] [stdout] 
[INFO] [stdout] 
[INFO] [stdout] error[E0433]: cannot find module or crate `bcs` in this scope
[INFO] [stdout]    --> src/time.rs:327:17
[INFO] [stdout]     |
[INFO] [stdout] 327 |                 bcs::from_bytes::<TimestampMs>(&bcs::to_bytes(&raw).unwrap()).unwrap(),
[INFO] [stdout]     |                 ^^^ use of unresolved module or unlinked crate `bcs`
[INFO] [stdout]     |
[INFO] [stdout]     = help: if you wanted to use a crate named `bcs`, use `cargo add bcs` to add it to your `Cargo.toml`
[INFO] [stdout] 
[INFO] [stdout] 
[INFO] [stdout] error[E0433]: cannot find module or crate `bcs` in this scope
[INFO] [stdout]    --> src/time.rs:327:49
[INFO] [stdout]     |
[INFO] [stdout] 327 |                 bcs::from_bytes::<TimestampMs>(&bcs::to_bytes(&raw).unwrap()).unwrap(),
[INFO] [stdout]     |                                                 ^^^ use of unresolved module or unlinked crate `bcs`
[INFO] [stdout]     |
[INFO] [stdout]     = help: if you wanted to use a crate named `bcs`, use `cargo add bcs` to add it to your `Cargo.toml`
[INFO] [stdout] 
[INFO] [stdout] 
[INFO] [stdout] error[E0433]: cannot find module or crate `bincode` in this scope
[INFO] [stdout]    --> src/time.rs:340:17
[INFO] [stdout]     |
[INFO] [stdout] 340 |                 bincode::serialize(&TimestampMs::new(raw)).unwrap(),
[INFO] [stdout]     |                 ^^^^^^^ use of unresolved module or unlinked crate `bincode`
[INFO] [stdout]     |
[INFO] [stdout]     = help: if you wanted to use a crate named `bincode`, use `cargo add bincode` to add it to your `Cargo.toml`
[INFO] [stdout] 
[INFO] [stdout] 
[INFO] [stdout] error[E0433]: cannot find module or crate `bincode` in this scope
[INFO] [stdout]    --> src/time.rs:341:17
[INFO] [stdout]     |
[INFO] [stdout] 341 |                 bincode::serialize(&raw).unwrap()
[INFO] [stdout]     |                 ^^^^^^^ use of unresolved module or unlinked crate `bincode`
[INFO] [stdout]     |
[INFO] [stdout]     = help: if you wanted to use a crate named `bincode`, use `cargo add bincode` to add it to your `Cargo.toml`
[INFO] [stdout] 
[INFO] [stdout] 
[INFO] [stdout] Some errors have detailed explanations: E0432, E0433.
[INFO] [stdout] 
[INFO] [stdout] For more information about an error, try `rustc --explain E0432`.
[INFO] [stdout] 
[INFO] [stderr] error: could not compile `rialo-types` (lib test) due to 44 previous errors
[INFO] [stderr] warning: unused dependency `anyhow`
[INFO] [stderr]  --> Cargo.toml:1:15
[INFO] [stderr]   |
[INFO] [stderr] 1 | [dependencies.anyhow]
[INFO] [stderr]   |               ^^^^^^^
[INFO] [stderr]   |
[INFO] [stderr]   = note: `cargo::unused_dependencies` is set to `warn` by default
[INFO] [stderr] help: consider removing the dependency on `anyhow`
[INFO] [stderr] warning: unused dependency `static_assertions`
[INFO] [stderr]   --> Cargo.toml:77:15
[INFO] [stderr]    |
[INFO] [stderr] 77 | [dependencies.static_assertions]
[INFO] [stderr]    |               ^^^^^^^^^^^^^^^^^^
[INFO] [stderr]    |
[INFO] [stderr] help: consider removing the dependency on `static_assertions`
[INFO] [stderr] warning: `rialo-types` (manifest) generated 2 warnings
[INFO] running `Command { std: "docker" "inspect" "0b53957a6c3b997b4842e4a13e0ab01badd3ef688c8aa9dbe1ae78a204e3a17b", kill_on_drop: false }`
[INFO] running `Command { std: "docker" "rm" "-f" "0b53957a6c3b997b4842e4a13e0ab01badd3ef688c8aa9dbe1ae78a204e3a17b", kill_on_drop: false }`
[INFO] [stdout] 0b53957a6c3b997b4842e4a13e0ab01badd3ef688c8aa9dbe1ae78a204e3a17b
