[INFO] fetching crate rialo-tee-secret-sharing 0.21.0-alpha.0...
[INFO] testing rialo-tee-secret-sharing-0.21.0-alpha.0 against 1.99.0-beta.8+cargoflags=--release for beta-release-1.100-2
[INFO] extracting crate rialo-tee-secret-sharing 0.21.0-alpha.0 into /workspace/builds/worker-2-tc1/source
[INFO] started tweaking crates.io crate rialo-tee-secret-sharing 0.21.0-alpha.0
[INFO] removed 0 missing tests
[INFO] finished tweaking crates.io crate rialo-tee-secret-sharing 0.21.0-alpha.0
[INFO] tweaked toml for crates.io crate rialo-tee-secret-sharing 0.21.0-alpha.0 written to /workspace/builds/worker-2-tc1/source/Cargo.toml
[INFO] validating manifest of crates.io crate rialo-tee-secret-sharing 0.21.0-alpha.0 on toolchain 1.99.0-beta.8
[INFO] running `Command { std: CARGO_HOME="/workspace/cargo-home" RUSTUP_HOME="/workspace/rustup-home" "/workspace/cargo-home/bin/cargo" "+1.99.0-beta.8" "metadata" "--manifest-path" "Cargo.toml" "--no-deps", kill_on_drop: false }`
[INFO] crate crates.io crate rialo-tee-secret-sharing 0.21.0-alpha.0 already has a lockfile, it will not be regenerated
[INFO] running `Command { std: CARGO_HOME="/workspace/cargo-home" RUSTUP_HOME="/workspace/rustup-home" "/workspace/cargo-home/bin/cargo" "+1.99.0-beta.8" "fetch" "--manifest-path" "Cargo.toml", kill_on_drop: false }`
[INFO] [stderr]     Updating crates.io index
[INFO] [stderr]  Downloading crates ...
[INFO] [stderr]   Downloaded serde-big-array v0.5.1
[INFO] [stderr]   Downloaded rialo-cli-representation v0.21.0-alpha.0
[INFO] [stderr]   Downloaded rialo-tee-types v0.21.0-alpha.0
[INFO] [stderr]   Downloaded rialo-shared-types v0.21.0-alpha.0
[INFO] [stderr]   Downloaded rialo-types v0.21.0-alpha.0
[INFO] [stderr]   Downloaded rialo-cli-representable v0.21.0-alpha.0
[INFO] [stderr]   Downloaded hpke v0.13.0
[INFO] running `Command { std: "docker" "create" "-v" "/var/lib/crater-agent-workspace/builds/worker-2-tc1/source:/opt/rustwide/workdir:ro,Z" "-v" "/var/lib/crater-agent-workspace/builds/worker-2-tc1/target:/opt/rustwide/target:rw,Z" "-v" "/var/lib/crater-agent-workspace/cargo-home:/opt/rustwide/cargo-home:ro,Z" "-v" "/var/lib/crater-agent-workspace/rustup-home:/opt/rustwide/rustup-home:ro,Z" "-m" "1610612736" "--network" "none" "ghcr.io/rust-lang/crates-build-env/linux@sha256:77db811e55d90add9212f6832c23229e3de5f1c1f9905e8cb07319ea15df73ac" "sleep" "infinity", kill_on_drop: false }`
[INFO] [stdout] f1a0e087076c891b04b6b286e6dc076139420040f49883d3359248b49c3c52bd
[INFO] running `Command { std: "docker" "start" "f1a0e087076c891b04b6b286e6dc076139420040f49883d3359248b49c3c52bd", kill_on_drop: false }`
[INFO] running `Command { std: "docker" "inspect" "f1a0e087076c891b04b6b286e6dc076139420040f49883d3359248b49c3c52bd", kill_on_drop: false }`
[INFO] running `Command { std: "docker" "exec" "-e" "SOURCE_DIR=/opt/rustwide/workdir" "-e" "CARGO_HOME=/opt/rustwide/cargo-home" "-e" "RUSTUP_HOME=/opt/rustwide/rustup-home" "-e" "CARGO_TARGET_DIR=/opt/rustwide/target" "-w" "/opt/rustwide/workdir" "--user" "0:0" "f1a0e087076c891b04b6b286e6dc076139420040f49883d3359248b49c3c52bd" "/opt/rustwide/cargo-home/bin/cargo" "+1.99.0-beta.8" "metadata" "--no-deps" "--format-version=1", kill_on_drop: false }`
[INFO] running `Command { std: "docker" "inspect" "f1a0e087076c891b04b6b286e6dc076139420040f49883d3359248b49c3c52bd", kill_on_drop: false }`
[INFO] running `Command { std: "docker" "exec" "-e" "SOURCE_DIR=/opt/rustwide/workdir" "-e" "CARGO_HOME=/opt/rustwide/cargo-home" "-e" "RUSTUP_HOME=/opt/rustwide/rustup-home" "-e" "CARGO_TARGET_DIR=/opt/rustwide/target" "-e" "CARGO_INCREMENTAL=0" "-e" "RUST_BACKTRACE=full" "-e" "RUSTFLAGS=--cap-lints=warn" "-e" "RUSTDOCFLAGS=--cap-lints=warn" "-w" "/opt/rustwide/workdir" "--user" "0:0" "f1a0e087076c891b04b6b286e6dc076139420040f49883d3359248b49c3c52bd" "/opt/rustwide/cargo-home/bin/cargo" "+1.99.0-beta.8" "build" "--frozen" "--message-format=json" "--release", kill_on_drop: false }`
[INFO] [stderr]    Compiling proc-macro2 v1.0.106
[INFO] [stderr]    Compiling unicode-ident v1.0.23
[INFO] [stderr]    Compiling quote v1.0.44
[INFO] [stderr]    Compiling libc v0.2.180
[INFO] [stderr]    Compiling subtle v2.6.1
[INFO] [stderr]    Compiling serde_core v1.0.228
[INFO] [stderr]    Compiling serde v1.0.228
[INFO] [stderr]    Compiling hashbrown v0.16.1
[INFO] [stderr]    Compiling winnow v0.7.14
[INFO] [stderr]    Compiling toml_datetime v0.7.5+spec-1.1.0
[INFO] [stderr]    Compiling generic-array v0.14.7
[INFO] [stderr]    Compiling semver v1.0.27
[INFO] [stderr]    Compiling cfg_aliases v0.2.1
[INFO] [stderr]    Compiling const-oid v0.9.6
[INFO] [stderr]    Compiling once_cell v1.21.3
[INFO] [stderr]    Compiling fnv v1.0.7
[INFO] [stderr]    Compiling borsh v1.6.0
[INFO] [stderr]    Compiling base16ct v0.2.0
[INFO] [stderr]    Compiling ident_case v1.0.1
[INFO] [stderr]    Compiling strsim v0.11.1
[INFO] [stderr]    Compiling cc v1.2.55
[INFO] [stderr]    Compiling syn v1.0.109
[INFO] [stderr]    Compiling zmij v1.0.20
[INFO] [stderr]    Compiling rustc_version v0.4.1
[INFO] [stderr]    Compiling anyhow v1.0.101
[INFO] [stderr]    Compiling serde_json v1.0.149
[INFO] [stderr]    Compiling base64 v0.22.1
[INFO] [stderr]    Compiling rand_core v0.9.5
[INFO] [stderr]    Compiling indexmap v2.13.0
[INFO] [stderr]    Compiling curve25519-dalek v4.1.3
[INFO] [stderr]    Compiling syn v2.0.114
[INFO] [stderr]    Compiling getrandom v0.2.17
[INFO] [stderr]    Compiling rand_core v0.6.4
[INFO] [stderr]    Compiling ff v0.13.1
[INFO] [stderr]    Compiling group v0.13.0
[INFO] [stderr]    Compiling blake3 v1.8.3
[INFO] [stderr]    Compiling toml_parser v1.0.6+spec-1.1.0
[INFO] [stderr]    Compiling toml_edit v0.23.10+spec-1.0.0
[INFO] [stderr]    Compiling proc-macro-crate v3.4.0
[INFO] [stderr]    Compiling strum_macros v0.24.3
[INFO] [stderr]    Compiling darling_core v0.21.3
[INFO] [stderr]    Compiling zeroize_derive v1.4.3
[INFO] [stderr]    Compiling serde_derive v1.0.228
[INFO] [stderr]    Compiling borsh-derive v1.6.0
[INFO] [stderr]    Compiling curve25519-dalek-derive v0.1.1
[INFO] [stderr]    Compiling tracing-attributes v0.1.31
[INFO] [stderr]    Compiling thiserror-impl v1.0.69
[INFO] [stderr]    Compiling rialo-cli-representable v0.21.0-alpha.0
[INFO] [stderr]    Compiling zeroize v1.8.2
[INFO] [stderr]    Compiling der v0.7.10
[INFO] [stderr]    Compiling tracing v0.1.44
[INFO] [stderr]    Compiling thiserror v1.0.69
[INFO] [stderr]    Compiling crypto-common v0.1.7
[INFO] [stderr]    Compiling block-buffer v0.10.4
[INFO] [stderr]    Compiling inout v0.1.4
[INFO] [stderr]    Compiling crypto-bigint v0.5.5
[INFO] [stderr]    Compiling universal-hash v0.5.1
[INFO] [stderr]    Compiling aead v0.5.2
[INFO] [stderr]    Compiling cipher v0.4.4
[INFO] [stderr]    Compiling digest v0.10.7
[INFO] [stderr]    Compiling polyval v0.6.2
[INFO] [stderr]    Compiling poly1305 v0.8.0
[INFO] [stderr]    Compiling ghash v0.5.1
[INFO] [stderr]    Compiling chacha20 v0.9.1
[INFO] [stderr]    Compiling hmac v0.12.1
[INFO] [stderr]    Compiling ctr v0.9.2
[INFO] [stderr]    Compiling aes v0.8.4
[INFO] [stderr]    Compiling sec1 v0.7.3
[INFO] [stderr]    Compiling sha2 v0.10.9
[INFO] [stderr]    Compiling hkdf v0.12.4
[INFO] [stderr]    Compiling chacha20poly1305 v0.10.1
[INFO] [stderr]    Compiling aes-gcm v0.10.3
[INFO] [stderr]    Compiling darling_macro v0.21.3
[INFO] [stderr]    Compiling darling v0.21.3
[INFO] [stderr]    Compiling serde_with_macros v3.16.1
[INFO] [stderr]    Compiling x25519-dalek v2.0.1
[INFO] [stderr]    Compiling elliptic-curve v0.13.8
[INFO] [stderr]    Compiling serde_with v3.16.1
[INFO] [stderr]    Compiling primeorder v0.13.6
[INFO] [stderr]    Compiling p256 v0.13.2
[INFO] [stderr]    Compiling rialo-s-pubkey v0.21.0-alpha.0
[INFO] [stderr]    Compiling serde-big-array v0.5.1
[INFO] [stderr]    Compiling rialo-shared-types v0.21.0-alpha.0
[INFO] [stderr]    Compiling rialo-tee-types v0.21.0-alpha.0
[INFO] [stderr]    Compiling rialo-cli-representation v0.21.0-alpha.0
[INFO] [stderr]    Compiling chrono v0.4.43
[INFO] [stderr]    Compiling bincode v1.3.3
[INFO] [stderr]    Compiling rialo-limits v0.21.0-alpha.0
[INFO] [stderr]    Compiling hpke v0.13.0
[INFO] [stderr]    Compiling rialo-types v0.21.0-alpha.0
[INFO] [stderr]    Compiling rialo-tee-secret-sharing v0.21.0-alpha.0 (/opt/rustwide/workdir)
[INFO] [stderr]     Finished `release` profile [optimized] target(s) in 46.37s
[INFO] running `Command { std: "docker" "inspect" "f1a0e087076c891b04b6b286e6dc076139420040f49883d3359248b49c3c52bd", kill_on_drop: false }`
[INFO] running `Command { std: "docker" "exec" "-e" "SOURCE_DIR=/opt/rustwide/workdir" "-e" "CARGO_HOME=/opt/rustwide/cargo-home" "-e" "RUSTUP_HOME=/opt/rustwide/rustup-home" "-e" "CARGO_TARGET_DIR=/opt/rustwide/target" "-e" "CARGO_INCREMENTAL=0" "-e" "RUST_BACKTRACE=full" "-e" "RUSTFLAGS=--cap-lints=warn" "-e" "RUSTDOCFLAGS=--cap-lints=warn" "-w" "/opt/rustwide/workdir" "--user" "0:0" "f1a0e087076c891b04b6b286e6dc076139420040f49883d3359248b49c3c52bd" "/opt/rustwide/cargo-home/bin/cargo" "+1.99.0-beta.8" "test" "--frozen" "--no-run" "--message-format=json" "--release", kill_on_drop: false }`
[INFO] [stderr]    Compiling rialo-tee-secret-sharing v0.21.0-alpha.0 (/opt/rustwide/workdir)
[INFO] [stdout] error[E0432]: unresolved import `assert_matches`
[INFO] [stdout]    --> src/lib.rs:198:9
[INFO] [stdout]     |
[INFO] [stdout] 198 |     use assert_matches::assert_matches;
[INFO] [stdout]     |         ^^^^^^^^^^^^^^ use of unresolved module or unlinked crate `assert_matches`
[INFO] [stdout]     |
[INFO] [stdout]     = help: if you wanted to use a crate named `assert_matches`, use `cargo add assert_matches` to add it to your `Cargo.toml`
[INFO] [stdout] 
[INFO] [stdout] 
[INFO] [stdout] error[E0432]: unresolved import `assert_matches`
[INFO] [stdout]    --> src/tests.rs:380:9
[INFO] [stdout]     |
[INFO] [stdout] 380 |     use assert_matches::assert_matches;
[INFO] [stdout]     |         ^^^^^^^^^^^^^^ use of unresolved module or unlinked crate `assert_matches`
[INFO] [stdout]     |
[INFO] [stdout]     = help: if you wanted to use a crate named `assert_matches`, use `cargo add assert_matches` to add it to your `Cargo.toml`
[INFO] [stdout] 
[INFO] [stdout] 
[INFO] [stdout] error[E0433]: cannot find module or crate `hex` in this scope
[INFO] [stdout]    --> src/custody.rs:575:13
[INFO] [stdout]     |
[INFO] [stdout] 575 |             hex::encode(disabled.compute_digest()),
[INFO] [stdout]     |             ^^^ use of unresolved module or unlinked crate `hex`
[INFO] [stdout]     |
[INFO] [stdout]     = help: if you wanted to use a crate named `hex`, use `cargo add hex` to add it to your `Cargo.toml`
[INFO] [stdout] 
[INFO] [stdout] 
[INFO] [stdout] error[E0433]: cannot find module or crate `hex` in this scope
[INFO] [stdout]    --> src/custody.rs:582:13
[INFO] [stdout]     |
[INFO] [stdout] 582 |             hex::encode(aws_kms.compute_digest()),
[INFO] [stdout]     |             ^^^ use of unresolved module or unlinked crate `hex`
[INFO] [stdout]     |
[INFO] [stdout]     = help: if you wanted to use a crate named `hex`, use `cargo add hex` to add it to your `Cargo.toml`
[INFO] [stdout] 
[INFO] [stdout] 
[INFO] [stdout] error[E0433]: cannot find module or crate `hex` in this scope
[INFO] [stdout]    --> src/custody.rs:593:13
[INFO] [stdout]     |
[INFO] [stdout] 593 |             hex::encode(local.compute_digest()),
[INFO] [stdout]     |             ^^^ use of unresolved module or unlinked crate `hex`
[INFO] [stdout]     |
[INFO] [stdout]     = help: if you wanted to use a crate named `hex`, use `cargo add hex` to add it to your `Cargo.toml`
[INFO] [stdout] 
[INFO] [stdout] 
[INFO] [stdout] Some errors have detailed explanations: E0432, E0433.
[INFO] [stdout] 
[INFO] [stdout] For more information about an error, try `rustc --explain E0432`.
[INFO] [stdout] 
[INFO] [stderr] error: could not compile `rialo-tee-secret-sharing` (lib test) due to 5 previous errors
[INFO] running `Command { std: "docker" "inspect" "f1a0e087076c891b04b6b286e6dc076139420040f49883d3359248b49c3c52bd", kill_on_drop: false }`
[INFO] running `Command { std: "docker" "rm" "-f" "f1a0e087076c891b04b6b286e6dc076139420040f49883d3359248b49c3c52bd", kill_on_drop: false }`
[INFO] [stdout] f1a0e087076c891b04b6b286e6dc076139420040f49883d3359248b49c3c52bd
