[INFO] fetching crate rialo-spl-token-2022-interface 0.21.0-alpha.0...
[INFO] testing rialo-spl-token-2022-interface-0.21.0-alpha.0 against 1.100.0-beta.1+cargoflags=--release for beta-release-1.100-2
[INFO] extracting crate rialo-spl-token-2022-interface 0.21.0-alpha.0 into /workspace/builds/worker-5-tc2/source
[INFO] started tweaking crates.io crate rialo-spl-token-2022-interface 0.21.0-alpha.0
[INFO] removed 0 missing tests
[INFO] finished tweaking crates.io crate rialo-spl-token-2022-interface 0.21.0-alpha.0
[INFO] tweaked toml for crates.io crate rialo-spl-token-2022-interface 0.21.0-alpha.0 written to /workspace/builds/worker-5-tc2/source/Cargo.toml
[INFO] validating manifest of crates.io crate rialo-spl-token-2022-interface 0.21.0-alpha.0 on toolchain 1.100.0-beta.1
[INFO] running `Command { std: CARGO_HOME="/workspace/cargo-home" RUSTUP_HOME="/workspace/rustup-home" "/workspace/cargo-home/bin/cargo" "+1.100.0-beta.1" "metadata" "--manifest-path" "Cargo.toml" "--no-deps", kill_on_drop: false }`
[INFO] crate crates.io crate rialo-spl-token-2022-interface 0.21.0-alpha.0 already has a lockfile, it will not be regenerated
[INFO] running `Command { std: CARGO_HOME="/workspace/cargo-home" RUSTUP_HOME="/workspace/rustup-home" "/workspace/cargo-home/bin/cargo" "+1.100.0-beta.1" "fetch" "--manifest-path" "Cargo.toml", kill_on_drop: false }`
[INFO] running `Command { std: "docker" "create" "-v" "/var/lib/crater-agent-workspace/builds/worker-5-tc2/source:/opt/rustwide/workdir:ro,Z" "-v" "/var/lib/crater-agent-workspace/builds/worker-5-tc2/target:/opt/rustwide/target:rw,Z" "-v" "/var/lib/crater-agent-workspace/cargo-home:/opt/rustwide/cargo-home:ro,Z" "-v" "/var/lib/crater-agent-workspace/rustup-home:/opt/rustwide/rustup-home:ro,Z" "-m" "1610612736" "--network" "none" "ghcr.io/rust-lang/crates-build-env/linux@sha256:77db811e55d90add9212f6832c23229e3de5f1c1f9905e8cb07319ea15df73ac" "sleep" "infinity", kill_on_drop: false }`
[INFO] [stdout] 8884cdbb481409043bcb274f9937bb521e5c2a2de7fd95d57e69fb3e298db4c9
[INFO] running `Command { std: "docker" "start" "8884cdbb481409043bcb274f9937bb521e5c2a2de7fd95d57e69fb3e298db4c9", kill_on_drop: false }`
[INFO] running `Command { std: "docker" "inspect" "8884cdbb481409043bcb274f9937bb521e5c2a2de7fd95d57e69fb3e298db4c9", kill_on_drop: false }`
[INFO] running `Command { std: "docker" "exec" "-e" "SOURCE_DIR=/opt/rustwide/workdir" "-e" "CARGO_HOME=/opt/rustwide/cargo-home" "-e" "RUSTUP_HOME=/opt/rustwide/rustup-home" "-e" "CARGO_TARGET_DIR=/opt/rustwide/target" "-w" "/opt/rustwide/workdir" "--user" "0:0" "8884cdbb481409043bcb274f9937bb521e5c2a2de7fd95d57e69fb3e298db4c9" "/opt/rustwide/cargo-home/bin/cargo" "+1.100.0-beta.1" "metadata" "--no-deps" "--format-version=1", kill_on_drop: false }`
[INFO] running `Command { std: "docker" "inspect" "8884cdbb481409043bcb274f9937bb521e5c2a2de7fd95d57e69fb3e298db4c9", kill_on_drop: false }`
[INFO] running `Command { std: "docker" "exec" "-e" "SOURCE_DIR=/opt/rustwide/workdir" "-e" "CARGO_HOME=/opt/rustwide/cargo-home" "-e" "RUSTUP_HOME=/opt/rustwide/rustup-home" "-e" "CARGO_TARGET_DIR=/opt/rustwide/target" "-e" "CARGO_INCREMENTAL=0" "-e" "RUST_BACKTRACE=full" "-e" "RUSTFLAGS=--cap-lints=warn" "-e" "RUSTDOCFLAGS=--cap-lints=warn" "-w" "/opt/rustwide/workdir" "--user" "0:0" "8884cdbb481409043bcb274f9937bb521e5c2a2de7fd95d57e69fb3e298db4c9" "/opt/rustwide/cargo-home/bin/cargo" "+1.100.0-beta.1" "build" "--frozen" "--message-format=json" "--release", kill_on_drop: false }`
[INFO] [stderr]    Compiling proc-macro2 v1.0.106
[INFO] [stderr]    Compiling indexmap v2.13.0
[INFO] [stderr]    Compiling borsh v1.6.0
[INFO] [stderr]    Compiling curve25519-dalek v4.1.3
[INFO] [stderr]    Compiling rialo-hash v0.21.0-alpha.0
[INFO] [stderr]    Compiling typenum v1.19.0
[INFO] [stderr]    Compiling getrandom v0.2.17
[INFO] [stderr]    Compiling zmij v1.0.20
[INFO] [stderr]    Compiling derivation-path v0.2.0
[INFO] [stderr]    Compiling serde_json v1.0.149
[INFO] [stderr]    Compiling rialo-s-signature v0.21.0-alpha.0
[INFO] [stderr]    Compiling itertools v0.14.0
[INFO] [stderr]    Compiling thiserror v1.0.69
[INFO] [stderr]    Compiling cpufeatures v0.2.17
[INFO] [stderr]    Compiling rialo-s-program-option v0.21.0-alpha.0
[INFO] [stderr]    Compiling bitflags v2.10.0
[INFO] [stderr]    Compiling rialo-s-derivation-path v0.21.0-alpha.0
[INFO] [stderr]    Compiling rand_core v0.6.4
[INFO] [stderr]    Compiling rialo-s-seed-derivable v0.21.0-alpha.0
[INFO] [stderr]    Compiling crypto-common v0.1.7
[INFO] [stderr]    Compiling rand_chacha v0.3.1
[INFO] [stderr]    Compiling digest v0.10.7
[INFO] [stderr]    Compiling cipher v0.4.4
[INFO] [stderr]    Compiling universal-hash v0.5.1
[INFO] [stderr]    Compiling aead v0.5.2
[INFO] [stderr]    Compiling polyval v0.6.2
[INFO] [stderr]    Compiling rand v0.8.6
[INFO] [stderr]    Compiling sha2 v0.10.9
[INFO] [stderr]    Compiling hmac v0.12.1
[INFO] [stderr]    Compiling pbkdf2 v0.11.0
[INFO] [stderr]    Compiling sha3 v0.10.8
[INFO] [stderr]    Compiling aes v0.8.4
[INFO] [stderr]    Compiling ctr v0.9.2
[INFO] [stderr]    Compiling generic-array v0.14.7
[INFO] [stderr]    Compiling rialo-s-sha256-hasher v0.21.0-alpha.0
[INFO] [stderr]    Compiling rialo-s-seed-phrase v0.21.0-alpha.0
[INFO] [stderr]    Compiling quote v1.0.44
[INFO] [stderr]    Compiling toml_edit v0.23.10+spec-1.0.0
[INFO] [stderr]    Compiling block-buffer v0.10.4
[INFO] [stderr]    Compiling syn v2.0.114
[INFO] [stderr]    Compiling proc-macro-crate v3.4.0
[INFO] [stderr]    Compiling polkavm-derive-impl v0.26.0
[INFO] [stderr]    Compiling zeroize_derive v1.4.3
[INFO] [stderr]    Compiling serde_derive v1.0.228
[INFO] [stderr]    Compiling borsh-derive v1.6.0
[INFO] [stderr]    Compiling bytemuck_derive v1.10.2
[INFO] [stderr]    Compiling curve25519-dalek-derive v0.1.1
[INFO] [stderr]    Compiling thiserror-impl v1.0.69
[INFO] [stderr]    Compiling num-derive v0.4.2
[INFO] [stderr]    Compiling num_enum_derive v0.7.5
[INFO] [stderr]    Compiling polkavm-derive-impl-macro v0.26.0
[INFO] [stderr]    Compiling polkavm-derive v0.26.0
[INFO] [stderr]    Compiling zeroize v1.8.2
[INFO] [stderr]    Compiling rialo-s-define-syscall v0.21.0-alpha.0
[INFO] [stderr]    Compiling aes-gcm-siv v0.11.1
[INFO] [stderr]    Compiling merlin v3.0.0
[INFO] [stderr]    Compiling num_enum v0.7.5
[INFO] [stderr]    Compiling rialo-s-spl-discriminator-syn v0.21.0-alpha.0
[INFO] [stderr]    Compiling rialo-s-spl-discriminator-derive v0.21.0-alpha.0
[INFO] [stderr]    Compiling bytemuck v1.25.0
[INFO] [stderr]    Compiling rialo-s-borsh v0.21.0-alpha.0
[INFO] [stderr]    Compiling serde v1.0.228
[INFO] [stderr]    Compiling bincode v1.3.3
[INFO] [stderr]    Compiling rialo-s-pubkey v0.21.0-alpha.0
[INFO] [stderr]    Compiling rialo-s-curve25519 v0.21.0-alpha.0
[INFO] [stderr]    Compiling rialo-s-instruction v0.21.0-alpha.0
[INFO] [stderr]    Compiling rialo-s-sdk-ids v0.21.0-alpha.0
[INFO] [stderr]    Compiling rialo-s-program-error v0.21.0-alpha.0
[INFO] [stderr]    Compiling rialo-s-transaction-error v0.21.0-alpha.0
[INFO] [stderr]    Compiling rialo-s-serialize-utils v0.21.0-alpha.0
[INFO] [stderr]    Compiling rialo-s-signer v0.21.0-alpha.0
[INFO] [stderr]    Compiling rialo-s-sysvar-id v0.21.0-alpha.0
[INFO] [stderr]    Compiling rialo-s-zk-sdk v0.21.0-alpha.0
[INFO] [stderr]    Compiling rialo-s-account-info v0.21.0-alpha.0
[INFO] [stderr]    Compiling rialo-s-spl-discriminator v0.21.0-alpha.0
[INFO] [stderr]    Compiling rialo-s-program-pack v0.21.0-alpha.0
[INFO] [stderr]    Compiling rialo-s-instructions-sysvar v0.21.0-alpha.0
[INFO] [stderr]    Compiling rialo-s-spl-pod v0.21.0-alpha.0
[INFO] [stderr]    Compiling rialo-s-spl-token-confidential-transfer-proof-generation v0.21.0-alpha.0
[INFO] [stderr]    Compiling rialo-s-spl-type-length-value v0.21.0-alpha.0
[INFO] [stderr]    Compiling rialo-s-spl-token-confidential-transfer-proof-extraction v0.21.0-alpha.0
[INFO] [stderr]    Compiling rialo-s-spl-token-group-interface v0.21.0-alpha.0
[INFO] [stderr]    Compiling rialo-s-spl-token-metadata-interface v0.21.0-alpha.0
[INFO] [stderr]    Compiling rialo-spl-token-2022-interface v0.21.0-alpha.0 (/opt/rustwide/workdir)
[INFO] [stderr]     Finished `release` profile [optimized] target(s) in 37.92s
[INFO] [stderr] warning: the following packages contain code that will be rejected by a future version of Rust: borsh v1.6.0
[INFO] [stderr] note: to see what the problems were, use the option `--future-incompat-report`, or run `cargo report future-incompatibilities --id 5`
[INFO] running `Command { std: "docker" "inspect" "8884cdbb481409043bcb274f9937bb521e5c2a2de7fd95d57e69fb3e298db4c9", kill_on_drop: false }`
[INFO] running `Command { std: "docker" "exec" "-e" "SOURCE_DIR=/opt/rustwide/workdir" "-e" "CARGO_HOME=/opt/rustwide/cargo-home" "-e" "RUSTUP_HOME=/opt/rustwide/rustup-home" "-e" "CARGO_TARGET_DIR=/opt/rustwide/target" "-e" "CARGO_INCREMENTAL=0" "-e" "RUST_BACKTRACE=full" "-e" "RUSTFLAGS=--cap-lints=warn" "-e" "RUSTDOCFLAGS=--cap-lints=warn" "-w" "/opt/rustwide/workdir" "--user" "0:0" "8884cdbb481409043bcb274f9937bb521e5c2a2de7fd95d57e69fb3e298db4c9" "/opt/rustwide/cargo-home/bin/cargo" "+1.100.0-beta.1" "test" "--frozen" "--no-run" "--message-format=json" "--release", kill_on_drop: false }`
[INFO] [stderr]    Compiling rialo-spl-token-2022-interface v0.21.0-alpha.0 (/opt/rustwide/workdir)
[INFO] [stdout] error[E0433]: cannot find module or crate `proptest` in this scope
[INFO] [stdout]    --> src/extension/interest_bearing_mint/mod.rs:161:9
[INFO] [stdout]     |
[INFO] [stdout] 161 |     use proptest::prelude::*;
[INFO] [stdout]     |         ^^^^^^^^ use of unresolved module or unlinked crate `proptest`
[INFO] [stdout]     |
[INFO] [stdout]     = help: if you wanted to use a crate named `proptest`, use `cargo add proptest` to add it to your `Cargo.toml`
[INFO] [stdout] 
[INFO] [stdout] 
[INFO] [stdout] error[E0433]: cannot find module or crate `proptest` in this scope
[INFO] [stdout]    --> src/extension/scaled_ui_amount/mod.rs:118:9
[INFO] [stdout]     |
[INFO] [stdout] 118 |     use proptest::prelude::*;
[INFO] [stdout]     |         ^^^^^^^^ use of unresolved module or unlinked crate `proptest`
[INFO] [stdout]     |
[INFO] [stdout]     = help: if you wanted to use a crate named `proptest`, use `cargo add proptest` to add it to your `Cargo.toml`
[INFO] [stdout] 
[INFO] [stdout] 
[INFO] [stdout] error[E0433]: cannot find module or crate `proptest` in this scope
[INFO] [stdout]    --> src/extension/transfer_fee/mod.rs:209:9
[INFO] [stdout]     |
[INFO] [stdout] 209 |     use proptest::prelude::*;
[INFO] [stdout]     |         ^^^^^^^^ use of unresolved module or unlinked crate `proptest`
[INFO] [stdout]     |
[INFO] [stdout]     = help: if you wanted to use a crate named `proptest`, use `cargo add proptest` to add it to your `Cargo.toml`
[INFO] [stdout] 
[INFO] [stdout] 
[INFO] [stdout] error[E0433]: cannot find module or crate `proptest` in this scope
[INFO] [stdout]     --> src/instruction.rs:2139:9
[INFO] [stdout]      |
[INFO] [stdout] 2139 |     use proptest::prelude::*;
[INFO] [stdout]      |         ^^^^^^^^ use of unresolved module or unlinked crate `proptest`
[INFO] [stdout]      |
[INFO] [stdout]      = help: if you wanted to use a crate named `proptest`, use `cargo add proptest` to add it to your `Cargo.toml`
[INFO] [stdout] 
[INFO] [stdout] 
[INFO] [stdout] error[E0432]: unresolved import `strum`
[INFO] [stdout]    --> src/error.rs:545:9
[INFO] [stdout]     |
[INFO] [stdout] 545 |     use strum::IntoEnumIterator;
[INFO] [stdout]     |         ^^^^^ use of unresolved module or unlinked crate `strum`
[INFO] [stdout]     |
[INFO] [stdout]     = help: if you wanted to use a crate named `strum`, use `cargo add strum` to add it to your `Cargo.toml`
[INFO] [stdout] 
[INFO] [stdout] 
[INFO] [stdout] error[E0433]: cannot find module or crate `strum_macros` in this scope
[INFO] [stdout]   --> src/error.rs:17:25
[INFO] [stdout]    |
[INFO] [stdout] 17 | #[cfg_attr(test, derive(strum_macros::FromRepr, strum_macros::EnumIter))]
[INFO] [stdout]    |                         ^^^^^^^^^^^^ use of unresolved module or unlinked crate `strum_macros`
[INFO] [stdout] 
[INFO] [stdout] 
[INFO] [stdout] error[E0433]: cannot find module or crate `strum_macros` in this scope
[INFO] [stdout]   --> src/error.rs:17:49
[INFO] [stdout]    |
[INFO] [stdout] 17 | #[cfg_attr(test, derive(strum_macros::FromRepr, strum_macros::EnumIter))]
[INFO] [stdout]    |                                                 ^^^^^^^^^^^^ use of unresolved module or unlinked crate `strum_macros`
[INFO] [stdout] 
[INFO] [stdout] 
[INFO] [stdout] error: cannot find macro `prop_compose` in this scope
[INFO] [stdout]    --> src/extension/interest_bearing_mint/mod.rs:413:5
[INFO] [stdout]     |
[INFO] [stdout] 413 |     prop_compose! {
[INFO] [stdout]     |     ^^^^^^^^^^^^
[INFO] [stdout] 
[INFO] [stdout] 
[INFO] [stdout] error: cannot find macro `proptest` in this scope
[INFO] [stdout]    --> src/extension/interest_bearing_mint/mod.rs:423:5
[INFO] [stdout]     |
[INFO] [stdout] 423 |     proptest! {
[INFO] [stdout]     |     ^^^^^^^^
[INFO] [stdout] 
[INFO] [stdout] 
[INFO] [stdout] error: cannot find macro `proptest` in this scope
[INFO] [stdout]    --> src/extension/scaled_ui_amount/mod.rs:351:5
[INFO] [stdout]     |
[INFO] [stdout] 351 |     proptest! {
[INFO] [stdout]     |     ^^^^^^^^
[INFO] [stdout] 
[INFO] [stdout] 
[INFO] [stdout] error: cannot find macro `proptest` in this scope
[INFO] [stdout]    --> src/extension/transfer_fee/mod.rs:523:5
[INFO] [stdout]     |
[INFO] [stdout] 523 |     proptest! {
[INFO] [stdout]     |     ^^^^^^^^
[INFO] [stdout] 
[INFO] [stdout] 
[INFO] [stdout] error: cannot find macro `proptest` in this scope
[INFO] [stdout]    --> src/extension/transfer_fee/mod.rs:548:5
[INFO] [stdout]     |
[INFO] [stdout] 548 |     proptest! {
[INFO] [stdout]     |     ^^^^^^^^
[INFO] [stdout] 
[INFO] [stdout] 
[INFO] [stdout] error: cannot find macro `proptest` in this scope
[INFO] [stdout]     --> src/instruction.rs:2745:5
[INFO] [stdout]      |
[INFO] [stdout] 2745 |     proptest! {
[INFO] [stdout]      |     ^^^^^^^^
[INFO] [stdout] 
[INFO] [stdout] 
[INFO] [stdout] error[E0599]: no variant, associated function, or constant named `iter` found for enum `error::TokenError` in the current scope
[INFO] [stdout]    --> src/error.rs:550:36
[INFO] [stdout]     |
[INFO] [stdout]  19 | pub enum TokenError {
[INFO] [stdout]     | ------------------- variant, associated function, or constant `iter` not found for this enum
[INFO] [stdout] ...
[INFO] [stdout] 550 |         for variant in TokenError::iter() {
[INFO] [stdout]     |                                    ^^^^ variant, associated function, or constant not found in `error::TokenError`
[INFO] [stdout]     |
[INFO] [stdout]     = help: items from traits can only be used if the trait is implemented and in scope
[INFO] [stdout]     = note: the following trait defines an item `iter`, perhaps you need to implement it:
[INFO] [stdout]             candidate #1: `bitflags::traits::Flags`
[INFO] [stdout] 
[INFO] [stdout] 
[INFO] [stdout] error[E0599]: no variant, associated function, or constant named `from_repr` found for enum `error::TokenError` in the current scope
[INFO] [stdout]    --> src/error.rs:553:29
[INFO] [stdout]     |
[INFO] [stdout]  19 | pub enum TokenError {
[INFO] [stdout]     | ------------------- variant, associated function, or constant `from_repr` not found for this enum
[INFO] [stdout] ...
[INFO] [stdout] 553 |                 TokenError::from_repr(variant_u32).unwrap(),
[INFO] [stdout]     |                             ^^^^^^^^^ variant, associated function, or constant not found in `error::TokenError`
[INFO] [stdout]     |
[INFO] [stdout] help: there is an associated function `from_i8` with a similar name
[INFO] [stdout]     |
[INFO] [stdout] 553 -                 TokenError::from_repr(variant_u32).unwrap(),
[INFO] [stdout] 553 +                 TokenError::from_i8(variant_u32).unwrap(),
[INFO] [stdout]     |
[INFO] [stdout] 
[INFO] [stdout] 
[INFO] [stdout] Some errors have detailed explanations: E0432, E0433, E0599.
[INFO] [stdout] 
[INFO] [stdout] For more information about an error, try `rustc --explain E0432`.
[INFO] [stdout] 
[INFO] [stderr] error: could not compile `rialo-spl-token-2022-interface` (lib test) due to 15 previous errors
[INFO] running `Command { std: "docker" "inspect" "8884cdbb481409043bcb274f9937bb521e5c2a2de7fd95d57e69fb3e298db4c9", kill_on_drop: false }`
[INFO] running `Command { std: "docker" "rm" "-f" "8884cdbb481409043bcb274f9937bb521e5c2a2de7fd95d57e69fb3e298db4c9", kill_on_drop: false }`
[INFO] [stdout] 8884cdbb481409043bcb274f9937bb521e5c2a2de7fd95d57e69fb3e298db4c9
