[INFO] fetching crate rialo-s-transaction-context 0.21.0-alpha.0...
[INFO] testing rialo-s-transaction-context-0.21.0-alpha.0 against 1.99.0-beta.8+cargoflags=--release for beta-release-1.100-2
[INFO] extracting crate rialo-s-transaction-context 0.21.0-alpha.0 into /workspace/builds/worker-7-tc1/source
[INFO] started tweaking crates.io crate rialo-s-transaction-context 0.21.0-alpha.0
[INFO] finished tweaking crates.io crate rialo-s-transaction-context 0.21.0-alpha.0
[INFO] tweaked toml for crates.io crate rialo-s-transaction-context 0.21.0-alpha.0 written to /workspace/builds/worker-7-tc1/source/Cargo.toml
[INFO] validating manifest of crates.io crate rialo-s-transaction-context 0.21.0-alpha.0 on toolchain 1.99.0-beta.8
[INFO] running `Command { std: CARGO_HOME="/workspace/cargo-home" RUSTUP_HOME="/workspace/rustup-home" "/workspace/cargo-home/bin/cargo" "+1.99.0-beta.8" "metadata" "--manifest-path" "Cargo.toml" "--no-deps", kill_on_drop: false }`
[INFO] crate crates.io crate rialo-s-transaction-context 0.21.0-alpha.0 already has a lockfile, it will not be regenerated
[INFO] running `Command { std: CARGO_HOME="/workspace/cargo-home" RUSTUP_HOME="/workspace/rustup-home" "/workspace/cargo-home/bin/cargo" "+1.99.0-beta.8" "fetch" "--manifest-path" "Cargo.toml", kill_on_drop: false }`
[INFO] [stderr]     Updating crates.io index
[INFO] [stderr]  Downloading crates ...
[INFO] [stderr]   Downloaded qualifier_attr v0.2.2
[INFO] [stderr]   Downloaded rialo-s-signature v0.21.0-alpha.0
[INFO] running `Command { std: "docker" "create" "-v" "/var/lib/crater-agent-workspace/builds/worker-7-tc1/source:/opt/rustwide/workdir:ro,Z" "-v" "/var/lib/crater-agent-workspace/builds/worker-7-tc1/target:/opt/rustwide/target:rw,Z" "-v" "/var/lib/crater-agent-workspace/cargo-home:/opt/rustwide/cargo-home:ro,Z" "-v" "/var/lib/crater-agent-workspace/rustup-home:/opt/rustwide/rustup-home:ro,Z" "-m" "1610612736" "--network" "none" "ghcr.io/rust-lang/crates-build-env/linux@sha256:77db811e55d90add9212f6832c23229e3de5f1c1f9905e8cb07319ea15df73ac" "sleep" "infinity", kill_on_drop: false }`
[INFO] [stdout] f3b5b0f811eea20d318dacc8bb144f1e881bb447463315629a1b5ee683cc1ac2
[INFO] running `Command { std: "docker" "start" "f3b5b0f811eea20d318dacc8bb144f1e881bb447463315629a1b5ee683cc1ac2", kill_on_drop: false }`
[INFO] running `Command { std: "docker" "inspect" "f3b5b0f811eea20d318dacc8bb144f1e881bb447463315629a1b5ee683cc1ac2", kill_on_drop: false }`
[INFO] running `Command { std: "docker" "exec" "-e" "SOURCE_DIR=/opt/rustwide/workdir" "-e" "CARGO_HOME=/opt/rustwide/cargo-home" "-e" "RUSTUP_HOME=/opt/rustwide/rustup-home" "-e" "CARGO_TARGET_DIR=/opt/rustwide/target" "-w" "/opt/rustwide/workdir" "--user" "0:0" "f3b5b0f811eea20d318dacc8bb144f1e881bb447463315629a1b5ee683cc1ac2" "/opt/rustwide/cargo-home/bin/cargo" "+1.99.0-beta.8" "metadata" "--no-deps" "--format-version=1", kill_on_drop: false }`
[INFO] running `Command { std: "docker" "inspect" "f3b5b0f811eea20d318dacc8bb144f1e881bb447463315629a1b5ee683cc1ac2", kill_on_drop: false }`
[INFO] running `Command { std: "docker" "exec" "-e" "SOURCE_DIR=/opt/rustwide/workdir" "-e" "CARGO_HOME=/opt/rustwide/cargo-home" "-e" "RUSTUP_HOME=/opt/rustwide/rustup-home" "-e" "CARGO_TARGET_DIR=/opt/rustwide/target" "-e" "CARGO_INCREMENTAL=0" "-e" "RUST_BACKTRACE=full" "-e" "RUSTFLAGS=--cap-lints=warn" "-e" "RUSTDOCFLAGS=--cap-lints=warn" "-w" "/opt/rustwide/workdir" "--user" "0:0" "f3b5b0f811eea20d318dacc8bb144f1e881bb447463315629a1b5ee683cc1ac2" "/opt/rustwide/cargo-home/bin/cargo" "+1.99.0-beta.8" "build" "--frozen" "--message-format=json" "--release", kill_on_drop: false }`
[INFO] [stderr]    Compiling proc-macro2 v1.0.106
[INFO] [stderr]    Compiling quote v1.0.44
[INFO] [stderr]    Compiling unicode-ident v1.0.23
[INFO] [stderr]    Compiling polkavm-common v0.26.0
[INFO] [stderr]    Compiling bs58 v0.5.1
[INFO] [stderr]    Compiling rialo-s-msg v0.21.0-alpha.0
[INFO] [stderr]    Compiling rialo-s-program-memory v0.21.0-alpha.0
[INFO] [stderr]    Compiling rialo-rex-wasm-v1-loader-interface v0.21.0-alpha.0
[INFO] [stderr]    Compiling rialo-s-program-error v0.21.0-alpha.0
[INFO] [stderr]    Compiling syn v2.0.114
[INFO] [stderr]    Compiling polkavm-derive-impl v0.26.0
[INFO] [stderr]    Compiling rialo-s-sdk-macro v0.21.0-alpha.0
[INFO] [stderr]    Compiling thiserror-impl v1.0.69
[INFO] [stderr]    Compiling polkavm-derive-impl-macro v0.26.0
[INFO] [stderr]    Compiling rialo-s-clock v0.21.0-alpha.0
[INFO] [stderr]    Compiling rialo-s-rent v0.21.0-alpha.0
[INFO] [stderr]    Compiling polkavm-derive v0.26.0
[INFO] [stderr]    Compiling rialo-s-define-syscall v0.21.0-alpha.0
[INFO] [stderr]    Compiling rialo-s-account-info v0.21.0-alpha.0
[INFO] [stderr]    Compiling thiserror v1.0.69
[INFO] [stderr]    Compiling rialo-s-account v0.21.0-alpha.0
[INFO] [stderr]    Compiling rialo-s-transaction-context v0.21.0-alpha.0 (/opt/rustwide/workdir)
[INFO] [stderr]     Finished `release` profile [optimized] target(s) in 10.32s
[INFO] running `Command { std: "docker" "inspect" "f3b5b0f811eea20d318dacc8bb144f1e881bb447463315629a1b5ee683cc1ac2", kill_on_drop: false }`
[INFO] running `Command { std: "docker" "exec" "-e" "SOURCE_DIR=/opt/rustwide/workdir" "-e" "CARGO_HOME=/opt/rustwide/cargo-home" "-e" "RUSTUP_HOME=/opt/rustwide/rustup-home" "-e" "CARGO_TARGET_DIR=/opt/rustwide/target" "-e" "CARGO_INCREMENTAL=0" "-e" "RUST_BACKTRACE=full" "-e" "RUSTFLAGS=--cap-lints=warn" "-e" "RUSTDOCFLAGS=--cap-lints=warn" "-w" "/opt/rustwide/workdir" "--user" "0:0" "f3b5b0f811eea20d318dacc8bb144f1e881bb447463315629a1b5ee683cc1ac2" "/opt/rustwide/cargo-home/bin/cargo" "+1.99.0-beta.8" "test" "--frozen" "--no-run" "--message-format=json" "--release", kill_on_drop: false }`
[INFO] [stderr]    Compiling rialo-s-transaction-context v0.21.0-alpha.0 (/opt/rustwide/workdir)
[INFO] [stdout] error[E0432]: unresolved import `rialo_s_sdk_ids`
[INFO] [stdout]     --> src/lib.rs:1368:9
[INFO] [stdout]      |
[INFO] [stdout] 1368 |     use rialo_s_sdk_ids::risc_v_loader;
[INFO] [stdout]      |         ^^^^^^^^^^^^^^^ use of unresolved module or unlinked crate `rialo_s_sdk_ids`
[INFO] [stdout]      |
[INFO] [stdout]      = help: if you wanted to use a crate named `rialo_s_sdk_ids`, use `cargo add rialo_s_sdk_ids` to add it to your `Cargo.toml`
[INFO] [stdout] 
[INFO] [stdout] 
[INFO] [stdout] error[E0433]: cannot find module or crate `static_assertions` in this scope
[INFO] [stdout]   --> src/lib.rs:26:1
[INFO] [stdout]    |
[INFO] [stdout] 26 | static_assertions::const_assert_eq!(
[INFO] [stdout]    | ^^^^^^^^^^^^^^^^^ use of unresolved module or unlinked crate `static_assertions`
[INFO] [stdout] 
[INFO] [stdout] 
[INFO] [stdout] error[E0433]: cannot find module or crate `static_assertions` in this scope
[INFO] [stdout]   --> src/lib.rs:36:1
[INFO] [stdout]    |
[INFO] [stdout] 36 | static_assertions::const_assert_eq!(
[INFO] [stdout]    | ^^^^^^^^^^^^^^^^^ use of unresolved module or unlinked crate `static_assertions`
[INFO] [stdout] 
[INFO] [stdout] 
[INFO] [stdout] error[E0433]: cannot find module or crate `static_assertions` in this scope
[INFO] [stdout]   --> src/lib.rs:45:1
[INFO] [stdout]    |
[INFO] [stdout] 45 | static_assertions::const_assert_eq!(
[INFO] [stdout]    | ^^^^^^^^^^^^^^^^^ use of unresolved module or unlinked crate `static_assertions`
[INFO] [stdout] 
[INFO] [stdout] 
[INFO] [stdout] Some errors have detailed explanations: E0432, E0433.
[INFO] [stdout] 
[INFO] [stdout] For more information about an error, try `rustc --explain E0432`.
[INFO] [stdout] 
[INFO] [stderr] error: could not compile `rialo-s-transaction-context` (lib test) due to 4 previous errors
[INFO] running `Command { std: "docker" "inspect" "f3b5b0f811eea20d318dacc8bb144f1e881bb447463315629a1b5ee683cc1ac2", kill_on_drop: false }`
[INFO] running `Command { std: "docker" "rm" "-f" "f3b5b0f811eea20d318dacc8bb144f1e881bb447463315629a1b5ee683cc1ac2", kill_on_drop: false }`
[INFO] [stdout] f3b5b0f811eea20d318dacc8bb144f1e881bb447463315629a1b5ee683cc1ac2
