[INFO] fetching crate rialo-s-sysvar 0.21.0-alpha.0...
[INFO] testing rialo-s-sysvar-0.21.0-alpha.0 against 1.100.0-beta.1+cargoflags=--release for beta-release-1.100-2
[INFO] extracting crate rialo-s-sysvar 0.21.0-alpha.0 into /workspace/builds/worker-0-tc2/source
[INFO] started tweaking crates.io crate rialo-s-sysvar 0.21.0-alpha.0
[INFO] finished tweaking crates.io crate rialo-s-sysvar 0.21.0-alpha.0
[INFO] tweaked toml for crates.io crate rialo-s-sysvar 0.21.0-alpha.0 written to /workspace/builds/worker-0-tc2/source/Cargo.toml
[INFO] validating manifest of crates.io crate rialo-s-sysvar 0.21.0-alpha.0 on toolchain 1.100.0-beta.1
[INFO] running `Command { std: CARGO_HOME="/workspace/cargo-home" RUSTUP_HOME="/workspace/rustup-home" "/workspace/cargo-home/bin/cargo" "+1.100.0-beta.1" "metadata" "--manifest-path" "Cargo.toml" "--no-deps", kill_on_drop: false }`
[INFO] crate crates.io crate rialo-s-sysvar 0.21.0-alpha.0 already has a lockfile, it will not be regenerated
[INFO] running `Command { std: CARGO_HOME="/workspace/cargo-home" RUSTUP_HOME="/workspace/rustup-home" "/workspace/cargo-home/bin/cargo" "+1.100.0-beta.1" "fetch" "--manifest-path" "Cargo.toml", kill_on_drop: false }`
[INFO] [stderr] warning: `package.homepage` is redundant with `package.repository`
[INFO] [stderr]    --> Cargo.toml:138:12
[INFO] [stderr]     |
[INFO] [stderr] 138 | homepage = "https://github.com/SubzeroLabs/rialo"
[INFO] [stderr]     |            ^^^^^^^^^^^^^^^^^^^^^^^^^^^^^^^^^^^^^^
[INFO] [stderr] ...
[INFO] [stderr] 143 | repository = "https://github.com/SubzeroLabs/rialo"
[INFO] [stderr]     |              --------------------------------------
[INFO] [stderr]     |
[INFO] [stderr]     = note: `cargo::redundant_homepage` is set to `warn` by default
[INFO] [stderr] help: consider removing `package.homepage`
[INFO] [stderr] warning: `rialo-s-sysvar` (manifest) generated 1 warning
[INFO] running `Command { std: "docker" "create" "-v" "/var/lib/crater-agent-workspace/builds/worker-0-tc2/source:/opt/rustwide/workdir:ro,Z" "-v" "/var/lib/crater-agent-workspace/builds/worker-0-tc2/target:/opt/rustwide/target:rw,Z" "-v" "/var/lib/crater-agent-workspace/cargo-home:/opt/rustwide/cargo-home:ro,Z" "-v" "/var/lib/crater-agent-workspace/rustup-home:/opt/rustwide/rustup-home:ro,Z" "-m" "1610612736" "--network" "none" "ghcr.io/rust-lang/crates-build-env/linux@sha256:77db811e55d90add9212f6832c23229e3de5f1c1f9905e8cb07319ea15df73ac" "sleep" "infinity", kill_on_drop: false }`
[INFO] [stdout] 1cdfef7979a21f9263d5333fe266ee48a8bd38950bbf01fb36cd639ec671c03b
[INFO] running `Command { std: "docker" "start" "1cdfef7979a21f9263d5333fe266ee48a8bd38950bbf01fb36cd639ec671c03b", kill_on_drop: false }`
[INFO] running `Command { std: "docker" "inspect" "1cdfef7979a21f9263d5333fe266ee48a8bd38950bbf01fb36cd639ec671c03b", kill_on_drop: false }`
[INFO] running `Command { std: "docker" "exec" "-e" "SOURCE_DIR=/opt/rustwide/workdir" "-e" "CARGO_HOME=/opt/rustwide/cargo-home" "-e" "RUSTUP_HOME=/opt/rustwide/rustup-home" "-e" "CARGO_TARGET_DIR=/opt/rustwide/target" "-w" "/opt/rustwide/workdir" "--user" "0:0" "1cdfef7979a21f9263d5333fe266ee48a8bd38950bbf01fb36cd639ec671c03b" "/opt/rustwide/cargo-home/bin/cargo" "+1.100.0-beta.1" "metadata" "--no-deps" "--format-version=1", kill_on_drop: false }`
[INFO] running `Command { std: "docker" "inspect" "1cdfef7979a21f9263d5333fe266ee48a8bd38950bbf01fb36cd639ec671c03b", kill_on_drop: false }`
[INFO] running `Command { std: "docker" "exec" "-e" "SOURCE_DIR=/opt/rustwide/workdir" "-e" "CARGO_HOME=/opt/rustwide/cargo-home" "-e" "RUSTUP_HOME=/opt/rustwide/rustup-home" "-e" "CARGO_TARGET_DIR=/opt/rustwide/target" "-e" "CARGO_INCREMENTAL=0" "-e" "RUST_BACKTRACE=full" "-e" "RUSTFLAGS=--cap-lints=warn" "-e" "RUSTDOCFLAGS=--cap-lints=warn" "-w" "/opt/rustwide/workdir" "--user" "0:0" "1cdfef7979a21f9263d5333fe266ee48a8bd38950bbf01fb36cd639ec671c03b" "/opt/rustwide/cargo-home/bin/cargo" "+1.100.0-beta.1" "build" "--frozen" "--message-format=json" "--release", kill_on_drop: false }`
[INFO] [stderr] warning: `package.homepage` is redundant with `package.repository`
[INFO] [stderr]    --> Cargo.toml:138:12
[INFO] [stderr]     |
[INFO] [stderr] 138 | homepage = "https://github.com/SubzeroLabs/rialo"
[INFO] [stderr]     |            ^^^^^^^^^^^^^^^^^^^^^^^^^^^^^^^^^^^^^^
[INFO] [stderr] ...
[INFO] [stderr] 143 | repository = "https://github.com/SubzeroLabs/rialo"
[INFO] [stderr]     |              --------------------------------------
[INFO] [stderr]     |
[INFO] [stderr]     = note: `cargo::redundant_homepage` is set to `warn` by default
[INFO] [stderr] help: consider removing `package.homepage`
[INFO] [stderr] warning: `rialo-s-sysvar` (manifest) generated 1 warning
[INFO] [stderr]    Compiling proc-macro2 v1.0.106
[INFO] [stderr]    Compiling bs58 v0.5.1
[INFO] [stderr]    Compiling rialo-atomic-u64 v0.21.0-alpha.0
[INFO] [stderr]    Compiling rialo-sanitize v0.21.0-alpha.0
[INFO] [stderr]    Compiling polkavm-common v0.26.0
[INFO] [stderr]    Compiling rialo-s-msg v0.21.0-alpha.0
[INFO] [stderr]    Compiling bytemuck v1.25.0
[INFO] [stderr]    Compiling num-traits v0.2.19
[INFO] [stderr]    Compiling rialo-s-fee-calculator v0.21.0-alpha.0
[INFO] [stderr]    Compiling quote v1.0.44
[INFO] [stderr]    Compiling syn v2.0.114
[INFO] [stderr]    Compiling rialo-s-decode-error v0.21.0-alpha.0
[INFO] [stderr]    Compiling rialo-s-program-memory v0.21.0-alpha.0
[INFO] [stderr]    Compiling rialo-s-pubkey v0.21.0-alpha.0
[INFO] [stderr]    Compiling rialo-s-sdk-ids v0.21.0-alpha.0
[INFO] [stderr]    Compiling rialo-s-instruction v0.21.0-alpha.0
[INFO] [stderr]    Compiling rialo-s-sysvar-id v0.21.0-alpha.0
[INFO] [stderr]    Compiling rialo-s-program-error v0.21.0-alpha.0
[INFO] [stderr]    Compiling polkavm-derive-impl v0.26.0
[INFO] [stderr]    Compiling polkavm-derive-impl-macro v0.26.0
[INFO] [stderr]    Compiling rialo-s-sdk-macro v0.21.0-alpha.0
[INFO] [stderr]    Compiling bytemuck_derive v1.10.2
[INFO] [stderr]    Compiling polkavm-derive v0.26.0
[INFO] [stderr]    Compiling rialo-s-clock v0.21.0-alpha.0
[INFO] [stderr]    Compiling rialo-s-rent v0.21.0-alpha.0
[INFO] [stderr]    Compiling rialo-s-epoch-schedule v0.21.0-alpha.0
[INFO] [stderr]    Compiling rialo-s-define-syscall v0.21.0-alpha.0
[INFO] [stderr]    Compiling rialo-s-account-info v0.21.0-alpha.0
[INFO] [stderr]    Compiling rialo-s-program-entrypoint v0.21.0-alpha.0
[INFO] [stderr]    Compiling rialo-hash v0.21.0-alpha.0
[INFO] [stderr]    Compiling rialo-s-sysvar v0.21.0-alpha.0 (/opt/rustwide/workdir)
[INFO] [stderr]     Finished `release` profile [optimized] target(s) in 8.45s
[INFO] running `Command { std: "docker" "inspect" "1cdfef7979a21f9263d5333fe266ee48a8bd38950bbf01fb36cd639ec671c03b", kill_on_drop: false }`
[INFO] running `Command { std: "docker" "exec" "-e" "SOURCE_DIR=/opt/rustwide/workdir" "-e" "CARGO_HOME=/opt/rustwide/cargo-home" "-e" "RUSTUP_HOME=/opt/rustwide/rustup-home" "-e" "CARGO_TARGET_DIR=/opt/rustwide/target" "-e" "CARGO_INCREMENTAL=0" "-e" "RUST_BACKTRACE=full" "-e" "RUSTFLAGS=--cap-lints=warn" "-e" "RUSTDOCFLAGS=--cap-lints=warn" "-w" "/opt/rustwide/workdir" "--user" "0:0" "1cdfef7979a21f9263d5333fe266ee48a8bd38950bbf01fb36cd639ec671c03b" "/opt/rustwide/cargo-home/bin/cargo" "+1.100.0-beta.1" "test" "--frozen" "--no-run" "--message-format=json" "--release", kill_on_drop: false }`
[INFO] [stderr] warning: `package.homepage` is redundant with `package.repository`
[INFO] [stderr]    --> Cargo.toml:138:12
[INFO] [stderr]     |
[INFO] [stderr] 138 | homepage = "https://github.com/SubzeroLabs/rialo"
[INFO] [stderr]     |            ^^^^^^^^^^^^^^^^^^^^^^^^^^^^^^^^^^^^^^
[INFO] [stderr] ...
[INFO] [stderr] 143 | repository = "https://github.com/SubzeroLabs/rialo"
[INFO] [stderr]     |              --------------------------------------
[INFO] [stderr]     |
[INFO] [stderr]     = note: `cargo::redundant_homepage` is set to `warn` by default
[INFO] [stderr] help: consider removing `package.homepage`
[INFO] [stderr] warning: `rialo-s-sysvar` (manifest) generated 1 warning
[INFO] [stderr]    Compiling rialo-s-sysvar v0.21.0-alpha.0 (/opt/rustwide/workdir)
[INFO] [stdout] error[E0432]: unresolved import `serde_derive`
[INFO] [stdout]    --> src/lib.rs:259:9
[INFO] [stdout]     |
[INFO] [stdout] 259 |     use serde_derive::{Deserialize, Serialize};
[INFO] [stdout]     |         ^^^^^^^^^^^^ use of unresolved module or unlinked crate `serde_derive`
[INFO] [stdout]     |
[INFO] [stdout]     = help: if you wanted to use a crate named `serde_derive`, use `cargo add serde_derive` to add it to your `Cargo.toml`
[INFO] [stdout] 
[INFO] [stdout] 
[INFO] [stdout] error[E0405]: cannot find trait `Sysvar` in this scope
[INFO] [stdout]    --> src/lib.rs:290:10
[INFO] [stdout]     |
[INFO] [stdout] 290 |     impl Sysvar for TestSysvar {}
[INFO] [stdout]     |          ^^^^^^ not found in this scope
[INFO] [stdout]     |
[INFO] [stdout] note: found an item that was configured out
[INFO] [stdout]    --> src/lib.rs:147:11
[INFO] [stdout]     |
[INFO] [stdout] 145 | #[cfg(feature = "bincode")]
[INFO] [stdout]     |       ------------------- the item is gated behind the `bincode` feature
[INFO] [stdout] 146 | /// A type that holds sysvar data.
[INFO] [stdout] 147 | pub trait Sysvar:
[INFO] [stdout]     |           ^^^^^^
[INFO] [stdout] 
[INFO] [stdout] 
[INFO] [stdout] warning: unused import: `super::*`
[INFO] [stdout]    --> src/lib.rs:261:9
[INFO] [stdout]     |
[INFO] [stdout] 261 |     use super::*;
[INFO] [stdout]     |         ^^^^^^^^
[INFO] [stdout]     |
[INFO] [stdout]     = note: `#[warn(unused_imports)]` (part of `#[warn(unused)]`) on by default
[INFO] [stdout] 
[INFO] [stdout] 
[INFO] [stdout] error[E0433]: cannot find module or crate `bincode` in this scope
[INFO] [stdout]    --> src/clock.rs:146:20
[INFO] [stdout]     |
[INFO] [stdout] 146 |         assert_eq!(bincode::serialized_size(&Clock::default()).unwrap(), 24);
[INFO] [stdout]     |                    ^^^^^^^ use of unresolved module or unlinked crate `bincode`
[INFO] [stdout]     |
[INFO] [stdout]     = help: if you wanted to use a crate named `bincode`, use `cargo add bincode` to add it to your `Cargo.toml`
[INFO] [stdout] 
[INFO] [stdout] 
[INFO] [stdout] error[E0433]: cannot find module or crate `bincode` in this scope
[INFO] [stdout]    --> src/recent_blockhashes.rs:185:13
[INFO] [stdout]     |
[INFO] [stdout] 185 |             bincode::serialized_size(&RecentBlockhashes(vec![entry; MAX_ENTRIES])).unwrap()
[INFO] [stdout]     |             ^^^^^^^ use of unresolved module or unlinked crate `bincode`
[INFO] [stdout]     |
[INFO] [stdout]     = help: if you wanted to use a crate named `bincode`, use `cargo add bincode` to add it to your `Cargo.toml`
[INFO] [stdout] 
[INFO] [stdout] 
[INFO] [stdout] error[E0433]: cannot find type `AccountInfo` in this scope
[INFO] [stdout]    --> src/lib.rs:300:32
[INFO] [stdout]     |
[INFO] [stdout] 300 |         let mut account_info = AccountInfo::new(
[INFO] [stdout]     |                                ^^^^^^^^^^^ use of undeclared type `AccountInfo`
[INFO] [stdout]     |
[INFO] [stdout] note: found an item that was configured out
[INFO] [stdout]    --> src/lib.rs:99:27
[INFO] [stdout]     |
[INFO] [stdout]  97 | #[cfg(feature = "bincode")]
[INFO] [stdout]     |       ------------------- the item is gated behind the `bincode` feature
[INFO] [stdout]  98 | use {
[INFO] [stdout]  99 |     rialo_s_account_info::AccountInfo, rialo_s_program_error::ProgramError,
[INFO] [stdout]     |                           ^^^^^^^^^^^
[INFO] [stdout] 
[INFO] [stdout] 
[INFO] [stdout] Some errors have detailed explanations: E0405, E0432, E0433.
[INFO] [stdout] 
[INFO] [stdout] For more information about an error, try `rustc --explain E0405`.
[INFO] [stdout] 
[INFO] [stderr] error: could not compile `rialo-s-sysvar` (lib test) due to 5 previous errors; 1 warning emitted
[INFO] running `Command { std: "docker" "inspect" "1cdfef7979a21f9263d5333fe266ee48a8bd38950bbf01fb36cd639ec671c03b", kill_on_drop: false }`
[INFO] running `Command { std: "docker" "rm" "-f" "1cdfef7979a21f9263d5333fe266ee48a8bd38950bbf01fb36cd639ec671c03b", kill_on_drop: false }`
[INFO] [stdout] 1cdfef7979a21f9263d5333fe266ee48a8bd38950bbf01fb36cd639ec671c03b
