[INFO] fetching crate rialo-s-secp256r1-program 0.21.0-alpha.0...
[INFO] testing rialo-s-secp256r1-program-0.21.0-alpha.0 against 1.100.0-beta.1+cargoflags=--release for beta-release-1.100-2
[INFO] extracting crate rialo-s-secp256r1-program 0.21.0-alpha.0 into /workspace/builds/worker-3-tc2/source
[INFO] started tweaking crates.io crate rialo-s-secp256r1-program 0.21.0-alpha.0
[INFO] finished tweaking crates.io crate rialo-s-secp256r1-program 0.21.0-alpha.0
[INFO] tweaked toml for crates.io crate rialo-s-secp256r1-program 0.21.0-alpha.0 written to /workspace/builds/worker-3-tc2/source/Cargo.toml
[INFO] validating manifest of crates.io crate rialo-s-secp256r1-program 0.21.0-alpha.0 on toolchain 1.100.0-beta.1
[INFO] running `Command { std: CARGO_HOME="/workspace/cargo-home" RUSTUP_HOME="/workspace/rustup-home" "/workspace/cargo-home/bin/cargo" "+1.100.0-beta.1" "metadata" "--manifest-path" "Cargo.toml" "--no-deps", kill_on_drop: false }`
[INFO] crate crates.io crate rialo-s-secp256r1-program 0.21.0-alpha.0 already has a lockfile, it will not be regenerated
[INFO] running `Command { std: CARGO_HOME="/workspace/cargo-home" RUSTUP_HOME="/workspace/rustup-home" "/workspace/cargo-home/bin/cargo" "+1.100.0-beta.1" "fetch" "--manifest-path" "Cargo.toml", kill_on_drop: false }`
[INFO] [stderr] warning: `package.homepage` is redundant with `package.repository`
[INFO] [stderr]   --> Cargo.toml:69:12
[INFO] [stderr]    |
[INFO] [stderr] 69 | homepage = "https://github.com/SubzeroLabs/rialo"
[INFO] [stderr]    |            ^^^^^^^^^^^^^^^^^^^^^^^^^^^^^^^^^^^^^^
[INFO] [stderr] ...
[INFO] [stderr] 74 | repository = "https://github.com/SubzeroLabs/rialo"
[INFO] [stderr]    |              --------------------------------------
[INFO] [stderr]    |
[INFO] [stderr]    = note: `cargo::redundant_homepage` is set to `warn` by default
[INFO] [stderr] help: consider removing `package.homepage`
[INFO] [stderr] warning: `rialo-s-secp256r1-program` (manifest) generated 1 warning
[INFO] running `Command { std: "docker" "create" "-v" "/var/lib/crater-agent-workspace/builds/worker-3-tc2/source:/opt/rustwide/workdir:ro,Z" "-v" "/var/lib/crater-agent-workspace/builds/worker-3-tc2/target:/opt/rustwide/target:rw,Z" "-v" "/var/lib/crater-agent-workspace/cargo-home:/opt/rustwide/cargo-home:ro,Z" "-v" "/var/lib/crater-agent-workspace/rustup-home:/opt/rustwide/rustup-home:ro,Z" "-m" "1610612736" "--network" "none" "ghcr.io/rust-lang/crates-build-env/linux@sha256:77db811e55d90add9212f6832c23229e3de5f1c1f9905e8cb07319ea15df73ac" "sleep" "infinity", kill_on_drop: false }`
[INFO] [stdout] 0ab1daf8b027181ef73a05c3746208faeeeeb465b12521d3dd0b83fa6e0b0a2f
[INFO] running `Command { std: "docker" "start" "0ab1daf8b027181ef73a05c3746208faeeeeb465b12521d3dd0b83fa6e0b0a2f", kill_on_drop: false }`
[INFO] running `Command { std: "docker" "inspect" "0ab1daf8b027181ef73a05c3746208faeeeeb465b12521d3dd0b83fa6e0b0a2f", kill_on_drop: false }`
[INFO] running `Command { std: "docker" "exec" "-e" "SOURCE_DIR=/opt/rustwide/workdir" "-e" "CARGO_HOME=/opt/rustwide/cargo-home" "-e" "RUSTUP_HOME=/opt/rustwide/rustup-home" "-e" "CARGO_TARGET_DIR=/opt/rustwide/target" "-w" "/opt/rustwide/workdir" "--user" "0:0" "0ab1daf8b027181ef73a05c3746208faeeeeb465b12521d3dd0b83fa6e0b0a2f" "/opt/rustwide/cargo-home/bin/cargo" "+1.100.0-beta.1" "metadata" "--no-deps" "--format-version=1", kill_on_drop: false }`
[INFO] running `Command { std: "docker" "inspect" "0ab1daf8b027181ef73a05c3746208faeeeeb465b12521d3dd0b83fa6e0b0a2f", kill_on_drop: false }`
[INFO] running `Command { std: "docker" "exec" "-e" "SOURCE_DIR=/opt/rustwide/workdir" "-e" "CARGO_HOME=/opt/rustwide/cargo-home" "-e" "RUSTUP_HOME=/opt/rustwide/rustup-home" "-e" "CARGO_TARGET_DIR=/opt/rustwide/target" "-e" "CARGO_INCREMENTAL=0" "-e" "RUST_BACKTRACE=full" "-e" "RUSTFLAGS=--cap-lints=warn" "-e" "RUSTDOCFLAGS=--cap-lints=warn" "-w" "/opt/rustwide/workdir" "--user" "0:0" "0ab1daf8b027181ef73a05c3746208faeeeeb465b12521d3dd0b83fa6e0b0a2f" "/opt/rustwide/cargo-home/bin/cargo" "+1.100.0-beta.1" "build" "--frozen" "--message-format=json" "--release", kill_on_drop: false }`
[INFO] [stderr] warning: `package.homepage` is redundant with `package.repository`
[INFO] [stderr]   --> Cargo.toml:69:12
[INFO] [stderr]    |
[INFO] [stderr] 69 | homepage = "https://github.com/SubzeroLabs/rialo"
[INFO] [stderr]    |            ^^^^^^^^^^^^^^^^^^^^^^^^^^^^^^^^^^^^^^
[INFO] [stderr] ...
[INFO] [stderr] 74 | repository = "https://github.com/SubzeroLabs/rialo"
[INFO] [stderr]    |              --------------------------------------
[INFO] [stderr]    |
[INFO] [stderr]    = note: `cargo::redundant_homepage` is set to `warn` by default
[INFO] [stderr] help: consider removing `package.homepage`
[INFO] [stderr] warning: `rialo-s-secp256r1-program` (manifest) generated 1 warning
[INFO] [stderr]    Compiling zeroize v1.8.2
[INFO] [stderr]    Compiling subtle v2.6.1
[INFO] [stderr]    Compiling libc v0.2.180
[INFO] [stderr]    Compiling generic-array v0.14.7
[INFO] [stderr]    Compiling unicode-ident v1.0.23
[INFO] [stderr]    Compiling rialo-s-precompile-error v0.21.0-alpha.0
[INFO] [stderr]    Compiling rialo-s-instruction v0.21.0-alpha.0
[INFO] [stderr]    Compiling proc-macro2 v1.0.106
[INFO] [stderr]    Compiling der v0.7.10
[INFO] [stderr]    Compiling quote v1.0.44
[INFO] [stderr]    Compiling syn v2.0.114
[INFO] [stderr]    Compiling crypto-common v0.1.7
[INFO] [stderr]    Compiling block-buffer v0.10.4
[INFO] [stderr]    Compiling digest v0.10.7
[INFO] [stderr]    Compiling getrandom v0.2.17
[INFO] [stderr]    Compiling hmac v0.12.1
[INFO] [stderr]    Compiling sha2 v0.10.9
[INFO] [stderr]    Compiling rfc6979 v0.4.0
[INFO] [stderr]    Compiling rand_core v0.6.4
[INFO] [stderr]    Compiling ff v0.13.1
[INFO] [stderr]    Compiling crypto-bigint v0.5.5
[INFO] [stderr]    Compiling signature v2.2.0
[INFO] [stderr]    Compiling group v0.13.0
[INFO] [stderr]    Compiling sec1 v0.7.3
[INFO] [stderr]    Compiling spki v0.7.3
[INFO] [stderr]    Compiling bytemuck_derive v1.10.2
[INFO] [stderr]    Compiling elliptic-curve v0.13.8
[INFO] [stderr]    Compiling ecdsa v0.16.9
[INFO] [stderr]    Compiling primeorder v0.13.6
[INFO] [stderr]    Compiling bytemuck v1.25.0
[INFO] [stderr]    Compiling p256 v0.13.2
[INFO] [stderr]    Compiling rialo-s-secp256r1-program v0.21.0-alpha.0 (/opt/rustwide/workdir)
[INFO] [stderr]     Finished `release` profile [optimized] target(s) in 18.00s
[INFO] running `Command { std: "docker" "inspect" "0ab1daf8b027181ef73a05c3746208faeeeeb465b12521d3dd0b83fa6e0b0a2f", kill_on_drop: false }`
[INFO] running `Command { std: "docker" "exec" "-e" "SOURCE_DIR=/opt/rustwide/workdir" "-e" "CARGO_HOME=/opt/rustwide/cargo-home" "-e" "RUSTUP_HOME=/opt/rustwide/rustup-home" "-e" "CARGO_TARGET_DIR=/opt/rustwide/target" "-e" "CARGO_INCREMENTAL=0" "-e" "RUST_BACKTRACE=full" "-e" "RUSTFLAGS=--cap-lints=warn" "-e" "RUSTDOCFLAGS=--cap-lints=warn" "-w" "/opt/rustwide/workdir" "--user" "0:0" "0ab1daf8b027181ef73a05c3746208faeeeeb465b12521d3dd0b83fa6e0b0a2f" "/opt/rustwide/cargo-home/bin/cargo" "+1.100.0-beta.1" "test" "--frozen" "--no-run" "--message-format=json" "--release", kill_on_drop: false }`
[INFO] [stderr] warning: `package.homepage` is redundant with `package.repository`
[INFO] [stderr]   --> Cargo.toml:69:12
[INFO] [stderr]    |
[INFO] [stderr] 69 | homepage = "https://github.com/SubzeroLabs/rialo"
[INFO] [stderr]    |            ^^^^^^^^^^^^^^^^^^^^^^^^^^^^^^^^^^^^^^
[INFO] [stderr] ...
[INFO] [stderr] 74 | repository = "https://github.com/SubzeroLabs/rialo"
[INFO] [stderr]    |              --------------------------------------
[INFO] [stderr]    |
[INFO] [stderr]    = note: `cargo::redundant_homepage` is set to `warn` by default
[INFO] [stderr] help: consider removing `package.homepage`
[INFO] [stderr] warning: `rialo-s-secp256r1-program` (manifest) generated 1 warning
[INFO] [stderr]    Compiling rialo-s-secp256r1-program v0.21.0-alpha.0 (/opt/rustwide/workdir)
[INFO] [stdout] error[E0433]: cannot find module or crate `rialo_s_sdk` in this scope
[INFO] [stdout]    --> src/lib.rs:243:13
[INFO] [stdout]     |
[INFO] [stdout] 243 |         use rialo_s_sdk::{
[INFO] [stdout]     |             ^^^^^^^^^^^ use of unresolved module or unlinked crate `rialo_s_sdk`
[INFO] [stdout]     |
[INFO] [stdout]     = help: if you wanted to use a crate named `rialo_s_sdk`, use `cargo add rialo_s_sdk` to add it to your `Cargo.toml`
[INFO] [stdout] 
[INFO] [stdout] 
[INFO] [stdout] error[E0432]: unresolved import `rialo_s_message`
[INFO] [stdout]    --> src/lib.rs:242:13
[INFO] [stdout]     |
[INFO] [stdout] 242 |         use rialo_s_message::ConfigHashPrefix;
[INFO] [stdout]     |             ^^^^^^^^^^^^^^^ use of unresolved module or unlinked crate `rialo_s_message`
[INFO] [stdout]     |
[INFO] [stdout]     = help: if you wanted to use a crate named `rialo_s_message`, use `cargo add rialo_s_message` to add it to your `Cargo.toml`
[INFO] [stdout] 
[INFO] [stdout] 
[INFO] [stdout] error[E0433]: cannot find module or crate `rialo_s_logger` in this scope
[INFO] [stdout]    --> src/lib.rs:268:13
[INFO] [stdout]     |
[INFO] [stdout] 268 |             rialo_s_logger::setup();
[INFO] [stdout]     |             ^^^^^^^^^^^^^^ use of unresolved module or unlinked crate `rialo_s_logger`
[INFO] [stdout]     |
[INFO] [stdout]     = help: if you wanted to use a crate named `rialo_s_logger`, use `cargo add rialo_s_logger` to add it to your `Cargo.toml`
[INFO] [stdout] 
[INFO] [stdout] 
[INFO] [stdout] error[E0433]: cannot find module or crate `rialo_s_logger` in this scope
[INFO] [stdout]    --> src/lib.rs:312:13
[INFO] [stdout]     |
[INFO] [stdout] 312 |             rialo_s_logger::setup();
[INFO] [stdout]     |             ^^^^^^^^^^^^^^ use of unresolved module or unlinked crate `rialo_s_logger`
[INFO] [stdout]     |
[INFO] [stdout]     = help: if you wanted to use a crate named `rialo_s_logger`, use `cargo add rialo_s_logger` to add it to your `Cargo.toml`
[INFO] [stdout] 
[INFO] [stdout] 
[INFO] [stdout] error[E0433]: cannot find module or crate `rialo_s_logger` in this scope
[INFO] [stdout]    --> src/lib.rs:424:13
[INFO] [stdout]     |
[INFO] [stdout] 424 |             rialo_s_logger::setup();
[INFO] [stdout]     |             ^^^^^^^^^^^^^^ use of unresolved module or unlinked crate `rialo_s_logger`
[INFO] [stdout]     |
[INFO] [stdout]     = help: if you wanted to use a crate named `rialo_s_logger`, use `cargo add rialo_s_logger` to add it to your `Cargo.toml`
[INFO] [stdout] 
[INFO] [stdout] 
[INFO] [stdout] error[E0433]: cannot find module or crate `rialo_s_logger` in this scope
[INFO] [stdout]    --> src/lib.rs:462:13
[INFO] [stdout]     |
[INFO] [stdout] 462 |             rialo_s_logger::setup();
[INFO] [stdout]     |             ^^^^^^^^^^^^^^ use of unresolved module or unlinked crate `rialo_s_logger`
[INFO] [stdout]     |
[INFO] [stdout]     = help: if you wanted to use a crate named `rialo_s_logger`, use `cargo add rialo_s_logger` to add it to your `Cargo.toml`
[INFO] [stdout] 
[INFO] [stdout] 
[INFO] [stdout] error[E0433]: cannot find module or crate `rialo_s_logger` in this scope
[INFO] [stdout]    --> src/lib.rs:494:13
[INFO] [stdout]     |
[INFO] [stdout] 494 |             rialo_s_logger::setup();
[INFO] [stdout]     |             ^^^^^^^^^^^^^^ use of unresolved module or unlinked crate `rialo_s_logger`
[INFO] [stdout]     |
[INFO] [stdout]     = help: if you wanted to use a crate named `rialo_s_logger`, use `cargo add rialo_s_logger` to add it to your `Cargo.toml`
[INFO] [stdout] 
[INFO] [stdout] 
[INFO] [stdout] error[E0433]: cannot find module or crate `rialo_s_logger` in this scope
[INFO] [stdout]    --> src/lib.rs:529:13
[INFO] [stdout]     |
[INFO] [stdout] 529 |             rialo_s_logger::setup();
[INFO] [stdout]     |             ^^^^^^^^^^^^^^ use of unresolved module or unlinked crate `rialo_s_logger`
[INFO] [stdout]     |
[INFO] [stdout]     = help: if you wanted to use a crate named `rialo_s_logger`, use `cargo add rialo_s_logger` to add it to your `Cargo.toml`
[INFO] [stdout] 
[INFO] [stdout] 
[INFO] [stdout] error[E0433]: cannot find module or crate `rialo_s_logger` in this scope
[INFO] [stdout]    --> src/lib.rs:563:13
[INFO] [stdout]     |
[INFO] [stdout] 563 |             rialo_s_logger::setup();
[INFO] [stdout]     |             ^^^^^^^^^^^^^^ use of unresolved module or unlinked crate `rialo_s_logger`
[INFO] [stdout]     |
[INFO] [stdout]     = help: if you wanted to use a crate named `rialo_s_logger`, use `cargo add rialo_s_logger` to add it to your `Cargo.toml`
[INFO] [stdout] 
[INFO] [stdout] 
[INFO] [stdout] Some errors have detailed explanations: E0432, E0433.
[INFO] [stdout] 
[INFO] [stdout] For more information about an error, try `rustc --explain E0432`.
[INFO] [stdout] 
[INFO] [stderr] error: could not compile `rialo-s-secp256r1-program` (lib test) due to 9 previous errors
[INFO] running `Command { std: "docker" "inspect" "0ab1daf8b027181ef73a05c3746208faeeeeb465b12521d3dd0b83fa6e0b0a2f", kill_on_drop: false }`
[INFO] running `Command { std: "docker" "rm" "-f" "0ab1daf8b027181ef73a05c3746208faeeeeb465b12521d3dd0b83fa6e0b0a2f", kill_on_drop: false }`
[INFO] [stdout] 0ab1daf8b027181ef73a05c3746208faeeeeb465b12521d3dd0b83fa6e0b0a2f
