[INFO] fetching crate rialo-s-secp256k1-program 0.21.0-alpha.0...
[INFO] testing rialo-s-secp256k1-program-0.21.0-alpha.0 against 1.99.0-beta.8+cargoflags=--release for beta-release-1.100-2
[INFO] extracting crate rialo-s-secp256k1-program 0.21.0-alpha.0 into /workspace/builds/worker-6-tc1/source
[INFO] started tweaking crates.io crate rialo-s-secp256k1-program 0.21.0-alpha.0
[INFO] finished tweaking crates.io crate rialo-s-secp256k1-program 0.21.0-alpha.0
[INFO] tweaked toml for crates.io crate rialo-s-secp256k1-program 0.21.0-alpha.0 written to /workspace/builds/worker-6-tc1/source/Cargo.toml
[INFO] validating manifest of crates.io crate rialo-s-secp256k1-program 0.21.0-alpha.0 on toolchain 1.99.0-beta.8
[INFO] running `Command { std: CARGO_HOME="/workspace/cargo-home" RUSTUP_HOME="/workspace/rustup-home" "/workspace/cargo-home/bin/cargo" "+1.99.0-beta.8" "metadata" "--manifest-path" "Cargo.toml" "--no-deps", kill_on_drop: false }`
[INFO] crate crates.io crate rialo-s-secp256k1-program 0.21.0-alpha.0 already has a lockfile, it will not be regenerated
[INFO] running `Command { std: CARGO_HOME="/workspace/cargo-home" RUSTUP_HOME="/workspace/rustup-home" "/workspace/cargo-home/bin/cargo" "+1.99.0-beta.8" "fetch" "--manifest-path" "Cargo.toml", kill_on_drop: false }`
[INFO] [stderr]     Updating crates.io index
[INFO] [stderr]  Downloading crates ...
[INFO] [stderr]   Downloaded rialo-s-pubkey v0.21.0-alpha.0
[INFO] [stderr]   Downloaded rialo-s-sdk-ids v0.21.0-alpha.0
[INFO] [stderr]   Downloaded rialo-s-decode-error v0.21.0-alpha.0
[INFO] [stderr]   Downloaded rialo-s-precompile-error v0.21.0-alpha.0
[INFO] [stderr]   Downloaded zmij v1.0.20
[INFO] [stderr]   Downloaded rialo-sanitize v0.21.0-alpha.0
[INFO] [stderr]   Downloaded rialo-atomic-u64 v0.21.0-alpha.0
[INFO] [stderr]   Downloaded rialo-s-instruction v0.21.0-alpha.0
[INFO] [stderr]   Downloaded rialo-hash v0.21.0-alpha.0
[INFO] [stderr]   Downloaded rialo-s-define-syscall v0.21.0-alpha.0
[INFO] [stderr]   Downloaded rialo-s-sha256-hasher v0.21.0-alpha.0
[INFO] running `Command { std: "docker" "create" "-v" "/var/lib/crater-agent-workspace/builds/worker-6-tc1/source:/opt/rustwide/workdir:ro,Z" "-v" "/var/lib/crater-agent-workspace/builds/worker-6-tc1/target:/opt/rustwide/target:rw,Z" "-v" "/var/lib/crater-agent-workspace/cargo-home:/opt/rustwide/cargo-home:ro,Z" "-v" "/var/lib/crater-agent-workspace/rustup-home:/opt/rustwide/rustup-home:ro,Z" "-m" "1610612736" "--network" "none" "ghcr.io/rust-lang/crates-build-env/linux@sha256:77db811e55d90add9212f6832c23229e3de5f1c1f9905e8cb07319ea15df73ac" "sleep" "infinity", kill_on_drop: false }`
[INFO] [stdout] b462ea61e78a91822a764044a079ea8cd64abffa6258f6997d5af8e413f2edbe
[INFO] running `Command { std: "docker" "start" "b462ea61e78a91822a764044a079ea8cd64abffa6258f6997d5af8e413f2edbe", kill_on_drop: false }`
[INFO] running `Command { std: "docker" "inspect" "b462ea61e78a91822a764044a079ea8cd64abffa6258f6997d5af8e413f2edbe", kill_on_drop: false }`
[INFO] running `Command { std: "docker" "exec" "-e" "SOURCE_DIR=/opt/rustwide/workdir" "-e" "CARGO_HOME=/opt/rustwide/cargo-home" "-e" "RUSTUP_HOME=/opt/rustwide/rustup-home" "-e" "CARGO_TARGET_DIR=/opt/rustwide/target" "-w" "/opt/rustwide/workdir" "--user" "0:0" "b462ea61e78a91822a764044a079ea8cd64abffa6258f6997d5af8e413f2edbe" "/opt/rustwide/cargo-home/bin/cargo" "+1.99.0-beta.8" "metadata" "--no-deps" "--format-version=1", kill_on_drop: false }`
[INFO] running `Command { std: "docker" "inspect" "b462ea61e78a91822a764044a079ea8cd64abffa6258f6997d5af8e413f2edbe", kill_on_drop: false }`
[INFO] running `Command { std: "docker" "exec" "-e" "SOURCE_DIR=/opt/rustwide/workdir" "-e" "CARGO_HOME=/opt/rustwide/cargo-home" "-e" "RUSTUP_HOME=/opt/rustwide/rustup-home" "-e" "CARGO_TARGET_DIR=/opt/rustwide/target" "-e" "CARGO_INCREMENTAL=0" "-e" "RUST_BACKTRACE=full" "-e" "RUSTFLAGS=--cap-lints=warn" "-e" "RUSTDOCFLAGS=--cap-lints=warn" "-w" "/opt/rustwide/workdir" "--user" "0:0" "b462ea61e78a91822a764044a079ea8cd64abffa6258f6997d5af8e413f2edbe" "/opt/rustwide/cargo-home/bin/cargo" "+1.99.0-beta.8" "build" "--frozen" "--message-format=json" "--release", kill_on_drop: false }`
[INFO] [stderr]    Compiling zeroize v1.8.2
[INFO] [stderr]    Compiling libc v0.2.180
[INFO] [stderr]    Compiling keccak v0.1.6
[INFO] [stderr]    Compiling generic-array v0.14.7
[INFO] [stderr]    Compiling der v0.7.10
[INFO] [stderr]    Compiling crypto-common v0.1.7
[INFO] [stderr]    Compiling block-buffer v0.10.4
[INFO] [stderr]    Compiling digest v0.10.7
[INFO] [stderr]    Compiling hmac v0.12.1
[INFO] [stderr]    Compiling sha2 v0.10.9
[INFO] [stderr]    Compiling sha3 v0.10.8
[INFO] [stderr]    Compiling rfc6979 v0.4.0
[INFO] [stderr]    Compiling spki v0.7.3
[INFO] [stderr]    Compiling sec1 v0.7.3
[INFO] [stderr]    Compiling getrandom v0.2.17
[INFO] [stderr]    Compiling pkcs8 v0.10.2
[INFO] [stderr]    Compiling rand_core v0.6.4
[INFO] [stderr]    Compiling ff v0.13.1
[INFO] [stderr]    Compiling crypto-bigint v0.5.5
[INFO] [stderr]    Compiling signature v2.2.0
[INFO] [stderr]    Compiling group v0.13.0
[INFO] [stderr]    Compiling elliptic-curve v0.13.8
[INFO] [stderr]    Compiling ecdsa v0.16.9
[INFO] [stderr]    Compiling k256 v0.13.4
[INFO] [stderr]    Compiling rialo-s-secp256k1-program v0.21.0-alpha.0 (/opt/rustwide/workdir)
[INFO] [stderr]     Finished `release` profile [optimized] target(s) in 9.96s
[INFO] running `Command { std: "docker" "inspect" "b462ea61e78a91822a764044a079ea8cd64abffa6258f6997d5af8e413f2edbe", kill_on_drop: false }`
[INFO] running `Command { std: "docker" "exec" "-e" "SOURCE_DIR=/opt/rustwide/workdir" "-e" "CARGO_HOME=/opt/rustwide/cargo-home" "-e" "RUSTUP_HOME=/opt/rustwide/rustup-home" "-e" "CARGO_TARGET_DIR=/opt/rustwide/target" "-e" "CARGO_INCREMENTAL=0" "-e" "RUST_BACKTRACE=full" "-e" "RUSTFLAGS=--cap-lints=warn" "-e" "RUSTDOCFLAGS=--cap-lints=warn" "-w" "/opt/rustwide/workdir" "--user" "0:0" "b462ea61e78a91822a764044a079ea8cd64abffa6258f6997d5af8e413f2edbe" "/opt/rustwide/cargo-home/bin/cargo" "+1.99.0-beta.8" "test" "--frozen" "--no-run" "--message-format=json" "--release", kill_on_drop: false }`
[INFO] [stderr]    Compiling rialo-s-secp256k1-program v0.21.0-alpha.0 (/opt/rustwide/workdir)
[INFO] [stdout] error[E0432]: unresolved import `rand`
[INFO] [stdout]     --> src/lib.rs:1018:9
[INFO] [stdout]      |
[INFO] [stdout] 1018 |     use rand::{thread_rng, Rng};
[INFO] [stdout]      |         ^^^^ use of unresolved module or unlinked crate `rand`
[INFO] [stdout]      |
[INFO] [stdout]      = help: if you wanted to use a crate named `rand`, use `cargo add rand` to add it to your `Cargo.toml`
[INFO] [stdout] 
[INFO] [stdout] 
[INFO] [stdout] error[E0432]: unresolved import `rialo_s_keccak_hasher`
[INFO] [stdout]     --> src/lib.rs:1019:9
[INFO] [stdout]      |
[INFO] [stdout] 1019 |     use rialo_s_keccak_hasher as keccak;
[INFO] [stdout]      |         ---------------------^^^^^^^^^^
[INFO] [stdout]      |         |
[INFO] [stdout]      |         no external crate `rialo_s_keccak_hasher`
[INFO] [stdout] 
[INFO] [stdout] 
[INFO] [stdout] error[E0432]: unresolved import `rialo_s_keypair`
[INFO] [stdout]     --> src/lib.rs:1020:9
[INFO] [stdout]      |
[INFO] [stdout] 1020 |     use rialo_s_keypair::Keypair;
[INFO] [stdout]      |         ^^^^^^^^^^^^^^^ use of unresolved module or unlinked crate `rialo_s_keypair`
[INFO] [stdout]      |
[INFO] [stdout]      = help: if you wanted to use a crate named `rialo_s_keypair`, use `cargo add rialo_s_keypair` to add it to your `Cargo.toml`
[INFO] [stdout] 
[INFO] [stdout] 
[INFO] [stdout] error[E0433]: cannot find module or crate `rialo_s_sdk` in this scope
[INFO] [stdout]     --> src/lib.rs:1022:9
[INFO] [stdout]      |
[INFO] [stdout] 1022 |     use rialo_s_sdk::transaction::Transaction;
[INFO] [stdout]      |         ^^^^^^^^^^^ use of unresolved module or unlinked crate `rialo_s_sdk`
[INFO] [stdout]      |
[INFO] [stdout]      = help: if you wanted to use a crate named `rialo_s_sdk`, use `cargo add rialo_s_sdk` to add it to your `Cargo.toml`
[INFO] [stdout] 
[INFO] [stdout] 
[INFO] [stdout] error[E0432]: unresolved import `rialo_s_message`
[INFO] [stdout]     --> src/lib.rs:1021:9
[INFO] [stdout]      |
[INFO] [stdout] 1021 |     use rialo_s_message::ConfigHashPrefix;
[INFO] [stdout]      |         ^^^^^^^^^^^^^^^ use of unresolved module or unlinked crate `rialo_s_message`
[INFO] [stdout]      |
[INFO] [stdout]      = help: if you wanted to use a crate named `rialo_s_message`, use `cargo add rialo_s_message` to add it to your `Cargo.toml`
[INFO] [stdout] 
[INFO] [stdout] 
[INFO] [stdout] error[E0432]: unresolved import `rialo_s_signer`
[INFO] [stdout]     --> src/lib.rs:1023:9
[INFO] [stdout]      |
[INFO] [stdout] 1023 |     use rialo_s_signer::Signer;
[INFO] [stdout]      |         ^^^^^^^^^^^^^^ use of unresolved module or unlinked crate `rialo_s_signer`
[INFO] [stdout]      |
[INFO] [stdout]      = help: if you wanted to use a crate named `rialo_s_signer`, use `cargo add rialo_s_signer` to add it to your `Cargo.toml`
[INFO] [stdout] 
[INFO] [stdout] 
[INFO] [stdout] error[E0425]: cannot find type `PrecompileError` in this scope
[INFO] [stdout]     --> src/lib.rs:1030:21
[INFO] [stdout]      |
[INFO] [stdout] 1030 |     ) -> Result<(), PrecompileError> {
[INFO] [stdout]      |                     ^^^^^^^^^^^^^^^ not found in this scope
[INFO] [stdout]      |
[INFO] [stdout] note: found an item that was configured out
[INFO] [stdout]     --> src/lib.rs:791:66
[INFO] [stdout]      |
[INFO] [stdout]  790 | #[cfg(feature = "bincode")]
[INFO] [stdout]      |       ------------------- the item is gated behind the `bincode` feature
[INFO] [stdout]  791 | use {rialo_s_instruction::Instruction, rialo_s_precompile_error::PrecompileError};
[INFO] [stdout]      |                                                                  ^^^^^^^^^^^^^^^
[INFO] [stdout] help: you might be missing a type parameter
[INFO] [stdout]      |
[INFO] [stdout] 1027 |     fn test_case<PrecompileError>(
[INFO] [stdout]      |                 +++++++++++++++++
[INFO] [stdout] 
[INFO] [stdout] 
[INFO] [stdout] error[E0433]: cannot find module or crate `bincode` in this scope
[INFO] [stdout]     --> src/lib.rs:1034:9
[INFO] [stdout]      |
[INFO] [stdout] 1034 |         bincode::serialize_into(writer, &offsets).unwrap();
[INFO] [stdout]      |         ^^^^^^^ use of unresolved module or unlinked crate `bincode`
[INFO] [stdout]      |
[INFO] [stdout]      = help: if you wanted to use a crate named `bincode`, use `cargo add bincode` to add it to your `Cargo.toml`
[INFO] [stdout] 
[INFO] [stdout] 
[INFO] [stdout] error[E0425]: cannot find function `verify` in this scope
[INFO] [stdout]     --> src/lib.rs:1035:9
[INFO] [stdout]      |
[INFO] [stdout] 1035 |         verify(&instruction_data, &[&[0u8; 100]])
[INFO] [stdout]      |         ^^^^^^ not found in this scope
[INFO] [stdout]      |
[INFO] [stdout] note: found an item that was configured out
[INFO] [stdout]     --> src/lib.rs:917:8
[INFO] [stdout]      |
[INFO] [stdout]  916 | #[cfg(feature = "bincode")]
[INFO] [stdout]      |       ------------------- the item is gated behind the `bincode` feature
[INFO] [stdout]  917 | pub fn verify(data: &[u8], instruction_datas: &[&[u8]]) -> Result<(), PrecompileError> {
[INFO] [stdout]      |        ^^^^^^
[INFO] [stdout] 
[INFO] [stdout] 
[INFO] [stdout] error[E0433]: cannot find module or crate `rialo_s_logger` in this scope
[INFO] [stdout]     --> src/lib.rs:1040:9
[INFO] [stdout]      |
[INFO] [stdout] 1040 |         rialo_s_logger::setup();
[INFO] [stdout]      |         ^^^^^^^^^^^^^^ use of unresolved module or unlinked crate `rialo_s_logger`
[INFO] [stdout]      |
[INFO] [stdout]      = help: if you wanted to use a crate named `rialo_s_logger`, use `cargo add rialo_s_logger` to add it to your `Cargo.toml`
[INFO] [stdout] 
[INFO] [stdout] 
[INFO] [stdout] error[E0433]: cannot find module or crate `bincode` in this scope
[INFO] [stdout]     --> src/lib.rs:1046:9
[INFO] [stdout]      |
[INFO] [stdout] 1046 |         bincode::serialize_into(writer, &offsets).unwrap();
[INFO] [stdout]      |         ^^^^^^^ use of unresolved module or unlinked crate `bincode`
[INFO] [stdout]      |
[INFO] [stdout]      = help: if you wanted to use a crate named `bincode`, use `cargo add bincode` to add it to your `Cargo.toml`
[INFO] [stdout] 
[INFO] [stdout] 
[INFO] [stdout] error[E0425]: cannot find function `verify` in this scope
[INFO] [stdout]     --> src/lib.rs:1050:13
[INFO] [stdout]      |
[INFO] [stdout] 1050 |             verify(&instruction_data, &[&[0u8; 100]]),
[INFO] [stdout]      |             ^^^^^^ not found in this scope
[INFO] [stdout]      |
[INFO] [stdout] note: found an item that was configured out
[INFO] [stdout]     --> src/lib.rs:917:8
[INFO] [stdout]      |
[INFO] [stdout]  916 | #[cfg(feature = "bincode")]
[INFO] [stdout]      |       ------------------- the item is gated behind the `bincode` feature
[INFO] [stdout]  917 | pub fn verify(data: &[u8], instruction_datas: &[&[u8]]) -> Result<(), PrecompileError> {
[INFO] [stdout]      |        ^^^^^^
[INFO] [stdout] 
[INFO] [stdout] 
[INFO] [stdout] error[E0433]: cannot find type `PrecompileError` in this scope
[INFO] [stdout]     --> src/lib.rs:1051:17
[INFO] [stdout]      |
[INFO] [stdout] 1051 |             Err(PrecompileError::InvalidInstructionDataSize)
[INFO] [stdout]      |                 ^^^^^^^^^^^^^^^ use of undeclared type `PrecompileError`
[INFO] [stdout]      |
[INFO] [stdout] note: found an item that was configured out
[INFO] [stdout]     --> src/lib.rs:791:66
[INFO] [stdout]      |
[INFO] [stdout]  790 | #[cfg(feature = "bincode")]
[INFO] [stdout]      |       ------------------- the item is gated behind the `bincode` feature
[INFO] [stdout]  791 | use {rialo_s_instruction::Instruction, rialo_s_precompile_error::PrecompileError};
[INFO] [stdout]      |                                                                  ^^^^^^^^^^^^^^^
[INFO] [stdout] 
[INFO] [stdout] 
[INFO] [stdout] error[E0433]: cannot find type `PrecompileError` in this scope
[INFO] [stdout]     --> src/lib.rs:1060:17
[INFO] [stdout]      |
[INFO] [stdout] 1060 |             Err(PrecompileError::InvalidInstructionDataSize)
[INFO] [stdout]      |                 ^^^^^^^^^^^^^^^ use of undeclared type `PrecompileError`
[INFO] [stdout]      |
[INFO] [stdout] note: found an item that was configured out
[INFO] [stdout]     --> src/lib.rs:791:66
[INFO] [stdout]      |
[INFO] [stdout]  790 | #[cfg(feature = "bincode")]
[INFO] [stdout]      |       ------------------- the item is gated behind the `bincode` feature
[INFO] [stdout]  791 | use {rialo_s_instruction::Instruction, rialo_s_precompile_error::PrecompileError};
[INFO] [stdout]      |                                                                  ^^^^^^^^^^^^^^^
[INFO] [stdout] 
[INFO] [stdout] 
[INFO] [stdout] error[E0433]: cannot find type `PrecompileError` in this scope
[INFO] [stdout]     --> src/lib.rs:1069:17
[INFO] [stdout]      |
[INFO] [stdout] 1069 |             Err(PrecompileError::InvalidDataOffsets)
[INFO] [stdout]      |                 ^^^^^^^^^^^^^^^ use of undeclared type `PrecompileError`
[INFO] [stdout]      |
[INFO] [stdout] note: found an item that was configured out
[INFO] [stdout]     --> src/lib.rs:791:66
[INFO] [stdout]      |
[INFO] [stdout]  790 | #[cfg(feature = "bincode")]
[INFO] [stdout]      |       ------------------- the item is gated behind the `bincode` feature
[INFO] [stdout]  791 | use {rialo_s_instruction::Instruction, rialo_s_precompile_error::PrecompileError};
[INFO] [stdout]      |                                                                  ^^^^^^^^^^^^^^^
[INFO] [stdout] 
[INFO] [stdout] 
[INFO] [stdout] error[E0433]: cannot find type `PrecompileError` in this scope
[INFO] [stdout]     --> src/lib.rs:1078:17
[INFO] [stdout]      |
[INFO] [stdout] 1078 |             Err(PrecompileError::InvalidDataOffsets)
[INFO] [stdout]      |                 ^^^^^^^^^^^^^^^ use of undeclared type `PrecompileError`
[INFO] [stdout]      |
[INFO] [stdout] note: found an item that was configured out
[INFO] [stdout]     --> src/lib.rs:791:66
[INFO] [stdout]      |
[INFO] [stdout]  790 | #[cfg(feature = "bincode")]
[INFO] [stdout]      |       ------------------- the item is gated behind the `bincode` feature
[INFO] [stdout]  791 | use {rialo_s_instruction::Instruction, rialo_s_precompile_error::PrecompileError};
[INFO] [stdout]      |                                                                  ^^^^^^^^^^^^^^^
[INFO] [stdout] 
[INFO] [stdout] 
[INFO] [stdout] error[E0433]: cannot find type `PrecompileError` in this scope
[INFO] [stdout]     --> src/lib.rs:1091:17
[INFO] [stdout]      |
[INFO] [stdout] 1091 |             Err(PrecompileError::InvalidSignature)
[INFO] [stdout]      |                 ^^^^^^^^^^^^^^^ use of undeclared type `PrecompileError`
[INFO] [stdout]      |
[INFO] [stdout] note: found an item that was configured out
[INFO] [stdout]     --> src/lib.rs:791:66
[INFO] [stdout]      |
[INFO] [stdout]  790 | #[cfg(feature = "bincode")]
[INFO] [stdout]      |       ------------------- the item is gated behind the `bincode` feature
[INFO] [stdout]  791 | use {rialo_s_instruction::Instruction, rialo_s_precompile_error::PrecompileError};
[INFO] [stdout]      |                                                                  ^^^^^^^^^^^^^^^
[INFO] [stdout] 
[INFO] [stdout] 
[INFO] [stdout] error[E0433]: cannot find type `PrecompileError` in this scope
[INFO] [stdout]     --> src/lib.rs:1101:17
[INFO] [stdout]      |
[INFO] [stdout] 1101 |             Err(PrecompileError::InvalidSignature)
[INFO] [stdout]      |                 ^^^^^^^^^^^^^^^ use of undeclared type `PrecompileError`
[INFO] [stdout]      |
[INFO] [stdout] note: found an item that was configured out
[INFO] [stdout]     --> src/lib.rs:791:66
[INFO] [stdout]      |
[INFO] [stdout]  790 | #[cfg(feature = "bincode")]
[INFO] [stdout]      |       ------------------- the item is gated behind the `bincode` feature
[INFO] [stdout]  791 | use {rialo_s_instruction::Instruction, rialo_s_precompile_error::PrecompileError};
[INFO] [stdout]      |                                                                  ^^^^^^^^^^^^^^^
[INFO] [stdout] 
[INFO] [stdout] 
[INFO] [stdout] error[E0433]: cannot find type `PrecompileError` in this scope
[INFO] [stdout]     --> src/lib.rs:1111:17
[INFO] [stdout]      |
[INFO] [stdout] 1111 |             Err(PrecompileError::InvalidSignature)
[INFO] [stdout]      |                 ^^^^^^^^^^^^^^^ use of undeclared type `PrecompileError`
[INFO] [stdout]      |
[INFO] [stdout] note: found an item that was configured out
[INFO] [stdout]     --> src/lib.rs:791:66
[INFO] [stdout]      |
[INFO] [stdout]  790 | #[cfg(feature = "bincode")]
[INFO] [stdout]      |       ------------------- the item is gated behind the `bincode` feature
[INFO] [stdout]  791 | use {rialo_s_instruction::Instruction, rialo_s_precompile_error::PrecompileError};
[INFO] [stdout]      |                                                                  ^^^^^^^^^^^^^^^
[INFO] [stdout] 
[INFO] [stdout] 
[INFO] [stdout] error[E0433]: cannot find type `PrecompileError` in this scope
[INFO] [stdout]     --> src/lib.rs:1121:17
[INFO] [stdout]      |
[INFO] [stdout] 1121 |             Err(PrecompileError::InvalidSignature)
[INFO] [stdout]      |                 ^^^^^^^^^^^^^^^ use of undeclared type `PrecompileError`
[INFO] [stdout]      |
[INFO] [stdout] note: found an item that was configured out
[INFO] [stdout]     --> src/lib.rs:791:66
[INFO] [stdout]      |
[INFO] [stdout]  790 | #[cfg(feature = "bincode")]
[INFO] [stdout]      |       ------------------- the item is gated behind the `bincode` feature
[INFO] [stdout]  791 | use {rialo_s_instruction::Instruction, rialo_s_precompile_error::PrecompileError};
[INFO] [stdout]      |                                                                  ^^^^^^^^^^^^^^^
[INFO] [stdout] 
[INFO] [stdout] 
[INFO] [stdout] error[E0433]: cannot find type `PrecompileError` in this scope
[INFO] [stdout]     --> src/lib.rs:1133:17
[INFO] [stdout]      |
[INFO] [stdout] 1133 |             Err(PrecompileError::InvalidSignature)
[INFO] [stdout]      |                 ^^^^^^^^^^^^^^^ use of undeclared type `PrecompileError`
[INFO] [stdout]      |
[INFO] [stdout] note: found an item that was configured out
[INFO] [stdout]     --> src/lib.rs:791:66
[INFO] [stdout]      |
[INFO] [stdout]  790 | #[cfg(feature = "bincode")]
[INFO] [stdout]      |       ------------------- the item is gated behind the `bincode` feature
[INFO] [stdout]  791 | use {rialo_s_instruction::Instruction, rialo_s_precompile_error::PrecompileError};
[INFO] [stdout]      |                                                                  ^^^^^^^^^^^^^^^
[INFO] [stdout] 
[INFO] [stdout] 
[INFO] [stdout] error[E0433]: cannot find type `PrecompileError` in this scope
[INFO] [stdout]     --> src/lib.rs:1142:17
[INFO] [stdout]      |
[INFO] [stdout] 1142 |             Err(PrecompileError::InvalidSignature)
[INFO] [stdout]      |                 ^^^^^^^^^^^^^^^ use of undeclared type `PrecompileError`
[INFO] [stdout]      |
[INFO] [stdout] note: found an item that was configured out
[INFO] [stdout]     --> src/lib.rs:791:66
[INFO] [stdout]      |
[INFO] [stdout]  790 | #[cfg(feature = "bincode")]
[INFO] [stdout]      |       ------------------- the item is gated behind the `bincode` feature
[INFO] [stdout]  791 | use {rialo_s_instruction::Instruction, rialo_s_precompile_error::PrecompileError};
[INFO] [stdout]      |                                                                  ^^^^^^^^^^^^^^^
[INFO] [stdout] 
[INFO] [stdout] 
[INFO] [stdout] error[E0433]: cannot find type `PrecompileError` in this scope
[INFO] [stdout]     --> src/lib.rs:1154:17
[INFO] [stdout]      |
[INFO] [stdout] 1154 |             Err(PrecompileError::InvalidSignature)
[INFO] [stdout]      |                 ^^^^^^^^^^^^^^^ use of undeclared type `PrecompileError`
[INFO] [stdout]      |
[INFO] [stdout] note: found an item that was configured out
[INFO] [stdout]     --> src/lib.rs:791:66
[INFO] [stdout]      |
[INFO] [stdout]  790 | #[cfg(feature = "bincode")]
[INFO] [stdout]      |       ------------------- the item is gated behind the `bincode` feature
[INFO] [stdout]  791 | use {rialo_s_instruction::Instruction, rialo_s_precompile_error::PrecompileError};
[INFO] [stdout]      |                                                                  ^^^^^^^^^^^^^^^
[INFO] [stdout] 
[INFO] [stdout] 
[INFO] [stdout] error[E0433]: cannot find type `PrecompileError` in this scope
[INFO] [stdout]     --> src/lib.rs:1163:17
[INFO] [stdout]      |
[INFO] [stdout] 1163 |             Err(PrecompileError::InvalidSignature)
[INFO] [stdout]      |                 ^^^^^^^^^^^^^^^ use of undeclared type `PrecompileError`
[INFO] [stdout]      |
[INFO] [stdout] note: found an item that was configured out
[INFO] [stdout]     --> src/lib.rs:791:66
[INFO] [stdout]      |
[INFO] [stdout]  790 | #[cfg(feature = "bincode")]
[INFO] [stdout]      |       ------------------- the item is gated behind the `bincode` feature
[INFO] [stdout]  791 | use {rialo_s_instruction::Instruction, rialo_s_precompile_error::PrecompileError};
[INFO] [stdout]      |                                                                  ^^^^^^^^^^^^^^^
[INFO] [stdout] 
[INFO] [stdout] 
[INFO] [stdout] error[E0433]: cannot find module or crate `rialo_s_logger` in this scope
[INFO] [stdout]     --> src/lib.rs:1169:9
[INFO] [stdout]      |
[INFO] [stdout] 1169 |         rialo_s_logger::setup();
[INFO] [stdout]      |         ^^^^^^^^^^^^^^ use of unresolved module or unlinked crate `rialo_s_logger`
[INFO] [stdout]      |
[INFO] [stdout]      = help: if you wanted to use a crate named `rialo_s_logger`, use `cargo add rialo_s_logger` to add it to your `Cargo.toml`
[INFO] [stdout] 
[INFO] [stdout] 
[INFO] [stdout] error[E0433]: cannot find module or crate `bincode` in this scope
[INFO] [stdout]     --> src/lib.rs:1175:9
[INFO] [stdout]      |
[INFO] [stdout] 1175 |         bincode::serialize_into(writer, &offsets).unwrap();
[INFO] [stdout]      |         ^^^^^^^ use of unresolved module or unlinked crate `bincode`
[INFO] [stdout]      |
[INFO] [stdout]      = help: if you wanted to use a crate named `bincode`, use `cargo add bincode` to add it to your `Cargo.toml`
[INFO] [stdout] 
[INFO] [stdout] 
[INFO] [stdout] error[E0425]: cannot find function `verify` in this scope
[INFO] [stdout]     --> src/lib.rs:1178:13
[INFO] [stdout]      |
[INFO] [stdout] 1178 |             verify(&instruction_data, &[&[0u8; 100]]),
[INFO] [stdout]      |             ^^^^^^ not found in this scope
[INFO] [stdout]      |
[INFO] [stdout] note: found an item that was configured out
[INFO] [stdout]     --> src/lib.rs:917:8
[INFO] [stdout]      |
[INFO] [stdout]  916 | #[cfg(feature = "bincode")]
[INFO] [stdout]      |       ------------------- the item is gated behind the `bincode` feature
[INFO] [stdout]  917 | pub fn verify(data: &[u8], instruction_datas: &[&[u8]]) -> Result<(), PrecompileError> {
[INFO] [stdout]      |        ^^^^^^
[INFO] [stdout] 
[INFO] [stdout] 
[INFO] [stdout] error[E0433]: cannot find type `PrecompileError` in this scope
[INFO] [stdout]     --> src/lib.rs:1179:17
[INFO] [stdout]      |
[INFO] [stdout] 1179 |             Err(PrecompileError::InvalidInstructionDataSize)
[INFO] [stdout]      |                 ^^^^^^^^^^^^^^^ use of undeclared type `PrecompileError`
[INFO] [stdout]      |
[INFO] [stdout] note: found an item that was configured out
[INFO] [stdout]     --> src/lib.rs:791:66
[INFO] [stdout]      |
[INFO] [stdout]  790 | #[cfg(feature = "bincode")]
[INFO] [stdout]      |       ------------------- the item is gated behind the `bincode` feature
[INFO] [stdout]  791 | use {rialo_s_instruction::Instruction, rialo_s_precompile_error::PrecompileError};
[INFO] [stdout]      |                                                                  ^^^^^^^^^^^^^^^
[INFO] [stdout] 
[INFO] [stdout] 
[INFO] [stdout] error[E0433]: cannot find module or crate `rialo_s_logger` in this scope
[INFO] [stdout]     --> src/lib.rs:1185:9
[INFO] [stdout]      |
[INFO] [stdout] 1185 |         rialo_s_logger::setup();
[INFO] [stdout]      |         ^^^^^^^^^^^^^^ use of unresolved module or unlinked crate `rialo_s_logger`
[INFO] [stdout]      |
[INFO] [stdout]      = help: if you wanted to use a crate named `rialo_s_logger`, use `cargo add rialo_s_logger` to add it to your `Cargo.toml`
[INFO] [stdout] 
[INFO] [stdout] 
[INFO] [stdout] error[E0433]: cannot find module or crate `bincode` in this scope
[INFO] [stdout]     --> src/lib.rs:1188:13
[INFO] [stdout]      |
[INFO] [stdout] 1188 |             bincode::serialized_size(&offsets).unwrap() as usize,
[INFO] [stdout]      |             ^^^^^^^ use of unresolved module or unlinked crate `bincode`
[INFO] [stdout]      |
[INFO] [stdout]      = help: if you wanted to use a crate named `bincode`, use `cargo add bincode` to add it to your `Cargo.toml`
[INFO] [stdout] 
[INFO] [stdout] 
[INFO] [stdout] error[E0425]: cannot find function `new_secp256k1_instruction` in this scope
[INFO] [stdout]     --> src/lib.rs:1194:36
[INFO] [stdout]      |
[INFO] [stdout] 1194 |         let mut secp_instruction = new_secp256k1_instruction(&secp_privkey, message_arr);
[INFO] [stdout]      |                                    ^^^^^^^^^^^^^^^^^^^^^^^^^ not found in this scope
[INFO] [stdout]      |
[INFO] [stdout] note: found an item that was configured out
[INFO] [stdout]     --> src/lib.rs:839:8
[INFO] [stdout]      |
[INFO] [stdout]  838 | #[cfg(feature = "bincode")]
[INFO] [stdout]      |       ------------------- the item is gated behind the `bincode` feature
[INFO] [stdout]  839 | pub fn new_secp256k1_instruction(
[INFO] [stdout]      |        ^^^^^^^^^^^^^^^^^^^^^^^^^
[INFO] [stdout] 
[INFO] [stdout] 
[INFO] [stdout] error[E0433]: cannot find module or crate `rialo_s_logger` in this scope
[INFO] [stdout]     --> src/lib.rs:1227:9
[INFO] [stdout]      |
[INFO] [stdout] 1227 |         rialo_s_logger::setup();
[INFO] [stdout]      |         ^^^^^^^^^^^^^^ use of unresolved module or unlinked crate `rialo_s_logger`
[INFO] [stdout]      |
[INFO] [stdout]      = help: if you wanted to use a crate named `rialo_s_logger`, use `cargo add rialo_s_logger` to add it to your `Cargo.toml`
[INFO] [stdout] 
[INFO] [stdout] 
[INFO] [stdout] error[E0433]: cannot find module or crate `bincode` in this scope
[INFO] [stdout]     --> src/lib.rs:1280:37
[INFO] [stdout]      |
[INFO] [stdout] 1280 |             instruction_data.extend(bincode::serialize(&offsets).unwrap());
[INFO] [stdout]      |                                     ^^^^^^^ use of unresolved module or unlinked crate `bincode`
[INFO] [stdout]      |
[INFO] [stdout]      = help: if you wanted to use a crate named `bincode`, use `cargo add bincode` to add it to your `Cargo.toml`
[INFO] [stdout] 
[INFO] [stdout] 
[INFO] [stdout] error[E0425]: cannot find function `verify` in this scope
[INFO] [stdout]     --> src/lib.rs:1286:9
[INFO] [stdout]      |
[INFO] [stdout] 1286 |         verify(&canonical, &[&canonical]).unwrap();
[INFO] [stdout]      |         ^^^^^^ not found in this scope
[INFO] [stdout]      |
[INFO] [stdout] note: found an item that was configured out
[INFO] [stdout]     --> src/lib.rs:917:8
[INFO] [stdout]      |
[INFO] [stdout]  916 | #[cfg(feature = "bincode")]
[INFO] [stdout]      |       ------------------- the item is gated behind the `bincode` feature
[INFO] [stdout]  917 | pub fn verify(data: &[u8], instruction_datas: &[&[u8]]) -> Result<(), PrecompileError> {
[INFO] [stdout]      |        ^^^^^^
[INFO] [stdout] 
[INFO] [stdout] 
[INFO] [stdout] error[E0425]: cannot find function `verify` in this scope
[INFO] [stdout]     --> src/lib.rs:1290:13
[INFO] [stdout]      |
[INFO] [stdout] 1290 |             verify(&malleable, &[&malleable]),
[INFO] [stdout]      |             ^^^^^^ not found in this scope
[INFO] [stdout]      |
[INFO] [stdout] note: found an item that was configured out
[INFO] [stdout]     --> src/lib.rs:917:8
[INFO] [stdout]      |
[INFO] [stdout]  916 | #[cfg(feature = "bincode")]
[INFO] [stdout]      |       ------------------- the item is gated behind the `bincode` feature
[INFO] [stdout]  917 | pub fn verify(data: &[u8], instruction_datas: &[&[u8]]) -> Result<(), PrecompileError> {
[INFO] [stdout]      |        ^^^^^^
[INFO] [stdout] 
[INFO] [stdout] 
[INFO] [stdout] error[E0433]: cannot find type `PrecompileError` in this scope
[INFO] [stdout]     --> src/lib.rs:1291:17
[INFO] [stdout]      |
[INFO] [stdout] 1291 |             Err(PrecompileError::InvalidSignature),
[INFO] [stdout]      |                 ^^^^^^^^^^^^^^^ use of undeclared type `PrecompileError`
[INFO] [stdout]      |
[INFO] [stdout] note: found an item that was configured out
[INFO] [stdout]     --> src/lib.rs:791:66
[INFO] [stdout]      |
[INFO] [stdout]  790 | #[cfg(feature = "bincode")]
[INFO] [stdout]      |       ------------------- the item is gated behind the `bincode` feature
[INFO] [stdout]  791 | use {rialo_s_instruction::Instruction, rialo_s_precompile_error::PrecompileError};
[INFO] [stdout]      |                                                                  ^^^^^^^^^^^^^^^
[INFO] [stdout] 
[INFO] [stdout] 
[INFO] [stdout] Some errors have detailed explanations: E0425, E0432, E0433.
[INFO] [stdout] 
[INFO] [stdout] For more information about an error, try `rustc --explain E0425`.
[INFO] [stdout] 
[INFO] [stderr] error: could not compile `rialo-s-secp256k1-program` (lib test) due to 36 previous errors
[INFO] running `Command { std: "docker" "inspect" "b462ea61e78a91822a764044a079ea8cd64abffa6258f6997d5af8e413f2edbe", kill_on_drop: false }`
[INFO] running `Command { std: "docker" "rm" "-f" "b462ea61e78a91822a764044a079ea8cd64abffa6258f6997d5af8e413f2edbe", kill_on_drop: false }`
[INFO] [stdout] b462ea61e78a91822a764044a079ea8cd64abffa6258f6997d5af8e413f2edbe
