[INFO] fetching crate rialo-s-blake3-hasher 0.21.0-alpha.0...
[INFO] testing rialo-s-blake3-hasher-0.21.0-alpha.0 against 1.100.0-beta.1+cargoflags=--release for beta-release-1.100-2
[INFO] extracting crate rialo-s-blake3-hasher 0.21.0-alpha.0 into /workspace/builds/worker-2-tc2/source
[INFO] started tweaking crates.io crate rialo-s-blake3-hasher 0.21.0-alpha.0
[INFO] finished tweaking crates.io crate rialo-s-blake3-hasher 0.21.0-alpha.0
[INFO] tweaked toml for crates.io crate rialo-s-blake3-hasher 0.21.0-alpha.0 written to /workspace/builds/worker-2-tc2/source/Cargo.toml
[INFO] validating manifest of crates.io crate rialo-s-blake3-hasher 0.21.0-alpha.0 on toolchain 1.100.0-beta.1
[INFO] running `Command { std: CARGO_HOME="/workspace/cargo-home" RUSTUP_HOME="/workspace/rustup-home" "/workspace/cargo-home/bin/cargo" "+1.100.0-beta.1" "metadata" "--manifest-path" "Cargo.toml" "--no-deps", kill_on_drop: false }`
[INFO] crate crates.io crate rialo-s-blake3-hasher 0.21.0-alpha.0 already has a lockfile, it will not be regenerated
[INFO] running `Command { std: CARGO_HOME="/workspace/cargo-home" RUSTUP_HOME="/workspace/rustup-home" "/workspace/cargo-home/bin/cargo" "+1.100.0-beta.1" "fetch" "--manifest-path" "Cargo.toml", kill_on_drop: false }`
[INFO] [stderr] warning: `package.homepage` is redundant with `package.repository`
[INFO] [stderr]   --> Cargo.toml:94:12
[INFO] [stderr]    |
[INFO] [stderr] 94 | homepage = "https://github.com/SubzeroLabs/rialo"
[INFO] [stderr]    |            ^^^^^^^^^^^^^^^^^^^^^^^^^^^^^^^^^^^^^^
[INFO] [stderr] ...
[INFO] [stderr] 99 | repository = "https://github.com/SubzeroLabs/rialo"
[INFO] [stderr]    |              --------------------------------------
[INFO] [stderr]    |
[INFO] [stderr]    = note: `cargo::redundant_homepage` is set to `warn` by default
[INFO] [stderr] help: consider removing `package.homepage`
[INFO] [stderr] warning: `rialo-s-blake3-hasher` (manifest) generated 1 warning
[INFO] running `Command { std: "docker" "create" "-v" "/var/lib/crater-agent-workspace/builds/worker-2-tc2/source:/opt/rustwide/workdir:ro,Z" "-v" "/var/lib/crater-agent-workspace/builds/worker-2-tc2/target:/opt/rustwide/target:rw,Z" "-v" "/var/lib/crater-agent-workspace/cargo-home:/opt/rustwide/cargo-home:ro,Z" "-v" "/var/lib/crater-agent-workspace/rustup-home:/opt/rustwide/rustup-home:ro,Z" "-m" "1610612736" "--network" "none" "ghcr.io/rust-lang/crates-build-env/linux@sha256:77db811e55d90add9212f6832c23229e3de5f1c1f9905e8cb07319ea15df73ac" "sleep" "infinity", kill_on_drop: false }`
[INFO] [stdout] 157020bf82be2e84a957be10f0ab3e741127e4aa8e8005e3cef4df0b4675bcae
[INFO] running `Command { std: "docker" "start" "157020bf82be2e84a957be10f0ab3e741127e4aa8e8005e3cef4df0b4675bcae", kill_on_drop: false }`
[INFO] running `Command { std: "docker" "inspect" "157020bf82be2e84a957be10f0ab3e741127e4aa8e8005e3cef4df0b4675bcae", kill_on_drop: false }`
[INFO] running `Command { std: "docker" "exec" "-e" "SOURCE_DIR=/opt/rustwide/workdir" "-e" "CARGO_HOME=/opt/rustwide/cargo-home" "-e" "RUSTUP_HOME=/opt/rustwide/rustup-home" "-e" "CARGO_TARGET_DIR=/opt/rustwide/target" "-w" "/opt/rustwide/workdir" "--user" "0:0" "157020bf82be2e84a957be10f0ab3e741127e4aa8e8005e3cef4df0b4675bcae" "/opt/rustwide/cargo-home/bin/cargo" "+1.100.0-beta.1" "metadata" "--no-deps" "--format-version=1", kill_on_drop: false }`
[INFO] running `Command { std: "docker" "inspect" "157020bf82be2e84a957be10f0ab3e741127e4aa8e8005e3cef4df0b4675bcae", kill_on_drop: false }`
[INFO] running `Command { std: "docker" "exec" "-e" "SOURCE_DIR=/opt/rustwide/workdir" "-e" "CARGO_HOME=/opt/rustwide/cargo-home" "-e" "RUSTUP_HOME=/opt/rustwide/rustup-home" "-e" "CARGO_TARGET_DIR=/opt/rustwide/target" "-e" "CARGO_INCREMENTAL=0" "-e" "RUST_BACKTRACE=full" "-e" "RUSTFLAGS=--cap-lints=warn" "-e" "RUSTDOCFLAGS=--cap-lints=warn" "-w" "/opt/rustwide/workdir" "--user" "0:0" "157020bf82be2e84a957be10f0ab3e741127e4aa8e8005e3cef4df0b4675bcae" "/opt/rustwide/cargo-home/bin/cargo" "+1.100.0-beta.1" "build" "--frozen" "--message-format=json" "--release", kill_on_drop: false }`
[INFO] [stderr] warning: `package.homepage` is redundant with `package.repository`
[INFO] [stderr]   --> Cargo.toml:94:12
[INFO] [stderr]    |
[INFO] [stderr] 94 | homepage = "https://github.com/SubzeroLabs/rialo"
[INFO] [stderr]    |            ^^^^^^^^^^^^^^^^^^^^^^^^^^^^^^^^^^^^^^
[INFO] [stderr] ...
[INFO] [stderr] 99 | repository = "https://github.com/SubzeroLabs/rialo"
[INFO] [stderr]    |              --------------------------------------
[INFO] [stderr]    |
[INFO] [stderr]    = note: `cargo::redundant_homepage` is set to `warn` by default
[INFO] [stderr] help: consider removing `package.homepage`
[INFO] [stderr] warning: `rialo-s-blake3-hasher` (manifest) generated 1 warning
[INFO] [stderr]    Compiling quote v1.0.44
[INFO] [stderr]    Compiling serde_core v1.0.228
[INFO] [stderr]    Compiling serde v1.0.228
[INFO] [stderr]    Compiling rialo-atomic-u64 v0.21.0-alpha.0
[INFO] [stderr]    Compiling rialo-sanitize v0.21.0-alpha.0
[INFO] [stderr]    Compiling bs58 v0.5.1
[INFO] [stderr]    Compiling proc-macro2 v1.0.106
[INFO] [stderr]    Compiling blake3 v1.8.3
[INFO] [stderr]    Compiling rialo-hash v0.21.0-alpha.0
[INFO] [stderr]    Compiling syn v2.0.114
[INFO] [stderr]    Compiling serde_derive v1.0.228
[INFO] [stderr]    Compiling rialo-s-blake3-hasher v0.21.0-alpha.0 (/opt/rustwide/workdir)
[INFO] [stderr]     Finished `release` profile [optimized] target(s) in 6.15s
[INFO] running `Command { std: "docker" "inspect" "157020bf82be2e84a957be10f0ab3e741127e4aa8e8005e3cef4df0b4675bcae", kill_on_drop: false }`
[INFO] running `Command { std: "docker" "exec" "-e" "SOURCE_DIR=/opt/rustwide/workdir" "-e" "CARGO_HOME=/opt/rustwide/cargo-home" "-e" "RUSTUP_HOME=/opt/rustwide/rustup-home" "-e" "CARGO_TARGET_DIR=/opt/rustwide/target" "-e" "CARGO_INCREMENTAL=0" "-e" "RUST_BACKTRACE=full" "-e" "RUSTFLAGS=--cap-lints=warn" "-e" "RUSTDOCFLAGS=--cap-lints=warn" "-w" "/opt/rustwide/workdir" "--user" "0:0" "157020bf82be2e84a957be10f0ab3e741127e4aa8e8005e3cef4df0b4675bcae" "/opt/rustwide/cargo-home/bin/cargo" "+1.100.0-beta.1" "test" "--frozen" "--no-run" "--message-format=json" "--release", kill_on_drop: false }`
[INFO] [stderr] warning: `package.homepage` is redundant with `package.repository`
[INFO] [stderr]   --> Cargo.toml:94:12
[INFO] [stderr]    |
[INFO] [stderr] 94 | homepage = "https://github.com/SubzeroLabs/rialo"
[INFO] [stderr]    |            ^^^^^^^^^^^^^^^^^^^^^^^^^^^^^^^^^^^^^^
[INFO] [stderr] ...
[INFO] [stderr] 99 | repository = "https://github.com/SubzeroLabs/rialo"
[INFO] [stderr]    |              --------------------------------------
[INFO] [stderr]    |
[INFO] [stderr]    = note: `cargo::redundant_homepage` is set to `warn` by default
[INFO] [stderr] help: consider removing `package.homepage`
[INFO] [stderr] warning: `rialo-s-blake3-hasher` (manifest) generated 1 warning
[INFO] [stderr]    Compiling rialo-s-blake3-hasher v0.21.0-alpha.0 (/opt/rustwide/workdir)
[INFO] [stdout] error[E0433]: cannot find module or crate `bs58` in this scope
[INFO] [stdout]    --> src/lib.rs:170:35
[INFO] [stdout]     |
[INFO] [stdout] 170 |         let mut hash_base58_str = bs58::encode(hash).into_string();
[INFO] [stdout]     |                                   ^^^^ use of unresolved module or unlinked crate `bs58`
[INFO] [stdout]     |
[INFO] [stdout]     = help: if you wanted to use a crate named `bs58`, use `cargo add bs58` to add it to your `Cargo.toml`
[INFO] [stdout] 
[INFO] [stdout] 
[INFO] [stdout] error[E0433]: cannot find module or crate `bs58` in this scope
[INFO] [stdout]    --> src/lib.rs:174:35
[INFO] [stdout]     |
[INFO] [stdout] 174 |         hash_base58_str.push_str(&bs58::encode(hash.0).into_string());
[INFO] [stdout]     |                                   ^^^^ use of unresolved module or unlinked crate `bs58`
[INFO] [stdout]     |
[INFO] [stdout]     = help: if you wanted to use a crate named `bs58`, use `cargo add bs58` to add it to your `Cargo.toml`
[INFO] [stdout] 
[INFO] [stdout] 
[INFO] [stdout] error[E0433]: cannot find module or crate `bs58` in this scope
[INFO] [stdout]    --> src/lib.rs:189:29
[INFO] [stdout]     |
[INFO] [stdout] 189 |         let input_too_big = bs58::encode(&[0xffu8; HASH_BYTES + 1]).into_string();
[INFO] [stdout]     |                             ^^^^ use of unresolved module or unlinked crate `bs58`
[INFO] [stdout]     |
[INFO] [stdout]     = help: if you wanted to use a crate named `bs58`, use `cargo add bs58` to add it to your `Cargo.toml`
[INFO] [stdout] 
[INFO] [stdout] 
[INFO] [stdout] error[E0433]: cannot find module or crate `bs58` in this scope
[INFO] [stdout]    --> src/lib.rs:196:35
[INFO] [stdout]     |
[INFO] [stdout] 196 |         let mut hash_base58_str = bs58::encode(hash.0).into_string();
[INFO] [stdout]     |                                   ^^^^ use of unresolved module or unlinked crate `bs58`
[INFO] [stdout]     |
[INFO] [stdout]     = help: if you wanted to use a crate named `bs58`, use `cargo add bs58` to add it to your `Cargo.toml`
[INFO] [stdout] 
[INFO] [stdout] 
[INFO] [stdout] error[E0425]: cannot find function `extend_and_hash` in this scope
[INFO] [stdout]    --> src/lib.rs:213:24
[INFO] [stdout]     |
[INFO] [stdout] 213 |         let ext_hash = extend_and_hash(&val_hash, ext.as_bytes());
[INFO] [stdout]     |                        ^^^^^^^^^^^^^^^ not found in this scope
[INFO] [stdout]     |
[INFO] [stdout] note: found an item that was configured out
[INFO] [stdout]    --> src/lib.rs:151:8
[INFO] [stdout]     |
[INFO] [stdout] 149 | #[cfg(feature = "std")]
[INFO] [stdout]     |       --------------- the item is gated behind the `std` feature
[INFO] [stdout] 150 | /// Return the hash of the given hash extended with the given value.
[INFO] [stdout] 151 | pub fn extend_and_hash(id: &Hash, val: &[u8]) -> Hash {
[INFO] [stdout]     |        ^^^^^^^^^^^^^^^
[INFO] [stdout] 
[INFO] [stdout] 
[INFO] [stdout] Some errors have detailed explanations: E0425, E0433.
[INFO] [stdout] 
[INFO] [stdout] For more information about an error, try `rustc --explain E0425`.
[INFO] [stdout] 
[INFO] [stderr] error: could not compile `rialo-s-blake3-hasher` (lib test) due to 5 previous errors
[INFO] running `Command { std: "docker" "inspect" "157020bf82be2e84a957be10f0ab3e741127e4aa8e8005e3cef4df0b4675bcae", kill_on_drop: false }`
[INFO] running `Command { std: "docker" "rm" "-f" "157020bf82be2e84a957be10f0ab3e741127e4aa8e8005e3cef4df0b4675bcae", kill_on_drop: false }`
[INFO] [stdout] 157020bf82be2e84a957be10f0ab3e741127e4aa8e8005e3cef4df0b4675bcae
