[INFO] fetching crate rialo-cdk 0.21.0-alpha.0...
[INFO] testing rialo-cdk-0.21.0-alpha.0 against 1.100.0-beta.1+cargoflags=--release for beta-release-1.100-2
[INFO] extracting crate rialo-cdk 0.21.0-alpha.0 into /workspace/builds/worker-4-tc2/source
[INFO] started tweaking crates.io crate rialo-cdk 0.21.0-alpha.0
[INFO] removed 0 missing tests
[INFO] finished tweaking crates.io crate rialo-cdk 0.21.0-alpha.0
[INFO] tweaked toml for crates.io crate rialo-cdk 0.21.0-alpha.0 written to /workspace/builds/worker-4-tc2/source/Cargo.toml
[INFO] validating manifest of crates.io crate rialo-cdk 0.21.0-alpha.0 on toolchain 1.100.0-beta.1
[INFO] running `Command { std: CARGO_HOME="/workspace/cargo-home" RUSTUP_HOME="/workspace/rustup-home" "/workspace/cargo-home/bin/cargo" "+1.100.0-beta.1" "metadata" "--manifest-path" "Cargo.toml" "--no-deps", kill_on_drop: false }`
[INFO] crate crates.io crate rialo-cdk 0.21.0-alpha.0 already has a lockfile, it will not be regenerated
[INFO] running `Command { std: CARGO_HOME="/workspace/cargo-home" RUSTUP_HOME="/workspace/rustup-home" "/workspace/cargo-home/bin/cargo" "+1.100.0-beta.1" "fetch" "--manifest-path" "Cargo.toml", kill_on_drop: false }`
[INFO] running `Command { std: "docker" "create" "-v" "/var/lib/crater-agent-workspace/builds/worker-4-tc2/source:/opt/rustwide/workdir:ro,Z" "-v" "/var/lib/crater-agent-workspace/builds/worker-4-tc2/target:/opt/rustwide/target:rw,Z" "-v" "/var/lib/crater-agent-workspace/cargo-home:/opt/rustwide/cargo-home:ro,Z" "-v" "/var/lib/crater-agent-workspace/rustup-home:/opt/rustwide/rustup-home:ro,Z" "-m" "1610612736" "--network" "none" "ghcr.io/rust-lang/crates-build-env/linux@sha256:77db811e55d90add9212f6832c23229e3de5f1c1f9905e8cb07319ea15df73ac" "sleep" "infinity", kill_on_drop: false }`
[INFO] [stdout] 4de9661fbcc62f6aafdff5ca0e3cf95a457081bd0f68c38091f9c75fe6443069
[INFO] running `Command { std: "docker" "start" "4de9661fbcc62f6aafdff5ca0e3cf95a457081bd0f68c38091f9c75fe6443069", kill_on_drop: false }`
[INFO] running `Command { std: "docker" "inspect" "4de9661fbcc62f6aafdff5ca0e3cf95a457081bd0f68c38091f9c75fe6443069", kill_on_drop: false }`
[INFO] running `Command { std: "docker" "exec" "-e" "SOURCE_DIR=/opt/rustwide/workdir" "-e" "CARGO_HOME=/opt/rustwide/cargo-home" "-e" "RUSTUP_HOME=/opt/rustwide/rustup-home" "-e" "CARGO_TARGET_DIR=/opt/rustwide/target" "-w" "/opt/rustwide/workdir" "--user" "0:0" "4de9661fbcc62f6aafdff5ca0e3cf95a457081bd0f68c38091f9c75fe6443069" "/opt/rustwide/cargo-home/bin/cargo" "+1.100.0-beta.1" "metadata" "--no-deps" "--format-version=1", kill_on_drop: false }`
[INFO] running `Command { std: "docker" "inspect" "4de9661fbcc62f6aafdff5ca0e3cf95a457081bd0f68c38091f9c75fe6443069", kill_on_drop: false }`
[INFO] running `Command { std: "docker" "exec" "-e" "SOURCE_DIR=/opt/rustwide/workdir" "-e" "CARGO_HOME=/opt/rustwide/cargo-home" "-e" "RUSTUP_HOME=/opt/rustwide/rustup-home" "-e" "CARGO_TARGET_DIR=/opt/rustwide/target" "-e" "CARGO_INCREMENTAL=0" "-e" "RUST_BACKTRACE=full" "-e" "RUSTFLAGS=--cap-lints=warn" "-e" "RUSTDOCFLAGS=--cap-lints=warn" "-w" "/opt/rustwide/workdir" "--user" "0:0" "4de9661fbcc62f6aafdff5ca0e3cf95a457081bd0f68c38091f9c75fe6443069" "/opt/rustwide/cargo-home/bin/cargo" "+1.100.0-beta.1" "build" "--frozen" "--message-format=json" "--release", kill_on_drop: false }`
[INFO] [stderr]    Compiling quote v1.0.44
[INFO] [stderr]    Compiling proc-macro2 v1.0.106
[INFO] [stderr]    Compiling unicode-ident v1.0.23
[INFO] [stderr]    Compiling serde_core v1.0.228
[INFO] [stderr]    Compiling libc v0.2.180
[INFO] [stderr]    Compiling serde v1.0.228
[INFO] [stderr]    Compiling cfg-if v1.0.4
[INFO] [stderr]    Compiling version_check v0.9.5
[INFO] [stderr]    Compiling typenum v1.19.0
[INFO] [stderr]    Compiling subtle v2.6.1
[INFO] [stderr]    Compiling const-oid v0.9.6
[INFO] [stderr]    Compiling autocfg v1.5.0
[INFO] [stderr]    Compiling cpufeatures v0.2.17
[INFO] [stderr]    Compiling generic-array v0.14.7
[INFO] [stderr]    Compiling libm v0.2.16
[INFO] [stderr]    Compiling zerocopy v0.8.39
[INFO] [stderr]    Compiling num-traits v0.2.19
[INFO] [stderr]    Compiling allocator-api2 v0.2.21
[INFO] [stderr]    Compiling equivalent v1.0.2
[INFO] [stderr]    Compiling foldhash v0.2.0
[INFO] [stderr]    Compiling syn v2.0.114
[INFO] [stderr]    Compiling hashbrown v0.16.1
[INFO] [stderr]    Compiling winnow v0.7.14
[INFO] [stderr]    Compiling getrandom v0.2.17
[INFO] [stderr]    Compiling rand_core v0.6.4
[INFO] [stderr]    Compiling indexmap v2.13.0
[INFO] [stderr]    Compiling toml_datetime v0.7.5+spec-1.1.0
[INFO] [stderr]    Compiling once_cell v1.21.3
[INFO] [stderr]    Compiling cfg_aliases v0.2.1
[INFO] [stderr]    Compiling borsh v1.6.0
[INFO] [stderr]    Compiling rialo-sanitize v0.21.0-alpha.0
[INFO] [stderr]    Compiling rialo-atomic-u64 v0.21.0-alpha.0
[INFO] [stderr]    Compiling rialo-s-decode-error v0.21.0-alpha.0
[INFO] [stderr]    Compiling five8_core v0.1.2
[INFO] [stderr]    Compiling shlex v1.3.0
[INFO] [stderr]    Compiling find-msvc-tools v0.1.9
[INFO] [stderr]    Compiling five8_const v0.1.4
[INFO] [stderr]    Compiling toml_parser v1.0.6+spec-1.1.0
[INFO] [stderr]    Compiling cc v1.2.55
[INFO] [stderr]    Compiling memchr v2.8.0
[INFO] [stderr]    Compiling base64ct v1.8.3
[INFO] [stderr]    Compiling zmij v1.0.20
[INFO] [stderr]    Compiling thiserror v1.0.69
[INFO] [stderr]    Compiling semver v1.0.27
[INFO] [stderr]    Compiling pin-project-lite v0.2.16
[INFO] [stderr]    Compiling serde_json v1.0.149
[INFO] [stderr]    Compiling toml_edit v0.23.10+spec-1.0.0
[INFO] [stderr]    Compiling itoa v1.0.17
[INFO] [stderr]    Compiling pem-rfc7468 v0.7.0
[INFO] [stderr]    Compiling rustc_version v0.4.1
[INFO] [stderr]    Compiling curve25519-dalek v4.1.3
[INFO] [stderr]    Compiling smallvec v1.15.1
[INFO] [stderr]    Compiling proc-macro-crate v3.4.0
[INFO] [stderr]    Compiling stable_deref_trait v1.2.1
[INFO] [stderr]    Compiling percent-encoding v2.3.2
[INFO] [stderr]    Compiling ff v0.13.1
[INFO] [stderr]    Compiling base16ct v0.2.0
[INFO] [stderr]    Compiling bytes v1.11.1
[INFO] [stderr]    Compiling group v0.13.0
[INFO] [stderr]    Compiling num-integer v0.1.46
[INFO] [stderr]    Compiling syn v1.0.109
[INFO] [stderr]    Compiling base64 v0.22.1
[INFO] [stderr]    Compiling blake3 v1.8.3
[INFO] [stderr]    Compiling tracing-core v0.1.36
[INFO] [stderr]    Compiling mio v1.1.1
[INFO] [stderr]    Compiling socket2 v0.6.2
[INFO] [stderr]    Compiling futures-core v0.3.31
[INFO] [stderr]    Compiling arrayref v0.3.9
[INFO] [stderr]    Compiling spin v0.9.9
[INFO] [stderr]    Compiling synstructure v0.13.2
[INFO] [stderr]    Compiling serde_derive_internals v0.29.1
[INFO] [stderr]    Compiling ident_case v1.0.1
[INFO] [stderr]    Compiling ppv-lite86 v0.2.21
[INFO] [stderr]    Compiling fnv v1.0.7
[INFO] [stderr]    Compiling strsim v0.11.1
[INFO] [stderr]    Compiling polkavm-common v0.26.0
[INFO] [stderr]    Compiling lazy_static v1.5.0
[INFO] [stderr]    Compiling rand_chacha v0.3.1
[INFO] [stderr]    Compiling bitflags v2.10.0
[INFO] [stderr]    Compiling rand v0.8.6
[INFO] [stderr]    Compiling litemap v0.8.1
[INFO] [stderr]    Compiling constant_time_eq v0.4.2
[INFO] [stderr]    Compiling log v0.4.29
[INFO] [stderr]    Compiling arrayvec v0.7.6
[INFO] [stderr]    Compiling schemars v0.8.22
[INFO] [stderr]    Compiling writeable v0.6.2
[INFO] [stderr]    Compiling rialo-s-msg v0.21.0-alpha.0
[INFO] [stderr]    Compiling num-bigint v0.4.6
[INFO] [stderr]    Compiling ring v0.17.14
[INFO] [stderr]    Compiling getrandom v0.3.4
[INFO] [stderr]    Compiling icu_normalizer_data v2.1.1
[INFO] [stderr]    Compiling icu_properties_data v2.1.2
[INFO] [stderr]    Compiling serde_derive v1.0.228
[INFO] [stderr]    Compiling zeroize_derive v1.4.3
[INFO] [stderr]    Compiling curve25519-dalek-derive v0.1.1
[INFO] [stderr]    Compiling borsh-derive v1.6.0
[INFO] [stderr]    Compiling zeroize v1.8.2
[INFO] [stderr]    Compiling bytemuck_derive v1.10.2
[INFO] [stderr]    Compiling thiserror-impl v1.0.69
[INFO] [stderr]    Compiling zerofrom-derive v0.1.6
[INFO] [stderr]    Compiling bytemuck v1.25.0
[INFO] [stderr]    Compiling der v0.7.10
[INFO] [stderr]    Compiling yoke-derive v0.8.1
[INFO] [stderr]    Compiling zerofrom v0.1.6
[INFO] [stderr]    Compiling zerovec-derive v0.11.2
[INFO] [stderr]    Compiling yoke v0.8.1
[INFO] [stderr]    Compiling displaydoc v0.2.5
[INFO] [stderr]    Compiling spki v0.7.3
[INFO] [stderr]    Compiling zerovec v0.11.5
[INFO] [stderr]    Compiling pkcs8 v0.10.2
[INFO] [stderr]    Compiling tracing-attributes v0.1.31
[INFO] [stderr]    Compiling tokio-macros v2.6.0
[INFO] [stderr]    Compiling polkavm-derive-impl v0.26.0
[INFO] [stderr]    Compiling tinystr v0.8.2
[INFO] [stderr]    Compiling icu_locale_core v2.1.1
[INFO] [stderr]    Compiling tokio v1.49.0
[INFO] [stderr]    Compiling polkavm-derive-impl-macro v0.26.0
[INFO] [stderr]    Compiling bincode v1.3.3
[INFO] [stderr]    Compiling tracing v0.1.44
[INFO] [stderr]    Compiling potential_utf v0.1.4
[INFO] [stderr]    Compiling zerotrie v0.2.3
[INFO] [stderr]    Compiling futures-sink v0.3.31
[INFO] [stderr]    Compiling icu_collections v2.1.1
[INFO] [stderr]    Compiling polkavm-derive v0.26.0
[INFO] [stderr]    Compiling schemars_derive v0.8.22
[INFO] [stderr]    Compiling icu_provider v2.1.1
[INFO] [stderr]    Compiling crypto-common v0.1.7
[INFO] [stderr]    Compiling block-buffer v0.10.4
[INFO] [stderr]    Compiling sec1 v0.7.3
[INFO] [stderr]    Compiling digest v0.10.7
[INFO] [stderr]    Compiling crypto-bigint v0.5.5
[INFO] [stderr]    Compiling ahash v0.8.12
[INFO] [stderr]    Compiling sha2 v0.10.9
[INFO] [stderr]    Compiling bs58 v0.5.1
[INFO] [stderr]    Compiling hmac v0.12.1
[INFO] [stderr]    Compiling rialo-hash v0.21.0-alpha.0
[INFO] [stderr]    Compiling rialo-s-sha256-hasher v0.21.0-alpha.0
[INFO] [stderr]    Compiling signature v2.2.0
[INFO] [stderr]    Compiling hkdf v0.12.4
[INFO] [stderr]    Compiling rfc6979 v0.4.0
[INFO] [stderr]    Compiling rialo-s-pubkey v0.21.0-alpha.0
[INFO] [stderr]    Compiling elliptic-curve v0.13.8
[INFO] [stderr]    Compiling rialo-s-instruction v0.21.0-alpha.0
[INFO] [stderr]    Compiling rialo-s-sdk-ids v0.21.0-alpha.0
[INFO] [stderr]    Compiling rialo-s-system-interface v0.21.0-alpha.0
[INFO] [stderr]    Compiling ecdsa v0.16.9
[INFO] [stderr]    Compiling rialo-s-program-error v0.21.0-alpha.0
[INFO] [stderr]    Compiling rialo-s-transaction-error v0.21.0-alpha.0
[INFO] [stderr]    Compiling rialo-s-sysvar-id v0.21.0-alpha.0
[INFO] [stderr]    Compiling rialo-s-sdk-macro v0.21.0-alpha.0
[INFO] [stderr]    Compiling ed25519 v2.2.3
[INFO] [stderr]    Compiling rialo-s-define-syscall v0.21.0-alpha.0
[INFO] [stderr]    Compiling rialo-s-program-memory v0.21.0-alpha.0
[INFO] [stderr]    Compiling opaque-debug v0.3.1
[INFO] [stderr]    Compiling keccak v0.1.6
[INFO] [stderr]    Compiling ref-cast v1.0.25
[INFO] [stderr]    Compiling slab v0.4.12
[INFO] [stderr]    Compiling rialo-s-account-info v0.21.0-alpha.0
[INFO] [stderr]    Compiling sha3 v0.10.8
[INFO] [stderr]    Compiling icu_properties v2.1.2
[INFO] [stderr]    Compiling icu_normalizer v2.1.1
[INFO] [stderr]    Compiling ed25519-dalek v2.2.0
[INFO] [stderr]    Compiling futures-channel v0.3.31
[INFO] [stderr]    Compiling untrusted v0.9.0
[INFO] [stderr]    Compiling pin-utils v0.1.0
[INFO] [stderr]    Compiling heck v0.5.0
[INFO] [stderr]    Compiling primeorder v0.13.6
[INFO] [stderr]    Compiling rialo-s-bincode v0.21.0-alpha.0
[INFO] [stderr]    Compiling rialo-s-short-vec v0.21.0-alpha.0
[INFO] [stderr]    Compiling idna_adapter v1.2.1
[INFO] [stderr]    Compiling serde-big-array v0.5.1
[INFO] [stderr]    Compiling futures-macro v0.3.31
[INFO] [stderr]    Compiling ref-cast-impl v1.0.25
[INFO] [stderr]    Compiling darling_core v0.21.3
[INFO] [stderr]    Compiling http v1.4.0
[INFO] [stderr]    Compiling num-iter v0.1.45
[INFO] [stderr]    Compiling form_urlencoded v1.2.2
[INFO] [stderr]    Compiling paste v1.0.15
[INFO] [stderr]    Compiling futures-task v0.3.31
[INFO] [stderr]    Compiling futures-io v0.3.31
[INFO] [stderr]    Compiling utf8_iter v1.0.4
[INFO] [stderr]    Compiling futures-util v0.3.31
[INFO] [stderr]    Compiling idna v1.1.0
[INFO] [stderr]    Compiling p256 v0.13.2
[INFO] [stderr]    Compiling rialo-s-message v0.21.0-alpha.0
[INFO] [stderr]    Compiling rialo-s-clock v0.21.0-alpha.0
[INFO] [stderr]    Compiling ark-serialize-derive v0.4.2
[INFO] [stderr]    Compiling rialo-s-fee-calculator v0.21.0-alpha.0
[INFO] [stderr]    Compiling darling_macro v0.21.3
[INFO] [stderr]    Compiling ark-std v0.4.0
[INFO] [stderr]    Compiling pem-rfc7468 v0.6.0
[INFO] [stderr]    Compiling either v1.15.0
[INFO] [stderr]    Compiling itertools v0.10.5
[INFO] [stderr]    Compiling der v0.6.1
[INFO] [stderr]    Compiling darling v0.21.3
[INFO] [stderr]    Compiling ark-serialize v0.4.2
[INFO] [stderr]    Compiling ark-ff-macros v0.4.2
[INFO] [stderr]    Compiling url v2.5.8
[INFO] [stderr]    Compiling http-body v1.0.1
[INFO] [stderr]    Compiling k256 v0.13.4
[INFO] [stderr]    Compiling inout v0.1.4
[INFO] [stderr]    Compiling ark-ff-asm v0.4.2
[INFO] [stderr]    Compiling derivative v2.2.0
[INFO] [stderr]    Compiling rustls-pki-types v1.14.0
[INFO] [stderr]    Compiling byteorder v1.5.0
[INFO] [stderr]    Compiling bitcoin-private v0.1.0
[INFO] [stderr]    Compiling dyn-clone v1.0.20
[INFO] [stderr]    Compiling rustix v1.1.3
[INFO] [stderr]    Compiling httparse v1.10.1
[INFO] [stderr]    Compiling cipher v0.4.4
[INFO] [stderr]    Compiling spki v0.6.0
[INFO] [stderr]    Compiling serde_with_macros v3.16.1
[INFO] [stderr]    Compiling rialo-s-signature v0.21.0-alpha.0
[INFO] [stderr]    Compiling tokio-util v0.7.18
[INFO] [stderr]    Compiling hashbrown v0.13.2
[INFO] [stderr]    Compiling ark-ff v0.4.2
[INFO] [stderr]    Compiling rialo-s-program-entrypoint v0.21.0-alpha.0
[INFO] [stderr]    Compiling rialo-s-rent v0.21.0-alpha.0
[INFO] [stderr]    Compiling rialo-s-epoch-schedule v0.21.0-alpha.0
[INFO] [stderr]    Compiling universal-hash v0.5.1
[INFO] [stderr]    Compiling digest v0.9.0
[INFO] [stderr]    Compiling secp256k1-sys v0.8.2
[INFO] [stderr]    Compiling aho-corasick v1.1.4
[INFO] [stderr]    Compiling serde_bytes v0.11.19
[INFO] [stderr]    Compiling rialo-s-precompile-error v0.21.0-alpha.0
[INFO] [stderr]    Compiling try-lock v0.2.5
[INFO] [stderr]    Compiling linux-raw-sys v0.11.0
[INFO] [stderr]    Compiling regex-syntax v0.8.9
[INFO] [stderr]    Compiling data-encoding v2.10.0
[INFO] [stderr]    Compiling tower-service v0.3.3
[INFO] [stderr]    Compiling derivation-path v0.2.0
[INFO] [stderr]    Compiling utf8parse v0.2.2
[INFO] [stderr]    Compiling thiserror v2.0.18
[INFO] [stderr]    Compiling atomic-waker v1.1.2
[INFO] [stderr]    Compiling num-bigint-dig v0.8.6
[INFO] [stderr]    Compiling rustls v0.23.36
[INFO] [stderr]    Compiling data-encoding-macro-internal v0.1.17
[INFO] [stderr]    Compiling h2 v0.4.16
[INFO] [stderr]    Compiling anstyle-parse v0.2.7
[INFO] [stderr]    Compiling want v0.3.1
[INFO] [stderr]    Compiling rustls-webpki v0.103.13
[INFO] [stderr]    Compiling rialo-s-sysvar v0.21.0-alpha.0
[INFO] [stderr]    Compiling regex-automata v0.4.14
[INFO] [stderr]    Compiling serde_with v3.16.1
[INFO] [stderr]    Compiling ark-poly v0.4.2
[INFO] [stderr]    Compiling rialo-s-signer v0.21.0-alpha.0
[INFO] [stderr]    Compiling pkcs8 v0.9.0
[INFO] [stderr]    Compiling regress v0.10.5
[INFO] [stderr]    Compiling block-buffer v0.9.0
[INFO] [stderr]    Compiling match-lookup v0.1.2
[INFO] [stderr]    Compiling thiserror-impl v2.0.18
[INFO] [stderr]    Compiling uriparse v0.6.4
[INFO] [stderr]    Compiling qstring v0.7.2
[INFO] [stderr]    Compiling blst v0.3.16
[INFO] [stderr]    Compiling no_std_io2 v0.8.1
[INFO] [stderr]    Compiling num_cpus v1.17.0
[INFO] [stderr]    Compiling unsigned-varint v0.8.0
[INFO] [stderr]    Compiling is_terminal_polyfill v1.70.2
[INFO] [stderr]    Compiling subtle-ng v2.5.0
[INFO] [stderr]    Compiling anstyle v1.0.13
[INFO] [stderr]    Compiling rustversion v1.0.22
[INFO] [stderr]    Compiling anstyle-query v1.1.5
[INFO] [stderr]    Compiling colorchoice v1.0.4
[INFO] [stderr]    Compiling unicode-segmentation v1.12.0
[INFO] [stderr]    Compiling anyhow v1.0.101
[INFO] [stderr]    Compiling iana-time-zone v0.1.65
[INFO] [stderr]    Compiling hex v0.4.3
[INFO] [stderr]    Compiling parking_lot_core v0.9.12
[INFO] [stderr]    Compiling const-str v0.4.3
[INFO] [stderr]    Compiling convert_case v0.6.0
[INFO] [stderr]    Compiling typify-impl v0.2.0
[INFO] [stderr]    Compiling data-encoding-macro v0.1.19
[INFO] [stderr]    Compiling chrono v0.4.43
[INFO] [stderr]    Compiling base256emoji v1.0.2
[INFO] [stderr]    Compiling rialo-s-derivation-path v0.21.0-alpha.0
[INFO] [stderr]    Compiling anstream v0.6.21
[INFO] [stderr]    Compiling curve25519-dalek-ng v4.1.1
[INFO] [stderr]    Compiling threadpool v1.8.1
[INFO] [stderr]    Compiling multihash v0.19.4
[INFO] [stderr]    Compiling sha2 v0.9.9
[INFO] [stderr]    Compiling hyper v1.8.1
[INFO] [stderr]    Compiling bitcoin_hashes v0.12.0
[INFO] [stderr]    Compiling ark-ec v0.4.2
[INFO] [stderr]    Compiling pkcs1 v0.4.1
[INFO] [stderr]    Compiling terminal_size v0.4.3
[INFO] [stderr]    Compiling rialo-rex-wasm-v1-loader-interface v0.21.0-alpha.0
[INFO] [stderr]    Compiling serde_tokenstream v0.2.2
[INFO] [stderr]    Compiling rialo-limits v0.21.0-alpha.0
[INFO] [stderr]    Compiling pbkdf2 v0.11.0
[INFO] [stderr]    Compiling rialo-tee-types v0.21.0-alpha.0
[INFO] [stderr]    Compiling darling_core v0.20.11
[INFO] [stderr]    Compiling sync_wrapper v1.0.2
[INFO] [stderr]    Compiling memoffset v0.9.1
[INFO] [stderr]    Compiling ipnet v2.11.0
[INFO] [stderr]    Compiling tower-layer v0.3.3
[INFO] [stderr]    Compiling rialo-s-native-token v0.21.0-alpha.0
[INFO] [stderr]    Compiling clap_lex v0.7.7
[INFO] [stderr]    Compiling convert_case v0.4.0
[INFO] [stderr]    Compiling static_assertions v1.1.0
[INFO] [stderr]    Compiling scopeguard v1.2.0
[INFO] [stderr]    Compiling ryu v1.0.23
[INFO] [stderr]    Compiling base-x v0.2.11
[INFO] [stderr]    Compiling lock_api v0.4.14
[INFO] [stderr]    Compiling multibase v0.9.2
[INFO] [stderr]    Compiling rsa v0.8.2
[INFO] [stderr]    Compiling derive_more v0.99.20
[INFO] [stderr]    Compiling clap_builder v4.5.57
[INFO] [stderr]    Compiling darling_macro v0.20.11
[INFO] [stderr]    Compiling hyper-util v0.1.20
[INFO] [stderr]    Compiling tower v0.5.3
[INFO] [stderr]    Compiling tokio-rustls v0.26.4
[INFO] [stderr]    Compiling ark-secp256r1 v0.4.0
[INFO] [stderr]    Compiling rialo-s-account v0.21.0-alpha.0
[INFO] [stderr]    Compiling rialo-s-seed-phrase v0.21.0-alpha.0
[INFO] [stderr]    Compiling typify-macro v0.2.0
[INFO] [stderr]    Compiling secp256k1 v0.27.0
[INFO] [stderr]    Compiling ed25519-consensus v2.1.0
[INFO] [stderr]    Compiling libp2p-identity v0.2.13
[INFO] [stderr]    Compiling rialo-s-seed-derivable v0.21.0-alpha.0
[INFO] [stderr]    Compiling fastcrypto-derive v0.1.3
[INFO] [stderr]    Compiling regex v1.12.3
[INFO] [stderr]    Compiling ed25519-dalek-bip32 v0.3.0
[INFO] [stderr]    Compiling rialo-s-ed25519-program v0.21.0-alpha.0
[INFO] [stderr]    Compiling rialo-s-secp256r1-program v0.21.0-alpha.0
[INFO] [stderr]    Compiling rialo-s-secp256k1-program v0.21.0-alpha.0
[INFO] [stderr]    Compiling polyval v0.6.2
[INFO] [stderr]    Compiling webpki-roots v1.0.6
[INFO] [stderr]    Compiling rialo-s-nonce v0.21.0-alpha.0
[INFO] [stderr]    Compiling clap_derive v4.5.55
[INFO] [stderr]    Compiling rialo-s-keccak-hasher v0.21.0-alpha.0
[INFO] [stderr]    Compiling rialo-s-cpi v0.21.0-alpha.0
[INFO] [stderr]    Compiling rialo-s-serialize-utils v0.21.0-alpha.0
[INFO] [stderr]    Compiling x25519-dalek v2.0.1
[INFO] [stderr]    Compiling blake2 v0.10.6
[INFO] [stderr]    Compiling aead v0.5.2
[INFO] [stderr]    Compiling num-rational v0.4.2
[INFO] [stderr]    Compiling schemars_derive v1.2.1
[INFO] [stderr]    Compiling readonly v0.2.13
[INFO] [stderr]    Compiling num-complex v0.4.6
[INFO] [stderr]    Compiling proc-macro-error-attr2 v2.0.0
[INFO] [stderr]    Compiling indexmap v1.9.3
[INFO] [stderr]    Compiling heck v0.4.1
[INFO] [stderr]    Compiling auto_ops v0.3.0
[INFO] [stderr]    Compiling borrow-or-share v0.2.4
[INFO] [stderr]    Compiling bs58 v0.4.0
[INFO] [stderr]    Compiling iri-string v0.7.10
[INFO] [stderr]    Compiling bech32 v0.9.1
[INFO] [stderr]    Compiling bit-vec v0.8.0
[INFO] [stderr]    Compiling hex-literal v0.4.1
[INFO] [stderr]    Compiling num v0.4.3
[INFO] [stderr]    Compiling fastcrypto v0.1.9
[INFO] [stderr]    Compiling bit-set v0.8.0
[INFO] [stderr]    Compiling fluent-uri v0.3.2
[INFO] [stderr]    Compiling strum_macros v0.24.3
[INFO] [stderr]    Compiling clap v4.5.57
[INFO] [stderr]    Compiling proc-macro-error2 v2.0.1
[INFO] [stderr]    Compiling rialo-s-instructions-sysvar v0.21.0-alpha.0
[INFO] [stderr]    Compiling rialo-s-example-mocks v0.21.0-alpha.0
[INFO] [stderr]    Compiling rialo-s-precompiles v0.21.0-alpha.0
[INFO] [stderr]    Compiling ghash v0.5.1
[INFO] [stderr]    Compiling hyper-rustls v0.27.7
[INFO] [stderr]    Compiling rialo-s-keypair v0.21.0-alpha.0
[INFO] [stderr]    Compiling parking_lot v0.12.5
[INFO] [stderr]    Compiling multiaddr v0.18.2
[INFO] [stderr]    Compiling darling v0.20.11
[INFO] [stderr]    Compiling serde_urlencoded v0.7.1
[INFO] [stderr]    Compiling poly1305 v0.8.0
[INFO] [stderr]    Compiling tower-http v0.6.8
[INFO] [stderr]    Compiling ctr v0.9.2
[INFO] [stderr]    Compiling chacha20 v0.9.1
[INFO] [stderr]    Compiling aes v0.8.4
[INFO] [stderr]    Compiling rialo-s-secp256k1-recover v0.21.0-alpha.0
[INFO] [stderr]    Compiling http-body-util v0.1.3
[INFO] [stderr]    Compiling rialo-feature-management-enforcement-interface v0.21.0-alpha.0
[INFO] [stderr]    Compiling rialo-feature-management-policy-interface v0.21.0-alpha.0
[INFO] [stderr]    Compiling rialo-s-reserved-account-keys v0.21.0-alpha.0
[INFO] [stderr]    Compiling rialo-s-stable-layout v0.21.0-alpha.0
[INFO] [stderr]    Compiling rialo-s-cluster-type v0.21.0-alpha.0
[INFO] [stderr]    Compiling tmp-rialo-timing v0.21.0-alpha.0
[INFO] [stderr]    Compiling rialo-cli-representation v0.21.0-alpha.0
[INFO] [stderr]    Compiling rialo-shared-types v0.21.0-alpha.0
[INFO] [stderr]    Compiling cfg_eval v0.1.2
[INFO] [stderr]    Compiling rialo-cli-representable v0.21.0-alpha.0
[INFO] [stderr]    Compiling memmap2 v0.5.10
[INFO] [stderr]    Compiling outref v0.5.2
[INFO] [stderr]    Compiling tinyvec_macros v0.1.1
[INFO] [stderr]    Compiling uuid v1.20.0
[INFO] [stderr]    Compiling linked-hash-map v0.5.6
[INFO] [stderr]    Compiling hashbrown v0.12.3
[INFO] [stderr]    Compiling rialo-s-program-option v0.21.0-alpha.0
[INFO] [stderr]    Compiling vsimd v0.8.0
[INFO] [stderr]    Compiling rialo-s-program v0.21.0-alpha.0
[INFO] [stderr]    Compiling yaml-rust v0.4.5
[INFO] [stderr]    Compiling tinyvec v1.10.0
[INFO] [stderr]    Compiling uuid-simd v0.8.0
[INFO] [stderr]    Compiling rialo-types v0.21.0-alpha.0
[INFO] [stderr]    Compiling rialo-s-genesis-config v0.21.0-alpha.0
[INFO] [stderr]    Compiling rialo-s-packet v0.21.0-alpha.0
[INFO] [stderr]    Compiling rialo-s-transaction v0.21.0-alpha.0
[INFO] [stderr]    Compiling reqwest v0.12.28
[INFO] [stderr]    Compiling aes-gcm v0.10.3
[INFO] [stderr]    Compiling chacha20poly1305 v0.10.1
[INFO] [stderr]    Compiling validator_derive v0.19.0
[INFO] [stderr]    Compiling referencing v0.33.0
[INFO] [stderr]    Compiling schemars v1.2.1
[INFO] [stderr]    Compiling fancy-regex v0.16.2
[INFO] [stderr]    Compiling fraction v0.15.3
[INFO] [stderr]    Compiling rialo-s-stake-interface v0.21.0-alpha.0
[INFO] [stderr]    Compiling typify v0.2.0
[INFO] [stderr]    Compiling rialo-s-feature-gate-interface v0.21.0-alpha.0
[INFO] [stderr]    Compiling rialo-s-fee-structure v0.21.0-alpha.0
[INFO] [stderr]    Compiling rialo-s-presigner v0.21.0-alpha.0
[INFO] [stderr]    Compiling pbkdf2 v0.12.2
[INFO] [stderr]    Compiling email_address v0.2.9
[INFO] [stderr]    Compiling rialo-s-reward-info v0.21.0-alpha.0
[INFO] [stderr]    Compiling rialo-s-epoch-info v0.21.0-alpha.0
[INFO] [stderr]    Compiling serde_spanned v1.0.4
[INFO] [stderr]    Compiling bytecount v0.6.9
[INFO] [stderr]    Compiling num-cmp v0.1.0
[INFO] [stderr]    Compiling rand_core v0.9.5
[INFO] [stderr]    Compiling toml_writer v1.0.6+spec-1.1.0
[INFO] [stderr]    Compiling option-ext v0.2.0
[INFO] [stderr]    Compiling dirs-sys v0.5.0
[INFO] [stderr]    Compiling toml v0.9.11+spec-1.1.0
[INFO] [stderr]    Compiling jsonschema v0.33.0
[INFO] [stderr]    Compiling hpke v0.13.0
[INFO] [stderr]    Compiling rialo-s-sdk v0.21.0-alpha.0
[INFO] [stderr]    Compiling rialo-cdk v0.21.0-alpha.0 (/opt/rustwide/workdir)
[INFO] [stderr]    Compiling validator v0.19.0
[INFO] [stderr]    Compiling serde_yaml v0.8.26
[INFO] [stderr]    Compiling unicode-normalization v0.1.25
[INFO] [stderr]    Compiling futures-executor v0.3.31
[INFO] [stderr]    Compiling ripemd v0.1.3
[INFO] [stderr]    Compiling rustc-hash v1.1.0
[INFO] [stderr]    Compiling hmac-sha512 v0.1.9
[INFO] [stderr]    Compiling slip10_ed25519 v0.1.3
[INFO] [stderr]    Compiling tiny-bip39 v2.0.0
[INFO] [stderr]    Compiling bip32 v0.5.3
[INFO] [stderr]    Compiling futures v0.3.31
[INFO] [stderr]    Compiling rialo-modular-config v0.21.0-alpha.0
[INFO] [stderr]    Compiling rialo-api-types v0.21.0-alpha.0
[INFO] [stderr]    Compiling rialo-tee-secret-sharing v0.21.0-alpha.0
[INFO] [stderr]    Compiling dirs v6.0.0
[INFO] [stderr]    Compiling rialo-venus-manifest v0.21.0-alpha.0
[INFO] [stderr]    Compiling rialo-risc-v-loader-interface v0.21.0-alpha.0
[INFO] [stderr]    Compiling async-trait v0.1.89
[INFO] [stderr] warning: unused dependency `schemars`
[INFO] [stderr]  --> Cargo.toml:1:21
[INFO] [stderr]   |
[INFO] [stderr] 1 | [build-dependencies.schemars]
[INFO] [stderr]   |                     ^^^^^^^^^
[INFO] [stderr]   |
[INFO] [stderr]   = note: `cargo::unused_dependencies` is set to `warn` by default
[INFO] [stderr] help: consider removing the dependency on `schemars`
[INFO] [stderr] warning: unused dependency `typify`
[INFO] [stderr]  --> Cargo.toml:9:21
[INFO] [stderr]   |
[INFO] [stderr] 9 | [build-dependencies.typify]
[INFO] [stderr]   |                     ^^^^^^^
[INFO] [stderr]   |
[INFO] [stderr] help: consider removing the dependency on `typify`
[INFO] [stderr] warning: `rialo-cdk` (manifest) generated 2 warnings
[INFO] [stderr]     Finished `release` profile [optimized] target(s) in 11m 29s
[INFO] [stderr] warning: the following packages contain code that will be rejected by a future version of Rust: borsh v1.6.0, proc-macro-error2 v2.0.1
[INFO] [stderr] note: to see what the problems were, use the option `--future-incompat-report`, or run `cargo report future-incompatibilities --id 1`
[INFO] running `Command { std: "docker" "inspect" "4de9661fbcc62f6aafdff5ca0e3cf95a457081bd0f68c38091f9c75fe6443069", kill_on_drop: false }`
[INFO] running `Command { std: "docker" "exec" "-e" "SOURCE_DIR=/opt/rustwide/workdir" "-e" "CARGO_HOME=/opt/rustwide/cargo-home" "-e" "RUSTUP_HOME=/opt/rustwide/rustup-home" "-e" "CARGO_TARGET_DIR=/opt/rustwide/target" "-e" "CARGO_INCREMENTAL=0" "-e" "RUST_BACKTRACE=full" "-e" "RUSTFLAGS=--cap-lints=warn" "-e" "RUSTDOCFLAGS=--cap-lints=warn" "-w" "/opt/rustwide/workdir" "--user" "0:0" "4de9661fbcc62f6aafdff5ca0e3cf95a457081bd0f68c38091f9c75fe6443069" "/opt/rustwide/cargo-home/bin/cargo" "+1.100.0-beta.1" "test" "--frozen" "--no-run" "--message-format=json" "--release", kill_on_drop: false }`
[INFO] [stderr]    Compiling rialo-cdk v0.21.0-alpha.0 (/opt/rustwide/workdir)
[INFO] [stdout] error[E0432]: unresolved import `tempfile`
[INFO] [stdout]  --> tests/unit/config_tests.rs:7:9
[INFO] [stdout]   |
[INFO] [stdout] 7 |     use tempfile::TempDir;
[INFO] [stdout]   |         ^^^^^^^^ use of unresolved module or unlinked crate `tempfile`
[INFO] [stdout]   |
[INFO] [stdout]   = help: if you wanted to use a crate named `tempfile`, use `cargo add tempfile` to add it to your `Cargo.toml`
[INFO] [stdout] 
[INFO] [stdout] 
[INFO] [stdout] error[E0432]: unresolved import `tempfile`
[INFO] [stdout]   --> tests/integration/config_wallet_integration_tests.rs:12:9
[INFO] [stdout]    |
[INFO] [stdout] 12 |     use tempfile::TempDir;
[INFO] [stdout]    |         ^^^^^^^^ use of unresolved module or unlinked crate `tempfile`
[INFO] [stdout]    |
[INFO] [stdout]    = help: if you wanted to use a crate named `tempfile`, use `cargo add tempfile` to add it to your `Cargo.toml`
[INFO] [stdout] 
[INFO] [stdout] 
[INFO] [stdout] For more information about this error, try `rustc --explain E0432`.
[INFO] [stdout] 
[INFO] [stderr] error: could not compile `rialo-cdk` (test "integration_tests") due to 1 previous error
[INFO] [stderr] warning: build failed, waiting for other jobs to finish...
[INFO] [stdout] For more information about this error, try `rustc --explain E0432`.
[INFO] [stdout] 
[INFO] [stderr] error: could not compile `rialo-cdk` (test "unit_tests") due to 1 previous error
[INFO] [stdout] error[E0432]: unresolved import `tempfile`
[INFO] [stdout]    --> src/config/manager.rs:557:9
[INFO] [stdout]     |
[INFO] [stdout] 557 |     use tempfile::TempDir;
[INFO] [stdout]     |         ^^^^^^^^ use of unresolved module or unlinked crate `tempfile`
[INFO] [stdout]     |
[INFO] [stdout]     = help: if you wanted to use a crate named `tempfile`, use `cargo add tempfile` to add it to your `Cargo.toml`
[INFO] [stdout] 
[INFO] [stdout] 
[INFO] [stdout] For more information about this error, try `rustc --explain E0432`.
[INFO] [stdout] 
[INFO] [stderr] error: could not compile `rialo-cdk` (lib test) due to 1 previous error
[INFO] [stderr] warning: unused dependency `schemars`
[INFO] [stderr]  --> Cargo.toml:1:21
[INFO] [stderr]   |
[INFO] [stderr] 1 | [build-dependencies.schemars]
[INFO] [stderr]   |                     ^^^^^^^^^
[INFO] [stderr]   |
[INFO] [stderr]   = note: `cargo::unused_dependencies` is set to `warn` by default
[INFO] [stderr] help: consider removing the dependency on `schemars`
[INFO] [stderr] warning: unused dependency `typify`
[INFO] [stderr]  --> Cargo.toml:9:21
[INFO] [stderr]   |
[INFO] [stderr] 9 | [build-dependencies.typify]
[INFO] [stderr]   |                     ^^^^^^^
[INFO] [stderr]   |
[INFO] [stderr] help: consider removing the dependency on `typify`
[INFO] [stderr] warning: `rialo-cdk` (manifest) generated 2 warnings
[INFO] running `Command { std: "docker" "inspect" "4de9661fbcc62f6aafdff5ca0e3cf95a457081bd0f68c38091f9c75fe6443069", kill_on_drop: false }`
[INFO] running `Command { std: "docker" "rm" "-f" "4de9661fbcc62f6aafdff5ca0e3cf95a457081bd0f68c38091f9c75fe6443069", kill_on_drop: false }`
[INFO] [stdout] 4de9661fbcc62f6aafdff5ca0e3cf95a457081bd0f68c38091f9c75fe6443069
