[INFO] fetching crate rialo-a-transaction-view 0.21.0-alpha.0...
[INFO] testing rialo-a-transaction-view-0.21.0-alpha.0 against 1.100.0-beta.1+cargoflags=--release for beta-release-1.100-2
[INFO] extracting crate rialo-a-transaction-view 0.21.0-alpha.0 into /workspace/builds/worker-0-tc2/source
[INFO] started tweaking crates.io crate rialo-a-transaction-view 0.21.0-alpha.0
[INFO] finished tweaking crates.io crate rialo-a-transaction-view 0.21.0-alpha.0
[INFO] tweaked toml for crates.io crate rialo-a-transaction-view 0.21.0-alpha.0 written to /workspace/builds/worker-0-tc2/source/Cargo.toml
[INFO] validating manifest of crates.io crate rialo-a-transaction-view 0.21.0-alpha.0 on toolchain 1.100.0-beta.1
[INFO] running `Command { std: CARGO_HOME="/workspace/cargo-home" RUSTUP_HOME="/workspace/rustup-home" "/workspace/cargo-home/bin/cargo" "+1.100.0-beta.1" "metadata" "--manifest-path" "Cargo.toml" "--no-deps", kill_on_drop: false }`
[INFO] crate crates.io crate rialo-a-transaction-view 0.21.0-alpha.0 already has a lockfile, it will not be regenerated
[INFO] running `Command { std: CARGO_HOME="/workspace/cargo-home" RUSTUP_HOME="/workspace/rustup-home" "/workspace/cargo-home/bin/cargo" "+1.100.0-beta.1" "fetch" "--manifest-path" "Cargo.toml", kill_on_drop: false }`
[INFO] [stderr] warning: `package.homepage` is redundant with `package.repository`
[INFO] [stderr]   --> Cargo.toml:84:12
[INFO] [stderr]    |
[INFO] [stderr] 84 | homepage = "https://github.com/SubzeroLabs/rialo"
[INFO] [stderr]    |            ^^^^^^^^^^^^^^^^^^^^^^^^^^^^^^^^^^^^^^
[INFO] [stderr] ...
[INFO] [stderr] 89 | repository = "https://github.com/SubzeroLabs/rialo"
[INFO] [stderr]    |              --------------------------------------
[INFO] [stderr]    |
[INFO] [stderr]    = note: `cargo::redundant_homepage` is set to `warn` by default
[INFO] [stderr] help: consider removing `package.homepage`
[INFO] [stderr] warning: `rialo-a-transaction-view` (manifest) generated 1 warning
[INFO] running `Command { std: "docker" "create" "-v" "/var/lib/crater-agent-workspace/builds/worker-0-tc2/source:/opt/rustwide/workdir:ro,Z" "-v" "/var/lib/crater-agent-workspace/builds/worker-0-tc2/target:/opt/rustwide/target:rw,Z" "-v" "/var/lib/crater-agent-workspace/cargo-home:/opt/rustwide/cargo-home:ro,Z" "-v" "/var/lib/crater-agent-workspace/rustup-home:/opt/rustwide/rustup-home:ro,Z" "-m" "1610612736" "--network" "none" "ghcr.io/rust-lang/crates-build-env/linux@sha256:77db811e55d90add9212f6832c23229e3de5f1c1f9905e8cb07319ea15df73ac" "sleep" "infinity", kill_on_drop: false }`
[INFO] [stdout] b6d3450dd01e2220e238d3b1e54b5027682f7ae248f88f3f5a4b3e19da7e7dc4
[INFO] running `Command { std: "docker" "start" "b6d3450dd01e2220e238d3b1e54b5027682f7ae248f88f3f5a4b3e19da7e7dc4", kill_on_drop: false }`
[INFO] running `Command { std: "docker" "inspect" "b6d3450dd01e2220e238d3b1e54b5027682f7ae248f88f3f5a4b3e19da7e7dc4", kill_on_drop: false }`
[INFO] running `Command { std: "docker" "exec" "-e" "SOURCE_DIR=/opt/rustwide/workdir" "-e" "CARGO_HOME=/opt/rustwide/cargo-home" "-e" "RUSTUP_HOME=/opt/rustwide/rustup-home" "-e" "CARGO_TARGET_DIR=/opt/rustwide/target" "-w" "/opt/rustwide/workdir" "--user" "0:0" "b6d3450dd01e2220e238d3b1e54b5027682f7ae248f88f3f5a4b3e19da7e7dc4" "/opt/rustwide/cargo-home/bin/cargo" "+1.100.0-beta.1" "metadata" "--no-deps" "--format-version=1", kill_on_drop: false }`
[INFO] running `Command { std: "docker" "inspect" "b6d3450dd01e2220e238d3b1e54b5027682f7ae248f88f3f5a4b3e19da7e7dc4", kill_on_drop: false }`
[INFO] running `Command { std: "docker" "exec" "-e" "SOURCE_DIR=/opt/rustwide/workdir" "-e" "CARGO_HOME=/opt/rustwide/cargo-home" "-e" "RUSTUP_HOME=/opt/rustwide/rustup-home" "-e" "CARGO_TARGET_DIR=/opt/rustwide/target" "-e" "CARGO_INCREMENTAL=0" "-e" "RUST_BACKTRACE=full" "-e" "RUSTFLAGS=--cap-lints=warn" "-e" "RUSTDOCFLAGS=--cap-lints=warn" "-w" "/opt/rustwide/workdir" "--user" "0:0" "b6d3450dd01e2220e238d3b1e54b5027682f7ae248f88f3f5a4b3e19da7e7dc4" "/opt/rustwide/cargo-home/bin/cargo" "+1.100.0-beta.1" "build" "--frozen" "--message-format=json" "--release", kill_on_drop: false }`
[INFO] [stderr] warning: `package.homepage` is redundant with `package.repository`
[INFO] [stderr]   --> Cargo.toml:84:12
[INFO] [stderr]    |
[INFO] [stderr] 84 | homepage = "https://github.com/SubzeroLabs/rialo"
[INFO] [stderr]    |            ^^^^^^^^^^^^^^^^^^^^^^^^^^^^^^^^^^^^^^
[INFO] [stderr] ...
[INFO] [stderr] 89 | repository = "https://github.com/SubzeroLabs/rialo"
[INFO] [stderr]    |              --------------------------------------
[INFO] [stderr]    |
[INFO] [stderr]    = note: `cargo::redundant_homepage` is set to `warn` by default
[INFO] [stderr] help: consider removing `package.homepage`
[INFO] [stderr] warning: `rialo-a-transaction-view` (manifest) generated 1 warning
[INFO] [stderr]    Compiling num-traits v0.2.19
[INFO] [stderr]    Compiling rialo-sanitize v0.21.0-alpha.0
[INFO] [stderr]    Compiling bs58 v0.5.1
[INFO] [stderr]    Compiling rialo-atomic-u64 v0.21.0-alpha.0
[INFO] [stderr]    Compiling unicode-ident v1.0.23
[INFO] [stderr]    Compiling five8_core v0.1.2
[INFO] [stderr]    Compiling bitflags v2.10.0
[INFO] [stderr]    Compiling proc-macro2 v1.0.106
[INFO] [stderr]    Compiling five8_const v0.1.4
[INFO] [stderr]    Compiling rialo-hash v0.21.0-alpha.0
[INFO] [stderr]    Compiling rialo-s-signature v0.21.0-alpha.0
[INFO] [stderr]    Compiling quote v1.0.44
[INFO] [stderr]    Compiling syn v2.0.114
[INFO] [stderr]    Compiling rialo-s-decode-error v0.21.0-alpha.0
[INFO] [stderr]    Compiling rialo-s-pubkey v0.21.0-alpha.0
[INFO] [stderr]    Compiling rialo-s-instruction v0.21.0-alpha.0
[INFO] [stderr]    Compiling rialo-s-sdk-ids v0.21.0-alpha.0
[INFO] [stderr]    Compiling rialo-s-transaction-error v0.21.0-alpha.0
[INFO] [stderr]    Compiling rialo-s-message v0.21.0-alpha.0
[INFO] [stderr]    Compiling rialo-s-transaction v0.21.0-alpha.0
[INFO] [stderr]    Compiling rialo-s-svm-transaction v0.21.0-alpha.0
[INFO] [stderr]    Compiling tracing-attributes v0.1.31
[INFO] [stderr]    Compiling serde_derive v1.0.228
[INFO] [stderr]    Compiling tracing v0.1.44
[INFO] [stderr]    Compiling rialo-limits v0.21.0-alpha.0
[INFO] [stderr]    Compiling rialo-s-packet v0.21.0-alpha.0
[INFO] [stderr]    Compiling serde v1.0.228
[INFO] [stderr]    Compiling rialo-s-short-vec v0.21.0-alpha.0
[INFO] [stderr]    Compiling rialo-a-transaction-view v0.21.0-alpha.0 (/opt/rustwide/workdir)
[INFO] [stderr] warning: unused dependency `rialo-s-short-vec`
[INFO] [stderr]   --> Cargo.toml:17:15
[INFO] [stderr]    |
[INFO] [stderr] 17 | [dependencies.rialo-s-short-vec]
[INFO] [stderr]    |               ^^^^^^^^^^^^^^^^^^
[INFO] [stderr]    |
[INFO] [stderr]    = note: `cargo::unused_dependencies` is set to `warn` by default
[INFO] [stderr] help: consider removing the dependency on `rialo-s-short-vec`
[INFO] [stderr] warning: `rialo-a-transaction-view` (manifest) generated 1 warning
[INFO] [stderr]     Finished `release` profile [optimized] target(s) in 13.25s
[INFO] running `Command { std: "docker" "inspect" "b6d3450dd01e2220e238d3b1e54b5027682f7ae248f88f3f5a4b3e19da7e7dc4", kill_on_drop: false }`
[INFO] running `Command { std: "docker" "exec" "-e" "SOURCE_DIR=/opt/rustwide/workdir" "-e" "CARGO_HOME=/opt/rustwide/cargo-home" "-e" "RUSTUP_HOME=/opt/rustwide/rustup-home" "-e" "CARGO_TARGET_DIR=/opt/rustwide/target" "-e" "CARGO_INCREMENTAL=0" "-e" "RUST_BACKTRACE=full" "-e" "RUSTFLAGS=--cap-lints=warn" "-e" "RUSTDOCFLAGS=--cap-lints=warn" "-w" "/opt/rustwide/workdir" "--user" "0:0" "b6d3450dd01e2220e238d3b1e54b5027682f7ae248f88f3f5a4b3e19da7e7dc4" "/opt/rustwide/cargo-home/bin/cargo" "+1.100.0-beta.1" "test" "--frozen" "--no-run" "--message-format=json" "--release", kill_on_drop: false }`
[INFO] [stderr] warning: `package.homepage` is redundant with `package.repository`
[INFO] [stderr]   --> Cargo.toml:84:12
[INFO] [stderr]    |
[INFO] [stderr] 84 | homepage = "https://github.com/SubzeroLabs/rialo"
[INFO] [stderr]    |            ^^^^^^^^^^^^^^^^^^^^^^^^^^^^^^^^^^^^^^
[INFO] [stderr] ...
[INFO] [stderr] 89 | repository = "https://github.com/SubzeroLabs/rialo"
[INFO] [stderr]    |              --------------------------------------
[INFO] [stderr]    |
[INFO] [stderr]    = note: `cargo::redundant_homepage` is set to `warn` by default
[INFO] [stderr] help: consider removing `package.homepage`
[INFO] [stderr] warning: `rialo-a-transaction-view` (manifest) generated 1 warning
[INFO] [stderr]    Compiling rialo-a-transaction-view v0.21.0-alpha.0 (/opt/rustwide/workdir)
[INFO] [stdout] error[E0432]: unresolved import `bincode`
[INFO] [stdout]    --> src/bytes.rs:146:9
[INFO] [stdout]     |
[INFO] [stdout] 146 |     use bincode::{serialize_into, DefaultOptions, Options};
[INFO] [stdout]     |         ^^^^^^^ use of unresolved module or unlinked crate `bincode`
[INFO] [stdout]     |
[INFO] [stdout]     = help: if you wanted to use a crate named `bincode`, use `cargo add bincode` to add it to your `Cargo.toml`
[INFO] [stdout] 
[INFO] [stdout] 
[INFO] [stdout] error[E0433]: cannot find module or crate `bincode` in this scope
[INFO] [stdout]    --> src/instructions_frame.rs:162:21
[INFO] [stdout]     |
[INFO] [stdout] 162 |         let bytes = bincode::serialize(&ShortVec(Vec::<CompiledInstruction>::new())).unwrap();
[INFO] [stdout]     |                     ^^^^^^^ use of unresolved module or unlinked crate `bincode`
[INFO] [stdout]     |
[INFO] [stdout]     = help: if you wanted to use a crate named `bincode`, use `cargo add bincode` to add it to your `Cargo.toml`
[INFO] [stdout] 
[INFO] [stdout] 
[INFO] [stdout] error[E0433]: cannot find module or crate `bincode` in this scope
[INFO] [stdout]    --> src/instructions_frame.rs:173:25
[INFO] [stdout]     |
[INFO] [stdout] 173 |         let mut bytes = bincode::serialize(&ShortVec(vec![CompiledInstruction {
[INFO] [stdout]     |                         ^^^^^^^ use of unresolved module or unlinked crate `bincode`
[INFO] [stdout]     |
[INFO] [stdout]     = help: if you wanted to use a crate named `bincode`, use `cargo add bincode` to add it to your `Cargo.toml`
[INFO] [stdout] 
[INFO] [stdout] 
[INFO] [stdout] error[E0433]: cannot find module or crate `bincode` in this scope
[INFO] [stdout]    --> src/instructions_frame.rs:187:21
[INFO] [stdout]     |
[INFO] [stdout] 187 |         let bytes = bincode::serialize(&ShortVec(vec![CompiledInstruction {
[INFO] [stdout]     |                     ^^^^^^^ use of unresolved module or unlinked crate `bincode`
[INFO] [stdout]     |
[INFO] [stdout]     = help: if you wanted to use a crate named `bincode`, use `cargo add bincode` to add it to your `Cargo.toml`
[INFO] [stdout] 
[INFO] [stdout] 
[INFO] [stdout] error[E0433]: cannot find module or crate `bincode` in this scope
[INFO] [stdout]    --> src/instructions_frame.rs:202:21
[INFO] [stdout]     |
[INFO] [stdout] 202 |         let bytes = bincode::serialize(&ShortVec(vec![
[INFO] [stdout]     |                     ^^^^^^^ use of unresolved module or unlinked crate `bincode`
[INFO] [stdout]     |
[INFO] [stdout]     = help: if you wanted to use a crate named `bincode`, use `cargo add bincode` to add it to your `Cargo.toml`
[INFO] [stdout] 
[INFO] [stdout] 
[INFO] [stdout] error[E0433]: cannot find module or crate `bincode` in this scope
[INFO] [stdout]    --> src/instructions_frame.rs:224:25
[INFO] [stdout]     |
[INFO] [stdout] 224 |         let mut bytes = bincode::serialize(&ShortVec(vec![CompiledInstruction {
[INFO] [stdout]     |                         ^^^^^^^ use of unresolved module or unlinked crate `bincode`
[INFO] [stdout]     |
[INFO] [stdout]     = help: if you wanted to use a crate named `bincode`, use `cargo add bincode` to add it to your `Cargo.toml`
[INFO] [stdout] 
[INFO] [stdout] 
[INFO] [stdout] error[E0433]: cannot find module or crate `bincode` in this scope
[INFO] [stdout]    --> src/instructions_frame.rs:240:25
[INFO] [stdout]     |
[INFO] [stdout] 240 |         let mut bytes = bincode::serialize(&ShortVec(vec![CompiledInstruction {
[INFO] [stdout]     |                         ^^^^^^^ use of unresolved module or unlinked crate `bincode`
[INFO] [stdout]     |
[INFO] [stdout]     = help: if you wanted to use a crate named `bincode`, use `cargo add bincode` to add it to your `Cargo.toml`
[INFO] [stdout] 
[INFO] [stdout] 
[INFO] [stdout] error[E0433]: cannot find module or crate `bincode` in this scope
[INFO] [stdout]   --> src/signature_frame.rs:65:21
[INFO] [stdout]    |
[INFO] [stdout] 65 |         let bytes = bincode::serialize(&ShortVec(Vec::<Signature>::new())).unwrap();
[INFO] [stdout]    |                     ^^^^^^^ use of unresolved module or unlinked crate `bincode`
[INFO] [stdout]    |
[INFO] [stdout]    = help: if you wanted to use a crate named `bincode`, use `cargo add bincode` to add it to your `Cargo.toml`
[INFO] [stdout] 
[INFO] [stdout] 
[INFO] [stdout] error[E0433]: cannot find module or crate `bincode` in this scope
[INFO] [stdout]   --> src/signature_frame.rs:72:21
[INFO] [stdout]    |
[INFO] [stdout] 72 |         let bytes = bincode::serialize(&ShortVec(vec![Signature::default()])).unwrap();
[INFO] [stdout]    |                     ^^^^^^^ use of unresolved module or unlinked crate `bincode`
[INFO] [stdout]    |
[INFO] [stdout]    = help: if you wanted to use a crate named `bincode`, use `cargo add bincode` to add it to your `Cargo.toml`
[INFO] [stdout] 
[INFO] [stdout] 
[INFO] [stdout] error[E0433]: cannot find module or crate `bincode` in this scope
[INFO] [stdout]   --> src/signature_frame.rs:83:21
[INFO] [stdout]    |
[INFO] [stdout] 83 |         let bytes = bincode::serialize(&ShortVec(signatures)).unwrap();
[INFO] [stdout]    |                     ^^^^^^^ use of unresolved module or unlinked crate `bincode`
[INFO] [stdout]    |
[INFO] [stdout]    = help: if you wanted to use a crate named `bincode`, use `cargo add bincode` to add it to your `Cargo.toml`
[INFO] [stdout] 
[INFO] [stdout] 
[INFO] [stdout] error[E0433]: cannot find module or crate `bincode` in this scope
[INFO] [stdout]   --> src/signature_frame.rs:96:25
[INFO] [stdout]    |
[INFO] [stdout] 96 |         let mut bytes = bincode::serialize(&ShortVec(vec![Signature::default()])).unwrap();
[INFO] [stdout]    |                         ^^^^^^^ use of unresolved module or unlinked crate `bincode`
[INFO] [stdout]    |
[INFO] [stdout]    = help: if you wanted to use a crate named `bincode`, use `cargo add bincode` to add it to your `Cargo.toml`
[INFO] [stdout] 
[INFO] [stdout] 
[INFO] [stdout] error[E0433]: cannot find module or crate `bincode` in this scope
[INFO] [stdout]    --> src/signature_frame.rs:108:21
[INFO] [stdout]     |
[INFO] [stdout] 108 |         let bytes = bincode::serialize(&ShortVec(signatures)).unwrap();
[INFO] [stdout]     |                     ^^^^^^^ use of unresolved module or unlinked crate `bincode`
[INFO] [stdout]     |
[INFO] [stdout]     = help: if you wanted to use a crate named `bincode`, use `cargo add bincode` to add it to your `Cargo.toml`
[INFO] [stdout] 
[INFO] [stdout] 
[INFO] [stdout] error[E0433]: cannot find module or crate `bincode` in this scope
[INFO] [stdout]    --> src/signature_frame.rs:116:21
[INFO] [stdout]     |
[INFO] [stdout] 116 |         let bytes = bincode::serialize(&ShortVec(signatures)).unwrap();
[INFO] [stdout]     |                     ^^^^^^^ use of unresolved module or unlinked crate `bincode`
[INFO] [stdout]     |
[INFO] [stdout]     = help: if you wanted to use a crate named `bincode`, use `cargo add bincode` to add it to your `Cargo.toml`
[INFO] [stdout] 
[INFO] [stdout] 
[INFO] [stdout] error[E0433]: cannot find module or crate `bincode` in this scope
[INFO] [stdout]   --> src/static_account_keys_frame.rs:55:21
[INFO] [stdout]    |
[INFO] [stdout] 55 |         let bytes = bincode::serialize(&ShortVec(Vec::<Pubkey>::new())).unwrap();
[INFO] [stdout]    |                     ^^^^^^^ use of unresolved module or unlinked crate `bincode`
[INFO] [stdout]    |
[INFO] [stdout]    = help: if you wanted to use a crate named `bincode`, use `cargo add bincode` to add it to your `Cargo.toml`
[INFO] [stdout] 
[INFO] [stdout] 
[INFO] [stdout] error[E0433]: cannot find module or crate `bincode` in this scope
[INFO] [stdout]   --> src/static_account_keys_frame.rs:62:21
[INFO] [stdout]    |
[INFO] [stdout] 62 |         let bytes = bincode::serialize(&ShortVec(vec![Pubkey::default()])).unwrap();
[INFO] [stdout]    |                     ^^^^^^^ use of unresolved module or unlinked crate `bincode`
[INFO] [stdout]    |
[INFO] [stdout]    = help: if you wanted to use a crate named `bincode`, use `cargo add bincode` to add it to your `Cargo.toml`
[INFO] [stdout] 
[INFO] [stdout] 
[INFO] [stdout] error[E0433]: cannot find module or crate `bincode` in this scope
[INFO] [stdout]   --> src/static_account_keys_frame.rs:73:21
[INFO] [stdout]    |
[INFO] [stdout] 73 |         let bytes = bincode::serialize(&ShortVec(signatures)).unwrap();
[INFO] [stdout]    |                     ^^^^^^^ use of unresolved module or unlinked crate `bincode`
[INFO] [stdout]    |
[INFO] [stdout]    = help: if you wanted to use a crate named `bincode`, use `cargo add bincode` to add it to your `Cargo.toml`
[INFO] [stdout] 
[INFO] [stdout] 
[INFO] [stdout] error[E0433]: cannot find module or crate `bincode` in this scope
[INFO] [stdout]   --> src/static_account_keys_frame.rs:87:21
[INFO] [stdout]    |
[INFO] [stdout] 87 |         let bytes = bincode::serialize(&ShortVec(signatures)).unwrap();
[INFO] [stdout]    |                     ^^^^^^^ use of unresolved module or unlinked crate `bincode`
[INFO] [stdout]    |
[INFO] [stdout]    = help: if you wanted to use a crate named `bincode`, use `cargo add bincode` to add it to your `Cargo.toml`
[INFO] [stdout] 
[INFO] [stdout] 
[INFO] [stdout] error[E0433]: cannot find module or crate `bincode` in this scope
[INFO] [stdout]   --> src/static_account_keys_frame.rs:95:21
[INFO] [stdout]    |
[INFO] [stdout] 95 |         let bytes = bincode::serialize(&ShortVec(signatures)).unwrap();
[INFO] [stdout]    |                     ^^^^^^^ use of unresolved module or unlinked crate `bincode`
[INFO] [stdout]    |
[INFO] [stdout]    = help: if you wanted to use a crate named `bincode`, use `cargo add bincode` to add it to your `Cargo.toml`
[INFO] [stdout] 
[INFO] [stdout] 
[INFO] [stdout] Some errors have detailed explanations: E0432, E0433.
[INFO] [stdout] 
[INFO] [stdout] For more information about an error, try `rustc --explain E0432`.
[INFO] [stdout] 
[INFO] [stderr] error: could not compile `rialo-a-transaction-view` (lib test) due to 18 previous errors
[INFO] [stderr] warning: unused dependency `rialo-s-short-vec`
[INFO] [stderr]   --> Cargo.toml:17:15
[INFO] [stderr]    |
[INFO] [stderr] 17 | [dependencies.rialo-s-short-vec]
[INFO] [stderr]    |               ^^^^^^^^^^^^^^^^^^
[INFO] [stderr]    |
[INFO] [stderr]    = note: `cargo::unused_dependencies` is set to `warn` by default
[INFO] [stderr] help: consider removing the dependency on `rialo-s-short-vec`
[INFO] [stderr] help: to still use for development builds, move to `dev-dependencies`
[INFO] [stderr] warning: `rialo-a-transaction-view` (manifest) generated 1 warning
[INFO] running `Command { std: "docker" "inspect" "b6d3450dd01e2220e238d3b1e54b5027682f7ae248f88f3f5a4b3e19da7e7dc4", kill_on_drop: false }`
[INFO] running `Command { std: "docker" "rm" "-f" "b6d3450dd01e2220e238d3b1e54b5027682f7ae248f88f3f5a4b3e19da7e7dc4", kill_on_drop: false }`
[INFO] [stdout] b6d3450dd01e2220e238d3b1e54b5027682f7ae248f88f3f5a4b3e19da7e7dc4
