[INFO] fetching crate rhai-sdk-common-utils 0.1.0...
[INFO] testing rhai-sdk-common-utils-0.1.0 against 1.99.0-beta.8+cargoflags=--release for beta-release-1.100-2
[INFO] extracting crate rhai-sdk-common-utils 0.1.0 into /workspace/builds/worker-7-tc1/source
[INFO] started tweaking crates.io crate rhai-sdk-common-utils 0.1.0
[INFO] removed 0 missing tests
[INFO] finished tweaking crates.io crate rhai-sdk-common-utils 0.1.0
[INFO] tweaked toml for crates.io crate rhai-sdk-common-utils 0.1.0 written to /workspace/builds/worker-7-tc1/source/Cargo.toml
[INFO] validating manifest of crates.io crate rhai-sdk-common-utils 0.1.0 on toolchain 1.99.0-beta.8
[INFO] running `Command { std: CARGO_HOME="/workspace/cargo-home" RUSTUP_HOME="/workspace/rustup-home" "/workspace/cargo-home/bin/cargo" "+1.99.0-beta.8" "metadata" "--manifest-path" "Cargo.toml" "--no-deps", kill_on_drop: false }`
[INFO] crate crates.io crate rhai-sdk-common-utils 0.1.0 already has a lockfile, it will not be regenerated
[INFO] running `Command { std: CARGO_HOME="/workspace/cargo-home" RUSTUP_HOME="/workspace/rustup-home" "/workspace/cargo-home/bin/cargo" "+1.99.0-beta.8" "fetch" "--manifest-path" "Cargo.toml", kill_on_drop: false }`
[INFO] [stderr]     Updating crates.io index
[INFO] [stderr]  Downloading crates ...
[INFO] [stderr]   Downloaded rex-logger v0.1.0
[INFO] [stderr]   Downloaded rstest v0.26.1
[INFO] [stderr]   Downloaded syslog-tracing v0.3.1
[INFO] [stderr]   Downloaded rex-cedar-auth v0.1.0
[INFO] [stderr]   Downloaded rust-sdk-common-utils v0.1.0
[INFO] [stderr]   Downloaded rstest_macros v0.26.1
[INFO] [stderr]   Downloaded futures-timer v3.0.3
[INFO] [stderr]   Downloaded bounded-vec-deque v0.1.1
[INFO] [stderr]   Downloaded relative-path v1.9.3
[INFO] [stderr]   Downloaded logos v0.16.1
[INFO] [stderr]   Downloaded rustc-literal-escaper v0.0.7
[INFO] [stderr]   Downloaded nonempty v0.12.0
[INFO] [stderr]   Downloaded logos-derive v0.16.1
[INFO] [stderr]   Downloaded ascii-canvas v4.0.0
[INFO] [stderr]   Downloaded serde_with_macros v3.18.0
[INFO] [stderr]   Downloaded miette-derive v7.6.0
[INFO] [stderr]   Downloaded derive-getters v0.5.0
[INFO] [stderr]   Downloaded rex-runner-registrar-utils v0.1.0
[INFO] [stderr]   Downloaded pretty v0.12.5
[INFO] [stderr]   Downloaded lalrpop-util v0.22.2
[INFO] [stderr]   Downloaded term v1.2.1
[INFO] [stderr]   Downloaded ena v0.14.4
[INFO] [stderr]   Downloaded assert_fs v1.1.3
[INFO] [stderr]   Downloaded difflib v0.4.0
[INFO] [stderr]   Downloaded doc-comment v0.3.4
[INFO] [stderr]   Downloaded toml_edit v0.25.11+spec-1.1.0
[INFO] [stderr]   Downloaded cedar-policy-formatter v4.10.0
[INFO] [stderr]   Downloaded borsh v1.6.1
[INFO] [stderr]   Downloaded logos-codegen v0.16.1
[INFO] [stderr]   Downloaded unicode-security v0.1.2
[INFO] [stderr]   Downloaded ar_archive_writer v0.5.1
[INFO] [stderr]   Downloaded miette v7.6.0
[INFO] [stderr]   Downloaded cedar-policy v4.10.0
[INFO] [stderr]   Downloaded serde_with v3.18.0
[INFO] [stderr]   Downloaded lalrpop v0.22.2
[INFO] [stderr]   Downloaded cedar-policy-core v4.10.0
[INFO] running `Command { std: "docker" "create" "-v" "/var/lib/crater-agent-workspace/builds/worker-7-tc1/source:/opt/rustwide/workdir:ro,Z" "-v" "/var/lib/crater-agent-workspace/builds/worker-7-tc1/target:/opt/rustwide/target:rw,Z" "-v" "/var/lib/crater-agent-workspace/cargo-home:/opt/rustwide/cargo-home:ro,Z" "-v" "/var/lib/crater-agent-workspace/rustup-home:/opt/rustwide/rustup-home:ro,Z" "-m" "1610612736" "--network" "none" "ghcr.io/rust-lang/crates-build-env/linux@sha256:77db811e55d90add9212f6832c23229e3de5f1c1f9905e8cb07319ea15df73ac" "sleep" "infinity", kill_on_drop: false }`
[INFO] [stdout] b448bf37601f0cd026139a0e0771767d188108dce5cef22e6700c5882d72983c
[INFO] running `Command { std: "docker" "start" "b448bf37601f0cd026139a0e0771767d188108dce5cef22e6700c5882d72983c", kill_on_drop: false }`
[INFO] running `Command { std: "docker" "inspect" "b448bf37601f0cd026139a0e0771767d188108dce5cef22e6700c5882d72983c", kill_on_drop: false }`
[INFO] running `Command { std: "docker" "exec" "-e" "SOURCE_DIR=/opt/rustwide/workdir" "-e" "CARGO_HOME=/opt/rustwide/cargo-home" "-e" "RUSTUP_HOME=/opt/rustwide/rustup-home" "-e" "CARGO_TARGET_DIR=/opt/rustwide/target" "-w" "/opt/rustwide/workdir" "--user" "0:0" "b448bf37601f0cd026139a0e0771767d188108dce5cef22e6700c5882d72983c" "/opt/rustwide/cargo-home/bin/cargo" "+1.99.0-beta.8" "metadata" "--no-deps" "--format-version=1", kill_on_drop: false }`
[INFO] running `Command { std: "docker" "inspect" "b448bf37601f0cd026139a0e0771767d188108dce5cef22e6700c5882d72983c", kill_on_drop: false }`
[INFO] running `Command { std: "docker" "exec" "-e" "SOURCE_DIR=/opt/rustwide/workdir" "-e" "CARGO_HOME=/opt/rustwide/cargo-home" "-e" "RUSTUP_HOME=/opt/rustwide/rustup-home" "-e" "CARGO_TARGET_DIR=/opt/rustwide/target" "-e" "CARGO_INCREMENTAL=0" "-e" "RUST_BACKTRACE=full" "-e" "RUSTFLAGS=--cap-lints=warn" "-e" "RUSTDOCFLAGS=--cap-lints=warn" "-w" "/opt/rustwide/workdir" "--user" "0:0" "b448bf37601f0cd026139a0e0771767d188108dce5cef22e6700c5882d72983c" "/opt/rustwide/cargo-home/bin/cargo" "+1.99.0-beta.8" "build" "--frozen" "--message-format=json" "--release", kill_on_drop: false }`
[INFO] [stderr]    Compiling memchr v2.8.0
[INFO] [stderr]    Compiling serde_core v1.0.228
[INFO] [stderr]    Compiling regex-syntax v0.8.10
[INFO] [stderr]    Compiling cfg-if v1.0.4
[INFO] [stderr]    Compiling aho-corasick v1.1.4
[INFO] [stderr]    Compiling syn v2.0.117
[INFO] [stderr]    Compiling libc v0.2.186
[INFO] [stderr]    Compiling portable-atomic v1.13.1
[INFO] [stderr]    Compiling serde v1.0.228
[INFO] [stderr]    Compiling hashbrown v0.17.0
[INFO] [stderr]    Compiling once_cell v1.21.4
[INFO] [stderr]    Compiling indexmap v2.14.0
[INFO] [stderr]    Compiling generic-array v0.14.7
[INFO] [stderr]    Compiling typenum v1.20.0
[INFO] [stderr]    Compiling serde_json v1.0.149
[INFO] [stderr]    Compiling object v0.37.3
[INFO] [stderr]    Compiling regex-automata v0.4.14
[INFO] [stderr]    Compiling find-msvc-tools v0.1.9
[INFO] [stderr]    Compiling cc v1.2.61
[INFO] [stderr]    Compiling parking_lot_core v0.9.12
[INFO] [stderr]    Compiling scopeguard v1.2.0
[INFO] [stderr]    Compiling smallvec v1.15.1
[INFO] [stderr]    Compiling log v0.4.29
[INFO] [stderr]    Compiling lock_api v0.4.14
[INFO] [stderr]    Compiling darling_core v0.20.11
[INFO] [stderr]    Compiling serde_derive v1.0.228
[INFO] [stderr]    Compiling regex v1.12.3
[INFO] [stderr]    Compiling darling_macro v0.20.11
[INFO] [stderr]    Compiling block-buffer v0.10.4
[INFO] [stderr]    Compiling crypto-common v0.1.7
[INFO] [stderr]    Compiling darling v0.20.11
[INFO] [stderr]    Compiling derive_builder_core v0.20.2
[INFO] [stderr]    Compiling num-traits v0.2.19
[INFO] [stderr]    Compiling siphasher v1.0.2
[INFO] [stderr]    Compiling digest v0.10.7
[INFO] [stderr]    Compiling ar_archive_writer v0.5.1
[INFO] [stderr]    Compiling phf_shared v0.11.3
[INFO] [stderr]    Compiling darling_core v0.23.0
[INFO] [stderr]    Compiling parking_lot v0.12.5
[INFO] [stderr]    Compiling tracing-core v0.1.36
[INFO] [stderr]    Compiling keccak v0.1.6
[INFO] [stderr]    Compiling derive_builder_macro v0.20.2
[INFO] [stderr]    Compiling bit-vec v0.8.0
[INFO] [stderr]    Compiling precomputed-hash v0.1.1
[INFO] [stderr]    Compiling either v1.15.0
[INFO] [stderr]    Compiling new_debug_unreachable v1.0.6
[INFO] [stderr]    Compiling term v1.2.1
[INFO] [stderr]    Compiling same-file v1.0.6
[INFO] [stderr]    Compiling fixedbitset v0.5.7
[INFO] [stderr]    Compiling ena v0.14.4
[INFO] [stderr]    Compiling ascii-canvas v4.0.0
[INFO] [stderr]    Compiling walkdir v2.5.0
[INFO] [stderr]    Compiling petgraph v0.7.1
[INFO] [stderr]    Compiling itertools v0.14.0
[INFO] [stderr]    Compiling bit-set v0.8.0
[INFO] [stderr]    Compiling string_cache v0.8.9
[INFO] [stderr]    Compiling psm v0.1.31
[INFO] [stderr]    Compiling sha3 v0.10.9
[INFO] [stderr]    Compiling thiserror-impl v2.0.18
[INFO] [stderr]    Compiling lalrpop-util v0.22.2
[INFO] [stderr]    Compiling zerocopy v0.8.48
[INFO] [stderr]    Compiling pico-args v0.5.0
[INFO] [stderr]    Compiling winnow v1.0.2
[INFO] [stderr]    Compiling num-conv v0.2.1
[INFO] [stderr]    Compiling unicode-xid v0.2.6
[INFO] [stderr]    Compiling semver v1.0.28
[INFO] [stderr]    Compiling tinyvec_macros v0.1.1
[INFO] [stderr]    Compiling time-core v0.1.8
[INFO] [stderr]    Compiling powerfmt v0.2.0
[INFO] [stderr]    Compiling getrandom v0.3.4
[INFO] [stderr]    Compiling rustc_version v0.4.1
[INFO] [stderr]    Compiling lalrpop v0.22.2
[INFO] [stderr]    Compiling deranged v0.5.8
[INFO] [stderr]    Compiling time-macros v0.2.27
[INFO] [stderr]    Compiling tinyvec v1.11.0
[INFO] [stderr]    Compiling thiserror v2.0.18
[INFO] [stderr]    Compiling darling_macro v0.23.0
[INFO] [stderr]    Compiling tracing-attributes v0.1.31
[INFO] [stderr]    Compiling darling v0.23.0
[INFO] [stderr]    Compiling enum-ordinalize-derive v4.3.2
[INFO] [stderr]    Compiling stacker v0.1.24
[INFO] [stderr]    Compiling toml_parser v1.1.2+spec-1.1.0
[INFO] [stderr]    Compiling ref-cast v1.0.25
[INFO] [stderr]    Compiling crunchy v0.2.4
[INFO] [stderr]    Compiling iana-time-zone v0.1.65
[INFO] [stderr]    Compiling sharded-slab v0.1.7
[INFO] [stderr]    Compiling enum-ordinalize v4.3.2
[INFO] [stderr]    Compiling chrono v0.4.44
[INFO] [stderr]    Compiling time v0.3.47
[INFO] [stderr]    Compiling toml_edit v0.25.11+spec-1.1.0
[INFO] [stderr]    Compiling unicode-normalization v0.1.25
[INFO] [stderr]    Compiling tracing v0.1.44
[INFO] [stderr]    Compiling serde_with_macros v3.18.0
[INFO] [stderr]    Compiling rstest_macros v0.26.1
[INFO] [stderr]    Compiling tracing-serde v0.2.0
[INFO] [stderr]    Compiling linked-hash-map v0.5.6
[INFO] [stderr]    Compiling tracing-log v0.2.0
[INFO] [stderr]    Compiling matchers v0.2.0
[INFO] [stderr]    Compiling miette-derive v7.6.0
[INFO] [stderr]    Compiling ref-cast-impl v1.0.25
[INFO] [stderr]    Compiling logos-codegen v0.16.1
[INFO] [stderr]    Compiling thread_local v1.1.9
[INFO] [stderr]    Compiling nu-ansi-term v0.50.3
[INFO] [stderr]    Compiling unicode-script v0.5.8
[INFO] [stderr]    Compiling tiny-keccak v2.0.2
[INFO] [stderr]    Compiling miette v7.6.0
[INFO] [stderr]    Compiling unicode-security v0.1.2
[INFO] [stderr]    Compiling logos-derive v0.16.1
[INFO] [stderr]    Compiling tracing-subscriber v0.3.23
[INFO] [stderr]    Compiling linked_hash_set v0.1.6
[INFO] [stderr]    Compiling serde_with v3.18.0
[INFO] [stderr]    Compiling proc-macro-crate v3.5.0
[INFO] [stderr]    Compiling educe v0.6.0
[INFO] [stderr]    Compiling nonempty v0.12.0
[INFO] [stderr]    Compiling futures-macro v0.3.32
[INFO] [stderr]    Compiling smol_str v0.3.6
[INFO] [stderr]    Compiling unicode-width v0.2.2
[INFO] [stderr]    Compiling glob v0.3.3
[INFO] [stderr]    Compiling bitflags v2.11.1
[INFO] [stderr]    Compiling slab v0.4.12
[INFO] [stderr]    Compiling typed-arena v2.0.2
[INFO] [stderr]    Compiling futures-core v0.3.32
[INFO] [stderr]    Compiling relative-path v1.9.3
[INFO] [stderr]    Compiling rustc-literal-escaper v0.0.7
[INFO] [stderr]    Compiling arrayvec v0.5.2
[INFO] [stderr]    Compiling futures-task v0.3.32
[INFO] [stderr]    Compiling logos v0.16.1
[INFO] [stderr]    Compiling futures-util v0.3.32
[INFO] [stderr]    Compiling derive_builder v0.20.2
[INFO] [stderr]    Compiling crossbeam-epoch v0.9.18
[INFO] [stderr]    Compiling pretty v0.12.5
[INFO] [stderr]    Compiling crossbeam-channel v0.5.15
[INFO] [stderr]    Compiling getrandom v0.2.17
[INFO] [stderr]    Compiling bstr v1.12.1
[INFO] [stderr]    Compiling symlink v0.1.0
[INFO] [stderr]    Compiling cedar-policy v4.10.0
[INFO] [stderr]    Compiling futures-timer v3.0.3
[INFO] [stderr]    Compiling rustix v1.1.4
[INFO] [stderr]    Compiling globset v0.4.18
[INFO] [stderr]    Compiling const-random-macro v0.1.16
[INFO] [stderr]    Compiling tracing-appender v0.2.5
[INFO] [stderr]    Compiling crossbeam-deque v0.8.6
[INFO] [stderr]    Compiling clap_derive v4.6.1
[INFO] [stderr]    Compiling ppv-lite86 v0.2.21
[INFO] [stderr]    Compiling syslog-tracing v0.3.1
[INFO] [stderr]    Compiling rand_core v0.9.5
[INFO] [stderr]    Compiling smartstring v1.0.1
[INFO] [stderr]    Compiling errno v0.3.14
[INFO] [stderr]    Compiling ahash v0.8.12
[INFO] [stderr]    Compiling linux-raw-sys v0.12.1
[INFO] [stderr]    Compiling predicates-core v1.0.10
[INFO] [stderr]    Compiling bounded-vec-deque v0.1.1
[INFO] [stderr]    Compiling signal-hook v0.3.18
[INFO] [stderr]    Compiling cedar-policy-core v4.10.0
[INFO] [stderr]    Compiling doc-comment v0.3.4
[INFO] [stderr]    Compiling rstest v0.26.1
[INFO] [stderr]    Compiling rex-logger v0.1.0
[INFO] [stderr]    Compiling rand_chacha v0.9.0
[INFO] [stderr]    Compiling signal-hook-registry v1.4.8
[INFO] [stderr]    Compiling clap v4.6.1
[INFO] [stderr]    Compiling rex-runner-registrar-utils v0.1.0
[INFO] [stderr]    Compiling ignore v0.4.25
[INFO] [stderr]    Compiling const-random v0.1.18
[INFO] [stderr]    Compiling uuid v1.23.1
[INFO] [stderr]    Compiling whoami v1.6.1
[INFO] [stderr]    Compiling termtree v0.5.1
[INFO] [stderr]    Compiling difflib v0.4.0
[INFO] [stderr]    Compiling fastrand v2.4.1
[INFO] [stderr]    Compiling predicates-tree v1.0.13
[INFO] [stderr]    Compiling predicates v3.1.4
[INFO] [stderr]    Compiling globwalk v0.9.1
[INFO] [stderr]    Compiling tempfile v3.27.0
[INFO] [stderr]    Compiling rhai-sdk-common-utils v0.1.0 (/opt/rustwide/workdir)
[INFO] [stderr]    Compiling rand v0.9.4
[INFO] [stderr]    Compiling derive-getters v0.5.0
[INFO] [stderr]    Compiling rhai_codegen v3.1.0
[INFO] [stderr]    Compiling thin-vec v0.2.16
[INFO] [stderr]    Compiling assert_fs v1.1.3
[INFO] [stderr]    Compiling strum_macros v0.27.2
[INFO] [stderr]    Compiling strum v0.27.2
[INFO] [stderr]    Compiling rhai v1.24.0
[INFO] [stderr]    Compiling cedar-policy-formatter v4.10.0
[INFO] [stderr]    Compiling rex-cedar-auth v0.1.0
[INFO] [stderr]    Compiling rust-sdk-common-utils v0.1.0
[INFO] [stderr]     Finished `release` profile [optimized] target(s) in 8m 45s
[INFO] running `Command { std: "docker" "inspect" "b448bf37601f0cd026139a0e0771767d188108dce5cef22e6700c5882d72983c", kill_on_drop: false }`
[INFO] running `Command { std: "docker" "exec" "-e" "SOURCE_DIR=/opt/rustwide/workdir" "-e" "CARGO_HOME=/opt/rustwide/cargo-home" "-e" "RUSTUP_HOME=/opt/rustwide/rustup-home" "-e" "CARGO_TARGET_DIR=/opt/rustwide/target" "-e" "CARGO_INCREMENTAL=0" "-e" "RUST_BACKTRACE=full" "-e" "RUSTFLAGS=--cap-lints=warn" "-e" "RUSTDOCFLAGS=--cap-lints=warn" "-w" "/opt/rustwide/workdir" "--user" "0:0" "b448bf37601f0cd026139a0e0771767d188108dce5cef22e6700c5882d72983c" "/opt/rustwide/cargo-home/bin/cargo" "+1.99.0-beta.8" "test" "--frozen" "--no-run" "--message-format=json" "--release", kill_on_drop: false }`
[INFO] [stderr]    Compiling rhai-sdk-common-utils v0.1.0 (/opt/rustwide/workdir)
[INFO] [stdout] error[E0433]: cannot find module or crate `rex_test_utils` in this scope
[INFO] [stdout]  --> tests/random.rs:1:5
[INFO] [stdout]   |
[INFO] [stdout] 1 | use rex_test_utils::rhai::common::create_test_engine_and_register;
[INFO] [stdout]   |     ^^^^^^^^^^^^^^ use of unresolved module or unlinked crate `rex_test_utils`
[INFO] [stdout]   |
[INFO] [stdout]   = help: if you wanted to use a crate named `rex_test_utils`, use `cargo add rex_test_utils` to add it to your `Cargo.toml`
[INFO] [stdout] 
[INFO] [stdout] 
[INFO] [stdout] For more information about this error, try `rustc --explain E0433`.
[INFO] [stdout] 
[INFO] [stderr] error: could not compile `rhai-sdk-common-utils` (test "random") due to 1 previous error
[INFO] [stderr] warning: build failed, waiting for other jobs to finish...
[INFO] [stdout] error[E0433]: cannot find module or crate `rex_test_utils` in this scope
[INFO] [stdout]  --> tests/datetime.rs:1:5
[INFO] [stdout]   |
[INFO] [stdout] 1 | use rex_test_utils::assertions::assert_error_contains;
[INFO] [stdout]   |     ^^^^^^^^^^^^^^ use of unresolved module or unlinked crate `rex_test_utils`
[INFO] [stdout]   |
[INFO] [stdout]   = help: if you wanted to use a crate named `rex_test_utils`, use `cargo add rex_test_utils` to add it to your `Cargo.toml`
[INFO] [stdout] 
[INFO] [stdout] 
[INFO] [stdout] error[E0433]: cannot find module or crate `rex_test_utils` in this scope
[INFO] [stdout]  --> tests/datetime.rs:2:5
[INFO] [stdout]   |
[INFO] [stdout] 2 | use rex_test_utils::rhai::common::create_test_engine_and_register;
[INFO] [stdout]   |     ^^^^^^^^^^^^^^ use of unresolved module or unlinked crate `rex_test_utils`
[INFO] [stdout]   |
[INFO] [stdout]   = help: if you wanted to use a crate named `rex_test_utils`, use `cargo add rex_test_utils` to add it to your `Cargo.toml`
[INFO] [stdout] 
[INFO] [stdout] 
[INFO] [stdout] error[E0433]: cannot find module or crate `rex_test_utils` in this scope
[INFO] [stdout]   --> src/duration.rs:26:9
[INFO] [stdout]    |
[INFO] [stdout] 26 |     use rex_test_utils::rhai::common::create_test_engine_and_register;
[INFO] [stdout]    |         ^^^^^^^^^^^^^^ use of unresolved module or unlinked crate `rex_test_utils`
[INFO] [stdout]    |
[INFO] [stdout]    = help: if you wanted to use a crate named `rex_test_utils`, use `cargo add rex_test_utils` to add it to your `Cargo.toml`
[INFO] [stdout] 
[INFO] [stdout] 
[INFO] [stdout] error[E0433]: cannot find module or crate `rex_test_utils` in this scope
[INFO] [stdout]    --> src/registry.rs:260:9
[INFO] [stdout]     |
[INFO] [stdout] 260 |     use rex_test_utils::rhai::common::create_test_engine_and_register;
[INFO] [stdout]     |         ^^^^^^^^^^^^^^ use of unresolved module or unlinked crate `rex_test_utils`
[INFO] [stdout]     |
[INFO] [stdout]     = help: if you wanted to use a crate named `rex_test_utils`, use `cargo add rex_test_utils` to add it to your `Cargo.toml`
[INFO] [stdout] 
[INFO] [stdout] 
[INFO] [stdout] For more information about this error, try `rustc --explain E0433`.
[INFO] [stdout] 
[INFO] [stderr] error: could not compile `rhai-sdk-common-utils` (test "datetime") due to 2 previous errors
[INFO] [stdout] For more information about this error, try `rustc --explain E0433`.
[INFO] [stdout] 
[INFO] [stderr] error: could not compile `rhai-sdk-common-utils` (lib test) due to 2 previous errors
[INFO] running `Command { std: "docker" "inspect" "b448bf37601f0cd026139a0e0771767d188108dce5cef22e6700c5882d72983c", kill_on_drop: false }`
[INFO] running `Command { std: "docker" "rm" "-f" "b448bf37601f0cd026139a0e0771767d188108dce5cef22e6700c5882d72983c", kill_on_drop: false }`
[INFO] [stdout] b448bf37601f0cd026139a0e0771767d188108dce5cef22e6700c5882d72983c
