[INFO] fetching crate rgdb 0.1.6...
[INFO] testing rgdb-0.1.6 against 1.99.0-beta.8+cargoflags=--release for beta-release-1.100-2
[INFO] extracting crate rgdb 0.1.6 into /workspace/builds/worker-4-tc1/source
[INFO] started tweaking crates.io crate rgdb 0.1.6
[INFO] finished tweaking crates.io crate rgdb 0.1.6
[INFO] tweaked toml for crates.io crate rgdb 0.1.6 written to /workspace/builds/worker-4-tc1/source/Cargo.toml
[INFO] validating manifest of crates.io crate rgdb 0.1.6 on toolchain 1.99.0-beta.8
[INFO] running `Command { std: CARGO_HOME="/workspace/cargo-home" RUSTUP_HOME="/workspace/rustup-home" "/workspace/cargo-home/bin/cargo" "+1.99.0-beta.8" "metadata" "--manifest-path" "Cargo.toml" "--no-deps", kill_on_drop: false }`
[INFO] crate crates.io crate rgdb 0.1.6 already has a lockfile, it will not be regenerated
[INFO] running `Command { std: CARGO_HOME="/workspace/cargo-home" RUSTUP_HOME="/workspace/rustup-home" "/workspace/cargo-home/bin/cargo" "+1.99.0-beta.8" "fetch" "--manifest-path" "Cargo.toml", kill_on_drop: false }`
[INFO] [stderr]     Updating crates.io index
[INFO] [stderr]  Downloading crates ...
[INFO] [stderr]   Downloaded which v7.0.3
[INFO] [stderr]   Downloaded vergen-gix v1.0.9
[INFO] [stderr]   Downloaded gix-trace v0.1.12
[INFO] [stderr]   Downloaded camino v1.1.9
[INFO] [stderr]   Downloaded gix-actor v0.34.0
[INFO] [stderr]   Downloaded gix-validate v0.9.4
[INFO] [stderr]   Downloaded gix-hash v0.18.0
[INFO] [stderr]   Downloaded gix-utils v0.2.0
[INFO] [stderr]   Downloaded gix-hashtable v0.8.1
[INFO] [stderr]   Downloaded gix-utils v0.3.0
[INFO] [stderr]   Downloaded gix-chunk v0.4.11
[INFO] [stderr]   Downloaded gix-lock v17.1.0
[INFO] [stderr]   Downloaded gix-quote v0.5.0
[INFO] [stderr]   Downloaded gix-validate v0.10.0
[INFO] [stderr]   Downloaded faster-hex v0.9.0
[INFO] [stderr]   Downloaded gix-date v0.9.4
[INFO] [stderr]   Downloaded gix-bitmap v0.2.14
[INFO] [stderr]   Downloaded gix-ignore v0.14.0
[INFO] [stderr]   Downloaded gix-glob v0.19.0
[INFO] [stderr]   Downloaded gix-config-value v0.14.12
[INFO] [stderr]   Downloaded gix-sec v0.10.12
[INFO] [stderr]   Downloaded gix-command v0.5.0
[INFO] [stderr]   Downloaded gix-shallow v0.3.0
[INFO] [stderr]   Downloaded tui-widgets v0.4.1
[INFO] [stderr]   Downloaded signal-hook-mio v0.2.4
[INFO] [stderr]   Downloaded ratatui-macros v0.6.0
[INFO] [stderr]   Downloaded derive_setters v0.1.6
[INFO] [stderr]   Downloaded derive-getters v0.5.0
[INFO] [stderr]   Downloaded async-channel v2.3.1
[INFO] [stderr]   Downloaded vergen-lib v0.1.6
[INFO] [stderr]   Downloaded vergen v9.0.6
[INFO] [stderr]   Downloaded gix-worktree v0.40.0
[INFO] [stderr]   Downloaded gix-path v0.10.17
[INFO] [stderr]   Downloaded gix-features v0.42.1
[INFO] [stderr]   Downloaded gix-hash v0.17.0
[INFO] [stderr]   Downloaded gix-features v0.41.1
[INFO] [stderr]   Downloaded gix-traverse v0.45.0
[INFO] [stderr]   Downloaded gix-revwalk v0.19.0
[INFO] [stderr]   Downloaded gix-commitgraph v0.27.0
[INFO] [stderr]   Downloaded gix-tempfile v17.1.0
[INFO] [stderr]   Downloaded gix-fs v0.15.0
[INFO] [stderr]   Downloaded gix-fs v0.14.0
[INFO] [stderr]   Downloaded gix-attributes v0.25.0
[INFO] [stderr]   Downloaded kstring v2.0.2
[INFO] [stderr]   Downloaded gix-url v0.30.0
[INFO] [stderr]   Downloaded gix-submodule v0.18.0
[INFO] [stderr]   Downloaded gix-refspec v0.29.0
[INFO] [stderr]   Downloaded gix-revision v0.33.0
[INFO] [stderr]   Downloaded gix-pathspec v0.10.0
[INFO] [stderr]   Downloaded gix-filter v0.18.0
[INFO] [stderr]   Downloaded gix-packetline-blocking v0.18.3
[INFO] [stderr]   Downloaded gix-discover v0.39.0
[INFO] [stderr]   Downloaded maybe-async v0.2.10
[INFO] [stderr]   Downloaded gix-packetline v0.18.4
[INFO] [stderr]   Downloaded clru v0.6.2
[INFO] [stderr]   Downloaded tui-scrollview v0.5.1
[INFO] [stderr]   Downloaded toml_write v0.1.1
[INFO] [stderr]   Downloaded toml_datetime v0.6.9
[INFO] [stderr]   Downloaded indoc v2.0.6
[INFO] [stderr]   Downloaded tui-prompts v0.5.0
[INFO] [stderr]   Downloaded tui-popup v0.6.0
[INFO] [stderr]   Downloaded tui-big-text v0.7.1
[INFO] [stderr]   Downloaded font8x8 v0.3.1
[INFO] [stderr]   Downloaded tui-term v0.2.0
[INFO] [stderr]   Downloaded onig v6.4.0
[INFO] [stderr]   Downloaded futures-lite v2.6.0
[INFO] [stderr]   Downloaded blocking v1.6.1
[INFO] [stderr]   Downloaded event-listener v5.4.0
[INFO] [stderr]   Downloaded async-process v2.3.0
[INFO] [stderr]   Downloaded async-signal v0.2.10
[INFO] [stderr]   Downloaded async-fs v2.1.2
[INFO] [stderr]   Downloaded async-executor v1.13.2
[INFO] [stderr]   Downloaded serial2 v0.2.29
[INFO] [stderr]   Downloaded lalrpop-util v0.22.1
[INFO] [stderr]   Downloaded term v1.0.2
[INFO] [stderr]   Downloaded ena v0.14.3
[INFO] [stderr]   Downloaded pest_derive v2.8.0
[INFO] [stderr]   Downloaded pest_generator v2.8.0
[INFO] [stderr]   Downloaded signal-hook v0.3.17
[INFO] [stderr]   Downloaded gix-object v0.48.0
[INFO] [stderr]   Downloaded gix-index v0.39.0
[INFO] [stderr]   Downloaded gix-ref v0.51.0
[INFO] [stderr]   Downloaded gix-status v0.18.0
[INFO] [stderr]   Downloaded gix-dir v0.13.0
[INFO] [stderr]   Downloaded gix-diff v0.51.0
[INFO] [stderr]   Downloaded gix-protocol v0.49.0
[INFO] [stderr]   Downloaded gix-transport v0.46.0
[INFO] [stderr]   Downloaded gix-odb v0.68.0
[INFO] [stderr]   Downloaded rstest v0.23.0
[INFO] [stderr]   Downloaded rstest_macros v0.23.0
[INFO] [stderr]   Downloaded async-lock v3.4.0
[INFO] [stderr]   Downloaded async-io v2.4.0
[INFO] [stderr]   Downloaded winnow v0.7.8
[INFO] [stderr]   Downloaded prodash v29.0.2
[INFO] [stderr]   Downloaded jiff-static v0.2.11
[INFO] [stderr]   Downloaded gix-config v0.44.0
[INFO] [stderr]   Downloaded gix-pack v0.58.0
[INFO] [stderr]   Downloaded toml_edit v0.22.26
[INFO] [stderr]   Downloaded cc v1.2.21
[INFO] [stderr]   Downloaded plist v1.7.1
[INFO] [stderr]   Downloaded portable-atomic v1.11.0
[INFO] [stderr]   Downloaded imara-diff v0.1.8
[INFO] [stderr]   Downloaded pest v2.8.0
[INFO] [stderr]   Downloaded gix v0.71.0
[INFO] [stderr]   Downloaded lalrpop v0.22.1
[INFO] [stderr]   Downloaded pest_meta v2.8.0
[INFO] [stderr]   Downloaded jiff v0.2.11
[INFO] [stderr]   Downloaded syntect v5.2.0
[INFO] [stderr]   Downloaded onig_sys v69.8.1
[INFO] [stderr]   Downloaded human-panic v2.0.2
[INFO] [stderr]   Downloaded os_info v3.10.0
[INFO] [stderr]   Downloaded redox_users v0.5.0
[INFO] [stderr]   Downloaded derive_deref v1.1.1
[INFO] [stderr]   Downloaded convert_case v0.7.1
[INFO] [stderr]   Downloaded config v0.15.11
[INFO] [stderr]   Downloaded toml v0.8.22
[INFO] [stderr]   Downloaded yaml-rust2 v0.10.1
[INFO] [stderr]   Downloaded indenter v0.3.3
[INFO] [stderr]   Downloaded rust-ini v0.21.1
[INFO] [stderr]   Downloaded owo-colors v3.5.0
[INFO] [stderr]   Downloaded color-spantrace v0.2.1
[INFO] [stderr]   Downloaded arboard v3.5.0
[INFO] [stderr]   Downloaded bytemuck v1.23.0
[INFO] [stderr]   Downloaded better-panic v0.3.0
[INFO] [stderr]   Downloaded objc2 v0.6.1
[INFO] [stderr]   Downloaded objc2-io-surface v0.3.1
[INFO] [stderr]   Downloaded objc2-core-graphics v0.3.1
[INFO] [stderr]   Downloaded color-eyre v0.6.3
[INFO] [stderr]   Downloaded objc2-app-kit v0.3.1
[INFO] [stderr]   Downloaded image v0.25.6
[INFO] [stderr]   Downloaded weezl v0.1.8
[INFO] [stderr]   Downloaded tiff v0.9.1
[INFO] [stderr]   Downloaded jpeg-decoder v0.3.1
[INFO] running `Command { std: "docker" "create" "-v" "/var/lib/crater-agent-workspace/builds/worker-4-tc1/source:/opt/rustwide/workdir:ro,Z" "-v" "/var/lib/crater-agent-workspace/builds/worker-4-tc1/target:/opt/rustwide/target:rw,Z" "-v" "/var/lib/crater-agent-workspace/cargo-home:/opt/rustwide/cargo-home:ro,Z" "-v" "/var/lib/crater-agent-workspace/rustup-home:/opt/rustwide/rustup-home:ro,Z" "-m" "1610612736" "--network" "none" "ghcr.io/rust-lang/crates-build-env/linux@sha256:77db811e55d90add9212f6832c23229e3de5f1c1f9905e8cb07319ea15df73ac" "sleep" "infinity", kill_on_drop: false }`
[INFO] [stdout] e1fcf13b61267f6a7f8e0f9334a814bf345665d6a1a42762e96feb7d35a1ec83
[INFO] running `Command { std: "docker" "start" "e1fcf13b61267f6a7f8e0f9334a814bf345665d6a1a42762e96feb7d35a1ec83", kill_on_drop: false }`
[INFO] running `Command { std: "docker" "inspect" "e1fcf13b61267f6a7f8e0f9334a814bf345665d6a1a42762e96feb7d35a1ec83", kill_on_drop: false }`
[INFO] running `Command { std: "docker" "exec" "-e" "SOURCE_DIR=/opt/rustwide/workdir" "-e" "CARGO_HOME=/opt/rustwide/cargo-home" "-e" "RUSTUP_HOME=/opt/rustwide/rustup-home" "-e" "CARGO_TARGET_DIR=/opt/rustwide/target" "-w" "/opt/rustwide/workdir" "--user" "0:0" "e1fcf13b61267f6a7f8e0f9334a814bf345665d6a1a42762e96feb7d35a1ec83" "/opt/rustwide/cargo-home/bin/cargo" "+1.99.0-beta.8" "metadata" "--no-deps" "--format-version=1", kill_on_drop: false }`
[INFO] running `Command { std: "docker" "inspect" "e1fcf13b61267f6a7f8e0f9334a814bf345665d6a1a42762e96feb7d35a1ec83", kill_on_drop: false }`
[INFO] running `Command { std: "docker" "exec" "-e" "SOURCE_DIR=/opt/rustwide/workdir" "-e" "CARGO_HOME=/opt/rustwide/cargo-home" "-e" "RUSTUP_HOME=/opt/rustwide/rustup-home" "-e" "CARGO_TARGET_DIR=/opt/rustwide/target" "-e" "CARGO_INCREMENTAL=0" "-e" "RUST_BACKTRACE=full" "-e" "RUSTFLAGS=--cap-lints=warn" "-e" "RUSTDOCFLAGS=--cap-lints=warn" "-w" "/opt/rustwide/workdir" "--user" "0:0" "e1fcf13b61267f6a7f8e0f9334a814bf345665d6a1a42762e96feb7d35a1ec83" "/opt/rustwide/cargo-home/bin/cargo" "+1.99.0-beta.8" "build" "--frozen" "--message-format=json" "--release", kill_on_drop: false }`
[INFO] [stderr]    Compiling autocfg v1.4.0
[INFO] [stderr]    Compiling memchr v2.7.4
[INFO] [stderr]    Compiling libc v0.2.172
[INFO] [stderr]    Compiling parking_lot_core v0.9.10
[INFO] [stderr]    Compiling regex-syntax v0.8.5
[INFO] [stderr]    Compiling smallvec v1.15.0
[INFO] [stderr]    Compiling serde v1.0.219
[INFO] [stderr]    Compiling syn v2.0.101
[INFO] [stderr]    Compiling tinyvec v1.9.0
[INFO] [stderr]    Compiling fastrand v2.3.0
[INFO] [stderr]    Compiling gix-trace v0.1.12
[INFO] [stderr]    Compiling lock_api v0.4.12
[INFO] [stderr]    Compiling log v0.4.27
[INFO] [stderr]    Compiling home v0.5.11
[INFO] [stderr]    Compiling aho-corasick v1.1.3
[INFO] [stderr]    Compiling stable_deref_trait v1.2.0
[INFO] [stderr]    Compiling typenum v1.18.0
[INFO] [stderr]    Compiling adler2 v2.0.0
[INFO] [stderr]    Compiling miniz_oxide v0.8.8
[INFO] [stderr]    Compiling unicode-normalization v0.1.24
[INFO] [stderr]    Compiling parking_lot v0.12.3
[INFO] [stderr]    Compiling generic-array v0.14.7
[INFO] [stderr]    Compiling prodash v29.0.2
[INFO] [stderr]    Compiling crc32fast v1.4.2
[INFO] [stderr]    Compiling bitflags v2.9.0
[INFO] [stderr]    Compiling flate2 v1.1.1
[INFO] [stderr]    Compiling winnow v0.7.8
[INFO] [stderr]    Compiling ahash v0.8.11
[INFO] [stderr]    Compiling block-buffer v0.10.4
[INFO] [stderr]    Compiling crypto-common v0.1.6
[INFO] [stderr]    Compiling regex-automata v0.4.9
[INFO] [stderr]    Compiling digest v0.10.7
[INFO] [stderr]    Compiling rustversion v1.0.20
[INFO] [stderr]    Compiling gix-utils v0.3.0
[INFO] [stderr]    Compiling zerocopy v0.7.35
[INFO] [stderr]    Compiling gix-features v0.42.1
[INFO] [stderr]    Compiling sha1 v0.10.6
[INFO] [stderr]    Compiling itoa v1.0.15
[INFO] [stderr]    Compiling allocator-api2 v0.2.21
[INFO] [stderr]    Compiling sha1-checked v0.10.0
[INFO] [stderr]    Compiling hash32 v0.3.1
[INFO] [stderr]    Compiling heapless v0.8.0
[INFO] [stderr]    Compiling getrandom v0.3.2
[INFO] [stderr]    Compiling jiff v0.2.11
[INFO] [stderr]    Compiling hashbrown v0.14.5
[INFO] [stderr]    Compiling memmap2 v0.9.5
[INFO] [stderr]    Compiling rustix v1.0.7
[INFO] [stderr]    Compiling linux-raw-sys v0.9.4
[INFO] [stderr]    Compiling crossbeam-utils v0.8.21
[INFO] [stderr]    Compiling rustix v0.38.44
[INFO] [stderr]    Compiling signal-hook v0.3.17
[INFO] [stderr]    Compiling hashbrown v0.15.3
[INFO] [stderr]    Compiling signal-hook-registry v1.4.5
[INFO] [stderr]    Compiling foldhash v0.1.5
[INFO] [stderr]    Compiling linux-raw-sys v0.4.15
[INFO] [stderr]    Compiling dashmap v6.1.0
[INFO] [stderr]    Compiling synstructure v0.13.2
[INFO] [stderr]    Compiling darling_core v0.20.11
[INFO] [stderr]    Compiling bstr v1.12.0
[INFO] [stderr]    Compiling futures-io v0.3.31
[INFO] [stderr]    Compiling litemap v0.7.5
[INFO] [stderr]    Compiling writeable v0.5.5
[INFO] [stderr]    Compiling tempfile v3.19.1
[INFO] [stderr]    Compiling icu_locid_transform_data v1.5.1
[INFO] [stderr]    Compiling slab v0.4.9
[INFO] [stderr]    Compiling semver v1.0.26
[INFO] [stderr]    Compiling gix-utils v0.2.0
[INFO] [stderr]    Compiling icu_properties_data v1.5.1
[INFO] [stderr]    Compiling icu_normalizer_data v1.5.1
[INFO] [stderr]    Compiling unicode-bom v2.0.3
[INFO] [stderr]    Compiling mio v1.0.3
[INFO] [stderr]    Compiling static_assertions v1.1.0
[INFO] [stderr]    Compiling kstring v2.0.2
[INFO] [stderr]    Compiling tracing-core v0.1.33
[INFO] [stderr]    Compiling write16 v1.0.0
[INFO] [stderr]    Compiling utf16_iter v1.0.5
[INFO] [stderr]    Compiling serde_derive v1.0.219
[INFO] [stderr]    Compiling thiserror-impl v2.0.12
[INFO] [stderr]    Compiling zerofrom-derive v0.1.6
[INFO] [stderr]    Compiling yoke-derive v0.7.5
[INFO] [stderr]    Compiling zerovec-derive v0.10.3
[INFO] [stderr]    Compiling darling_macro v0.20.11
[INFO] [stderr]    Compiling displaydoc v0.2.5
[INFO] [stderr]    Compiling darling v0.20.11
[INFO] [stderr]    Compiling icu_provider_macros v1.5.0
[INFO] [stderr]    Compiling thiserror v2.0.12
[INFO] [stderr]    Compiling gix-validate v0.10.0
[INFO] [stderr]    Compiling gix-date v0.9.4
[INFO] [stderr]    Compiling gix-validate v0.9.4
[INFO] [stderr]    Compiling gix-path v0.10.17
[INFO] [stderr]    Compiling gix-chunk v0.4.11
[INFO] [stderr]    Compiling zerofrom v0.1.6
[INFO] [stderr]    Compiling gix-quote v0.5.0
[INFO] [stderr]    Compiling gix-actor v0.34.0
[INFO] [stderr]    Compiling yoke v0.7.5
[INFO] [stderr]    Compiling concurrent-queue v2.5.0
[INFO] [stderr]    Compiling utf8_iter v1.0.4
[INFO] [stderr]    Compiling gix-features v0.41.1
[INFO] [stderr]    Compiling gix-fs v0.15.0
[INFO] [stderr]    Compiling zerovec v0.10.4
[INFO] [stderr]    Compiling either v1.15.0
[INFO] [stderr]    Compiling cc v1.2.21
[INFO] [stderr]    Compiling tracing-attributes v0.1.28
[INFO] [stderr]    Compiling gix-tempfile v17.1.0
[INFO] [stderr]    Compiling gix-fs v0.14.0
[INFO] [stderr]    Compiling gix-glob v0.19.0
[INFO] [stderr]    Compiling gix-lock v17.1.0
[INFO] [stderr]    Compiling tinystr v0.7.6
[INFO] [stderr]    Compiling icu_collections v1.5.0
[INFO] [stderr]    Compiling gix-attributes v0.25.0
[INFO] [stderr]    Compiling indexmap v2.9.0
[INFO] [stderr]    Compiling icu_locid v1.5.0
[INFO] [stderr]    Compiling gix-sec v0.10.12
[INFO] [stderr]    Compiling signal-hook-mio v0.2.4
[INFO] [stderr]    Compiling tracing v0.1.41
[INFO] [stderr]    Compiling event-listener v5.4.0
[INFO] [stderr]    Compiling gix-config-value v0.14.12
[INFO] [stderr]    Compiling icu_provider v1.5.0
[INFO] [stderr]    Compiling derive_builder_core v0.20.2
[INFO] [stderr]    Compiling regex v1.11.1
[INFO] [stderr]    Compiling percent-encoding v2.3.1
[INFO] [stderr]    Compiling unicode-width v0.2.0
[INFO] [stderr]    Compiling icu_locid_transform v1.5.0
[INFO] [stderr]    Compiling shell-words v1.1.0
[INFO] [stderr]    Compiling form_urlencoded v1.2.1
[INFO] [stderr]    Compiling event-listener-strategy v0.5.4
[INFO] [stderr]    Compiling itertools v0.13.0
[INFO] [stderr]    Compiling gix-command v0.5.0
[INFO] [stderr]    Compiling gix-bitmap v0.2.14
[INFO] [stderr]    Compiling strum_macros v0.26.4
[INFO] [stderr]    Compiling castaway v0.2.3
[INFO] [stderr]    Compiling filetime v0.2.25
[INFO] [stderr]    Compiling indoc v2.0.6
[INFO] [stderr]    Compiling crunchy v0.2.3
[INFO] [stderr]    Compiling instability v0.3.7
[INFO] [stderr]    Compiling icu_properties v1.5.1
[INFO] [stderr]    Compiling derive_builder_macro v0.20.2
[INFO] [stderr]    Compiling futures-lite v2.6.0
[INFO] [stderr]    Compiling gix-pathspec v0.10.0
[INFO] [stderr]    Compiling gix-ignore v0.14.0
[INFO] [stderr]    Compiling strum v0.26.3
[INFO] [stderr]    Compiling lru v0.12.5
[INFO] [stderr]    Compiling cassowary v0.3.0
[INFO] [stderr]    Compiling futures-channel v0.3.31
[INFO] [stderr]    Compiling unicode-truncate v1.1.0
[INFO] [stderr]    Compiling futures-macro v0.3.31
[INFO] [stderr]    Compiling encoding_rs v0.8.35
[INFO] [stderr]    Compiling camino v1.1.9
[INFO] [stderr]    Compiling icu_normalizer v1.5.0
[INFO] [stderr]    Compiling simd-adler32 v0.3.7
[INFO] [stderr]    Compiling faster-hex v0.9.0
[INFO] [stderr]    Compiling faster-hex v0.10.0
[INFO] [stderr]    Compiling gix-hash v0.17.0
[INFO] [stderr]    Compiling gix-hash v0.18.0
[INFO] [stderr]    Compiling idna_adapter v1.2.0
[INFO] [stderr]    Compiling compact_str v0.8.1
[INFO] [stderr]    Compiling idna v1.0.3
[INFO] [stderr]    Compiling gix-commitgraph v0.27.0
[INFO] [stderr]    Compiling rustc_version v0.4.1
[INFO] [stderr]    Compiling gix-hashtable v0.8.1
[INFO] [stderr]    Compiling gix-object v0.48.0
[INFO] [stderr]    Compiling gix-packetline-blocking v0.18.3
[INFO] [stderr]    Compiling url v2.5.4
[INFO] [stderr]    Compiling toml_datetime v0.6.9
[INFO] [stderr]    Compiling serde_json v1.0.140
[INFO] [stderr]    Compiling futures-util v0.3.31
[INFO] [stderr]    Compiling toml_edit v0.22.26
[INFO] [stderr]    Compiling gix-url v0.30.0
[INFO] [stderr]    Compiling rstest_macros v0.23.0
[INFO] [stderr]    Compiling gix-revwalk v0.19.0
[INFO] [stderr]    Compiling gix-ref v0.51.0
[INFO] [stderr]    Compiling gix-traverse v0.45.0
[INFO] [stderr]    Compiling gix-index v0.39.0
[INFO] [stderr]    Compiling gix-discover v0.39.0
[INFO] [stderr]    Compiling gix-worktree v0.40.0
[INFO] [stderr]    Compiling gix-revision v0.33.0
[INFO] [stderr]    Compiling gix-filter v0.18.0
[INFO] [stderr]    Compiling gix-packetline v0.18.4
[INFO] [stderr]    Compiling tiny-keccak v2.0.2
[INFO] [stderr]    Compiling async-lock v3.4.0
[INFO] [stderr]    Compiling anyhow v1.0.98
[INFO] [stderr]    Compiling imara-diff v0.1.8
[INFO] [stderr]    Compiling vergen-lib v0.1.6
[INFO] [stderr]    Compiling getrandom v0.2.16
[INFO] [stderr]    Compiling ryu v1.0.20
[INFO] [stderr]    Compiling clru v0.6.2
[INFO] [stderr]    Compiling gix-pack v0.58.0
[INFO] [stderr]    Compiling crossterm v0.28.1
[INFO] [stderr]    Compiling polling v3.7.4
[INFO] [stderr]    Compiling ratatui v0.29.0
[INFO] [stderr]    Compiling deranged v0.4.0
[INFO] [stderr]    Compiling const-random-macro v0.1.16
[INFO] [stderr]    Compiling pest v2.8.0
[INFO] [stderr]    Compiling gix-diff v0.51.0
[INFO] [stderr]    Compiling futures-executor v0.3.31
[INFO] [stderr]    Compiling gix-refspec v0.29.0
[INFO] [stderr]    Compiling gix-transport v0.46.0
[INFO] [stderr]    Compiling gix-dir v0.13.0
[INFO] [stderr]    Compiling gix-config v0.44.0
[INFO] [stderr]    Compiling proc-macro-crate v3.3.0
[INFO] [stderr]    Compiling gix-shallow v0.3.0
[INFO] [stderr]    Compiling cargo-platform v0.1.9
[INFO] [stderr]    Compiling derive_builder v0.20.2
[INFO] [stderr]    Compiling async-channel v2.3.1
[INFO] [stderr]    Compiling backtrace v0.3.71
[INFO] [stderr]    Compiling maybe-async v0.2.10
[INFO] [stderr]    Compiling vergen v9.0.6
[INFO] [stderr]    Compiling time-core v0.1.4
[INFO] [stderr]    Compiling relative-path v1.9.3
[INFO] [stderr]    Compiling num-conv v0.1.0
[INFO] [stderr]    Compiling arc-swap v1.7.1
[INFO] [stderr]    Compiling siphasher v1.0.1
[INFO] [stderr]    Compiling num_threads v0.1.7
[INFO] [stderr]    Compiling glob v0.3.2
[INFO] [stderr]    Compiling gimli v0.28.1
[INFO] [stderr]    Compiling overload v0.1.1
[INFO] [stderr]    Compiling miniz_oxide v0.7.4
[INFO] [stderr]    Compiling nu-ansi-term v0.46.0
[INFO] [stderr]    Compiling gix-protocol v0.49.0
[INFO] [stderr]    Compiling gix-submodule v0.18.0
[INFO] [stderr]    Compiling gix-odb v0.68.0
[INFO] [stderr]    Compiling phf_shared v0.11.3
[INFO] [stderr]    Compiling piper v0.2.4
[INFO] [stderr]    Compiling time v0.3.41
[INFO] [stderr]    Compiling onig_sys v69.8.1
[INFO] [stderr]    Compiling cargo_metadata v0.19.2
[INFO] [stderr]    Compiling gix-status v0.18.0
[INFO] [stderr]    Compiling pest_meta v2.8.0
[INFO] [stderr]    Compiling futures v0.3.31
[INFO] [stderr]    Compiling matchers v0.1.0
[INFO] [stderr]    Compiling const-random v0.1.18
[INFO] [stderr]    Compiling async-io v2.4.0
[INFO] [stderr]    Compiling addr2line v0.21.0
[INFO] [stderr]    Compiling serde_spanned v0.6.8
[INFO] [stderr]    Compiling anstyle-parse v0.2.6
[INFO] [stderr]    Compiling tracing-log v0.2.0
[INFO] [stderr]    Compiling thiserror-impl v1.0.69
[INFO] [stderr]    Compiling thread_local v1.1.8
[INFO] [stderr]    Compiling object v0.32.2
[INFO] [stderr]    Compiling vergen-gix v1.0.9
[INFO] [stderr]    Compiling term v1.0.2
[INFO] [stderr]    Compiling num-traits v0.2.19
[INFO] [stderr]    Compiling keccak v0.1.5
[INFO] [stderr]    Compiling futures-timer v3.0.3
[INFO] [stderr]    Compiling litrs v0.4.1
[INFO] [stderr]    Compiling is_terminal_polyfill v1.70.1
[INFO] [stderr]    Compiling new_debug_unreachable v1.0.6
[INFO] [stderr]    Compiling rustc-demangle v0.1.24
[INFO] [stderr]    Compiling anstyle v1.0.10
[INFO] [stderr]    Compiling anstyle-query v1.1.2
[INFO] [stderr]    Compiling bit-vec v0.8.0
[INFO] [stderr]    Compiling toml_write v0.1.1
[INFO] [stderr]    Compiling precomputed-hash v0.1.1
[INFO] [stderr]    Compiling fixedbitset v0.5.7
[INFO] [stderr]    Compiling colorchoice v1.0.3
[INFO] [stderr]    Compiling cfg_aliases v0.1.1
[INFO] [stderr]    Compiling anstream v0.6.18
[INFO] [stderr]    Compiling nix v0.28.0
[INFO] [stderr]    Compiling bit-set v0.8.0
[INFO] [stderr]    Compiling petgraph v0.7.1
[INFO] [stderr]    Compiling string_cache v0.8.9
[INFO] [stderr]    Compiling convert_case v0.7.1
[INFO] [stderr]    Compiling document-features v0.2.11
[INFO] [stderr]    Compiling thiserror v1.0.69
[INFO] [stderr]    Compiling rstest v0.23.0
[INFO] [stderr]    Compiling itertools v0.14.0
[INFO] [stderr]    Compiling sha3 v0.10.8
[INFO] [stderr]    Compiling ascii-canvas v4.0.0
[INFO] [stderr]    Compiling tracing-subscriber v0.3.19
[INFO] [stderr]    Compiling pest_generator v2.8.0
[INFO] [stderr]    Compiling dlv-list v0.5.2
[INFO] [stderr]    Compiling gix v0.71.0
[INFO] [stderr]    Compiling blocking v1.6.1
[INFO] [stderr]    Compiling fdeflate v0.3.7
[INFO] [stderr]    Compiling lalrpop-util v0.22.1
[INFO] [stderr]    Compiling ena v0.14.3
[INFO] [stderr]    Compiling vte_generate_state_changes v0.1.2
[INFO] [stderr]    Compiling unicode-xid v0.2.6
[INFO] [stderr]    Compiling eyre v0.6.12
[INFO] [stderr]    Compiling pico-args v0.5.0
[INFO] [stderr]    Compiling vte v0.11.1
[INFO] [stderr]    Compiling lalrpop v0.22.1
[INFO] [stderr]    Compiling ordered-multimap v0.7.3
[INFO] [stderr]    Compiling toml v0.8.22
[INFO] [stderr] warning: onig_sys@69.8.1: oniguruma/src/regparse.c: In function 'onig_st_init_strend_table_with_size':
[INFO] [stderr] warning: onig_sys@69.8.1: oniguruma/src/regparse.c:588:5: error: initialization of 'int (*)(void)' from incompatible pointer type 'int (*)(st_str_end_key *, st_str_end_key *)' [-Wincompatible-pointer-types]
[INFO] [stderr] warning: onig_sys@69.8.1:   588 |     str_end_cmp,
[INFO] [stderr] warning: onig_sys@69.8.1:       |     ^~~~~~~~~~~
[INFO] [stderr] warning: onig_sys@69.8.1: oniguruma/src/regparse.c:588:5: note: (near initialization for 'hashType.compare')
[INFO] [stderr] warning: onig_sys@69.8.1: oniguruma/src/regparse.c:550:1: note: 'str_end_cmp' declared here
[INFO] [stderr] warning: onig_sys@69.8.1:   550 | str_end_cmp(st_str_end_key* x, st_str_end_key* y)
[INFO] [stderr] warning: onig_sys@69.8.1:       | ^~~~~~~~~~~
[INFO] [stderr] warning: onig_sys@69.8.1: oniguruma/src/regparse.c:589:5: error: initialization of 'int (*)(void)' from incompatible pointer type 'int (*)(st_str_end_key *)' [-Wincompatible-pointer-types]
[INFO] [stderr] warning: onig_sys@69.8.1:   589 |     str_end_hash,
[INFO] [stderr] warning: onig_sys@69.8.1:       |     ^~~~~~~~~~~~
[INFO] [stderr] warning: onig_sys@69.8.1: oniguruma/src/regparse.c:589:5: note: (near initialization for 'hashType.hash')
[INFO] [stderr] warning: onig_sys@69.8.1: oniguruma/src/regparse.c:571:1: note: 'str_end_hash' declared here
[INFO] [stderr] warning: onig_sys@69.8.1:   571 | str_end_hash(st_str_end_key* x)
[INFO] [stderr] warning: onig_sys@69.8.1:       | ^~~~~~~~~~~~
[INFO] [stderr] warning: onig_sys@69.8.1: oniguruma/src/regparse.c: In function 'onig_st_init_callout_name_table_with_size':
[INFO] [stderr] warning: onig_sys@69.8.1: oniguruma/src/regparse.c:678:5: error: initialization of 'int (*)(void)' from incompatible pointer type 'int (*)(st_callout_name_key *, st_callout_name_key *)' [-Wincompatible-pointer-types]
[INFO] [stderr] warning: onig_sys@69.8.1:   678 |     callout_name_table_cmp,
[INFO] [stderr] warning: onig_sys@69.8.1:       |     ^~~~~~~~~~~~~~~~~~~~~~
[INFO] [stderr] warning: onig_sys@69.8.1: oniguruma/src/regparse.c:678:5: note: (near initialization for 'hashType.compare')
[INFO] [stderr] warning: onig_sys@69.8.1: oniguruma/src/regparse.c:637:1: note: 'callout_name_table_cmp' declared here
[INFO] [stderr] warning: onig_sys@69.8.1:   637 | callout_name_table_cmp(st_callout_name_key* x, st_callout_name_key* y)
[INFO] [stderr] warning: onig_sys@69.8.1:       | ^~~~~~~~~~~~~~~~~~~~~~
[INFO] [stderr] warning: onig_sys@69.8.1: oniguruma/src/regparse.c:679:5: error: initialization of 'int (*)(void)' from incompatible pointer type 'int (*)(st_callout_name_key *)' [-Wincompatible-pointer-types]
[INFO] [stderr] warning: onig_sys@69.8.1:   679 |     callout_name_table_hash,
[INFO] [stderr] warning: onig_sys@69.8.1:       |     ^~~~~~~~~~~~~~~~~~~~~~~
[INFO] [stderr] warning: onig_sys@69.8.1: oniguruma/src/regparse.c:679:5: note: (near initialization for 'hashType.hash')
[INFO] [stderr] warning: onig_sys@69.8.1: oniguruma/src/regparse.c:660:1: note: 'callout_name_table_hash' declared here
[INFO] [stderr] warning: onig_sys@69.8.1:   660 | callout_name_table_hash(st_callout_name_key* x)
[INFO] [stderr] warning: onig_sys@69.8.1:       | ^~~~~~~~~~~~~~~~~~~~~~~
[INFO] [stderr] warning: onig_sys@69.8.1: oniguruma/src/regparse.c: In function 'names_clear':
[INFO] [stderr] warning: onig_sys@69.8.1: oniguruma/src/regparse.c:804:24: error: passing argument 2 of 'onig_st_foreach' from incompatible pointer type [-Wincompatible-pointer-types]
[INFO] [stderr] warning: onig_sys@69.8.1:   804 |     onig_st_foreach(t, i_free_name_entry, 0);
[INFO] [stderr] warning: onig_sys@69.8.1:       |                        ^~~~~~~~~~~~~~~~~
[INFO] [stderr] warning: onig_sys@69.8.1:       |                        |
[INFO] [stderr] warning: onig_sys@69.8.1:       |                        int (*)(OnigUChar *, NameEntry *, void *) {aka int (*)(unsigned char *, NameEntry *, void *)}
[INFO] [stderr] warning: onig_sys@69.8.1: In file included from oniguruma/src/regparse.c:37:
[INFO] [stderr] warning: onig_sys@69.8.1: oniguruma/src/st.h:55:31: note: expected 'int (*)(void)' but argument is of type 'int (*)(OnigUChar *, NameEntry *, void *)' {aka 'int (*)(unsigned char *, NameEntry *, void *)'}
[INFO] [stderr] warning: onig_sys@69.8.1:    55 | int st_foreach _((st_table *, int (*)(ANYARGS), st_data_t));
[INFO] [stderr] warning: onig_sys@69.8.1:       |                               ^~~~~~~~~~~~~~~~
[INFO] [stderr] warning: onig_sys@69.8.1: oniguruma/src/st.h:35:18: note: in definition of macro '_'
[INFO] [stderr] warning: onig_sys@69.8.1:    35 | # define _(args) args
[INFO] [stderr] warning: onig_sys@69.8.1:       |                  ^~~~
[INFO] [stderr] warning: onig_sys@69.8.1: oniguruma/src/regparse.c:789:1: note: 'i_free_name_entry' declared here
[INFO] [stderr] warning: onig_sys@69.8.1:   789 | i_free_name_entry(UChar* key, NameEntry* e, void* arg ARG_UNUSED)
[INFO] [stderr] warning: onig_sys@69.8.1:       | ^~~~~~~~~~~~~~~~~
[INFO] [stderr] warning: onig_sys@69.8.1: oniguruma/src/regparse.c: In function 'onig_foreach_name':
[INFO] [stderr] warning: onig_sys@69.8.1: oniguruma/src/regparse.c:873:24: error: passing argument 2 of 'onig_st_foreach' from incompatible pointer type [-Wincompatible-pointer-types]
[INFO] [stderr] warning: onig_sys@69.8.1:   873 |     onig_st_foreach(t, i_names, (HashDataType )&narg);
[INFO] [stderr] warning: onig_sys@69.8.1:       |                        ^~~~~~~
[INFO] [stderr] warning: onig_sys@69.8.1:       |                        |
[INFO] [stderr] warning: onig_sys@69.8.1:       |                        int (*)(OnigUChar *, NameEntry *, INamesArg *) {aka int (*)(unsigned char *, NameEntry *, INamesArg *)}
[INFO] [stderr] warning: onig_sys@69.8.1: oniguruma/src/st.h:55:31: note: expected 'int (*)(void)' but argument is of type 'int (*)(OnigUChar *, NameEntry *, INamesArg *)' {aka 'int (*)(unsigned char *, NameEntry *, INamesArg *)'}
[INFO] [stderr] warning: onig_sys@69.8.1:    55 | int st_foreach _((st_table *, int (*)(ANYARGS), st_data_t));
[INFO] [stderr] warning: onig_sys@69.8.1:       |                               ^~~~~~~~~~~~~~~~
[INFO] [stderr] warning: onig_sys@69.8.1: oniguruma/src/st.h:35:18: note: in definition of macro '_'
[INFO] [stderr] warning: onig_sys@69.8.1:    35 | # define _(args) args
[INFO] [stderr] warning: onig_sys@69.8.1:       |                  ^~~~
[INFO] [stderr] warning: onig_sys@69.8.1: oniguruma/src/regparse.c:846:1: note: 'i_names' declared here
[INFO] [stderr] warning: onig_sys@69.8.1:   846 | i_names(UChar* key ARG_UNUSED, NameEntry* e, INamesArg* arg)
[INFO] [stderr] warning: onig_sys@69.8.1:       | ^~~~~~~
[INFO] [stderr] warning: onig_sys@69.8.1: oniguruma/src/regparse.c: In function 'onig_renumber_name_table':
[INFO] [stderr] warning: onig_sys@69.8.1: oniguruma/src/regparse.c:901:24: error: passing argument 2 of 'onig_st_foreach' from incompatible pointer type [-Wincompatible-pointer-types]
[INFO] [stderr] warning: onig_sys@69.8.1:   901 |     onig_st_foreach(t, i_renumber_name, (HashDataType )map);
[INFO] [stderr] warning: onig_sys@69.8.1:       |                        ^~~~~~~~~~~~~~~
[INFO] [stderr] warning: onig_sys@69.8.1:       |                        |
[INFO] [stderr] warning: onig_sys@69.8.1:       |                        int (*)(OnigUChar *, NameEntry *, GroupNumMap *) {aka int (*)(unsigned char *, NameEntry *, GroupNumMap *)}
[INFO] [stderr] warning: onig_sys@69.8.1: oniguruma/src/st.h:55:31: note: expected 'int (*)(void)' but argument is of type 'int (*)(OnigUChar *, NameEntry *, GroupNumMap *)' {aka 'int (*)(unsigned char *, NameEntry *, GroupNumMap *)'}
[INFO] [stderr] warning: onig_sys@69.8.1:    55 | int st_foreach _((st_table *, int (*)(ANYARGS), st_data_t));
[INFO] [stderr] warning: onig_sys@69.8.1:       |                               ^~~~~~~~~~~~~~~~
[INFO] [stderr] warning: onig_sys@69.8.1: oniguruma/src/st.h:35:18: note: in definition of macro '_'
[INFO] [stderr] warning: onig_sys@69.8.1:    35 | # define _(args) args
[INFO] [stderr] warning: onig_sys@69.8.1:       |                  ^~~~
[INFO] [stderr] warning: onig_sys@69.8.1: oniguruma/src/regparse.c:879:1: note: 'i_renumber_name' declared here
[INFO] [stderr] warning: onig_sys@69.8.1:   879 | i_renumber_name(UChar* key ARG_UNUSED, NameEntry* e, GroupNumMap* map)
[INFO] [stderr] warning: onig_sys@69.8.1:       | ^~~~~~~~~~~~~~~
[INFO] [stderr] warning: onig_sys@69.8.1: oniguruma/src/regparse.c: In function 'callout_name_table_clear':
[INFO] [stderr] warning: onig_sys@69.8.1: oniguruma/src/regparse.c:1386:24: error: passing argument 2 of 'onig_st_foreach' from incompatible pointer type [-Wincompatible-pointer-types]
[INFO] [stderr] warning: onig_sys@69.8.1:  1386 |     onig_st_foreach(t, i_free_callout_name_entry, 0);
[INFO] [stderr] warning: onig_sys@69.8.1:       |                        ^~~~~~~~~~~~~~~~~~~~~~~~~
[INFO] [stderr] warning: onig_sys@69.8.1:       |                        |
[INFO] [stderr] warning: onig_sys@69.8.1:       |                        int (*)(st_callout_name_key *, CalloutNameEntry *, void *)
[INFO] [stderr] warning: onig_sys@69.8.1: oniguruma/src/st.h:55:31: note: expected 'int (*)(void)' but argument is of type 'int (*)(st_callout_name_key *, CalloutNameEntry *, void *)'
[INFO] [stderr] warning: onig_sys@69.8.1:    55 | int st_foreach _((st_table *, int (*)(ANYARGS), st_data_t));
[INFO] [stderr] warning: onig_sys@69.8.1:       |                               ^~~~~~~~~~~~~~~~
[INFO] [stderr] warning: onig_sys@69.8.1: oniguruma/src/st.h:35:18: note: in definition of macro '_'
[INFO] [stderr] warning: onig_sys@69.8.1:    35 | # define _(args) args
[INFO] [stderr] warning: onig_sys@69.8.1:       |                  ^~~~
[INFO] [stderr] warning: onig_sys@69.8.1: oniguruma/src/regparse.c:1370:1: note: 'i_free_callout_name_entry' declared here
[INFO] [stderr] warning: onig_sys@69.8.1:  1370 | i_free_callout_name_entry(st_callout_name_key* key, CalloutNameEntry* e,
[INFO] [stderr] warning: onig_sys@69.8.1:       | ^~~~~~~~~~~~~~~~~~~~~~~~~
[INFO] [stderr] warning: onig_sys@69.8.1: oniguruma/src/regparse.c: In function 'setup_ext_callout_list_values':
[INFO] [stderr] warning: onig_sys@69.8.1: oniguruma/src/regparse.c:1884:56: error: passing argument 2 of 'onig_st_foreach' from incompatible pointer type [-Wincompatible-pointer-types]
[INFO] [stderr] warning: onig_sys@69.8.1:  1884 |     onig_st_foreach((CalloutTagTable *)ext->tag_table, i_callout_callout_list_set,
[INFO] [stderr] warning: onig_sys@69.8.1:       |                                                        ^~~~~~~~~~~~~~~~~~~~~~~~~~
[INFO] [stderr] warning: onig_sys@69.8.1:       |                                                        |
[INFO] [stderr] warning: onig_sys@69.8.1:       |                                                        int (*)(OnigUChar *, CalloutTagVal,  void *) {aka int (*)(unsigned char *, long int,  void *)}
[INFO] [stderr] warning: onig_sys@69.8.1: oniguruma/src/st.h:55:31: note: expected 'int (*)(void)' but argument is of type 'int (*)(OnigUChar *, CalloutTagVal,  void *)' {aka 'int (*)(unsigned char *, long int,  void *)'}
[INFO] [stderr] warning: onig_sys@69.8.1:    55 | int st_foreach _((st_table *, int (*)(ANYARGS), st_data_t));
[INFO] [stderr] warning: onig_sys@69.8.1:       |                               ^~~~~~~~~~~~~~~~
[INFO] [stderr] warning: onig_sys@69.8.1: oniguruma/src/st.h:35:18: note: in definition of macro '_'
[INFO] [stderr] warning: onig_sys@69.8.1:    35 | # define _(args) args
[INFO] [stderr] warning: onig_sys@69.8.1:       |                  ^~~~
[INFO] [stderr] warning: onig_sys@69.8.1: oniguruma/src/regparse.c:1866:1: note: 'i_callout_callout_list_set' declared here
[INFO] [stderr] warning: onig_sys@69.8.1:  1866 | i_callout_callout_list_set(UChar* key, CalloutTagVal e, void* arg)
[INFO] [stderr] warning: onig_sys@69.8.1:       | ^~~~~~~~~~~~~~~~~~~~~~~~~~
[INFO] [stderr] warning: onig_sys@69.8.1: oniguruma/src/regparse.c: In function 'callout_tag_table_clear':
[INFO] [stderr] warning: onig_sys@69.8.1: oniguruma/src/regparse.c:1932:24: error: passing argument 2 of 'onig_st_foreach' from incompatible pointer type [-Wincompatible-pointer-types]
[INFO] [stderr] warning: onig_sys@69.8.1:  1932 |     onig_st_foreach(t, i_free_callout_tag_entry, 0);
[INFO] [stderr] warning: onig_sys@69.8.1:       |                        ^~~~~~~~~~~~~~~~~~~~~~~~
[INFO] [stderr] warning: onig_sys@69.8.1:       |                        |
[INFO] [stderr] warning: onig_sys@69.8.1:       |                        int (*)(OnigUChar *, CalloutTagVal,  void *) {aka int (*)(unsigned char *, long int,  void *)}
[INFO] [stderr] warning: onig_sys@69.8.1: oniguruma/src/st.h:55:31: note: expected 'int (*)(void)' but argument is of type 'int (*)(OnigUChar *, CalloutTagVal,  void *)' {aka 'int (*)(unsigned char *, long int,  void *)'}
[INFO] [stderr] warning: onig_sys@69.8.1:    55 | int st_foreach _((st_table *, int (*)(ANYARGS), st_data_t));
[INFO] [stderr] warning: onig_sys@69.8.1:       |                               ^~~~~~~~~~~~~~~~
[INFO] [stderr] warning: onig_sys@69.8.1: oniguruma/src/st.h:35:18: note: in definition of macro '_'
[INFO] [stderr] warning: onig_sys@69.8.1:    35 | # define _(args) args
[INFO] [stderr] warning: onig_sys@69.8.1:       |                  ^~~~
[INFO] [stderr] warning: onig_sys@69.8.1: oniguruma/src/regparse.c:1922:1: note: 'i_free_callout_tag_entry' declared here
[INFO] [stderr] warning: onig_sys@69.8.1:  1922 | i_free_callout_tag_entry(UChar* key, CalloutTagVal e, void* arg ARG_UNUSED)
[INFO] [stderr] warning: onig_sys@69.8.1:       | ^~~~~~~~~~~~~~~~~~~~~~~~
[INFO] [stderr] error: failed to run custom build command for `onig_sys v69.8.1`
[INFO] [stderr] note: To improve backtraces for build dependencies, set the CARGO_PROFILE_RELEASE_BUILD_OVERRIDE_DEBUG=true environment variable to enable debug information generation.
[INFO] [stderr] 
[INFO] [stderr] Caused by:
[INFO] [stderr]   process didn't exit successfully: `/opt/rustwide/target/release/build/onig_sys-d28ec1fcd56a682b/build-script-build` (exit status: 1)
[INFO] [stderr]   --- stdout
[INFO] [stderr]   cargo:rerun-if-env-changed=RUSTONIG_DYNAMIC_LIBONIG
[INFO] [stderr]   cargo:rerun-if-env-changed=RUSTONIG_STATIC_LIBONIG
[INFO] [stderr]   cargo:rerun-if-env-changed=RUSTONIG_SYSTEM_LIBONIG
[INFO] [stderr]   OUT_DIR = Some(/opt/rustwide/target/release/build/onig_sys-a9d8c24732b6ef7a/out)
[INFO] [stderr]   OPT_LEVEL = Some(3)
[INFO] [stderr]   TARGET = Some(x86_64-unknown-linux-gnu)
[INFO] [stderr]   HOST = Some(x86_64-unknown-linux-gnu)
[INFO] [stderr]   cargo:rerun-if-env-changed=CC_x86_64-unknown-linux-gnu
[INFO] [stderr]   CC_x86_64-unknown-linux-gnu = None
[INFO] [stderr]   cargo:rerun-if-env-changed=CC_x86_64_unknown_linux_gnu
[INFO] [stderr]   CC_x86_64_unknown_linux_gnu = None
[INFO] [stderr]   cargo:rerun-if-env-changed=HOST_CC
[INFO] [stderr]   HOST_CC = None
[INFO] [stderr]   cargo:rerun-if-env-changed=CC
[INFO] [stderr]   CC = None
[INFO] [stderr]   cargo:rerun-if-env-changed=CC_ENABLE_DEBUG_OUTPUT
[INFO] [stderr]   RUSTC_WRAPPER = None
[INFO] [stderr]   cargo:rerun-if-env-changed=CRATE_CC_NO_DEFAULTS
[INFO] [stderr]   CRATE_CC_NO_DEFAULTS = None
[INFO] [stderr]   DEBUG = Some(false)
[INFO] [stderr]   CARGO_CFG_TARGET_FEATURE = Some(fxsr,sse,sse2)
[INFO] [stderr]   cargo:rerun-if-env-changed=CFLAGS
[INFO] [stderr]   CFLAGS = None
[INFO] [stderr]   cargo:rerun-if-env-changed=HOST_CFLAGS
[INFO] [stderr]   HOST_CFLAGS = None
[INFO] [stderr]   cargo:rerun-if-env-changed=CFLAGS_x86_64_unknown_linux_gnu
[INFO] [stderr]   CFLAGS_x86_64_unknown_linux_gnu = None
[INFO] [stderr]   cargo:rerun-if-env-changed=CFLAGS_x86_64-unknown-linux-gnu
[INFO] [stderr]   CFLAGS_x86_64-unknown-linux-gnu = None
[INFO] [stderr]   CARGO_ENCODED_RUSTFLAGS = Some(--cap-lints=warn)
[INFO] [stderr]   cargo:warning=oniguruma/src/regparse.c: In function 'onig_st_init_strend_table_with_size':
[INFO] [stderr]   cargo:warning=oniguruma/src/regparse.c:588:5: error: initialization of 'int (*)(void)' from incompatible pointer type 'int (*)(st_str_end_key *, st_str_end_key *)' [-Wincompatible-pointer-types]
[INFO] [stderr]   cargo:warning=  588 |     str_end_cmp,
[INFO] [stderr]   cargo:warning=      |     ^~~~~~~~~~~
[INFO] [stderr]   cargo:warning=oniguruma/src/regparse.c:588:5: note: (near initialization for 'hashType.compare')
[INFO] [stderr]   cargo:warning=oniguruma/src/regparse.c:550:1: note: 'str_end_cmp' declared here
[INFO] [stderr]   cargo:warning=  550 | str_end_cmp(st_str_end_key* x, st_str_end_key* y)
[INFO] [stderr]   cargo:warning=      | ^~~~~~~~~~~
[INFO] [stderr]   cargo:warning=oniguruma/src/regparse.c:589:5: error: initialization of 'int (*)(void)' from incompatible pointer type 'int (*)(st_str_end_key *)' [-Wincompatible-pointer-types]
[INFO] [stderr]   cargo:warning=  589 |     str_end_hash,
[INFO] [stderr]   cargo:warning=      |     ^~~~~~~~~~~~
[INFO] [stderr]   cargo:warning=oniguruma/src/regparse.c:589:5: note: (near initialization for 'hashType.hash')
[INFO] [stderr]   cargo:warning=oniguruma/src/regparse.c:571:1: note: 'str_end_hash' declared here
[INFO] [stderr]   cargo:warning=  571 | str_end_hash(st_str_end_key* x)
[INFO] [stderr]   cargo:warning=      | ^~~~~~~~~~~~
[INFO] [stderr]   cargo:warning=oniguruma/src/regparse.c: In function 'onig_st_init_callout_name_table_with_size':
[INFO] [stderr]   cargo:warning=oniguruma/src/regparse.c:678:5: error: initialization of 'int (*)(void)' from incompatible pointer type 'int (*)(st_callout_name_key *, st_callout_name_key *)' [-Wincompatible-pointer-types]
[INFO] [stderr]   cargo:warning=  678 |     callout_name_table_cmp,
[INFO] [stderr]   cargo:warning=      |     ^~~~~~~~~~~~~~~~~~~~~~
[INFO] [stderr]   cargo:warning=oniguruma/src/regparse.c:678:5: note: (near initialization for 'hashType.compare')
[INFO] [stderr]   cargo:warning=oniguruma/src/regparse.c:637:1: note: 'callout_name_table_cmp' declared here
[INFO] [stderr]   cargo:warning=  637 | callout_name_table_cmp(st_callout_name_key* x, st_callout_name_key* y)
[INFO] [stderr]   cargo:warning=      | ^~~~~~~~~~~~~~~~~~~~~~
[INFO] [stderr]   cargo:warning=oniguruma/src/regparse.c:679:5: error: initialization of 'int (*)(void)' from incompatible pointer type 'int (*)(st_callout_name_key *)' [-Wincompatible-pointer-types]
[INFO] [stderr]   cargo:warning=  679 |     callout_name_table_hash,
[INFO] [stderr]   cargo:warning=      |     ^~~~~~~~~~~~~~~~~~~~~~~
[INFO] [stderr]   cargo:warning=oniguruma/src/regparse.c:679:5: note: (near initialization for 'hashType.hash')
[INFO] [stderr]   cargo:warning=oniguruma/src/regparse.c:660:1: note: 'callout_name_table_hash' declared here
[INFO] [stderr]   cargo:warning=  660 | callout_name_table_hash(st_callout_name_key* x)
[INFO] [stderr]   cargo:warning=      | ^~~~~~~~~~~~~~~~~~~~~~~
[INFO] [stderr]   cargo:warning=oniguruma/src/regparse.c: In function 'names_clear':
[INFO] [stderr]   cargo:warning=oniguruma/src/regparse.c:804:24: error: passing argument 2 of 'onig_st_foreach' from incompatible pointer type [-Wincompatible-pointer-types]
[INFO] [stderr]   cargo:warning=  804 |     onig_st_foreach(t, i_free_name_entry, 0);
[INFO] [stderr]   cargo:warning=      |                        ^~~~~~~~~~~~~~~~~
[INFO] [stderr]   cargo:warning=      |                        |
[INFO] [stderr]   cargo:warning=      |                        int (*)(OnigUChar *, NameEntry *, void *) {aka int (*)(unsigned char *, NameEntry *, void *)}
[INFO] [stderr]   cargo:warning=In file included from oniguruma/src/regparse.c:37:
[INFO] [stderr]   cargo:warning=oniguruma/src/st.h:55:31: note: expected 'int (*)(void)' but argument is of type 'int (*)(OnigUChar *, NameEntry *, void *)' {aka 'int (*)(unsigned char *, NameEntry *, void *)'}
[INFO] [stderr]   cargo:warning=   55 | int st_foreach _((st_table *, int (*)(ANYARGS), st_data_t));
[INFO] [stderr]   cargo:warning=      |                               ^~~~~~~~~~~~~~~~
[INFO] [stderr]   cargo:warning=oniguruma/src/st.h:35:18: note: in definition of macro '_'
[INFO] [stderr]   cargo:warning=   35 | # define _(args) args
[INFO] [stderr]   cargo:warning=      |                  ^~~~
[INFO] [stderr]   cargo:warning=oniguruma/src/regparse.c:789:1: note: 'i_free_name_entry' declared here
[INFO] [stderr]   cargo:warning=  789 | i_free_name_entry(UChar* key, NameEntry* e, void* arg ARG_UNUSED)
[INFO] [stderr]   cargo:warning=      | ^~~~~~~~~~~~~~~~~
[INFO] [stderr]   cargo:warning=oniguruma/src/regparse.c: In function 'onig_foreach_name':
[INFO] [stderr]   cargo:warning=oniguruma/src/regparse.c:873:24: error: passing argument 2 of 'onig_st_foreach' from incompatible pointer type [-Wincompatible-pointer-types]
[INFO] [stderr]   cargo:warning=  873 |     onig_st_foreach(t, i_names, (HashDataType )&narg);
[INFO] [stderr]   cargo:warning=      |                        ^~~~~~~
[INFO] [stderr]   cargo:warning=      |                        |
[INFO] [stderr]   cargo:warning=      |                        int (*)(OnigUChar *, NameEntry *, INamesArg *) {aka int (*)(unsigned char *, NameEntry *, INamesArg *)}
[INFO] [stderr]   cargo:warning=oniguruma/src/st.h:55:31: note: expected 'int (*)(void)' but argument is of type 'int (*)(OnigUChar *, NameEntry *, INamesArg *)' {aka 'int (*)(unsigned char *, NameEntry *, INamesArg *)'}
[INFO] [stderr]   cargo:warning=   55 | int st_foreach _((st_table *, int (*)(ANYARGS), st_data_t));
[INFO] [stderr]   cargo:warning=      |                               ^~~~~~~~~~~~~~~~
[INFO] [stderr]   cargo:warning=oniguruma/src/st.h:35:18: note: in definition of macro '_'
[INFO] [stderr]   cargo:warning=   35 | # define _(args) args
[INFO] [stderr]   cargo:warning=      |                  ^~~~
[INFO] [stderr]   cargo:warning=oniguruma/src/regparse.c:846:1: note: 'i_names' declared here
[INFO] [stderr]   cargo:warning=  846 | i_names(UChar* key ARG_UNUSED, NameEntry* e, INamesArg* arg)
[INFO] [stderr]   cargo:warning=      | ^~~~~~~
[INFO] [stderr]   cargo:warning=oniguruma/src/regparse.c: In function 'onig_renumber_name_table':
[INFO] [stderr]   cargo:warning=oniguruma/src/regparse.c:901:24: error: passing argument 2 of 'onig_st_foreach' from incompatible pointer type [-Wincompatible-pointer-types]
[INFO] [stderr]   cargo:warning=  901 |     onig_st_foreach(t, i_renumber_name, (HashDataType )map);
[INFO] [stderr]   cargo:warning=      |                        ^~~~~~~~~~~~~~~
[INFO] [stderr]   cargo:warning=      |                        |
[INFO] [stderr]   cargo:warning=      |                        int (*)(OnigUChar *, NameEntry *, GroupNumMap *) {aka int (*)(unsigned char *, NameEntry *, GroupNumMap *)}
[INFO] [stderr]   cargo:warning=oniguruma/src/st.h:55:31: note: expected 'int (*)(void)' but argument is of type 'int (*)(OnigUChar *, NameEntry *, GroupNumMap *)' {aka 'int (*)(unsigned char *, NameEntry *, GroupNumMap *)'}
[INFO] [stderr]   cargo:warning=   55 | int st_foreach _((st_table *, int (*)(ANYARGS), st_data_t));
[INFO] [stderr]   cargo:warning=      |                               ^~~~~~~~~~~~~~~~
[INFO] [stderr]   cargo:warning=oniguruma/src/st.h:35:18: note: in definition of macro '_'
[INFO] [stderr]   cargo:warning=   35 | # define _(args) args
[INFO] [stderr]   cargo:warning=      |                  ^~~~
[INFO] [stderr]   cargo:warning=oniguruma/src/regparse.c:879:1: note: 'i_renumber_name' declared here
[INFO] [stderr]   cargo:warning=  879 | i_renumber_name(UChar* key ARG_UNUSED, NameEntry* e, GroupNumMap* map)
[INFO] [stderr]   cargo:warning=      | ^~~~~~~~~~~~~~~
[INFO] [stderr]   cargo:warning=oniguruma/src/regparse.c: In function 'callout_name_table_clear':
[INFO] [stderr]   cargo:warning=oniguruma/src/regparse.c:1386:24: error: passing argument 2 of 'onig_st_foreach' from incompatible pointer type [-Wincompatible-pointer-types]
[INFO] [stderr]   cargo:warning= 1386 |     onig_st_foreach(t, i_free_callout_name_entry, 0);
[INFO] [stderr]   cargo:warning=      |                        ^~~~~~~~~~~~~~~~~~~~~~~~~
[INFO] [stderr]   cargo:warning=      |                        |
[INFO] [stderr]   cargo:warning=      |                        int (*)(st_callout_name_key *, CalloutNameEntry *, void *)
[INFO] [stderr]   cargo:warning=oniguruma/src/st.h:55:31: note: expected 'int (*)(void)' but argument is of type 'int (*)(st_callout_name_key *, CalloutNameEntry *, void *)'
[INFO] [stderr]   cargo:warning=   55 | int st_foreach _((st_table *, int (*)(ANYARGS), st_data_t));
[INFO] [stderr]   cargo:warning=      |                               ^~~~~~~~~~~~~~~~
[INFO] [stderr]   cargo:warning=oniguruma/src/st.h:35:18: note: in definition of macro '_'
[INFO] [stderr]   cargo:warning=   35 | # define _(args) args
[INFO] [stderr]   cargo:warning=      |                  ^~~~
[INFO] [stderr]   cargo:warning=oniguruma/src/regparse.c:1370:1: note: 'i_free_callout_name_entry' declared here
[INFO] [stderr]   cargo:warning= 1370 | i_free_callout_name_entry(st_callout_name_key* key, CalloutNameEntry* e,
[INFO] [stderr]   cargo:warning=      | ^~~~~~~~~~~~~~~~~~~~~~~~~
[INFO] [stderr]   cargo:warning=oniguruma/src/regparse.c: In function 'setup_ext_callout_list_values':
[INFO] [stderr]   cargo:warning=oniguruma/src/regparse.c:1884:56: error: passing argument 2 of 'onig_st_foreach' from incompatible pointer type [-Wincompatible-pointer-types]
[INFO] [stderr]   cargo:warning= 1884 |     onig_st_foreach((CalloutTagTable *)ext->tag_table, i_callout_callout_list_set,
[INFO] [stderr]   cargo:warning=      |                                                        ^~~~~~~~~~~~~~~~~~~~~~~~~~
[INFO] [stderr]   cargo:warning=      |                                                        |
[INFO] [stderr]   cargo:warning=      |                                                        int (*)(OnigUChar *, CalloutTagVal,  void *) {aka int (*)(unsigned char *, long int,  void *)}
[INFO] [stderr]   cargo:warning=oniguruma/src/st.h:55:31: note: expected 'int (*)(void)' but argument is of type 'int (*)(OnigUChar *, CalloutTagVal,  void *)' {aka 'int (*)(unsigned char *, long int,  void *)'}
[INFO] [stderr]   cargo:warning=   55 | int st_foreach _((st_table *, int (*)(ANYARGS), st_data_t));
[INFO] [stderr]   cargo:warning=      |                               ^~~~~~~~~~~~~~~~
[INFO] [stderr]   cargo:warning=oniguruma/src/st.h:35:18: note: in definition of macro '_'
[INFO] [stderr]   cargo:warning=   35 | # define _(args) args
[INFO] [stderr]   cargo:warning=      |                  ^~~~
[INFO] [stderr]   cargo:warning=oniguruma/src/regparse.c:1866:1: note: 'i_callout_callout_list_set' declared here
[INFO] [stderr]   cargo:warning= 1866 | i_callout_callout_list_set(UChar* key, CalloutTagVal e, void* arg)
[INFO] [stderr]   cargo:warning=      | ^~~~~~~~~~~~~~~~~~~~~~~~~~
[INFO] [stderr]   cargo:warning=oniguruma/src/regparse.c: In function 'callout_tag_table_clear':
[INFO] [stderr]   cargo:warning=oniguruma/src/regparse.c:1932:24: error: passing argument 2 of 'onig_st_foreach' from incompatible pointer type [-Wincompatible-pointer-types]
[INFO] [stderr]   cargo:warning= 1932 |     onig_st_foreach(t, i_free_callout_tag_entry, 0);
[INFO] [stderr]   cargo:warning=      |                        ^~~~~~~~~~~~~~~~~~~~~~~~
[INFO] [stderr]   cargo:warning=      |                        |
[INFO] [stderr]   cargo:warning=      |                        int (*)(OnigUChar *, CalloutTagVal,  void *) {aka int (*)(unsigned char *, long int,  void *)}
[INFO] [stderr]   cargo:warning=oniguruma/src/st.h:55:31: note: expected 'int (*)(void)' but argument is of type 'int (*)(OnigUChar *, CalloutTagVal,  void *)' {aka 'int (*)(unsigned char *, long int,  void *)'}
[INFO] [stderr]   cargo:warning=   55 | int st_foreach _((st_table *, int (*)(ANYARGS), st_data_t));
[INFO] [stderr]   cargo:warning=      |                               ^~~~~~~~~~~~~~~~
[INFO] [stderr]   cargo:warning=oniguruma/src/st.h:35:18: note: in definition of macro '_'
[INFO] [stderr]   cargo:warning=   35 | # define _(args) args
[INFO] [stderr]   cargo:warning=      |                  ^~~~
[INFO] [stderr]   cargo:warning=oniguruma/src/regparse.c:1922:1: note: 'i_free_callout_tag_entry' declared here
[INFO] [stderr]   cargo:warning= 1922 | i_free_callout_tag_entry(UChar* key, CalloutTagVal e, void* arg ARG_UNUSED)
[INFO] [stderr]   cargo:warning=      | ^~~~~~~~~~~~~~~~~~~~~~~~
[INFO] [stderr] 
[INFO] [stderr]   --- stderr
[INFO] [stderr] 
[INFO] [stderr] 
[INFO] [stderr]   error occurred in cc-rs: command did not execute successfully (status code exit status: 1): LC_ALL="C" "cc" "-O3" "-ffunction-sections" "-fdata-sections" "-fPIC" "-m64" "-I" "/opt/rustwide/target/release/build/onig_sys-a9d8c24732b6ef7a/out" "-I" "oniguruma/src" "-DHAVE_UNISTD_H=1" "-DHAVE_SYS_TYPES_H=1" "-DHAVE_SYS_TIME_H=1" "-o" "/opt/rustwide/target/release/build/onig_sys-a9d8c24732b6ef7a/out/a445302c6d3dcb51-regparse.o" "-c" "oniguruma/src/regparse.c"
[INFO] [stderr] 
[INFO] [stderr] 
[INFO] [stderr] warning: build failed, waiting for other jobs to finish...
[INFO] running `Command { std: "docker" "inspect" "e1fcf13b61267f6a7f8e0f9334a814bf345665d6a1a42762e96feb7d35a1ec83", kill_on_drop: false }`
[INFO] running `Command { std: "docker" "rm" "-f" "e1fcf13b61267f6a7f8e0f9334a814bf345665d6a1a42762e96feb7d35a1ec83", kill_on_drop: false }`
[INFO] [stdout] e1fcf13b61267f6a7f8e0f9334a814bf345665d6a1a42762e96feb7d35a1ec83
