[INFO] fetching crate rgb-strict-encoding-derive 1.0.5...
[INFO] testing rgb-strict-encoding-derive-1.0.5 against 1.100.0-beta.1+cargoflags=--release for beta-release-1.100-2
[INFO] extracting crate rgb-strict-encoding-derive 1.0.5 into /workspace/builds/worker-3-tc2/source
[INFO] started tweaking crates.io crate rgb-strict-encoding-derive 1.0.5
[INFO] removed 0 missing tests
[INFO] finished tweaking crates.io crate rgb-strict-encoding-derive 1.0.5
[INFO] tweaked toml for crates.io crate rgb-strict-encoding-derive 1.0.5 written to /workspace/builds/worker-3-tc2/source/Cargo.toml
[INFO] validating manifest of crates.io crate rgb-strict-encoding-derive 1.0.5 on toolchain 1.100.0-beta.1
[INFO] running `Command { std: CARGO_HOME="/workspace/cargo-home" RUSTUP_HOME="/workspace/rustup-home" "/workspace/cargo-home/bin/cargo" "+1.100.0-beta.1" "metadata" "--manifest-path" "Cargo.toml" "--no-deps", kill_on_drop: false }`
[INFO] crate crates.io crate rgb-strict-encoding-derive 1.0.5 already has a lockfile, it will not be regenerated
[INFO] running `Command { std: CARGO_HOME="/workspace/cargo-home" RUSTUP_HOME="/workspace/rustup-home" "/workspace/cargo-home/bin/cargo" "+1.100.0-beta.1" "fetch" "--manifest-path" "Cargo.toml", kill_on_drop: false }`
[INFO] running `Command { std: "docker" "create" "-v" "/var/lib/crater-agent-workspace/builds/worker-3-tc2/source:/opt/rustwide/workdir:ro,Z" "-v" "/var/lib/crater-agent-workspace/builds/worker-3-tc2/target:/opt/rustwide/target:rw,Z" "-v" "/var/lib/crater-agent-workspace/cargo-home:/opt/rustwide/cargo-home:ro,Z" "-v" "/var/lib/crater-agent-workspace/rustup-home:/opt/rustwide/rustup-home:ro,Z" "-m" "1610612736" "--network" "none" "ghcr.io/rust-lang/crates-build-env/linux@sha256:77db811e55d90add9212f6832c23229e3de5f1c1f9905e8cb07319ea15df73ac" "sleep" "infinity", kill_on_drop: false }`
[INFO] [stdout] 1cd0c62e7157bf97c46472d7adf3a84c6657dd892de0dea6737702a611832325
[INFO] running `Command { std: "docker" "start" "1cd0c62e7157bf97c46472d7adf3a84c6657dd892de0dea6737702a611832325", kill_on_drop: false }`
[INFO] running `Command { std: "docker" "inspect" "1cd0c62e7157bf97c46472d7adf3a84c6657dd892de0dea6737702a611832325", kill_on_drop: false }`
[INFO] running `Command { std: "docker" "exec" "-e" "SOURCE_DIR=/opt/rustwide/workdir" "-e" "CARGO_HOME=/opt/rustwide/cargo-home" "-e" "RUSTUP_HOME=/opt/rustwide/rustup-home" "-e" "CARGO_TARGET_DIR=/opt/rustwide/target" "-w" "/opt/rustwide/workdir" "--user" "0:0" "1cd0c62e7157bf97c46472d7adf3a84c6657dd892de0dea6737702a611832325" "/opt/rustwide/cargo-home/bin/cargo" "+1.100.0-beta.1" "metadata" "--no-deps" "--format-version=1", kill_on_drop: false }`
[INFO] running `Command { std: "docker" "inspect" "1cd0c62e7157bf97c46472d7adf3a84c6657dd892de0dea6737702a611832325", kill_on_drop: false }`
[INFO] running `Command { std: "docker" "exec" "-e" "SOURCE_DIR=/opt/rustwide/workdir" "-e" "CARGO_HOME=/opt/rustwide/cargo-home" "-e" "RUSTUP_HOME=/opt/rustwide/rustup-home" "-e" "CARGO_TARGET_DIR=/opt/rustwide/target" "-e" "CARGO_INCREMENTAL=0" "-e" "RUST_BACKTRACE=full" "-e" "RUSTFLAGS=--cap-lints=warn" "-e" "RUSTDOCFLAGS=--cap-lints=warn" "-w" "/opt/rustwide/workdir" "--user" "0:0" "1cd0c62e7157bf97c46472d7adf3a84c6657dd892de0dea6737702a611832325" "/opt/rustwide/cargo-home/bin/cargo" "+1.100.0-beta.1" "build" "--frozen" "--message-format=json" "--release", kill_on_drop: false }`
[INFO] [stderr]    Compiling unicode-ident v1.0.26
[INFO] [stderr]    Compiling syn v1.0.109
[INFO] [stderr]    Compiling proc-macro2 v1.0.107
[INFO] [stderr]    Compiling quote v1.0.47
[INFO] [stderr]    Compiling amplify_syn v2.0.1
[INFO] [stderr]    Compiling rgb-strict-encoding-derive v1.0.5 (/opt/rustwide/workdir)
[INFO] [stderr]     Finished `release` profile [optimized] target(s) in 20.08s
[INFO] running `Command { std: "docker" "inspect" "1cd0c62e7157bf97c46472d7adf3a84c6657dd892de0dea6737702a611832325", kill_on_drop: false }`
[INFO] running `Command { std: "docker" "exec" "-e" "SOURCE_DIR=/opt/rustwide/workdir" "-e" "CARGO_HOME=/opt/rustwide/cargo-home" "-e" "RUSTUP_HOME=/opt/rustwide/rustup-home" "-e" "CARGO_TARGET_DIR=/opt/rustwide/target" "-e" "CARGO_INCREMENTAL=0" "-e" "RUST_BACKTRACE=full" "-e" "RUSTFLAGS=--cap-lints=warn" "-e" "RUSTDOCFLAGS=--cap-lints=warn" "-w" "/opt/rustwide/workdir" "--user" "0:0" "1cd0c62e7157bf97c46472d7adf3a84c6657dd892de0dea6737702a611832325" "/opt/rustwide/cargo-home/bin/cargo" "+1.100.0-beta.1" "test" "--frozen" "--no-run" "--message-format=json" "--release", kill_on_drop: false }`
[INFO] [stderr]    Compiling proc-macro2 v1.0.107
[INFO] [stderr]    Compiling unicode-ident v1.0.26
[INFO] [stderr]    Compiling quote v1.0.47
[INFO] [stderr]    Compiling syn v1.0.109
[INFO] [stderr]    Compiling heck v0.5.0
[INFO] [stderr]    Compiling ascii v1.1.0
[INFO] [stderr]    Compiling amplify_num v0.5.4
[INFO] [stderr]    Compiling amplify_derive v4.0.1
[INFO] [stderr]    Compiling rgb-strict-encoding-derive v1.0.5 (/opt/rustwide/workdir)
[INFO] [stderr]    Compiling amplify v4.8.1
[INFO] [stderr]    Compiling amplify_syn v2.0.1
[INFO] [stdout] error[E0432]: unresolved import `strict_encoding`
[INFO] [stdout]   --> tests/common/mod.rs:25:5
[INFO] [stdout]    |
[INFO] [stdout] 25 | use strict_encoding::{StrictDecode, StrictEncode};
[INFO] [stdout]    |     ^^^^^^^^^^^^^^^ use of unresolved module or unlinked crate `strict_encoding`
[INFO] [stdout]    |
[INFO] [stdout]    = help: if you wanted to use a crate named `strict_encoding`, use `cargo add strict_encoding` to add it to your `Cargo.toml`
[INFO] [stdout] 
[INFO] [stdout] 
[INFO] [stdout] error[E0432]: unresolved import `strict_encoding_test`
[INFO] [stdout]   --> tests/common/mod.rs:26:5
[INFO] [stdout]    |
[INFO] [stdout] 26 | use strict_encoding_test::DataEncodingTestFailure;
[INFO] [stdout]    |     ^^^^^^^^^^^^^^^^^^^^ use of unresolved module or unlinked crate `strict_encoding_test`
[INFO] [stdout]    |
[INFO] [stdout] help: there is a crate or module with a similar name
[INFO] [stdout]    |
[INFO] [stdout] 26 - use strict_encoding_test::DataEncodingTestFailure;
[INFO] [stdout] 26 + use strict_encoding_derive::DataEncodingTestFailure;
[INFO] [stdout]    |
[INFO] [stdout] 
[INFO] [stdout] 
[INFO] [stdout] error[E0432]: unresolved import `strict_encoding`
[INFO] [stdout]   --> tests/base.rs:32:5
[INFO] [stdout]    |
[INFO] [stdout] 32 | use strict_encoding::{
[INFO] [stdout]    |     ^^^^^^^^^^^^^^^ use of unresolved module or unlinked crate `strict_encoding`
[INFO] [stdout]    |
[INFO] [stdout]    = help: if you wanted to use a crate named `strict_encoding`, use `cargo add strict_encoding` to add it to your `Cargo.toml`
[INFO] [stdout] 
[INFO] [stdout] 
[INFO] [stdout] error[E0432]: unresolved import `strict_encoding`
[INFO] [stdout]   --> tests/common/mod.rs:25:5
[INFO] [stdout]    |
[INFO] [stdout] 25 | use strict_encoding::{StrictDecode, StrictEncode};
[INFO] [stdout]    |     ^^^^^^^^^^^^^^^ use of unresolved module or unlinked crate `strict_encoding`
[INFO] [stdout]    |
[INFO] [stdout]    = help: if you wanted to use a crate named `strict_encoding`, use `cargo add strict_encoding` to add it to your `Cargo.toml`
[INFO] [stdout] 
[INFO] [stdout] 
[INFO] [stdout] error[E0432]: unresolved import `strict_encoding_test`
[INFO] [stdout]   --> tests/common/mod.rs:26:5
[INFO] [stdout]    |
[INFO] [stdout] 26 | use strict_encoding_test::DataEncodingTestFailure;
[INFO] [stdout]    |     ^^^^^^^^^^^^^^^^^^^^ use of unresolved module or unlinked crate `strict_encoding_test`
[INFO] [stdout]    |
[INFO] [stdout] help: there is a crate or module with a similar name
[INFO] [stdout]    |
[INFO] [stdout] 26 - use strict_encoding_test::DataEncodingTestFailure;
[INFO] [stdout] 26 + use strict_encoding_derive::DataEncodingTestFailure;
[INFO] [stdout]    |
[INFO] [stdout] 
[INFO] [stdout] 
[INFO] [stdout] error[E0432]: unresolved import `strict_encoding`
[INFO] [stdout]   --> tests/dumb.rs:32:5
[INFO] [stdout]    |
[INFO] [stdout] 32 | use strict_encoding::{DefaultBasedStrictDumb, StrictDecode, StrictDumb, StrictEncode, StrictType};
[INFO] [stdout]    |     ^^^^^^^^^^^^^^^ use of unresolved module or unlinked crate `strict_encoding`
[INFO] [stdout]    |
[INFO] [stdout]    = help: if you wanted to use a crate named `strict_encoding`, use `cargo add strict_encoding` to add it to your `Cargo.toml`
[INFO] [stdout] 
[INFO] [stdout] 
[INFO] [stdout] error: cannot find attribute `strict_type` in this scope
[INFO] [stdout]   --> tests/dumb.rs:40:7
[INFO] [stdout]    |
[INFO] [stdout] 40 |     #[strict_type(lib = TEST_LIB)]
[INFO] [stdout]    |       ^^^^^^^^^^^
[INFO] [stdout]    |
[INFO] [stdout]    = note: `strict_type` is an attribute that can be used by the derive macros `StrictDecode`, `StrictDumb`, `StrictEncode` and `StrictType`, you might be missing a `derive` attribute
[INFO] [stdout] 
[INFO] [stdout] 
[INFO] [stdout] error: cannot find attribute `strict_type` in this scope
[INFO] [stdout]   --> tests/dumb.rs:60:7
[INFO] [stdout]    |
[INFO] [stdout] 60 |     #[strict_type(lib = TEST_LIB, tags = repr, into_u8, try_from_u8)]
[INFO] [stdout]    |       ^^^^^^^^^^^
[INFO] [stdout]    |
[INFO] [stdout]    = note: `strict_type` is an attribute that can be used by the derive macros `StrictDecode`, `StrictDumb`, `StrictEncode` and `StrictType`, you might be missing a `derive` attribute
[INFO] [stdout] 
[INFO] [stdout] 
[INFO] [stdout] error: cannot find attribute `strict_type` in this scope
[INFO] [stdout]   --> tests/dumb.rs:80:7
[INFO] [stdout]    |
[INFO] [stdout] 80 |     #[strict_type(lib = TEST_LIB)]
[INFO] [stdout]    |       ^^^^^^^^^^^
[INFO] [stdout]    |
[INFO] [stdout]    = note: `strict_type` is an attribute that can be used by the derive macros `StrictDecode`, `StrictDumb`, `StrictEncode` and `StrictType`, you might be missing a `derive` attribute
[INFO] [stdout] 
[INFO] [stdout] 
[INFO] [stdout] error: cannot find attribute `strict_type` in this scope
[INFO] [stdout]   --> tests/dumb.rs:85:11
[INFO] [stdout]    |
[INFO] [stdout] 85 |         #[strict_type(dumb)]
[INFO] [stdout]    |           ^^^^^^^^^^^
[INFO] [stdout]    |
[INFO] [stdout] help: `strict_type` is an attribute that can be used by the derive macros `StrictDecode`, `StrictDumb`, `StrictEncode` and `StrictType`, you might be missing a `derive` attribute
[INFO] [stdout]    |
[INFO] [stdout] 82 +     #[derive(StrictDecode, StrictDumb, StrictEncode, StrictType)]
[INFO] [stdout] 83 |     enum Variants {
[INFO] [stdout]    |
[INFO] [stdout] 
[INFO] [stdout] 
[INFO] [stdout] error: cannot find attribute `strict_type` in this scope
[INFO] [stdout]   --> tests/dumb.rs:99:7
[INFO] [stdout]    |
[INFO] [stdout] 99 |     #[strict_type(lib = TEST_LIB, dumb = ShortLen(u16::MAX))]
[INFO] [stdout]    |       ^^^^^^^^^^^
[INFO] [stdout]    |
[INFO] [stdout]    = note: `strict_type` is an attribute that can be used by the derive macros `StrictDecode`, `StrictDumb`, `StrictEncode` and `StrictType`, you might be missing a `derive` attribute
[INFO] [stdout] 
[INFO] [stdout] 
[INFO] [stdout] error: cannot find attribute `strict_type` in this scope
[INFO] [stdout]    --> tests/dumb.rs:110:7
[INFO] [stdout]     |
[INFO] [stdout] 110 |     #[strict_type(lib = TEST_LIB)]
[INFO] [stdout]     |       ^^^^^^^^^^^
[INFO] [stdout]     |
[INFO] [stdout]     = note: `strict_type` is an attribute that can be used by the derive macros `StrictDecode`, `StrictDumb`, `StrictEncode` and `StrictType`, you might be missing a `derive` attribute
[INFO] [stdout] 
[INFO] [stdout] 
[INFO] [stdout] error: cannot find attribute `strict_type` in this scope
[INFO] [stdout]    --> tests/dumb.rs:111:23
[INFO] [stdout]     |
[INFO] [stdout] 111 |     struct ShortLen(#[strict_type(dumb = 1)] u16);
[INFO] [stdout]     |                       ^^^^^^^^^^^
[INFO] [stdout]     |
[INFO] [stdout]     = note: `strict_type` is an attribute that can be used by the derive macros `StrictDecode`, `StrictDumb`, `StrictEncode` and `StrictType`, you might be missing a `derive` attribute
[INFO] [stdout] 
[INFO] [stdout] 
[INFO] [stdout] error: cannot find attribute `strict_type` in this scope
[INFO] [stdout]    --> tests/dumb.rs:121:7
[INFO] [stdout]     |
[INFO] [stdout] 121 |     #[strict_type(lib = TEST_LIB, dumb = ShortLen(u16::MAX))]
[INFO] [stdout]     |       ^^^^^^^^^^^
[INFO] [stdout]     |
[INFO] [stdout]     = note: `strict_type` is an attribute that can be used by the derive macros `StrictDecode`, `StrictDumb`, `StrictEncode` and `StrictType`, you might be missing a `derive` attribute
[INFO] [stdout] 
[INFO] [stdout] 
[INFO] [stdout] error: cannot find attribute `strict_type` in this scope
[INFO] [stdout]    --> tests/dumb.rs:122:23
[INFO] [stdout]     |
[INFO] [stdout] 122 |     struct ShortLen(#[strict_type(dumb = 1)] u16);
[INFO] [stdout]     |                       ^^^^^^^^^^^
[INFO] [stdout]     |
[INFO] [stdout]     = note: `strict_type` is an attribute that can be used by the derive macros `StrictDecode`, `StrictDumb`, `StrictEncode` and `StrictType`, you might be missing a `derive` attribute
[INFO] [stdout] 
[INFO] [stdout] 
[INFO] [stdout] error: cannot find attribute `strict_type` in this scope
[INFO] [stdout]    --> tests/dumb.rs:133:7
[INFO] [stdout]     |
[INFO] [stdout] 133 |     #[strict_type(lib = TEST_LIB, tags = order, dumb = Dumb::new())]
[INFO] [stdout]     |       ^^^^^^^^^^^
[INFO] [stdout]     |
[INFO] [stdout]     = note: `strict_type` is an attribute that can be used by the derive macros `StrictDecode`, `StrictDumb`, `StrictEncode` and `StrictType`, you might be missing a `derive` attribute
[INFO] [stdout] 
[INFO] [stdout] 
[INFO] [stdout] error: cannot find attribute `strict_type` in this scope
[INFO] [stdout]    --> tests/dumb.rs:161:7
[INFO] [stdout]     |
[INFO] [stdout] 161 |     #[strict_type(lib = TEST_LIB, tags = order, dumb = { Assoc::Variant { field: 0 } })]
[INFO] [stdout]     |       ^^^^^^^^^^^
[INFO] [stdout]     |
[INFO] [stdout]     = note: `strict_type` is an attribute that can be used by the derive macros `StrictDecode`, `StrictDumb`, `StrictEncode` and `StrictType`, you might be missing a `derive` attribute
[INFO] [stdout] 
[INFO] [stdout] 
[INFO] [stdout] error: cannot find attribute `strict_type` in this scope
[INFO] [stdout]    --> tests/dumb.rs:175:7
[INFO] [stdout]     |
[INFO] [stdout] 175 |     #[strict_type(lib = TEST_LIB, dumb = NamedFields(Confined::with(T::strict_dumb())))]
[INFO] [stdout]     |       ^^^^^^^^^^^
[INFO] [stdout]     |
[INFO] [stdout]     = note: `strict_type` is an attribute that can be used by the derive macros `StrictDecode`, `StrictDumb`, `StrictEncode` and `StrictType`, you might be missing a `derive` attribute
[INFO] [stdout] 
[INFO] [stdout] 
[INFO] [stdout] For more information about this error, try `rustc --explain E0432`.
[INFO] [stdout] 
[INFO] [stdout] error[E0432]: unresolved import `strict_encoding`
[INFO] [stdout]   --> tests/common/mod.rs:25:5
[INFO] [stdout]    |
[INFO] [stdout] 25 | use strict_encoding::{StrictDecode, StrictEncode};
[INFO] [stdout]    |     ^^^^^^^^^^^^^^^ use of unresolved module or unlinked crate `strict_encoding`
[INFO] [stdout]    |
[INFO] [stdout]    = help: if you wanted to use a crate named `strict_encoding`, use `cargo add strict_encoding` to add it to your `Cargo.toml`
[INFO] [stdout] 
[INFO] [stdout] 
[INFO] [stdout] error[E0432]: unresolved import `strict_encoding_test`
[INFO] [stdout]   --> tests/common/mod.rs:26:5
[INFO] [stdout]    |
[INFO] [stdout] 26 | use strict_encoding_test::DataEncodingTestFailure;
[INFO] [stdout]    |     ^^^^^^^^^^^^^^^^^^^^ use of unresolved module or unlinked crate `strict_encoding_test`
[INFO] [stdout]    |
[INFO] [stdout] help: there is a crate or module with a similar name
[INFO] [stdout]    |
[INFO] [stdout] 26 - use strict_encoding_test::DataEncodingTestFailure;
[INFO] [stdout] 26 + use strict_encoding_derive::DataEncodingTestFailure;
[INFO] [stdout]    |
[INFO] [stdout] 
[INFO] [stdout] 
[INFO] [stdout] error[E0432]: unresolved import `strict_encoding`
[INFO] [stdout]   --> tests/type.rs:33:5
[INFO] [stdout]    |
[INFO] [stdout] 33 | use strict_encoding::{
[INFO] [stdout]    |     ^^^^^^^^^^^^^^^ use of unresolved module or unlinked crate `strict_encoding`
[INFO] [stdout]    |
[INFO] [stdout]    = help: if you wanted to use a crate named `strict_encoding`, use `cargo add strict_encoding` to add it to your `Cargo.toml`
[INFO] [stdout] 
[INFO] [stdout] 
[INFO] [stdout] error[E0432]: unresolved import `strict_encoding`
[INFO] [stdout]    --> tests/type.rs:127:26
[INFO] [stdout]     |
[INFO] [stdout] 127 |     #[derive(StrictType, StrictEncode, StrictDecode)]
[INFO] [stdout]     |                          ^^^^^^^^^^^^ use of unresolved module or unlinked crate `strict_encoding`
[INFO] [stdout]     |
[INFO] [stdout]     = help: if you wanted to use a crate named `strict_encoding`, use `cargo add strict_encoding` to add it to your `Cargo.toml`
[INFO] [stdout]     = note: this error originates in the derive macro `StrictEncode` (in Nightly builds, run with -Z macro-backtrace for more info)
[INFO] [stdout] 
[INFO] [stdout] 
[INFO] [stdout] error[E0432]: unresolved import `strict_encoding`
[INFO] [stdout]    --> tests/type.rs:127:40
[INFO] [stdout]     |
[INFO] [stdout] 127 |     #[derive(StrictType, StrictEncode, StrictDecode)]
[INFO] [stdout]     |                                        ^^^^^^^^^^^^ use of unresolved module or unlinked crate `strict_encoding`
[INFO] [stdout]     |
[INFO] [stdout]     = help: if you wanted to use a crate named `strict_encoding`, use `cargo add strict_encoding` to add it to your `Cargo.toml`
[INFO] [stdout]     = note: this error originates in the derive macro `StrictDecode` (in Nightly builds, run with -Z macro-backtrace for more info)
[INFO] [stdout] 
[INFO] [stdout] 
[INFO] [stderr] error: could not compile `rgb-strict-encoding-derive` (test "dumb") due to 15 previous errors
[INFO] [stderr] warning: build failed, waiting for other jobs to finish...
[INFO] [stdout] error: cannot find attribute `strict_type` in this scope
[INFO] [stdout]   --> tests/type.rs:44:7
[INFO] [stdout]    |
[INFO] [stdout] 44 |     #[strict_type(lib = TEST_LIB)]
[INFO] [stdout]    |       ^^^^^^^^^^^
[INFO] [stdout]    |
[INFO] [stdout]    = note: `strict_type` is an attribute that can be used by the derive macros `StrictDecode`, `StrictDumb`, `StrictEncode` and `StrictType`, you might be missing a `derive` attribute
[INFO] [stdout] 
[INFO] [stdout] 
[INFO] [stdout] error: cannot find attribute `strict_type` in this scope
[INFO] [stdout]   --> tests/type.rs:57:7
[INFO] [stdout]    |
[INFO] [stdout] 57 |     #[strict_type(lib = TEST_LIB, rename = "ShortLen")]
[INFO] [stdout]    |       ^^^^^^^^^^^
[INFO] [stdout]    |
[INFO] [stdout]    = note: `strict_type` is an attribute that can be used by the derive macros `StrictDecode`, `StrictDumb`, `StrictEncode` and `StrictType`, you might be missing a `derive` attribute
[INFO] [stdout] 
[INFO] [stdout] 
[INFO] [stdout] error: cannot find attribute `strict_type` in this scope
[INFO] [stdout]   --> tests/type.rs:71:7
[INFO] [stdout]    |
[INFO] [stdout] 71 |     #[strict_type(lib = TEST_LIB)]
[INFO] [stdout]    |       ^^^^^^^^^^^
[INFO] [stdout]    |
[INFO] [stdout]    = note: `strict_type` is an attribute that can be used by the derive macros `StrictDecode`, `StrictDumb`, `StrictEncode` and `StrictType`, you might be missing a `derive` attribute
[INFO] [stdout] 
[INFO] [stdout] 
[INFO] [stdout] error: cannot find attribute `strict_type` in this scope
[INFO] [stdout]   --> tests/type.rs:86:7
[INFO] [stdout]    |
[INFO] [stdout] 86 |     #[strict_type(lib = TEST_LIB, tags = repr, into_u8, try_from_u8)]
[INFO] [stdout]    |       ^^^^^^^^^^^
[INFO] [stdout]    |
[INFO] [stdout]    = note: `strict_type` is an attribute that can be used by the derive macros `StrictDecode`, `StrictDumb`, `StrictEncode` and `StrictType`, you might be missing a `derive` attribute
[INFO] [stdout] 
[INFO] [stdout] 
[INFO] [stdout] error: cannot find attribute `strict_type` in this scope
[INFO] [stdout]    --> tests/type.rs:110:7
[INFO] [stdout]     |
[INFO] [stdout] 110 |     #[strict_type(lib = TEST_LIB)]
[INFO] [stdout]     |       ^^^^^^^^^^^
[INFO] [stdout]     |
[INFO] [stdout]     = note: `strict_type` is an attribute that can be used by the derive macros `StrictDecode`, `StrictDumb`, `StrictEncode` and `StrictType`, you might be missing a `derive` attribute
[INFO] [stdout] 
[INFO] [stdout] 
[INFO] [stdout] error: cannot find attribute `strict_type` in this scope
[INFO] [stdout]    --> tests/type.rs:114:11
[INFO] [stdout]     |
[INFO] [stdout] 114 |         #[strict_type(rename = "correctName")]
[INFO] [stdout]     |           ^^^^^^^^^^^
[INFO] [stdout]     |
[INFO] [stdout]     = note: `strict_type` is an attribute that can be used by the derive macros `StrictDecode`, `StrictDumb`, `StrictEncode` and `StrictType`, you might be missing a `derive` attribute
[INFO] [stdout] 
[INFO] [stdout] 
[INFO] [stdout] error: cannot find attribute `strict_type` in this scope
[INFO] [stdout]    --> tests/type.rs:159:7
[INFO] [stdout]     |
[INFO] [stdout] 159 |     #[strict_type(lib = TEST_LIB, tags = repr, into_u8, try_from_u8)]
[INFO] [stdout]     |       ^^^^^^^^^^^
[INFO] [stdout]     |
[INFO] [stdout]     = note: `strict_type` is an attribute that can be used by the derive macros `StrictDecode`, `StrictDumb`, `StrictEncode` and `StrictType`, you might be missing a `derive` attribute
[INFO] [stdout] 
[INFO] [stdout] 
[INFO] [stdout] error: cannot find attribute `strict_type` in this scope
[INFO] [stdout]    --> tests/type.rs:164:11
[INFO] [stdout]     |
[INFO] [stdout] 164 |         #[strict_type(rename = "correctName")]
[INFO] [stdout]     |           ^^^^^^^^^^^
[INFO] [stdout]     |
[INFO] [stdout] help: `strict_type` is an attribute that can be used by the derive macros `StrictDecode`, `StrictDumb`, `StrictEncode` and `StrictType`, you might be missing a `derive` attribute
[INFO] [stdout]     |
[INFO] [stdout] 160 +     #[derive(StrictDecode, StrictDumb, StrictEncode, StrictType)]
[INFO] [stdout] 161 |     enum Enum {
[INFO] [stdout]     |
[INFO] [stdout] 
[INFO] [stdout] 
[INFO] [stdout] error[E0433]: cannot find module or crate `strict_encoding` in this scope
[INFO] [stdout]   --> tests/type.rs:94:14
[INFO] [stdout]    |
[INFO] [stdout] 94 |     #[derive(StrictDumb, StrictType)]
[INFO] [stdout]    |              ^^^^^^^^^^ use of unresolved module or unlinked crate `strict_encoding`
[INFO] [stdout]    |
[INFO] [stdout]    = help: if you wanted to use a crate named `strict_encoding`, use `cargo add strict_encoding` to add it to your `Cargo.toml`
[INFO] [stdout]    = note: this error originates in the derive macro `StrictDumb` (in Nightly builds, run with -Z macro-backtrace for more info)
[INFO] [stdout] 
[INFO] [stdout] 
[INFO] [stdout] error[E0433]: cannot find module or crate `strict_encoding` in this scope
[INFO] [stdout]    --> tests/type.rs:127:26
[INFO] [stdout]     |
[INFO] [stdout] 127 |     #[derive(StrictType, StrictEncode, StrictDecode)]
[INFO] [stdout]     |                          ^^^^^^^^^^^^ use of unresolved module or unlinked crate `strict_encoding`
[INFO] [stdout]     |
[INFO] [stdout]     = help: if you wanted to use a crate named `strict_encoding`, use `cargo add strict_encoding` to add it to your `Cargo.toml`
[INFO] [stdout]     = note: this error originates in the derive macro `StrictEncode` (in Nightly builds, run with -Z macro-backtrace for more info)
[INFO] [stdout] 
[INFO] [stdout] 
[INFO] [stdout] error[E0433]: cannot find module or crate `strict_encoding` in this scope
[INFO] [stdout]    --> tests/type.rs:127:40
[INFO] [stdout]     |
[INFO] [stdout] 127 |     #[derive(StrictType, StrictEncode, StrictDecode)]
[INFO] [stdout]     |                                        ^^^^^^^^^^^^ use of unresolved module or unlinked crate `strict_encoding`
[INFO] [stdout]     |
[INFO] [stdout]     = help: if you wanted to use a crate named `strict_encoding`, use `cargo add strict_encoding` to add it to your `Cargo.toml`
[INFO] [stdout]     = note: this error originates in the derive macro `StrictDecode` (in Nightly builds, run with -Z macro-backtrace for more info)
[INFO] [stdout] 
[INFO] [stdout] 
[INFO] [stdout] Some errors have detailed explanations: E0432, E0433.
[INFO] [stdout] 
[INFO] [stdout] For more information about an error, try `rustc --explain E0432`.
[INFO] [stdout] 
[INFO] [stderr] error: could not compile `rgb-strict-encoding-derive` (test "type") due to 16 previous errors
[INFO] [stdout] error[E0433]: cannot find module or crate `strict_encoding` in this scope
[INFO] [stdout]    --> tests/base.rs:135:26
[INFO] [stdout]     |
[INFO] [stdout] 135 |     #[derive(StrictDumb, StrictType, StrictEncode, StrictDecode)]
[INFO] [stdout]     |                          ^^^^^^^^^^ use of unresolved module or unlinked crate `strict_encoding`
[INFO] [stdout]     |
[INFO] [stdout]     = help: if you wanted to use a crate named `strict_encoding`, use `cargo add strict_encoding` to add it to your `Cargo.toml`
[INFO] [stdout]     = note: this error originates in the derive macro `StrictType` (in Nightly builds, run with -Z macro-backtrace for more info)
[INFO] [stdout] 
[INFO] [stdout] 
[INFO] [stdout] error[E0433]: cannot find module or crate `strict_encoding` in this scope
[INFO] [stdout]    --> tests/base.rs:156:26
[INFO] [stdout]     |
[INFO] [stdout] 156 |     #[derive(StrictDumb, StrictType, StrictEncode, StrictDecode)]
[INFO] [stdout]     |                          ^^^^^^^^^^ use of unresolved module or unlinked crate `strict_encoding`
[INFO] [stdout]     |
[INFO] [stdout]     = help: if you wanted to use a crate named `strict_encoding`, use `cargo add strict_encoding` to add it to your `Cargo.toml`
[INFO] [stdout]     = note: this error originates in the derive macro `StrictType` (in Nightly builds, run with -Z macro-backtrace for more info)
[INFO] [stdout] 
[INFO] [stdout] 
[INFO] [stdout] error[E0433]: cannot find module or crate `strict_encoding` in this scope
[INFO] [stdout]   --> tests/base.rs:41:26
[INFO] [stdout]    |
[INFO] [stdout] 41 |     #[derive(StrictDumb, StrictType, StrictEncode, StrictDecode)]
[INFO] [stdout]    |                          ^^^^^^^^^^ use of unresolved module or unlinked crate `strict_encoding`
[INFO] [stdout]    |
[INFO] [stdout]    = help: if you wanted to use a crate named `strict_encoding`, use `cargo add strict_encoding` to add it to your `Cargo.toml`
[INFO] [stdout]    = note: this error originates in the derive macro `StrictType` (in Nightly builds, run with -Z macro-backtrace for more info)
[INFO] [stdout] 
[INFO] [stdout] 
[INFO] [stdout] error[E0433]: cannot find module or crate `strict_encoding` in this scope
[INFO] [stdout]   --> tests/base.rs:55:26
[INFO] [stdout]    |
[INFO] [stdout] 55 |     #[derive(StrictDumb, StrictType, StrictEncode, StrictDecode)]
[INFO] [stdout]    |                          ^^^^^^^^^^ use of unresolved module or unlinked crate `strict_encoding`
[INFO] [stdout]    |
[INFO] [stdout]    = help: if you wanted to use a crate named `strict_encoding`, use `cargo add strict_encoding` to add it to your `Cargo.toml`
[INFO] [stdout]    = note: this error originates in the derive macro `StrictType` (in Nightly builds, run with -Z macro-backtrace for more info)
[INFO] [stdout] 
[INFO] [stdout] 
[INFO] [stdout] error[E0433]: cannot find module or crate `strict_encoding` in this scope
[INFO] [stdout]   --> tests/base.rs:71:26
[INFO] [stdout]    |
[INFO] [stdout] 71 |     #[derive(StrictDumb, StrictType, StrictEncode, StrictDecode)]
[INFO] [stdout]    |                          ^^^^^^^^^^ use of unresolved module or unlinked crate `strict_encoding`
[INFO] [stdout]    |
[INFO] [stdout]    = help: if you wanted to use a crate named `strict_encoding`, use `cargo add strict_encoding` to add it to your `Cargo.toml`
[INFO] [stdout]    = note: this error originates in the derive macro `StrictType` (in Nightly builds, run with -Z macro-backtrace for more info)
[INFO] [stdout] 
[INFO] [stdout] 
[INFO] [stdout] error[E0433]: cannot find module or crate `strict_encoding` in this scope
[INFO] [stdout]   --> tests/base.rs:90:26
[INFO] [stdout]    |
[INFO] [stdout] 90 |     #[derive(StrictDumb, StrictType, StrictEncode, StrictDecode)]
[INFO] [stdout]    |                          ^^^^^^^^^^ use of unresolved module or unlinked crate `strict_encoding`
[INFO] [stdout]    |
[INFO] [stdout]    = help: if you wanted to use a crate named `strict_encoding`, use `cargo add strict_encoding` to add it to your `Cargo.toml`
[INFO] [stdout]    = note: this error originates in the derive macro `StrictType` (in Nightly builds, run with -Z macro-backtrace for more info)
[INFO] [stdout] 
[INFO] [stdout] 
[INFO] [stdout] error[E0433]: cannot find module or crate `strict_encoding` in this scope
[INFO] [stdout]    --> tests/base.rs:116:26
[INFO] [stdout]     |
[INFO] [stdout] 116 |     #[derive(StrictDumb, StrictType, StrictEncode, StrictDecode)]
[INFO] [stdout]     |                          ^^^^^^^^^^ use of unresolved module or unlinked crate `strict_encoding`
[INFO] [stdout]     |
[INFO] [stdout]     = help: if you wanted to use a crate named `strict_encoding`, use `cargo add strict_encoding` to add it to your `Cargo.toml`
[INFO] [stdout]     = note: this error originates in the derive macro `StrictType` (in Nightly builds, run with -Z macro-backtrace for more info)
[INFO] [stdout] 
[INFO] [stdout] 
[INFO] [stdout] error[E0433]: cannot find module or crate `strict_encoding` in this scope
[INFO] [stdout]    --> tests/base.rs:177:26
[INFO] [stdout]     |
[INFO] [stdout] 177 |     #[derive(StrictDumb, StrictType, StrictEncode, StrictDecode)]
[INFO] [stdout]     |                          ^^^^^^^^^^ use of unresolved module or unlinked crate `strict_encoding`
[INFO] [stdout]     |
[INFO] [stdout]     = help: if you wanted to use a crate named `strict_encoding`, use `cargo add strict_encoding` to add it to your `Cargo.toml`
[INFO] [stdout]     = note: this error originates in the derive macro `StrictType` (in Nightly builds, run with -Z macro-backtrace for more info)
[INFO] [stdout] 
[INFO] [stdout] 
[INFO] [stdout] error[E0433]: cannot find module or crate `strict_encoding` in this scope
[INFO] [stdout]    --> tests/base.rs:206:26
[INFO] [stdout]     |
[INFO] [stdout] 206 |     #[derive(StrictDumb, StrictType, StrictEncode, StrictDecode)]
[INFO] [stdout]     |                          ^^^^^^^^^^ use of unresolved module or unlinked crate `strict_encoding`
[INFO] [stdout]     |
[INFO] [stdout]     = help: if you wanted to use a crate named `strict_encoding`, use `cargo add strict_encoding` to add it to your `Cargo.toml`
[INFO] [stdout]     = note: this error originates in the derive macro `StrictType` (in Nightly builds, run with -Z macro-backtrace for more info)
[INFO] [stdout] 
[INFO] [stdout] 
[INFO] [stdout] Some errors have detailed explanations: E0432, E0433.
[INFO] [stdout] 
[INFO] [stdout] For more information about an error, try `rustc --explain E0432`.
[INFO] [stdout] 
[INFO] [stderr] error: could not compile `rgb-strict-encoding-derive` (test "base") due to 12 previous errors
[INFO] running `Command { std: "docker" "inspect" "1cd0c62e7157bf97c46472d7adf3a84c6657dd892de0dea6737702a611832325", kill_on_drop: false }`
[INFO] running `Command { std: "docker" "rm" "-f" "1cd0c62e7157bf97c46472d7adf3a84c6657dd892de0dea6737702a611832325", kill_on_drop: false }`
[INFO] [stdout] 1cd0c62e7157bf97c46472d7adf3a84c6657dd892de0dea6737702a611832325
