[INFO] fetching crate retworkx 0.8.0...
[INFO] testing retworkx-0.8.0 against 1.100.0-beta.1+cargoflags=--release for beta-release-1.100-2
[INFO] extracting crate retworkx 0.8.0 into /workspace/builds/worker-4-tc2/source
[INFO] removed /workspace/builds/worker-4-tc2/source/.cargo/config
[INFO] started tweaking crates.io crate retworkx 0.8.0
[INFO] finished tweaking crates.io crate retworkx 0.8.0
[INFO] tweaked toml for crates.io crate retworkx 0.8.0 written to /workspace/builds/worker-4-tc2/source/Cargo.toml
[INFO] validating manifest of crates.io crate retworkx 0.8.0 on toolchain 1.100.0-beta.1
[INFO] running `Command { std: CARGO_HOME="/workspace/cargo-home" RUSTUP_HOME="/workspace/rustup-home" "/workspace/cargo-home/bin/cargo" "+1.100.0-beta.1" "metadata" "--manifest-path" "Cargo.toml" "--no-deps", kill_on_drop: false }`
[INFO] running `Command { std: CARGO_HOME="/workspace/cargo-home" RUSTUP_HOME="/workspace/rustup-home" "/workspace/cargo-home/bin/cargo" "+1.100.0-beta.1" "generate-lockfile" "--manifest-path" "Cargo.toml", kill_on_drop: false }`
[INFO] [stderr]     Updating crates.io index
[INFO] [stderr]      Locking 62 packages to highest compatible versions
[INFO] [stderr]       Adding fixedbitset v0.2.0 (available: v0.5.7)
[INFO] [stderr]       Adding hashbrown v0.9.1 (available: v0.17.1)
[INFO] [stderr]       Adding indoc-impl v0.3.6 (available: v0.3.7)
[INFO] [stderr]       Adding ndarray v0.13.1 (available: v0.17.2)
[INFO] [stderr]       Adding numpy v0.12.2 (available: v0.30.0)
[INFO] [stderr]       Adding petgraph v0.5.1 (available: v0.8.3)
[INFO] [stderr]       Adding pyo3 v0.12.4 (available: v0.30.1)
[INFO] [stderr]       Adding pyo3-derive-backend v0.12.4 (available: v0.12.5)
[INFO] [stderr]       Adding pyo3cls v0.12.4 (available: v0.12.5)
[INFO] [stderr]       Adding rand v0.8.8 (available: v0.10.3)
[INFO] [stderr]       Adding rand_pcg v0.3.1 (available: v0.10.2)
[INFO] running `Command { std: CARGO_HOME="/workspace/cargo-home" RUSTUP_HOME="/workspace/rustup-home" "/workspace/cargo-home/bin/cargo" "+1.100.0-beta.1" "fetch" "--manifest-path" "Cargo.toml", kill_on_drop: false }`
[INFO] running `Command { std: "docker" "create" "-v" "/var/lib/crater-agent-workspace/builds/worker-4-tc2/source:/opt/rustwide/workdir:ro,Z" "-v" "/var/lib/crater-agent-workspace/builds/worker-4-tc2/target:/opt/rustwide/target:rw,Z" "-v" "/var/lib/crater-agent-workspace/cargo-home:/opt/rustwide/cargo-home:ro,Z" "-v" "/var/lib/crater-agent-workspace/rustup-home:/opt/rustwide/rustup-home:ro,Z" "-m" "1610612736" "--network" "none" "ghcr.io/rust-lang/crates-build-env/linux@sha256:77db811e55d90add9212f6832c23229e3de5f1c1f9905e8cb07319ea15df73ac" "sleep" "infinity", kill_on_drop: false }`
[INFO] [stdout] 69f89c03d8f3be9925e162c4e154c989188aa83a9cd96fb80e9f8e9b3108432d
[INFO] running `Command { std: "docker" "start" "69f89c03d8f3be9925e162c4e154c989188aa83a9cd96fb80e9f8e9b3108432d", kill_on_drop: false }`
[INFO] running `Command { std: "docker" "inspect" "69f89c03d8f3be9925e162c4e154c989188aa83a9cd96fb80e9f8e9b3108432d", kill_on_drop: false }`
[INFO] running `Command { std: "docker" "exec" "-e" "SOURCE_DIR=/opt/rustwide/workdir" "-e" "CARGO_HOME=/opt/rustwide/cargo-home" "-e" "RUSTUP_HOME=/opt/rustwide/rustup-home" "-e" "CARGO_TARGET_DIR=/opt/rustwide/target" "-w" "/opt/rustwide/workdir" "--user" "0:0" "69f89c03d8f3be9925e162c4e154c989188aa83a9cd96fb80e9f8e9b3108432d" "/opt/rustwide/cargo-home/bin/cargo" "+1.100.0-beta.1" "metadata" "--no-deps" "--format-version=1", kill_on_drop: false }`
[INFO] running `Command { std: "docker" "inspect" "69f89c03d8f3be9925e162c4e154c989188aa83a9cd96fb80e9f8e9b3108432d", kill_on_drop: false }`
[INFO] running `Command { std: "docker" "exec" "-e" "SOURCE_DIR=/opt/rustwide/workdir" "-e" "CARGO_HOME=/opt/rustwide/cargo-home" "-e" "RUSTUP_HOME=/opt/rustwide/rustup-home" "-e" "CARGO_TARGET_DIR=/opt/rustwide/target" "-e" "CARGO_INCREMENTAL=0" "-e" "RUST_BACKTRACE=full" "-e" "RUSTFLAGS=--cap-lints=warn" "-e" "RUSTDOCFLAGS=--cap-lints=warn" "-w" "/opt/rustwide/workdir" "--user" "0:0" "69f89c03d8f3be9925e162c4e154c989188aa83a9cd96fb80e9f8e9b3108432d" "/opt/rustwide/cargo-home/bin/cargo" "+1.100.0-beta.1" "build" "--frozen" "--message-format=json" "--release", kill_on_drop: false }`
[INFO] [stderr]    Compiling proc-macro2 v1.0.107
[INFO] [stderr]    Compiling unicode-ident v1.0.27
[INFO] [stderr]    Compiling quote v1.0.47
[INFO] [stderr]    Compiling autocfg v1.5.1
[INFO] [stderr]    Compiling libc v0.2.191
[INFO] [stderr]    Compiling syn v1.0.109
[INFO] [stderr]    Compiling cfg-if v1.0.5
[INFO] [stderr]    Compiling crossbeam-utils v0.8.23
[INFO] [stderr]    Compiling crossbeam-epoch v0.9.21
[INFO] [stderr]    Compiling crossbeam-deque v0.8.8
[INFO] [stderr]    Compiling proc-macro-hack v0.5.20+deprecated
[INFO] [stderr]    Compiling rayon-core v1.13.0
[INFO] [stderr]    Compiling parking_lot_core v0.8.6
[INFO] [stderr]    Compiling zerocopy v0.8.63
[INFO] [stderr]    Compiling either v1.19.0
[INFO] [stderr]    Compiling smallvec v1.16.3
[INFO] [stderr]    Compiling instant v0.1.13
[INFO] [stderr]    Compiling scopeguard v1.2.0
[INFO] [stderr]    Compiling unindent v0.1.11
[INFO] [stderr]    Compiling inventory v0.1.11
[INFO] [stderr]    Compiling ndarray v0.13.1
[INFO] [stderr]    Compiling rawpointer v0.2.1
[INFO] [stderr]    Compiling ahash v0.4.8
[INFO] [stderr]    Compiling pyo3 v0.12.4
[INFO] [stderr]    Compiling matrixmultiply v0.2.4
[INFO] [stderr]    Compiling hashbrown v0.12.3
[INFO] [stderr]    Compiling lock_api v0.4.14
[INFO] [stderr]    Compiling fixedbitset v0.2.0
[INFO] [stderr]    Compiling cfg-if v0.1.10
[INFO] [stderr]    Compiling num-traits v0.2.19
[INFO] [stderr]    Compiling num-complex v0.2.4
[INFO] [stderr]    Compiling indexmap v1.9.3
[INFO] [stderr]    Compiling paste-impl v0.1.18
[INFO] [stderr]    Compiling paste v0.1.18
[INFO] [stderr]    Compiling petgraph v0.5.1
[INFO] [stderr]    Compiling num-integer v0.1.47
[INFO] [stderr]    Compiling syn v3.0.9
[INFO] [stderr]    Compiling rayon v1.12.0
[INFO] [stderr]    Compiling getrandom v0.2.17
[INFO] [stderr]    Compiling rand_core v0.6.4
[INFO] [stderr]    Compiling parking_lot v0.11.2
[INFO] [stderr]    Compiling rand_pcg v0.3.1
[INFO] [stderr]    Compiling ghost v0.1.23
[INFO] [stderr]    Compiling pyo3-derive-backend v0.12.4
[INFO] [stderr]    Compiling hashbrown v0.9.1
[INFO] [stderr]    Compiling indoc-impl v0.3.6
[INFO] [stderr]    Compiling ctor v0.1.26
[INFO] [stderr]    Compiling inventory-impl v0.1.11
[INFO] [stderr]    Compiling ppv-lite86 v0.2.21
[INFO] [stderr]    Compiling indoc v0.3.6
[INFO] [stderr]    Compiling rand_chacha v0.3.1
[INFO] [stderr]    Compiling pyo3cls v0.12.4
[INFO] [stderr]    Compiling rand v0.8.8
[INFO] [stderr]    Compiling numpy v0.12.2
[INFO] [stderr]    Compiling retworkx v0.8.0 (/opt/rustwide/workdir)
[INFO] [stdout] warning: use of deprecated constant `std::usize::MAX`: replaced by the `MAX` associated constant on this type
[INFO] [stdout]    --> src/lib.rs:886:41
[INFO] [stdout]     |
[INFO] [stdout] 886 |                     None => std::usize::MAX,
[INFO] [stdout]     |                                         ^^^
[INFO] [stdout]     |
[INFO] [stdout]     = note: `#[warn(deprecated)]` on by default
[INFO] [stdout] 
[INFO] [stdout] 
[INFO] [stdout] warning: use of deprecated constant `std::usize::MAX`: replaced by the `MAX` associated constant on this type
[INFO] [stdout]    --> src/lib.rs:890:41
[INFO] [stdout]     |
[INFO] [stdout] 890 |                     None => std::usize::MAX,
[INFO] [stdout]     |                                         ^^^
[INFO] [stdout] 
[INFO] [stdout] 
[INFO] [stdout] warning: use of deprecated constant `std::usize::MAX`: replaced by the `MAX` associated constant on this type
[INFO] [stdout]    --> src/lib.rs:894:41
[INFO] [stdout]     |
[INFO] [stdout] 894 |                     None => std::usize::MAX,
[INFO] [stdout]     |                                         ^^^
[INFO] [stdout] 
[INFO] [stdout] 
[INFO] [stdout] warning: use of deprecated constant `std::usize::MAX`: replaced by the `MAX` associated constant on this type
[INFO] [stdout]    --> src/lib.rs:896:44
[INFO] [stdout]     |
[INFO] [stdout] 896 |                 if u_w_dist == std::usize::MAX || w_v_dist == std::usize::MAX {
[INFO] [stdout]     |                                            ^^^
[INFO] [stdout] 
[INFO] [stdout] 
[INFO] [stdout] warning: use of deprecated constant `std::usize::MAX`: replaced by the `MAX` associated constant on this type
[INFO] [stdout]    --> src/lib.rs:896:75
[INFO] [stdout]     |
[INFO] [stdout] 896 |                 if u_w_dist == std::usize::MAX || w_v_dist == std::usize::MAX {
[INFO] [stdout]     |                                                                           ^^^
[INFO] [stdout] 
[INFO] [stdout] 
[INFO] [stdout] warning: use of deprecated constant `std::f64::INFINITY`: replaced by the `INFINITY` associated constant on `f64`
[INFO] [stdout]     --> src/lib.rs:1006:62
[INFO] [stdout]      |
[INFO] [stdout] 1006 |     let mut mat = Array2::<f64>::from_elem((n, n), std::f64::INFINITY);
[INFO] [stdout]      |                                                              ^^^^^^^^
[INFO] [stdout] 
[INFO] [stdout] 
[INFO] [stdout] warning: use of deprecated constant `std::f64::INFINITY`: replaced by the `INFINITY` associated constant on `f64`
[INFO] [stdout]     --> src/lib.rs:1073:62
[INFO] [stdout]      |
[INFO] [stdout] 1073 |     let mut mat = Array2::<f64>::from_elem((n, n), std::f64::INFINITY);
[INFO] [stdout]      |                                                              ^^^^^^^^
[INFO] [stdout] 
[INFO] [stdout] 
[INFO] [stdout] warning: use of deprecated constant `std::f64::EPSILON`: replaced by the `EPSILON` associated constant on `f64`
[INFO] [stdout]     --> src/lib.rs:2104:50
[INFO] [stdout]      |
[INFO] [stdout] 2104 |         if (probability - 1.0).abs() < std::f64::EPSILON {
[INFO] [stdout]      |                                                  ^^^^^^^
[INFO] [stdout] 
[INFO] [stdout] 
[INFO] [stdout] warning: use of deprecated constant `std::f64::EPSILON`: replaced by the `EPSILON` associated constant on `f64`
[INFO] [stdout]     --> src/lib.rs:2212:50
[INFO] [stdout]      |
[INFO] [stdout] 2212 |         if (probability - 1.0).abs() < std::f64::EPSILON {
[INFO] [stdout]      |                                                  ^^^^^^^
[INFO] [stdout] 
[INFO] [stdout] 
[INFO] [stderr]     Finished `release` profile [optimized] target(s) in 1m 09s
[INFO] [stderr] warning: the following packages contain code that will be rejected by a future version of Rust: pyo3 v0.12.4, pyo3-derive-backend v0.12.4
[INFO] [stderr] note: to see what the problems were, use the option `--future-incompat-report`, or run `cargo report future-incompatibilities --id 7`
[INFO] running `Command { std: "docker" "inspect" "69f89c03d8f3be9925e162c4e154c989188aa83a9cd96fb80e9f8e9b3108432d", kill_on_drop: false }`
[INFO] running `Command { std: "docker" "exec" "-e" "SOURCE_DIR=/opt/rustwide/workdir" "-e" "CARGO_HOME=/opt/rustwide/cargo-home" "-e" "RUSTUP_HOME=/opt/rustwide/rustup-home" "-e" "CARGO_TARGET_DIR=/opt/rustwide/target" "-e" "CARGO_INCREMENTAL=0" "-e" "RUST_BACKTRACE=full" "-e" "RUSTFLAGS=--cap-lints=warn" "-e" "RUSTDOCFLAGS=--cap-lints=warn" "-w" "/opt/rustwide/workdir" "--user" "0:0" "69f89c03d8f3be9925e162c4e154c989188aa83a9cd96fb80e9f8e9b3108432d" "/opt/rustwide/cargo-home/bin/cargo" "+1.100.0-beta.1" "test" "--frozen" "--no-run" "--message-format=json" "--release", kill_on_drop: false }`
[INFO] [stderr]    Compiling retworkx v0.8.0 (/opt/rustwide/workdir)
[INFO] [stdout] warning: use of deprecated constant `std::usize::MAX`: replaced by the `MAX` associated constant on this type
[INFO] [stdout]    --> src/lib.rs:886:41
[INFO] [stdout]     |
[INFO] [stdout] 886 |                     None => std::usize::MAX,
[INFO] [stdout]     |                                         ^^^
[INFO] [stdout]     |
[INFO] [stdout]     = note: `#[warn(deprecated)]` on by default
[INFO] [stdout] 
[INFO] [stdout] 
[INFO] [stdout] warning: use of deprecated constant `std::usize::MAX`: replaced by the `MAX` associated constant on this type
[INFO] [stdout]    --> src/lib.rs:890:41
[INFO] [stdout]     |
[INFO] [stdout] 890 |                     None => std::usize::MAX,
[INFO] [stdout]     |                                         ^^^
[INFO] [stdout] 
[INFO] [stdout] 
[INFO] [stdout] warning: use of deprecated constant `std::usize::MAX`: replaced by the `MAX` associated constant on this type
[INFO] [stdout]    --> src/lib.rs:894:41
[INFO] [stdout]     |
[INFO] [stdout] 894 |                     None => std::usize::MAX,
[INFO] [stdout]     |                                         ^^^
[INFO] [stdout] 
[INFO] [stdout] 
[INFO] [stdout] warning: use of deprecated constant `std::usize::MAX`: replaced by the `MAX` associated constant on this type
[INFO] [stdout]    --> src/lib.rs:896:44
[INFO] [stdout]     |
[INFO] [stdout] 896 |                 if u_w_dist == std::usize::MAX || w_v_dist == std::usize::MAX {
[INFO] [stdout]     |                                            ^^^
[INFO] [stdout] 
[INFO] [stdout] 
[INFO] [stdout] warning: use of deprecated constant `std::usize::MAX`: replaced by the `MAX` associated constant on this type
[INFO] [stdout]    --> src/lib.rs:896:75
[INFO] [stdout]     |
[INFO] [stdout] 896 |                 if u_w_dist == std::usize::MAX || w_v_dist == std::usize::MAX {
[INFO] [stdout]     |                                                                           ^^^
[INFO] [stdout] 
[INFO] [stdout] 
[INFO] [stdout] warning: use of deprecated constant `std::f64::INFINITY`: replaced by the `INFINITY` associated constant on `f64`
[INFO] [stdout]     --> src/lib.rs:1006:62
[INFO] [stdout]      |
[INFO] [stdout] 1006 |     let mut mat = Array2::<f64>::from_elem((n, n), std::f64::INFINITY);
[INFO] [stdout]      |                                                              ^^^^^^^^
[INFO] [stdout] 
[INFO] [stdout] 
[INFO] [stdout] warning: use of deprecated constant `std::f64::INFINITY`: replaced by the `INFINITY` associated constant on `f64`
[INFO] [stdout]     --> src/lib.rs:1073:62
[INFO] [stdout]      |
[INFO] [stdout] 1073 |     let mut mat = Array2::<f64>::from_elem((n, n), std::f64::INFINITY);
[INFO] [stdout]      |                                                              ^^^^^^^^
[INFO] [stdout] 
[INFO] [stdout] 
[INFO] [stdout] warning: use of deprecated constant `std::f64::EPSILON`: replaced by the `EPSILON` associated constant on `f64`
[INFO] [stdout]     --> src/lib.rs:2104:50
[INFO] [stdout]      |
[INFO] [stdout] 2104 |         if (probability - 1.0).abs() < std::f64::EPSILON {
[INFO] [stdout]      |                                                  ^^^^^^^
[INFO] [stdout] 
[INFO] [stdout] 
[INFO] [stdout] warning: use of deprecated constant `std::f64::EPSILON`: replaced by the `EPSILON` associated constant on `f64`
[INFO] [stdout]     --> src/lib.rs:2212:50
[INFO] [stdout]      |
[INFO] [stdout] 2212 |         if (probability - 1.0).abs() < std::f64::EPSILON {
[INFO] [stdout]      |                                                  ^^^^^^^
[INFO] [stdout] 
[INFO] [stdout] 
[INFO] [stdout] error: linking with `cc` failed: exit status: 1
[INFO] [stdout]   |
[INFO] [stdout]   = note:  "cc" "-m64" "<1 object files omitted>" "-Wl,--as-needed" "-Wl,-Bstatic" "<sysroot>/lib/rustlib/x86_64-unknown-linux-gnu/lib/libcompiler_builtins-*.rlib" "-Wl,-Bdynamic" "-lgcc_s" "-lutil" "-lrt" "-lpthread" "-lm" "-ldl" "-lc" "-L" "/opt/rustwide/target/release/build/retworkx/5b2f80d7c0fd08d4/out/rustcIYI3j8/raw-dylibs" "-B<sysroot>/lib/rustlib/x86_64-unknown-linux-gnu/bin/gcc-ld" "-fuse-ld=lld" "-Wl,--eh-frame-hdr" "-Wl,-z,noexecstack" "-L" "<sysroot>/lib/rustlib/x86_64-unknown-linux-gnu/lib" "-o" "/opt/rustwide/target/release/build/retworkx/5b2f80d7c0fd08d4/out/retworkx-5b2f80d7c0fd08d4" "-Wl,--gc-sections" "-pie" "-Wl,-z,relro,-z,now" "-Wl,-O1" "-Wl,--strip-debug" "-nodefaultlibs"
[INFO] [stdout]   = note: some arguments are omitted. use `--verbose` to show all linker arguments
[INFO] [stdout]   = note: rust-lld: error: undefined symbol: PyExc_Exception
[INFO] [stdout]           >>> referenced by retworkx.c20054f5922e0c9c-cgu.0
[INFO] [stdout]           >>>               /opt/rustwide/target/release/build/retworkx/5b2f80d7c0fd08d4/out/retworkx-5b2f80d7c0fd08d4.retworkx.c20054f5922e0c9c-cgu.0.rcgu.o:(<pyo3::python::Python>::with_gil::<<pyo3::err::PyErr>::new<retworkx::DAGHasCycle, &str>::{closure#0}, pyo3::err::PyErr>)
[INFO] [stdout]           >>> referenced by retworkx.c20054f5922e0c9c-cgu.0
[INFO] [stdout]           >>>               /opt/rustwide/target/release/build/retworkx/5b2f80d7c0fd08d4/out/retworkx-5b2f80d7c0fd08d4.retworkx.c20054f5922e0c9c-cgu.0.rcgu.o:(<pyo3::python::Python>::with_gil::<<pyo3::err::PyErr>::new<retworkx::NoEdgeBetweenNodes, &str>::{closure#0}, pyo3::err::PyErr>)
[INFO] [stdout]           >>> referenced by retworkx.c20054f5922e0c9c-cgu.0
[INFO] [stdout]           >>>               /opt/rustwide/target/release/build/retworkx/5b2f80d7c0fd08d4/out/retworkx-5b2f80d7c0fd08d4.retworkx.c20054f5922e0c9c-cgu.0.rcgu.o:(<retworkx::digraph::PyDiGraph>::_add_edge)
[INFO] [stdout]           >>> referenced 1 more times
[INFO] [stdout]           
[INFO] [stdout]           rust-lld: error: undefined symbol: PyGILState_Release
[INFO] [stdout]           >>> referenced by retworkx.c20054f5922e0c9c-cgu.0
[INFO] [stdout]           >>>               /opt/rustwide/target/release/build/retworkx/5b2f80d7c0fd08d4/out/retworkx-5b2f80d7c0fd08d4.retworkx.c20054f5922e0c9c-cgu.0.rcgu.o:(<pyo3::python::Python>::with_gil::<<pyo3::err::PyErr>::new<retworkx::DAGHasCycle, &str>::{closure#0}, pyo3::err::PyErr>)
[INFO] [stdout]           >>> referenced by retworkx.c20054f5922e0c9c-cgu.0
[INFO] [stdout]           >>>               /opt/rustwide/target/release/build/retworkx/5b2f80d7c0fd08d4/out/retworkx-5b2f80d7c0fd08d4.retworkx.c20054f5922e0c9c-cgu.0.rcgu.o:(<pyo3::python::Python>::with_gil::<<pyo3::err::PyErr>::new<retworkx::NoEdgeBetweenNodes, &str>::{closure#0}, pyo3::err::PyErr>)
[INFO] [stdout]           >>> referenced by retworkx.c20054f5922e0c9c-cgu.0
[INFO] [stdout]           >>>               /opt/rustwide/target/release/build/retworkx/5b2f80d7c0fd08d4/out/retworkx-5b2f80d7c0fd08d4.retworkx.c20054f5922e0c9c-cgu.0.rcgu.o:(<pyo3::python::Python>::with_gil::<<pyo3::err::PyErr>::new<retworkx::NoEdgeBetweenNodes, &str>::{closure#0}, pyo3::err::PyErr>)
[INFO] [stdout]           >>> referenced 41 more times
[INFO] [stdout]           
[INFO] [stdout]           rust-lld: error: undefined symbol: PyExc_TypeError
[INFO] [stdout]           >>> referenced by retworkx.c20054f5922e0c9c-cgu.0
[INFO] [stdout]           >>>               /opt/rustwide/target/release/build/retworkx/5b2f80d7c0fd08d4/out/retworkx-5b2f80d7c0fd08d4.retworkx.c20054f5922e0c9c-cgu.0.rcgu.o:(<pyo3::python::Python>::with_gil::<<pyo3::err::PyErr>::new<pyo3::exceptions::PyTypeError, &str>::{closure#0}, pyo3::err::PyErr>)
[INFO] [stdout]           >>> referenced by retworkx.c20054f5922e0c9c-cgu.0
[INFO] [stdout]           >>>               /opt/rustwide/target/release/build/retworkx/5b2f80d7c0fd08d4/out/retworkx-5b2f80d7c0fd08d4.retworkx.c20054f5922e0c9c-cgu.0.rcgu.o:(<pyo3::python::Python>::with_gil::<<pyo3::err::PyErr>::new<pyo3::exceptions::PyTypeError, &str>::{closure#0}, pyo3::err::PyErr>)
[INFO] [stdout]           >>> referenced by retworkx.c20054f5922e0c9c-cgu.0
[INFO] [stdout]           >>>               /opt/rustwide/target/release/build/retworkx/5b2f80d7c0fd08d4/out/retworkx-5b2f80d7c0fd08d4.retworkx.c20054f5922e0c9c-cgu.0.rcgu.o:(<pyo3::python::Python>::with_gil::<<pyo3::err::PyErr>::new<pyo3::panic::PanicException, (alloc::string::String,)>::{closure#0}, pyo3::err::PyErr>)
[INFO] [stdout]           >>> referenced 13 more times
[INFO] [stdout]           
[INFO] [stdout]           rust-lld: error: undefined symbol: PyExc_IndexError
[INFO] [stdout]           >>> referenced by retworkx.c20054f5922e0c9c-cgu.0
[INFO] [stdout]           >>>               /opt/rustwide/target/release/build/retworkx/5b2f80d7c0fd08d4/out/retworkx-5b2f80d7c0fd08d4.retworkx.c20054f5922e0c9c-cgu.0.rcgu.o:(<pyo3::python::Python>::with_gil::<<pyo3::err::PyErr>::new<pyo3::exceptions::PyIndexError, alloc::string::String>::{closure#0}, pyo3::err::PyErr>)
[INFO] [stdout]           >>> referenced by retworkx.c20054f5922e0c9c-cgu.0
[INFO] [stdout]           >>>               /opt/rustwide/target/release/build/retworkx/5b2f80d7c0fd08d4/out/retworkx-5b2f80d7c0fd08d4.retworkx.c20054f5922e0c9c-cgu.0.rcgu.o:(<pyo3::ffi::object::typeobject::PyMappingMethods>::set_getitem::wrap::<retworkx::graph::PyGraph>)
[INFO] [stdout]           >>> referenced by retworkx.c20054f5922e0c9c-cgu.0
[INFO] [stdout]           >>>               /opt/rustwide/target/release/build/retworkx/5b2f80d7c0fd08d4/out/retworkx-5b2f80d7c0fd08d4.retworkx.c20054f5922e0c9c-cgu.0.rcgu.o:(<pyo3::ffi::object::typeobject::PyMappingMethods>::set_setdelitem::wrap::<retworkx::graph::PyGraph>)
[INFO] [stdout]           >>> referenced 11 more times
[INFO] [stdout]           
[INFO] [stdout]           rust-lld: error: undefined symbol: PyExc_BaseException
[INFO] [stdout]           >>> referenced by retworkx.c20054f5922e0c9c-cgu.0
[INFO] [stdout]           >>>               /opt/rustwide/target/release/build/retworkx/5b2f80d7c0fd08d4/out/retworkx-5b2f80d7c0fd08d4.retworkx.c20054f5922e0c9c-cgu.0.rcgu.o:(<pyo3::python::Python>::with_gil::<<pyo3::err::PyErr>::new<pyo3::panic::PanicException, (alloc::string::String,)>::{closure#0}, pyo3::err::PyErr>)
[INFO] [stdout]           >>> referenced by retworkx.c20054f5922e0c9c-cgu.0
[INFO] [stdout]           >>>               /opt/rustwide/target/release/build/retworkx/5b2f80d7c0fd08d4/out/retworkx-5b2f80d7c0fd08d4.retworkx.c20054f5922e0c9c-cgu.0.rcgu.o:(<pyo3::python::Python>::with_gil::<<pyo3::err::PyErr>::new<pyo3::panic::PanicException, (&str,)>::{closure#0}, pyo3::err::PyErr>)
[INFO] [stdout]           >>> referenced by retworkx.c20054f5922e0c9c-cgu.0
[INFO] [stdout]           >>>               /opt/rustwide/target/release/build/retworkx/5b2f80d7c0fd08d4/out/retworkx-5b2f80d7c0fd08d4.retworkx.c20054f5922e0c9c-cgu.0.rcgu.o:(<pyo3::err::PyErr>::fetch)
[INFO] [stdout]           
[INFO] [stdout]           rust-lld: error: undefined symbol: PyDict_SetItem
[INFO] [stdout]           >>> referenced by retworkx.c20054f5922e0c9c-cgu.0
[INFO] [stdout]           >>>               /opt/rustwide/target/release/build/retworkx/5b2f80d7c0fd08d4/out/retworkx-5b2f80d7c0fd08d4.retworkx.c20054f5922e0c9c-cgu.0.rcgu.o:(<pyo3::types::dict::PyDict>::set_item::<&str, pyo3::instance::Py<pyo3::types::any::PyAny>>)
[INFO] [stdout]           >>> referenced by retworkx.c20054f5922e0c9c-cgu.0
[INFO] [stdout]           >>>               /opt/rustwide/target/release/build/retworkx/5b2f80d7c0fd08d4/out/retworkx-5b2f80d7c0fd08d4.retworkx.c20054f5922e0c9c-cgu.0.rcgu.o:(<pyo3::types::dict::PyDict>::set_item::<usize, &pyo3::instance::Py<pyo3::types::any::PyAny>>)
[INFO] [stdout]           >>> referenced by retworkx.c20054f5922e0c9c-cgu.0
[INFO] [stdout]           >>>               /opt/rustwide/target/release/build/retworkx/5b2f80d7c0fd08d4/out/retworkx-5b2f80d7c0fd08d4.retworkx.c20054f5922e0c9c-cgu.0.rcgu.o:(<pyo3::types::dict::PyDict>::set_item::<usize, usize>)
[INFO] [stdout]           >>> referenced 7 more times
[INFO] [stdout]           
[INFO] [stdout]           rust-lld: error: undefined symbol: _Py_Dealloc
[INFO] [stdout]           >>> referenced by retworkx.c20054f5922e0c9c-cgu.0
[INFO] [stdout]           >>>               /opt/rustwide/target/release/build/retworkx/5b2f80d7c0fd08d4/out/retworkx-5b2f80d7c0fd08d4.retworkx.c20054f5922e0c9c-cgu.0.rcgu.o:(<pyo3::types::dict::PyDict>::set_item::<&str, pyo3::instance::Py<pyo3::types::any::PyAny>>)
[INFO] [stdout]           >>> referenced by retworkx.c20054f5922e0c9c-cgu.0
[INFO] [stdout]           >>>               /opt/rustwide/target/release/build/retworkx/5b2f80d7c0fd08d4/out/retworkx-5b2f80d7c0fd08d4.retworkx.c20054f5922e0c9c-cgu.0.rcgu.o:(<pyo3::types::dict::PyDict>::set_item::<&str, pyo3::instance::Py<pyo3::types::any::PyAny>>)
[INFO] [stdout]           >>> referenced by retworkx.c20054f5922e0c9c-cgu.0
[INFO] [stdout]           >>>               /opt/rustwide/target/release/build/retworkx/5b2f80d7c0fd08d4/out/retworkx-5b2f80d7c0fd08d4.retworkx.c20054f5922e0c9c-cgu.0.rcgu.o:(<pyo3::types::dict::PyDict>::set_item::<usize, &pyo3::instance::Py<pyo3::types::any::PyAny>>)
[INFO] [stdout]           >>> referenced 60 more times
[INFO] [stdout]           
[INFO] [stdout]           rust-lld: error: undefined symbol: PyLong_FromUnsignedLongLong
[INFO] [stdout]           >>> referenced by retworkx.c20054f5922e0c9c-cgu.0
[INFO] [stdout]           >>>               /opt/rustwide/target/release/build/retworkx/5b2f80d7c0fd08d4/out/retworkx-5b2f80d7c0fd08d4.retworkx.c20054f5922e0c9c-cgu.0.rcgu.o:(<pyo3::types::dict::PyDict>::set_item::<usize, &pyo3::instance::Py<pyo3::types::any::PyAny>>)
[INFO] [stdout]           >>> referenced by retworkx.c20054f5922e0c9c-cgu.0
[INFO] [stdout]           >>>               /opt/rustwide/target/release/build/retworkx/5b2f80d7c0fd08d4/out/retworkx-5b2f80d7c0fd08d4.retworkx.c20054f5922e0c9c-cgu.0.rcgu.o:(<pyo3::types::dict::PyDict>::set_item::<usize, usize>)
[INFO] [stdout]           >>> referenced by retworkx.c20054f5922e0c9c-cgu.0
[INFO] [stdout]           >>>               /opt/rustwide/target/release/build/retworkx/5b2f80d7c0fd08d4/out/retworkx-5b2f80d7c0fd08d4.retworkx.c20054f5922e0c9c-cgu.0.rcgu.o:(<pyo3::types::dict::PyDict>::set_item::<usize, usize>)
[INFO] [stdout]           >>> referenced 26 more times
[INFO] [stdout]           
[INFO] [stdout]           rust-lld: error: undefined symbol: PyList_New
[INFO] [stdout]           >>> referenced by retworkx.c20054f5922e0c9c-cgu.0
[INFO] [stdout]           >>>               /opt/rustwide/target/release/build/retworkx/5b2f80d7c0fd08d4/out/retworkx-5b2f80d7c0fd08d4.retworkx.c20054f5922e0c9c-cgu.0.rcgu.o:(<pyo3::types::list::PyList>::new::<pyo3::instance::Py<pyo3::types::any::PyAny>, alloc::vec::into_iter::IntoIter<pyo3::instance::Py<pyo3::types::any::PyAny>>, alloc::vec::Vec<pyo3::instance::Py<pyo3::types::any::PyAny>>>)
[INFO] [stdout]           >>> referenced by retworkx.c20054f5922e0c9c-cgu.0
[INFO] [stdout]           >>>               /opt/rustwide/target/release/build/retworkx/5b2f80d7c0fd08d4/out/retworkx-5b2f80d7c0fd08d4.retworkx.c20054f5922e0c9c-cgu.0.rcgu.o:(retworkx::graph::__init3654562982440141033::__wrap)
[INFO] [stdout]           >>> referenced by retworkx.c20054f5922e0c9c-cgu.0
[INFO] [stdout]           >>>               /opt/rustwide/target/release/build/retworkx/5b2f80d7c0fd08d4/out/retworkx-5b2f80d7c0fd08d4.retworkx.c20054f5922e0c9c-cgu.0.rcgu.o:(retworkx::graph::__init3654562982440141033::__wrap)
[INFO] [stdout]           >>> referenced 12 more times
[INFO] [stdout]           
[INFO] [stdout]           rust-lld: error: undefined symbol: PyList_SetItem
[INFO] [stdout]           >>> referenced by retworkx.c20054f5922e0c9c-cgu.0
[INFO] [stdout]           >>>               /opt/rustwide/target/release/build/retworkx/5b2f80d7c0fd08d4/out/retworkx-5b2f80d7c0fd08d4.retworkx.c20054f5922e0c9c-cgu.0.rcgu.o:(<pyo3::types::list::PyList>::new::<pyo3::instance::Py<pyo3::types::any::PyAny>, alloc::vec::into_iter::IntoIter<pyo3::instance::Py<pyo3::types::any::PyAny>>, alloc::vec::Vec<pyo3::instance::Py<pyo3::types::any::PyAny>>>)
[INFO] [stdout]           >>> referenced by retworkx.c20054f5922e0c9c-cgu.0
[INFO] [stdout]           >>>               /opt/rustwide/target/release/build/retworkx/5b2f80d7c0fd08d4/out/retworkx-5b2f80d7c0fd08d4.retworkx.c20054f5922e0c9c-cgu.0.rcgu.o:(retworkx::graph::__init3654562982440141033::__wrap)
[INFO] [stdout]           >>> referenced by retworkx.c20054f5922e0c9c-cgu.0
[INFO] [stdout]           >>>               /opt/rustwide/target/release/build/retworkx/5b2f80d7c0fd08d4/out/retworkx-5b2f80d7c0fd08d4.retworkx.c20054f5922e0c9c-cgu.0.rcgu.o:(retworkx::graph::__init3654562982440141033::__wrap)
[INFO] [stdout]           >>> referenced 11 more times
[INFO] [stdout]           
[INFO] [stdout]           rust-lld: error: undefined symbol: PyTuple_New
[INFO] [stdout]           >>> referenced by retworkx.c20054f5922e0c9c-cgu.0
[INFO] [stdout]           >>>               /opt/rustwide/target/release/build/retworkx/5b2f80d7c0fd08d4/out/retworkx-5b2f80d7c0fd08d4.retworkx.c20054f5922e0c9c-cgu.0.rcgu.o:(<pyo3::instance::Py<pyo3::types::any::PyAny>>::call::<(&pyo3::instance::Py<pyo3::types::any::PyAny>, &pyo3::instance::Py<pyo3::types::any::PyAny>)>)
[INFO] [stdout]           >>> referenced by retworkx.c20054f5922e0c9c-cgu.0
[INFO] [stdout]           >>>               /opt/rustwide/target/release/build/retworkx/5b2f80d7c0fd08d4/out/retworkx-5b2f80d7c0fd08d4.retworkx.c20054f5922e0c9c-cgu.0.rcgu.o:(<pyo3::instance::Py<pyo3::types::any::PyAny>>::call::<(&pyo3::instance::Py<pyo3::types::any::PyAny>,)>)
[INFO] [stdout]           >>> referenced by retworkx.c20054f5922e0c9c-cgu.0
[INFO] [stdout]           >>>               /opt/rustwide/target/release/build/retworkx/5b2f80d7c0fd08d4/out/retworkx-5b2f80d7c0fd08d4.retworkx.c20054f5922e0c9c-cgu.0.rcgu.o:(<pyo3::ffi::object::typeobject::PySequenceMethods>::set_getitem::wrap::<retworkx::iterators::EdgeList>)
[INFO] [stdout]           >>> referenced 7 more times
[INFO] [stdout]           
[INFO] [stdout]           rust-lld: error: undefined symbol: PyTuple_SetItem
[INFO] [stdout]           >>> referenced by retworkx.c20054f5922e0c9c-cgu.0
[INFO] [stdout]           >>>               /opt/rustwide/target/release/build/retworkx/5b2f80d7c0fd08d4/out/retworkx-5b2f80d7c0fd08d4.retworkx.c20054f5922e0c9c-cgu.0.rcgu.o:(<pyo3::instance::Py<pyo3::types::any::PyAny>>::call::<(&pyo3::instance::Py<pyo3::types::any::PyAny>, &pyo3::instance::Py<pyo3::types::any::PyAny>)>)
[INFO] [stdout]           >>> referenced by retworkx.c20054f5922e0c9c-cgu.0
[INFO] [stdout]           >>>               /opt/rustwide/target/release/build/retworkx/5b2f80d7c0fd08d4/out/retworkx-5b2f80d7c0fd08d4.retworkx.c20054f5922e0c9c-cgu.0.rcgu.o:(<pyo3::instance::Py<pyo3::types::any::PyAny>>::call::<(&pyo3::instance::Py<pyo3::types::any::PyAny>,)>)
[INFO] [stdout]           >>> referenced by retworkx.c20054f5922e0c9c-cgu.0
[INFO] [stdout]           >>>               /opt/rustwide/target/release/build/retworkx/5b2f80d7c0fd08d4/out/retworkx-5b2f80d7c0fd08d4.retworkx.c20054f5922e0c9c-cgu.0.rcgu.o:(<pyo3::ffi::object::typeobject::PySequenceMethods>::set_getitem::wrap::<retworkx::iterators::EdgeList>)
[INFO] [stdout]           >>> referenced 14 more times
[INFO] [stdout]           
[INFO] [stdout]           rust-lld: error: undefined symbol: PyObject_Call
[INFO] [stdout]           >>> referenced by retworkx.c20054f5922e0c9c-cgu.0
[INFO] [stdout]           >>>               /opt/rustwide/target/release/build/retworkx/5b2f80d7c0fd08d4/out/retworkx-5b2f80d7c0fd08d4.retworkx.c20054f5922e0c9c-cgu.0.rcgu.o:(<pyo3::instance::Py<pyo3::types::any::PyAny>>::call::<(&pyo3::instance::Py<pyo3::types::any::PyAny>, &pyo3::instance::Py<pyo3::types::any::PyAny>)>)
[INFO] [stdout]           >>> referenced by retworkx.c20054f5922e0c9c-cgu.0
[INFO] [stdout]           >>>               /opt/rustwide/target/release/build/retworkx/5b2f80d7c0fd08d4/out/retworkx-5b2f80d7c0fd08d4.retworkx.c20054f5922e0c9c-cgu.0.rcgu.o:(<pyo3::instance::Py<pyo3::types::any::PyAny>>::call::<(&pyo3::instance::Py<pyo3::types::any::PyAny>,)>)
[INFO] [stdout]           
[INFO] [stdout]           rust-lld: error: undefined symbol: PyObject_RichCompare
[INFO] [stdout]           >>> referenced by retworkx.c20054f5922e0c9c-cgu.0
[INFO] [stdout]           >>>               /opt/rustwide/target/release/build/retworkx/5b2f80d7c0fd08d4/out/retworkx-5b2f80d7c0fd08d4.retworkx.c20054f5922e0c9c-cgu.0.rcgu.o:(<pyo3::types::any::PyAny>::compare::<pyo3::instance::Py<pyo3::types::any::PyAny>>)
[INFO] [stdout]           >>> referenced by retworkx.c20054f5922e0c9c-cgu.0
[INFO] [stdout]           >>>               /opt/rustwide/target/release/build/retworkx/5b2f80d7c0fd08d4/out/retworkx-5b2f80d7c0fd08d4.retworkx.c20054f5922e0c9c-cgu.0.rcgu.o:(<pyo3::types::any::PyAny>::compare::<pyo3::instance::Py<pyo3::types::any::PyAny>>)
[INFO] [stdout]           >>> referenced by retworkx.c20054f5922e0c9c-cgu.0
[INFO] [stdout]           >>>               /opt/rustwide/target/release/build/retworkx/5b2f80d7c0fd08d4/out/retworkx-5b2f80d7c0fd08d4.retworkx.c20054f5922e0c9c-cgu.0.rcgu.o:(<pyo3::types::any::PyAny>::compare::<pyo3::instance::Py<pyo3::types::any::PyAny>>)
[INFO] [stdout]           >>> referenced 6 more times
[INFO] [stdout]           
[INFO] [stdout]           rust-lld: error: undefined symbol: PyObject_IsTrue
[INFO] [stdout]           >>> referenced by retworkx.c20054f5922e0c9c-cgu.0
[INFO] [stdout]           >>>               /opt/rustwide/target/release/build/retworkx/5b2f80d7c0fd08d4/out/retworkx-5b2f80d7c0fd08d4.retworkx.c20054f5922e0c9c-cgu.0.rcgu.o:(<pyo3::types::any::PyAny>::compare::<pyo3::instance::Py<pyo3::types::any::PyAny>>)
[INFO] [stdout]           >>> referenced by retworkx.c20054f5922e0c9c-cgu.0
[INFO] [stdout]           >>>               /opt/rustwide/target/release/build/retworkx/5b2f80d7c0fd08d4/out/retworkx-5b2f80d7c0fd08d4.retworkx.c20054f5922e0c9c-cgu.0.rcgu.o:(<pyo3::types::any::PyAny>::compare::<pyo3::instance::Py<pyo3::types::any::PyAny>>)
[INFO] [stdout]           >>> referenced by retworkx.c20054f5922e0c9c-cgu.0
[INFO] [stdout]           >>>               /opt/rustwide/target/release/build/retworkx/5b2f80d7c0fd08d4/out/retworkx-5b2f80d7c0fd08d4.retworkx.c20054f5922e0c9c-cgu.0.rcgu.o:(<pyo3::types::any::PyAny>::compare::<pyo3::instance::Py<pyo3::types::any::PyAny>>)
[INFO] [stdout]           >>> referenced 6 more times
[INFO] [stdout]           
[INFO] [stdout]           rust-lld: error: undefined symbol: PySequence_Check
[INFO] [stdout]           >>> referenced by retworkx.c20054f5922e0c9c-cgu.0
[INFO] [stdout]           >>>               /opt/rustwide/target/release/build/retworkx/5b2f80d7c0fd08d4/out/retworkx-5b2f80d7c0fd08d4.retworkx.c20054f5922e0c9c-cgu.0.rcgu.o:(pyo3::types::sequence::extract_sequence::<pyo3::instance::Py<pyo3::types::any::PyAny>>)
[INFO] [stdout]           >>> referenced by retworkx.c20054f5922e0c9c-cgu.0
[INFO] [stdout]           >>>               /opt/rustwide/target/release/build/retworkx/5b2f80d7c0fd08d4/out/retworkx-5b2f80d7c0fd08d4.retworkx.c20054f5922e0c9c-cgu.0.rcgu.o:(pyo3::types::sequence::extract_sequence::<(usize, usize)>)
[INFO] [stdout]           >>> referenced by retworkx.c20054f5922e0c9c-cgu.0
[INFO] [stdout]           >>>               /opt/rustwide/target/release/build/retworkx/5b2f80d7c0fd08d4/out/retworkx-5b2f80d7c0fd08d4.retworkx.c20054f5922e0c9c-cgu.0.rcgu.o:(pyo3::types::sequence::extract_sequence::<(usize, usize, pyo3::instance::Py<pyo3::types::any::PyAny>)>)
[INFO] [stdout]           >>> referenced 6 more times
[INFO] [stdout]           
[INFO] [stdout]           rust-lld: error: undefined symbol: PySequence_Size
[INFO] [stdout]           >>> referenced by retworkx.c20054f5922e0c9c-cgu.0
[INFO] [stdout]           >>>               /opt/rustwide/target/release/build/retworkx/5b2f80d7c0fd08d4/out/retworkx-5b2f80d7c0fd08d4.retworkx.c20054f5922e0c9c-cgu.0.rcgu.o:(pyo3::types::sequence::extract_sequence::<pyo3::instance::Py<pyo3::types::any::PyAny>>)
[INFO] [stdout]           >>> referenced by retworkx.c20054f5922e0c9c-cgu.0
[INFO] [stdout]           >>>               /opt/rustwide/target/release/build/retworkx/5b2f80d7c0fd08d4/out/retworkx-5b2f80d7c0fd08d4.retworkx.c20054f5922e0c9c-cgu.0.rcgu.o:(pyo3::types::sequence::extract_sequence::<(usize, usize)>)
[INFO] [stdout]           >>> referenced by retworkx.c20054f5922e0c9c-cgu.0
[INFO] [stdout]           >>>               /opt/rustwide/target/release/build/retworkx/5b2f80d7c0fd08d4/out/retworkx-5b2f80d7c0fd08d4.retworkx.c20054f5922e0c9c-cgu.0.rcgu.o:(pyo3::types::sequence::extract_sequence::<(usize, usize, pyo3::instance::Py<pyo3::types::any::PyAny>)>)
[INFO] [stdout]           >>> referenced 6 more times
[INFO] [stdout]           
[INFO] [stdout]           rust-lld: error: undefined symbol: PyObject_GetIter
[INFO] [stdout]           >>> referenced by retworkx.c20054f5922e0c9c-cgu.0
[INFO] [stdout]           >>>               /opt/rustwide/target/release/build/retworkx/5b2f80d7c0fd08d4/out/retworkx-5b2f80d7c0fd08d4.retworkx.c20054f5922e0c9c-cgu.0.rcgu.o:(pyo3::types::sequence::extract_sequence::<pyo3::instance::Py<pyo3::types::any::PyAny>>)
[INFO] [stdout]           >>> referenced by retworkx.c20054f5922e0c9c-cgu.0
[INFO] [stdout]           >>>               /opt/rustwide/target/release/build/retworkx/5b2f80d7c0fd08d4/out/retworkx-5b2f80d7c0fd08d4.retworkx.c20054f5922e0c9c-cgu.0.rcgu.o:(pyo3::types::sequence::extract_sequence::<(usize, usize)>)
[INFO] [stdout]           >>> referenced by retworkx.c20054f5922e0c9c-cgu.0
[INFO] [stdout]           >>>               /opt/rustwide/target/release/build/retworkx/5b2f80d7c0fd08d4/out/retworkx-5b2f80d7c0fd08d4.retworkx.c20054f5922e0c9c-cgu.0.rcgu.o:(pyo3::types::sequence::extract_sequence::<(usize, usize, pyo3::instance::Py<pyo3::types::any::PyAny>)>)
[INFO] [stdout]           >>> referenced 2 more times
[INFO] [stdout]           
[INFO] [stdout]           rust-lld: error: undefined symbol: PyErr_Restore
[INFO] [stdout]           >>> referenced by retworkx.c20054f5922e0c9c-cgu.0
[INFO] [stdout]           >>>               /opt/rustwide/target/release/build/retworkx/5b2f80d7c0fd08d4/out/retworkx-5b2f80d7c0fd08d4.retworkx.c20054f5922e0c9c-cgu.0.rcgu.o:(<pyo3::class::basic::PyObjectMethods>::set_str::wrap::<retworkx::iterators::NodeIndices>)
[INFO] [stdout]           >>> referenced by retworkx.c20054f5922e0c9c-cgu.0
[INFO] [stdout]           >>>               /opt/rustwide/target/release/build/retworkx/5b2f80d7c0fd08d4/out/retworkx-5b2f80d7c0fd08d4.retworkx.c20054f5922e0c9c-cgu.0.rcgu.o:(<pyo3::class::basic::PyObjectMethods>::set_str::wrap::<retworkx::iterators::BFSSuccessors>)
[INFO] [stdout]           >>> referenced by retworkx.c20054f5922e0c9c-cgu.0
[INFO] [stdout]           >>>               /opt/rustwide/target/release/build/retworkx/5b2f80d7c0fd08d4/out/retworkx-5b2f80d7c0fd08d4.retworkx.c20054f5922e0c9c-cgu.0.rcgu.o:(<pyo3::class::basic::PyObjectMethods>::set_str::wrap::<retworkx::iterators::WeightedEdgeList>)
[INFO] [stdout]           >>> referenced 123 more times
[INFO] [stdout]           
[INFO] [stdout]           rust-lld: error: undefined symbol: PyObject_Hash
[INFO] [stdout]           >>> referenced by retworkx.c20054f5922e0c9c-cgu.0
[INFO] [stdout]           >>>               /opt/rustwide/target/release/build/retworkx/5b2f80d7c0fd08d4/out/retworkx-5b2f80d7c0fd08d4.retworkx.c20054f5922e0c9c-cgu.0.rcgu.o:(<pyo3::class::basic::PyObjectMethods>::set_hash::wrap::<retworkx::iterators::BFSSuccessors>)
[INFO] [stdout]           >>> referenced by retworkx.c20054f5922e0c9c-cgu.0
[INFO] [stdout]           >>>               /opt/rustwide/target/release/build/retworkx/5b2f80d7c0fd08d4/out/retworkx-5b2f80d7c0fd08d4.retworkx.c20054f5922e0c9c-cgu.0.rcgu.o:(<pyo3::class::basic::PyObjectMethods>::set_hash::wrap::<retworkx::iterators::WeightedEdgeList>)
[INFO] [stdout]           
[INFO] [stdout]           rust-lld: error: too many errors emitted, stopping now (use --error-limit=0 to see all errors)
[INFO] [stdout]           collect2: error: ld returned 1 exit status
[INFO] [stdout]           
[INFO] [stdout] 
[INFO] [stdout] 
[INFO] [stderr] error: could not compile `retworkx` (lib test) due to 1 previous error; 9 warnings emitted
[INFO] running `Command { std: "docker" "inspect" "69f89c03d8f3be9925e162c4e154c989188aa83a9cd96fb80e9f8e9b3108432d", kill_on_drop: false }`
[INFO] running `Command { std: "docker" "rm" "-f" "69f89c03d8f3be9925e162c4e154c989188aa83a9cd96fb80e9f8e9b3108432d", kill_on_drop: false }`
[INFO] [stdout] 69f89c03d8f3be9925e162c4e154c989188aa83a9cd96fb80e9f8e9b3108432d
