[INFO] fetching crate retarget 0.1.3...
[INFO] testing retarget-0.1.3 against 1.100.0-beta.1+cargoflags=--release for beta-release-1.100-2
[INFO] extracting crate retarget 0.1.3 into /workspace/builds/worker-0-tc2/source
[INFO] started tweaking crates.io crate retarget 0.1.3
[INFO] removed 0 missing examples
[INFO] removed 0 missing tests
[INFO] finished tweaking crates.io crate retarget 0.1.3
[INFO] tweaked toml for crates.io crate retarget 0.1.3 written to /workspace/builds/worker-0-tc2/source/Cargo.toml
[INFO] validating manifest of crates.io crate retarget 0.1.3 on toolchain 1.100.0-beta.1
[INFO] running `Command { std: CARGO_HOME="/workspace/cargo-home" RUSTUP_HOME="/workspace/rustup-home" "/workspace/cargo-home/bin/cargo" "+1.100.0-beta.1" "metadata" "--manifest-path" "Cargo.toml" "--no-deps", kill_on_drop: false }`
[INFO] crate crates.io crate retarget 0.1.3 already has a lockfile, it will not be regenerated
[INFO] running `Command { std: CARGO_HOME="/workspace/cargo-home" RUSTUP_HOME="/workspace/rustup-home" "/workspace/cargo-home/bin/cargo" "+1.100.0-beta.1" "fetch" "--manifest-path" "Cargo.toml", kill_on_drop: false }`
[INFO] running `Command { std: "docker" "create" "-v" "/var/lib/crater-agent-workspace/builds/worker-0-tc2/source:/opt/rustwide/workdir:ro,Z" "-v" "/var/lib/crater-agent-workspace/builds/worker-0-tc2/target:/opt/rustwide/target:rw,Z" "-v" "/var/lib/crater-agent-workspace/cargo-home:/opt/rustwide/cargo-home:ro,Z" "-v" "/var/lib/crater-agent-workspace/rustup-home:/opt/rustwide/rustup-home:ro,Z" "-m" "1610612736" "--network" "none" "ghcr.io/rust-lang/crates-build-env/linux@sha256:77db811e55d90add9212f6832c23229e3de5f1c1f9905e8cb07319ea15df73ac" "sleep" "infinity", kill_on_drop: false }`
[INFO] [stdout] 4988747479cd9d48c7e2b4ec614987944b8e755a79bbaf0274cd96322bef4754
[INFO] running `Command { std: "docker" "start" "4988747479cd9d48c7e2b4ec614987944b8e755a79bbaf0274cd96322bef4754", kill_on_drop: false }`
[INFO] running `Command { std: "docker" "inspect" "4988747479cd9d48c7e2b4ec614987944b8e755a79bbaf0274cd96322bef4754", kill_on_drop: false }`
[INFO] running `Command { std: "docker" "exec" "-e" "SOURCE_DIR=/opt/rustwide/workdir" "-e" "CARGO_HOME=/opt/rustwide/cargo-home" "-e" "RUSTUP_HOME=/opt/rustwide/rustup-home" "-e" "CARGO_TARGET_DIR=/opt/rustwide/target" "-w" "/opt/rustwide/workdir" "--user" "0:0" "4988747479cd9d48c7e2b4ec614987944b8e755a79bbaf0274cd96322bef4754" "/opt/rustwide/cargo-home/bin/cargo" "+1.100.0-beta.1" "metadata" "--no-deps" "--format-version=1", kill_on_drop: false }`
[INFO] running `Command { std: "docker" "inspect" "4988747479cd9d48c7e2b4ec614987944b8e755a79bbaf0274cd96322bef4754", kill_on_drop: false }`
[INFO] running `Command { std: "docker" "exec" "-e" "SOURCE_DIR=/opt/rustwide/workdir" "-e" "CARGO_HOME=/opt/rustwide/cargo-home" "-e" "RUSTUP_HOME=/opt/rustwide/rustup-home" "-e" "CARGO_TARGET_DIR=/opt/rustwide/target" "-e" "CARGO_INCREMENTAL=0" "-e" "RUST_BACKTRACE=full" "-e" "RUSTFLAGS=--cap-lints=warn" "-e" "RUSTDOCFLAGS=--cap-lints=warn" "-w" "/opt/rustwide/workdir" "--user" "0:0" "4988747479cd9d48c7e2b4ec614987944b8e755a79bbaf0274cd96322bef4754" "/opt/rustwide/cargo-home/bin/cargo" "+1.100.0-beta.1" "build" "--frozen" "--message-format=json" "--release", kill_on_drop: false }`
[INFO] [stderr]    Compiling syn v2.0.117
[INFO] [stderr]    Compiling linkme-impl v0.3.35
[INFO] [stderr]    Compiling linkme v0.3.35
[INFO] [stderr]    Compiling libc v0.2.184
[INFO] [stderr]    Compiling cc v1.2.58
[INFO] [stderr]    Compiling retarget v0.1.3 (/opt/rustwide/workdir)
[INFO] [stderr]    Compiling retarget_macros v0.1.2
[INFO] [stdout] error: retarget only supports macOS and Windows
[INFO] [stdout]  --> /opt/rustwide/cargo-home/registry/src/index.crates.io-1949cf8c6b5b557f/retarget_macros-0.1.2/src/lib.rs:8:1
[INFO] [stdout]   |
[INFO] [stdout] 8 | compile_error!("retarget only supports macOS and Windows");
[INFO] [stdout]   | ^^^^^^^^^^^^^^^^^^^^^^^^^^^^^^^^^^^^^^^^^^^^^^^^^^^^^^^^^^
[INFO] [stdout] 
[INFO] [stdout] 
[INFO] [stderr] error: could not compile `retarget_macros` (lib) due to 1 previous error
[INFO] [stderr] warning: build failed, waiting for other jobs to finish...
[INFO] [stderr] error: failed to run custom build command for `retarget v0.1.3 (/opt/rustwide/workdir)`
[INFO] [stderr] note: To improve backtraces for build dependencies, set the CARGO_PROFILE_RELEASE_BUILD_OVERRIDE_DEBUG=true environment variable to enable debug information generation.
[INFO] [stderr] 
[INFO] [stderr] Caused by:
[INFO] [stderr]   process didn't exit successfully: `/opt/rustwide/target/release/build/retarget/a1de4957e0c001be/out/build_script_build` (exit status: 101)
[INFO] [stderr]   --- stdout
[INFO] [stderr]   cargo:rerun-if-changed=build.rs
[INFO] [stderr]   cargo:rerun-if-changed=/opt/rustwide/workdir/vendor/dobby/CMakeLists.txt
[INFO] [stderr]   cargo:rerun-if-changed=/opt/rustwide/workdir/vendor/dobby/include/dobby.h
[INFO] [stderr]   cargo:rerun-if-changed=/opt/rustwide/workdir/vendor/dobby/source/dobby.cpp
[INFO] [stderr]   cargo:rerun-if-changed=/opt/rustwide/workdir/vendor/dobby/source/Interceptor.h
[INFO] [stderr]   cargo:rerun-if-changed=/opt/rustwide/workdir/vendor/dobby/source/InterceptRouting/InlineHookRouting.h
[INFO] [stderr]   cargo:rerun-if-changed=/opt/rustwide/workdir/vendor/dobby/source/InterceptRouting/InstrumentRouting.h
[INFO] [stderr]   cargo:rerun-if-changed=/opt/rustwide/workdir/vendor/dobby/builtin-plugin/SymbolResolver/CMakeLists.txt
[INFO] [stderr]   cargo:rerun-if-changed=/opt/rustwide/workdir/vendor/dobby/builtin-plugin/SymbolResolver/dobby_symbol_resolver.h
[INFO] [stderr]   cargo:rerun-if-changed=/opt/rustwide/workdir/vendor/dobby/builtin-plugin/SymbolResolver/macho/dobby_symbol_resolver.cc
[INFO] [stderr]   cargo:rerun-if-changed=/opt/rustwide/workdir/vendor/dobby/builtin-plugin/SymbolResolver/elf/dobby_symbol_resolver.cc
[INFO] [stderr]   cargo:rerun-if-changed=/opt/rustwide/workdir/vendor/dobby/source/Backend/UserMode/PlatformUtil/Darwin/ProcessRuntime.cc
[INFO] [stderr]   cargo:rerun-if-changed=/opt/rustwide/workdir/vendor/dobby/source/Backend/UserMode/PlatformUtil/Linux/ProcessRuntime.cc
[INFO] [stderr]   -- The C compiler identification is GNU 15.2.0
[INFO] [stderr]   -- The CXX compiler identification is GNU 15.2.0
[INFO] [stderr]   -- Detecting C compiler ABI info
[INFO] [stderr]   -- Detecting C compiler ABI info - done
[INFO] [stderr]   -- Check for working C compiler: /usr/bin/cc - skipped
[INFO] [stderr]   -- Detecting C compile features
[INFO] [stderr]   -- Detecting C compile features - done
[INFO] [stderr]   -- Detecting CXX compiler ABI info
[INFO] [stderr]   -- Detecting CXX compiler ABI info - done
[INFO] [stderr]   -- Check for working CXX compiler: /usr/bin/c++ - skipped
[INFO] [stderr]   -- Detecting CXX compile features
[INFO] [stderr]   -- Detecting CXX compile features - done
[INFO] [stderr]   -- The ASM compiler identification is GNU
[INFO] [stderr]   -- Found assembler: /usr/bin/cc
[INFO] [stderr]   -- 
[INFO] [stderr]   -- ********* build environment check ***********
[INFO] [stderr]   -- 	Compiler: 	 GNU
[INFO] [stderr]   -- 	Processor:	 x86_64
[INFO] [stderr]   -- 	System:   	 Linux
[INFO] [stderr]   -- ***************************************
[INFO] [stderr]   -- 
[INFO] [stderr]   -- CMAKE_C_COMPILER: /usr/bin/cc
[INFO] [stderr]   -- CMAKE_CXX_COMPILER: /usr/bin/c++
[INFO] [stderr]   -- CMAKE_C_FLAGS:  -fvisibility=hidden -fPIC -fno-stack-check -fno-stack-protector -fno-exceptions -fno-rtti -fno-common -fno-zero-initialized-in-bss -fPIC -O3 -fno-rtti -fvisibility=hidden -fvisibility-inlines-hidden
[INFO] [stderr]   -- CMAKE_CXX_FLAGS:  -fvisibility=hidden -fPIC -fno-stack-check -fno-stack-protector -fno-exceptions -fno-rtti -fno-common -fno-zero-initialized-in-bss -fPIC -O3 -fno-rtti -fvisibility=hidden -fvisibility-inlines-hidden 
[INFO] [stderr]   -- CMAKE_SHARED_LINKER_FLAGS: 
[INFO] [stderr]   -- [Dobby] CMAKE_BUILD_TYPE: Release
[INFO] [stderr]   -- [Dobby] DOBBY_DEBUG: OFF
[INFO] [stderr]   -- [Dobby] NearBranch: ON
[INFO] [stderr]   -- [Dobby] FullFloatingPointRegisterPack: OFF
[INFO] [stderr]   -- [Dobby] Plugin.SymbolResolver: ON
[INFO] [stderr]   -- [Dobby] Plugin.ImportTableReplace: OFF
[INFO] [stderr]   -- [Dobby] Plugin.Android.BionicLinkerUtil: OFF
[INFO] [stderr]   -- [Dobby] DOBBY_BUILD_EXAMPLE: OFF
[INFO] [stderr]   -- [Dobby] DOBBY_BUILD_TEST: OFF
[INFO] [stderr]   -- [Dobby] DOBBY_BUILD_KERNEL_MODE: OFF
[INFO] [stderr]   -- [Dobby] Private.Obfuscation: OFF
[INFO] [stderr]   -- [Dobby] Dobby-20261018
[INFO] [stderr]   -- Configuring done (0.9s)
[INFO] [stderr]   -- Generating done (0.0s)
[INFO] [stderr]   -- Build files have been written to: /opt/rustwide/target/release/build/retarget/0fa9d749a3a06023/out/dobby-build
[INFO] [stderr]   [  2%] Building CXX object CMakeFiles/dobby_static.dir/source/core/assembler/assembler-arm.cc.o
[INFO] [stderr]   [  4%] Building CXX object CMakeFiles/dobby_static.dir/source/core/assembler/assembler-ia32.cc.o
[INFO] [stderr]   [  7%] Building CXX object CMakeFiles/dobby_static.dir/source/core/assembler/assembler-x64.cc.o
[INFO] [stderr]   [  9%] Building CXX object CMakeFiles/dobby_static.dir/source/core/codegen/codegen-arm.cc.o
[INFO] [stderr]   [ 12%] Building CXX object CMakeFiles/dobby_static.dir/source/core/codegen/codegen-ia32.cc.o
[INFO] [stderr]   [ 14%] Building CXX object CMakeFiles/dobby_static.dir/source/InstructionRelocation/arm/InstructionRelocationARM.cc.o
[INFO] [stderr]   [ 17%] Building CXX object CMakeFiles/dobby_static.dir/source/InstructionRelocation/arm64/InstructionRelocationARM64.cc.o
[INFO] [stderr]   [ 19%] Building CXX object CMakeFiles/dobby_static.dir/source/InstructionRelocation/x86/InstructionRelocationX86.cc.o
[INFO] [stderr]   [ 21%] Building CXX object CMakeFiles/dobby_static.dir/source/InstructionRelocation/x86/InstructionRelocationX86Shared.cc.o
[INFO] [stderr]   [ 24%] Building CXX object CMakeFiles/dobby_static.dir/source/InstructionRelocation/x64/InstructionRelocationX64.cc.o
[INFO] [stderr]   [ 26%] Building C object CMakeFiles/dobby_static.dir/source/InstructionRelocation/x86/x86_insn_decode/x86_insn_decode.c.o
[INFO] [stderr]   [ 29%] Building CXX object CMakeFiles/dobby_static.dir/source/InterceptRouting/InstrumentRouting/instrument_routing_handler.cpp.o
[INFO] [stderr]   [ 31%] Building CXX object CMakeFiles/dobby_static.dir/source/TrampolineBridge/Trampoline/trampoline_arm.cc.o
[INFO] [stderr]   [ 34%] Building CXX object CMakeFiles/dobby_static.dir/source/TrampolineBridge/Trampoline/trampoline_arm64.cc.o
[INFO] [stderr]   [ 36%] Building CXX object CMakeFiles/dobby_static.dir/source/TrampolineBridge/Trampoline/trampoline_x86.cc.o
[INFO] [stderr]   [ 39%] Building CXX object CMakeFiles/dobby_static.dir/source/TrampolineBridge/Trampoline/trampoline_x64.cc.o
[INFO] [stderr]   [ 41%] Building CXX object CMakeFiles/dobby_static.dir/source/TrampolineBridge/ClosureTrampolineBridge/arm/helper_arm.cc.o
[INFO] [stderr]   [ 43%] Building CXX object CMakeFiles/dobby_static.dir/source/TrampolineBridge/ClosureTrampolineBridge/arm/closure_bridge_arm.cc.o
[INFO] [stderr]   [ 46%] Building CXX object CMakeFiles/dobby_static.dir/source/TrampolineBridge/ClosureTrampolineBridge/arm/ClosureTrampolineARM.cc.o
[INFO] [stderr]   [ 48%] Building CXX object CMakeFiles/dobby_static.dir/source/TrampolineBridge/ClosureTrampolineBridge/arm64/helper_arm64.cc.o
[INFO] [stderr]   [ 51%] Building CXX object CMakeFiles/dobby_static.dir/source/TrampolineBridge/ClosureTrampolineBridge/arm64/closure_bridge_arm64.cc.o
[INFO] [stderr]   [ 53%] Building CXX object CMakeFiles/dobby_static.dir/source/TrampolineBridge/ClosureTrampolineBridge/arm64/ClosureTrampolineARM64.cc.o
[INFO] [stderr]   [ 56%] Building ASM object CMakeFiles/dobby_static.dir/source/TrampolineBridge/ClosureTrampolineBridge/arm64/closure_bridge_arm64.asm.o
[INFO] [stderr]   [ 58%] Building ASM object CMakeFiles/dobby_static.dir/source/TrampolineBridge/ClosureTrampolineBridge/arm64/closure_trampoline_arm64.asm.o
[INFO] [stderr]   [ 60%] Building CXX object CMakeFiles/dobby_static.dir/source/TrampolineBridge/ClosureTrampolineBridge/x86/helper_x86.cc.o
[INFO] [stderr]   [ 63%] Building CXX object CMakeFiles/dobby_static.dir/source/TrampolineBridge/ClosureTrampolineBridge/x86/closure_bridge_x86.cc.o
[INFO] [stderr]   [ 65%] Building CXX object CMakeFiles/dobby_static.dir/source/TrampolineBridge/ClosureTrampolineBridge/x86/ClosureTrampolineX86.cc.o
[INFO] [stderr]   [ 68%] Building CXX object CMakeFiles/dobby_static.dir/source/TrampolineBridge/ClosureTrampolineBridge/x64/helper_x64.cc.o
[INFO] [stderr]   [ 70%] Building CXX object CMakeFiles/dobby_static.dir/source/TrampolineBridge/ClosureTrampolineBridge/x64/closure_bridge_x64.cc.o
[INFO] [stderr]   [ 73%] Building CXX object CMakeFiles/dobby_static.dir/source/TrampolineBridge/ClosureTrampolineBridge/x64/ClosureTrampolineX64.cc.o
[INFO] [stderr]   [ 75%] Building ASM object CMakeFiles/dobby_static.dir/source/TrampolineBridge/ClosureTrampolineBridge/x64/closure_bridge_x64.asm.o
[INFO] [stderr]   [ 78%] Building ASM object CMakeFiles/dobby_static.dir/source/TrampolineBridge/ClosureTrampolineBridge/x64/closure_trampoline_x64.asm.o
[INFO] [stderr]   [ 80%] Building CXX object CMakeFiles/dobby_static.dir/source/dobby.cpp.o
[INFO] [stderr]   [ 82%] Building CXX object CMakeFiles/dobby_static.dir/source/Backend/UserMode/PlatformUtil/Linux/ProcessRuntime.cc.o
[INFO] [stderr] 
[INFO] [stderr]   --- stderr
[INFO] [stderr]   CMake Deprecation Warning at CMakeLists.txt:1 (cmake_minimum_required):
[INFO] [stderr]     Compatibility with CMake < 3.10 will be removed from a future version of
[INFO] [stderr]     CMake.
[INFO] [stderr] 
[INFO] [stderr]     Update the VERSION argument <min> value.  Or, use the <min>...<max> syntax
[INFO] [stderr]     to tell CMake that the project requires at least <min> but has been updated
[INFO] [stderr]     to work with policies introduced by <max> or earlier.
[INFO] [stderr] 
[INFO] [stderr] 
[INFO] [stderr]   In file included from /opt/rustwide/workdir/vendor/dobby/./source/dobby/common.h:7,
[INFO] [stderr]                    from /opt/rustwide/workdir/vendor/dobby/./source/dobby/dobby_internal.h:3,
[INFO] [stderr]                    from /opt/rustwide/workdir/vendor/dobby/source/InstructionRelocation/x86/InstructionRelocationX86Shared.cc:5:
[INFO] [stderr]   /opt/rustwide/workdir/vendor/dobby/./source/dobby/utility_macro.h:60:16: warning: attributes are not permitted in this position [-Wattributes]
[INFO] [stderr]      60 | #define PUBLIC __attribute__((visibility("default")))
[INFO] [stderr]         |                ^~~~~~~~~~~~~
[INFO] [stderr]   /opt/rustwide/workdir/vendor/dobby/./source/InterceptRouting/NearBranchTrampoline/NearBranchTrampoline.h:11:1: note: in expansion of macro 'PUBLIC'
[INFO] [stderr]      11 | PUBLIC extern "C" inline void dobby_set_near_trampoline(bool enable) {
[INFO] [stderr]         | ^~~~~~
[INFO] [stderr]   In file included from /opt/rustwide/workdir/vendor/dobby/./source/InterceptRouting/InterceptRouting.h:8,
[INFO] [stderr]                    from /opt/rustwide/workdir/vendor/dobby/./source/dobby/dobby_internal.h:13:
[INFO] [stderr]   /opt/rustwide/workdir/vendor/dobby/./source/InterceptRouting/NearBranchTrampoline/NearBranchTrampoline.h:11:18: note: attributes may be inserted here
[INFO] [stderr]      11 | PUBLIC extern "C" inline void dobby_set_near_trampoline(bool enable) {
[INFO] [stderr]         |                  ^
[INFO] [stderr]   /opt/rustwide/workdir/vendor/dobby/source/InstructionRelocation/x64/InstructionRelocationX64.cc:22:9: warning: '_' redefined
[INFO] [stderr]      22 | #define _ turbo_assembler_.
[INFO] [stderr]         |         ^
[INFO] [stderr]   In file included from /opt/rustwide/workdir/vendor/dobby/source/InstructionRelocation/x64/InstructionRelocationX64.cc:12:
[INFO] [stderr]   /opt/rustwide/workdir/vendor/dobby/./source/core/codegen/codegen-x64.h:16:9: note: this is the location of the previous definition
[INFO] [stderr]      16 | #define _ turbo_assembler_->
[INFO] [stderr]         |         ^
[INFO] [stderr]   /opt/rustwide/workdir/vendor/dobby/source/InstructionRelocation/x64/InstructionRelocationX64.cc:23:9: warning: '__' redefined
[INFO] [stderr]      23 | #define __ turbo_assembler_.code_buffer()->
[INFO] [stderr]         |         ^~
[INFO] [stderr]   /opt/rustwide/workdir/vendor/dobby/./source/core/codegen/codegen-x64.h:17:9: note: this is the location of the previous definition
[INFO] [stderr]      17 | #define __ turbo_assembler_->code_buffer_.
[INFO] [stderr]         |         ^~
[INFO] [stderr]   In file included from /opt/rustwide/workdir/vendor/dobby/./source/dobby/common.h:7,
[INFO] [stderr]                    from /opt/rustwide/workdir/vendor/dobby/./source/dobby/dobby_internal.h:3,
[INFO] [stderr]                    from /opt/rustwide/workdir/vendor/dobby/source/InstructionRelocation/x64/InstructionRelocationX64.cc:5:
[INFO] [stderr]   /opt/rustwide/workdir/vendor/dobby/./source/dobby/utility_macro.h:60:16: warning: attributes are not permitted in this position [-Wattributes]
[INFO] [stderr]      60 | #define PUBLIC __attribute__((visibility("default")))
[INFO] [stderr]         |                ^~~~~~~~~~~~~
[INFO] [stderr]   /opt/rustwide/workdir/vendor/dobby/./source/InterceptRouting/NearBranchTrampoline/NearBranchTrampoline.h:11:1: note: in expansion of macro 'PUBLIC'
[INFO] [stderr]      11 | PUBLIC extern "C" inline void dobby_set_near_trampoline(bool enable) {
[INFO] [stderr]         | ^~~~~~
[INFO] [stderr]   In file included from /opt/rustwide/workdir/vendor/dobby/./source/InterceptRouting/InterceptRouting.h:8,
[INFO] [stderr]                    from /opt/rustwide/workdir/vendor/dobby/./source/dobby/dobby_internal.h:13:
[INFO] [stderr]   /opt/rustwide/workdir/vendor/dobby/./source/InterceptRouting/NearBranchTrampoline/NearBranchTrampoline.h:11:18: note: attributes may be inserted here
[INFO] [stderr]      11 | PUBLIC extern "C" inline void dobby_set_near_trampoline(bool enable) {
[INFO] [stderr]         |                  ^
[INFO] [stderr]   cc1: warning: command-line option '-fno-rtti' is valid for C++/D/ObjC++ but not for C
[INFO] [stderr]   cc1: warning: command-line option '-fvisibility-inlines-hidden' is valid for C++/ObjC++ but not for C
[INFO] [stderr]   In file included from /opt/rustwide/workdir/vendor/dobby/./source/dobby/common.h:7,
[INFO] [stderr]                    from /opt/rustwide/workdir/vendor/dobby/./source/dobby/dobby_internal.h:3,
[INFO] [stderr]                    from /opt/rustwide/workdir/vendor/dobby/source/InterceptRouting/InstrumentRouting/instrument_routing_handler.cpp:1:
[INFO] [stderr]   /opt/rustwide/workdir/vendor/dobby/./source/dobby/utility_macro.h:60:16: warning: attributes are not permitted in this position [-Wattributes]
[INFO] [stderr]      60 | #define PUBLIC __attribute__((visibility("default")))
[INFO] [stderr]         |                ^~~~~~~~~~~~~
[INFO] [stderr]   /opt/rustwide/workdir/vendor/dobby/./source/InterceptRouting/NearBranchTrampoline/NearBranchTrampoline.h:11:1: note: in expansion of macro 'PUBLIC'
[INFO] [stderr]      11 | PUBLIC extern "C" inline void dobby_set_near_trampoline(bool enable) {
[INFO] [stderr]         | ^~~~~~
[INFO] [stderr]   In file included from /opt/rustwide/workdir/vendor/dobby/./source/InterceptRouting/InterceptRouting.h:8,
[INFO] [stderr]                    from /opt/rustwide/workdir/vendor/dobby/./source/dobby/dobby_internal.h:13:
[INFO] [stderr]   /opt/rustwide/workdir/vendor/dobby/./source/InterceptRouting/NearBranchTrampoline/NearBranchTrampoline.h:11:18: note: attributes may be inserted here
[INFO] [stderr]      11 | PUBLIC extern "C" inline void dobby_set_near_trampoline(bool enable) {
[INFO] [stderr]         |                  ^
[INFO] [stderr]   /opt/rustwide/workdir/vendor/dobby/./source/dobby/utility_macro.h:60:16: warning: attributes are not permitted in this position [-Wattributes]
[INFO] [stderr]      60 | #define PUBLIC __attribute__((visibility("default")))
[INFO] [stderr]         |                ^~~~~~~~~~~~~
[INFO] [stderr]   /opt/rustwide/workdir/vendor/dobby/./source/TrampolineBridge/ClosureTrampolineBridge/common_bridge_handler.h:16:1: note: in expansion of macro 'PUBLIC'
[INFO] [stderr]      16 | PUBLIC extern "C" inline void common_closure_bridge_handler(DobbyRegisterContext *ctx, ClosureTrampoline *tramp) {
[INFO] [stderr]         | ^~~~~~
[INFO] [stderr]   In file included from /opt/rustwide/workdir/vendor/dobby/source/InterceptRouting/InstrumentRouting/instrument_routing_handler.cpp:2:
[INFO] [stderr]   /opt/rustwide/workdir/vendor/dobby/./source/TrampolineBridge/ClosureTrampolineBridge/common_bridge_handler.h:16:18: note: attributes may be inserted here
[INFO] [stderr]      16 | PUBLIC extern "C" inline void common_closure_bridge_handler(DobbyRegisterContext *ctx, ClosureTrampoline *tramp) {
[INFO] [stderr]         |                  ^
[INFO] [stderr]   In file included from /opt/rustwide/workdir/vendor/dobby/./source/InstructionRelocation/x86/InstructionRelocationX86Shared.h:7,
[INFO] [stderr]                    from /opt/rustwide/workdir/vendor/dobby/./source/InstructionRelocation/x64/InstructionRelocationX64.h:9,
[INFO] [stderr]                    from /opt/rustwide/workdir/vendor/dobby/source/TrampolineBridge/Trampoline/trampoline_x64.cc:10:
[INFO] [stderr]   /opt/rustwide/workdir/vendor/dobby/./source/InstructionRelocation/x86/x86_insn_decode/x86_insn_decode.h:83:9: warning: '_' redefined
[INFO] [stderr]      83 | #define _(r) X86_INSN_GP_REG_##r,
[INFO] [stderr]         |         ^
[INFO] [stderr]   In file included from /opt/rustwide/workdir/vendor/dobby/source/TrampolineBridge/Trampoline/trampoline_x64.cc:7:
[INFO] [stderr]   /opt/rustwide/workdir/vendor/dobby/./source/core/codegen/codegen-x64.h:16:9: note: this is the location of the previous definition
[INFO] [stderr]      16 | #define _ turbo_assembler_->
[INFO] [stderr]         |         ^
[INFO] [stderr]   In file included from /opt/rustwide/workdir/vendor/dobby/./source/dobby/common.h:7,
[INFO] [stderr]                    from /opt/rustwide/workdir/vendor/dobby/./source/dobby/dobby_internal.h:3,
[INFO] [stderr]                    from /opt/rustwide/workdir/vendor/dobby/source/TrampolineBridge/Trampoline/trampoline_x64.cc:4:
[INFO] [stderr]   /opt/rustwide/workdir/vendor/dobby/./source/dobby/utility_macro.h:60:16: warning: attributes are not permitted in this position [-Wattributes]
[INFO] [stderr]      60 | #define PUBLIC __attribute__((visibility("default")))
[INFO] [stderr]         |                ^~~~~~~~~~~~~
[INFO] [stderr]   /opt/rustwide/workdir/vendor/dobby/./source/InterceptRouting/NearBranchTrampoline/NearBranchTrampoline.h:11:1: note: in expansion of macro 'PUBLIC'
[INFO] [stderr]      11 | PUBLIC extern "C" inline void dobby_set_near_trampoline(bool enable) {
[INFO] [stderr]         | ^~~~~~
[INFO] [stderr]   In file included from /opt/rustwide/workdir/vendor/dobby/./source/InterceptRouting/InterceptRouting.h:8,
[INFO] [stderr]                    from /opt/rustwide/workdir/vendor/dobby/./source/dobby/dobby_internal.h:13:
[INFO] [stderr]   /opt/rustwide/workdir/vendor/dobby/./source/InterceptRouting/NearBranchTrampoline/NearBranchTrampoline.h:11:18: note: attributes may be inserted here
[INFO] [stderr]      11 | PUBLIC extern "C" inline void dobby_set_near_trampoline(bool enable) {
[INFO] [stderr]         |                  ^
[INFO] [stderr]   cc: warning: /opt/rustwide/workdir/vendor/dobby/source/TrampolineBridge/ClosureTrampolineBridge/arm64/closure_bridge_arm64.asm: linker input file unused because linking not done
[INFO] [stderr]   cc: warning: /opt/rustwide/workdir/vendor/dobby/source/TrampolineBridge/ClosureTrampolineBridge/arm64/closure_trampoline_arm64.asm: linker input file unused because linking not done
[INFO] [stderr]   In file included from /opt/rustwide/workdir/vendor/dobby/./source/dobby/common.h:7,
[INFO] [stderr]                    from /opt/rustwide/workdir/vendor/dobby/./source/dobby/dobby_internal.h:3,
[INFO] [stderr]                    from /opt/rustwide/workdir/vendor/dobby/source/TrampolineBridge/ClosureTrampolineBridge/x64/helper_x64.cc:4:
[INFO] [stderr]   /opt/rustwide/workdir/vendor/dobby/./source/dobby/utility_macro.h:60:16: warning: attributes are not permitted in this position [-Wattributes]
[INFO] [stderr]      60 | #define PUBLIC __attribute__((visibility("default")))
[INFO] [stderr]         |                ^~~~~~~~~~~~~
[INFO] [stderr]   /opt/rustwide/workdir/vendor/dobby/./source/InterceptRouting/NearBranchTrampoline/NearBranchTrampoline.h:11:1: note: in expansion of macro 'PUBLIC'
[INFO] [stderr]      11 | PUBLIC extern "C" inline void dobby_set_near_trampoline(bool enable) {
[INFO] [stderr]         | ^~~~~~
[INFO] [stderr]   In file included from /opt/rustwide/workdir/vendor/dobby/./source/InterceptRouting/InterceptRouting.h:8,
[INFO] [stderr]                    from /opt/rustwide/workdir/vendor/dobby/./source/dobby/dobby_internal.h:13:
[INFO] [stderr]   /opt/rustwide/workdir/vendor/dobby/./source/InterceptRouting/NearBranchTrampoline/NearBranchTrampoline.h:11:18: note: attributes may be inserted here
[INFO] [stderr]      11 | PUBLIC extern "C" inline void dobby_set_near_trampoline(bool enable) {
[INFO] [stderr]         |                  ^
[INFO] [stderr]   In file included from /opt/rustwide/workdir/vendor/dobby/./source/dobby/common.h:7,
[INFO] [stderr]                    from /opt/rustwide/workdir/vendor/dobby/./source/dobby/dobby_internal.h:3,
[INFO] [stderr]                    from /opt/rustwide/workdir/vendor/dobby/source/TrampolineBridge/ClosureTrampolineBridge/x64/closure_bridge_x64.cc:4:
[INFO] [stderr]   /opt/rustwide/workdir/vendor/dobby/./source/dobby/utility_macro.h:60:16: warning: attributes are not permitted in this position [-Wattributes]
[INFO] [stderr]      60 | #define PUBLIC __attribute__((visibility("default")))
[INFO] [stderr]         |                ^~~~~~~~~~~~~
[INFO] [stderr]   /opt/rustwide/workdir/vendor/dobby/./source/InterceptRouting/NearBranchTrampoline/NearBranchTrampoline.h:11:1: note: in expansion of macro 'PUBLIC'
[INFO] [stderr]      11 | PUBLIC extern "C" inline void dobby_set_near_trampoline(bool enable) {
[INFO] [stderr]         | ^~~~~~
[INFO] [stderr]   In file included from /opt/rustwide/workdir/vendor/dobby/./source/InterceptRouting/InterceptRouting.h:8,
[INFO] [stderr]                    from /opt/rustwide/workdir/vendor/dobby/./source/dobby/dobby_internal.h:13:
[INFO] [stderr]   /opt/rustwide/workdir/vendor/dobby/./source/InterceptRouting/NearBranchTrampoline/NearBranchTrampoline.h:11:18: note: attributes may be inserted here
[INFO] [stderr]      11 | PUBLIC extern "C" inline void dobby_set_near_trampoline(bool enable) {
[INFO] [stderr]         |                  ^
[INFO] [stderr]   /opt/rustwide/workdir/vendor/dobby/./source/dobby/utility_macro.h:60:16: warning: attributes are not permitted in this position [-Wattributes]
[INFO] [stderr]      60 | #define PUBLIC __attribute__((visibility("default")))
[INFO] [stderr]         |                ^~~~~~~~~~~~~
[INFO] [stderr]   /opt/rustwide/workdir/vendor/dobby/./source/TrampolineBridge/ClosureTrampolineBridge/common_bridge_handler.h:16:1: note: in expansion of macro 'PUBLIC'
[INFO] [stderr]      16 | PUBLIC extern "C" inline void common_closure_bridge_handler(DobbyRegisterContext *ctx, ClosureTrampoline *tramp) {
[INFO] [stderr]         | ^~~~~~
[INFO] [stderr]   In file included from /opt/rustwide/workdir/vendor/dobby/source/TrampolineBridge/ClosureTrampolineBridge/x64/closure_bridge_x64.cc:8:
[INFO] [stderr]   /opt/rustwide/workdir/vendor/dobby/./source/TrampolineBridge/ClosureTrampolineBridge/common_bridge_handler.h:16:18: note: attributes may be inserted here
[INFO] [stderr]      16 | PUBLIC extern "C" inline void common_closure_bridge_handler(DobbyRegisterContext *ctx, ClosureTrampoline *tramp) {
[INFO] [stderr]         |                  ^
[INFO] [stderr]   In file included from /opt/rustwide/workdir/vendor/dobby/./source/dobby/common.h:7,
[INFO] [stderr]                    from /opt/rustwide/workdir/vendor/dobby/./source/dobby/dobby_internal.h:3,
[INFO] [stderr]                    from /opt/rustwide/workdir/vendor/dobby/source/TrampolineBridge/ClosureTrampolineBridge/x64/ClosureTrampolineX64.cc:4:
[INFO] [stderr]   /opt/rustwide/workdir/vendor/dobby/./source/dobby/utility_macro.h:60:16: warning: attributes are not permitted in this position [-Wattributes]
[INFO] [stderr]      60 | #define PUBLIC __attribute__((visibility("default")))
[INFO] [stderr]         |                ^~~~~~~~~~~~~
[INFO] [stderr]   /opt/rustwide/workdir/vendor/dobby/./source/InterceptRouting/NearBranchTrampoline/NearBranchTrampoline.h:11:1: note: in expansion of macro 'PUBLIC'
[INFO] [stderr]      11 | PUBLIC extern "C" inline void dobby_set_near_trampoline(bool enable) {
[INFO] [stderr]         | ^~~~~~
[INFO] [stderr]   In file included from /opt/rustwide/workdir/vendor/dobby/./source/InterceptRouting/InterceptRouting.h:8,
[INFO] [stderr]                    from /opt/rustwide/workdir/vendor/dobby/./source/dobby/dobby_internal.h:13:
[INFO] [stderr]   /opt/rustwide/workdir/vendor/dobby/./source/InterceptRouting/NearBranchTrampoline/NearBranchTrampoline.h:11:18: note: attributes may be inserted here
[INFO] [stderr]      11 | PUBLIC extern "C" inline void dobby_set_near_trampoline(bool enable) {
[INFO] [stderr]         |                  ^
[INFO] [stderr]   /opt/rustwide/workdir/vendor/dobby/./source/dobby/utility_macro.h:60:16: warning: attributes are not permitted in this position [-Wattributes]
[INFO] [stderr]      60 | #define PUBLIC __attribute__((visibility("default")))
[INFO] [stderr]         |                ^~~~~~~~~~~~~
[INFO] [stderr]   /opt/rustwide/workdir/vendor/dobby/./source/TrampolineBridge/ClosureTrampolineBridge/common_bridge_handler.h:16:1: note: in expansion of macro 'PUBLIC'
[INFO] [stderr]      16 | PUBLIC extern "C" inline void common_closure_bridge_handler(DobbyRegisterContext *ctx, ClosureTrampoline *tramp) {
[INFO] [stderr]         | ^~~~~~
[INFO] [stderr]   In file included from /opt/rustwide/workdir/vendor/dobby/source/TrampolineBridge/ClosureTrampolineBridge/x64/ClosureTrampolineX64.cc:7:
[INFO] [stderr]   /opt/rustwide/workdir/vendor/dobby/./source/TrampolineBridge/ClosureTrampolineBridge/common_bridge_handler.h:16:18: note: attributes may be inserted here
[INFO] [stderr]      16 | PUBLIC extern "C" inline void common_closure_bridge_handler(DobbyRegisterContext *ctx, ClosureTrampoline *tramp) {
[INFO] [stderr]         |                  ^
[INFO] [stderr]   cc: warning: /opt/rustwide/workdir/vendor/dobby/source/TrampolineBridge/ClosureTrampolineBridge/x64/closure_bridge_x64.asm: linker input file unused because linking not done
[INFO] [stderr]   cc: warning: /opt/rustwide/workdir/vendor/dobby/source/TrampolineBridge/ClosureTrampolineBridge/x64/closure_trampoline_x64.asm: linker input file unused because linking not done
[INFO] [stderr]   In file included from /opt/rustwide/workdir/vendor/dobby/source/dobby/common.h:7,
[INFO] [stderr]                    from /opt/rustwide/workdir/vendor/dobby/source/dobby.cpp:2:
[INFO] [stderr]   /opt/rustwide/workdir/vendor/dobby/./source/dobby/utility_macro.h:60:16: warning: attributes are not permitted in this position [-Wattributes]
[INFO] [stderr]      60 | #define PUBLIC __attribute__((visibility("default")))
[INFO] [stderr]         |                ^~~~~~~~~~~~~
[INFO] [stderr]   /opt/rustwide/workdir/vendor/dobby/./source/InterceptRouting/NearBranchTrampoline/NearBranchTrampoline.h:11:1: note: in expansion of macro 'PUBLIC'
[INFO] [stderr]      11 | PUBLIC extern "C" inline void dobby_set_near_trampoline(bool enable) {
[INFO] [stderr]         | ^~~~~~
[INFO] [stderr]   In file included from /opt/rustwide/workdir/vendor/dobby/./source/InterceptRouting/InterceptRouting.h:8,
[INFO] [stderr]                    from /opt/rustwide/workdir/vendor/dobby/source/InterceptRouting/InlineHookRouting.h:4,
[INFO] [stderr]                    from /opt/rustwide/workdir/vendor/dobby/source/dobby.cpp:4:
[INFO] [stderr]   /opt/rustwide/workdir/vendor/dobby/./source/InterceptRouting/NearBranchTrampoline/NearBranchTrampoline.h:11:18: note: attributes may be inserted here
[INFO] [stderr]      11 | PUBLIC extern "C" inline void dobby_set_near_trampoline(bool enable) {
[INFO] [stderr]         |                  ^
[INFO] [stderr]   /opt/rustwide/workdir/vendor/dobby/./source/dobby/utility_macro.h:60:16: warning: attributes are not permitted in this position [-Wattributes]
[INFO] [stderr]      60 | #define PUBLIC __attribute__((visibility("default")))
[INFO] [stderr]         |                ^~~~~~~~~~~~~
[INFO] [stderr]   /opt/rustwide/workdir/vendor/dobby/source/TrampolineBridge/ClosureTrampolineBridge/common_bridge_handler.h:16:1: note: in expansion of macro 'PUBLIC'
[INFO] [stderr]      16 | PUBLIC extern "C" inline void common_closure_bridge_handler(DobbyRegisterContext *ctx, ClosureTrampoline *tramp) {
[INFO] [stderr]         | ^~~~~~
[INFO] [stderr]   In file included from /opt/rustwide/workdir/vendor/dobby/source/dobby.cpp:7:
[INFO] [stderr]   /opt/rustwide/workdir/vendor/dobby/source/TrampolineBridge/ClosureTrampolineBridge/common_bridge_handler.h:16:18: note: attributes may be inserted here
[INFO] [stderr]      16 | PUBLIC extern "C" inline void common_closure_bridge_handler(DobbyRegisterContext *ctx, ClosureTrampoline *tramp) {
[INFO] [stderr]         |                  ^
[INFO] [stderr]   /opt/rustwide/workdir/vendor/dobby/source/Backend/UserMode/PlatformUtil/Linux/ProcessRuntime.cc:14:9: warning: 'LINE_MAX' redefined
[INFO] [stderr]      14 | #define LINE_MAX 2048
[INFO] [stderr]         |         ^~~~~~~~
[INFO] [stderr]   In file included from /usr/include/limits.h:202,
[INFO] [stderr]                    from /usr/lib/gcc/x86_64-linux-gnu/15/include/limits.h:210,
[INFO] [stderr]                    from /usr/lib/gcc/x86_64-linux-gnu/15/include/syslimits.h:9,
[INFO] [stderr]                    from /usr/lib/gcc/x86_64-linux-gnu/15/include/limits.h:34,
[INFO] [stderr]                    from /opt/rustwide/workdir/vendor/dobby/./source/dobby/platform_features.h:19,
[INFO] [stderr]                    from /opt/rustwide/workdir/vendor/dobby/./source/dobby/common.h:5,
[INFO] [stderr]                    from /opt/rustwide/workdir/vendor/dobby/./source/PlatformUnifiedInterface/platform.h:3,
[INFO] [stderr]                    from /opt/rustwide/workdir/vendor/dobby/./source/MemoryAllocator/MemoryAllocator.h:4,
[INFO] [stderr]                    from /opt/rustwide/workdir/vendor/dobby/./source/PlatformUtil/ProcessRuntime.h:3,
[INFO] [stderr]                    from /opt/rustwide/workdir/vendor/dobby/source/Backend/UserMode/PlatformUtil/Linux/ProcessRuntime.cc:1:
[INFO] [stderr]   /usr/include/x86_64-linux-gnu/bits/posix2_lim.h:81:9: note: this is the location of the previous definition
[INFO] [stderr]      81 | #define LINE_MAX                _POSIX2_LINE_MAX
[INFO] [stderr]         |         ^~~~~~~~
[INFO] [stderr]   /opt/rustwide/workdir/vendor/dobby/source/Backend/UserMode/PlatformUtil/Linux/ProcessRuntime.cc: In function 'bool memory_region_comparator(MemRange, MemRange)':
[INFO] [stderr]   /opt/rustwide/workdir/vendor/dobby/source/Backend/UserMode/PlatformUtil/Linux/ProcessRuntime.cc:17:13: error: invalid use of member function 'addr_t MemRange::start() const' (did you forget the '()' ?)
[INFO] [stderr]      17 |   return (a.start < b.start);
[INFO] [stderr]         |           ~~^~~~~
[INFO] [stderr]         |                  ()
[INFO] [stderr]   /opt/rustwide/workdir/vendor/dobby/source/Backend/UserMode/PlatformUtil/Linux/ProcessRuntime.cc:17:23: error: invalid use of member function 'addr_t MemRange::start() const' (did you forget the '()' ?)
[INFO] [stderr]      17 |   return (a.start < b.start);
[INFO] [stderr]         |                     ~~^~~~~
[INFO] [stderr]         |                            ()
[INFO] [stderr]   /opt/rustwide/workdir/vendor/dobby/source/Backend/UserMode/PlatformUtil/Linux/ProcessRuntime.cc: In static member function 'static const tinystl::vector<MemRegion>& ProcessRuntime::getMemoryLayout()':
[INFO] [stderr]   /opt/rustwide/workdir/vendor/dobby/source/Backend/UserMode/PlatformUtil/Linux/ProcessRuntime.cc:30:10: warning: ignoring return value of 'char* fgets(char*, int, FILE*)' declared with attribute 'warn_unused_result' [-Wunused-result]
[INFO] [stderr]      30 |     fgets(line_buffer, LINE_MAX, fp);
[INFO] [stderr]         |     ~~~~~^~~~~~~~~~~~~~~~~~~~~~~~~~~
[INFO] [stderr]   /opt/rustwide/workdir/vendor/dobby/source/Backend/UserMode/PlatformUtil/Linux/ProcessRuntime.cc: In function 'tinystl::vector<RuntimeModule>& get_process_map_with_proc_maps()':
[INFO] [stderr]   /opt/rustwide/workdir/vendor/dobby/source/Backend/UserMode/PlatformUtil/Linux/ProcessRuntime.cc:106:10: warning: ignoring return value of 'char* fgets(char*, int, FILE*)' declared with attribute 'warn_unused_result' [-Wunused-result]
[INFO] [stderr]     106 |     fgets(line_buffer, LINE_MAX, fp);
[INFO] [stderr]         |     ~~~~~^~~~~~~~~~~~~~~~~~~~~~~~~~~
[INFO] [stderr]   gmake[3]: *** [CMakeFiles/dobby_static.dir/build.make:537: CMakeFiles/dobby_static.dir/source/Backend/UserMode/PlatformUtil/Linux/ProcessRuntime.cc.o] Error 1
[INFO] [stderr]   gmake[2]: *** [CMakeFiles/Makefile2:190: CMakeFiles/dobby_static.dir/all] Error 2
[INFO] [stderr]   gmake[1]: *** [CMakeFiles/Makefile2:197: CMakeFiles/dobby_static.dir/rule] Error 2
[INFO] [stderr]   gmake: *** [Makefile:137: dobby_static] Error 2
[INFO] [stderr] 
[INFO] [stderr]   thread 'main' (199) panicked at build.rs:363:9:
[INFO] [stderr]   failed to build vendored Dobby
[INFO] [stderr]   stack backtrace:
[INFO] [stderr]      0:     0x64a82ca93121 - <<std[617be2ca0a6fd877]::sys::backtrace::BacktraceLock>::print::DisplayBacktrace as core[a373ad73a504971]::fmt::Display>::fmt
[INFO] [stderr]      1:     0x64a82caa737a - core[a373ad73a504971]::fmt::write
[INFO] [stderr]      2:     0x64a82ca9882c - <std[617be2ca0a6fd877]::sys::stdio::unix::Stderr as core[a373ad73a504971]::io::write::Write>::write_fmt
[INFO] [stderr]      3:     0x64a82ca70f66 - std[617be2ca0a6fd877]::panicking::default_hook::{closure#0}
[INFO] [stderr]      4:     0x64a82ca8cec1 - std[617be2ca0a6fd877]::panicking::default_hook
[INFO] [stderr]      5:     0x64a82ca8d07b - std[617be2ca0a6fd877]::panicking::panic_with_hook
[INFO] [stderr]      6:     0x64a82ca71012 - std[617be2ca0a6fd877]::panicking::panic_handler::{closure#0}
[INFO] [stderr]      7:     0x64a82ca69c19 - std[617be2ca0a6fd877]::sys::backtrace::__rust_end_short_backtrace::<std[617be2ca0a6fd877]::panicking::panic_handler::{closure#0}, !>
[INFO] [stderr]      8:     0x64a82ca718ed - __rustc[ea4f61d10b84890b]::rust_begin_unwind
[INFO] [stderr]      9:     0x64a82caa7aec - core[a373ad73a504971]::panicking::panic_fmt
[INFO] [stderr]     10:     0x64a82c9f3172 - build_script_build[a05968ec0302c7f9]::run_command
[INFO] [stderr]     11:     0x64a82c9f4175 - build_script_build[a05968ec0302c7f9]::build_vendored_dobby
[INFO] [stderr]     12:     0x64a82c9f7204 - build_script_build[a05968ec0302c7f9]::main
[INFO] [stderr]     13:     0x64a82c9f8c33 - <fn() as core[a373ad73a504971]::ops::function::FnOnce<()>>::call_once
[INFO] [stderr]     14:     0x64a82c9f3036 - std[617be2ca0a6fd877]::sys::backtrace::__rust_begin_short_backtrace::<fn(), ()>
[INFO] [stderr]     15:     0x64a82c9f3049 - std[617be2ca0a6fd877]::rt::lang_start::<()>::{closure#0}
[INFO] [stderr]     16:     0x64a82ca8c1c8 - std[617be2ca0a6fd877]::rt::lang_start_internal
[INFO] [stderr]     17:     0x64a82c9f3011 - std[617be2ca0a6fd877]::rt::lang_start::<()>
[INFO] [stderr]     18:     0x64a82c9f8ca5 - main
[INFO] [stderr]     19:     0x7d262ad78601 - <unknown>
[INFO] [stderr]     20:     0x7d262ad78718 - __libc_start_main
[INFO] [stderr]     21:     0x64a82c9f2ab5 - _start
[INFO] [stderr]     22:                0x0 - <unknown>
[INFO] running `Command { std: "docker" "inspect" "4988747479cd9d48c7e2b4ec614987944b8e755a79bbaf0274cd96322bef4754", kill_on_drop: false }`
[INFO] running `Command { std: "docker" "rm" "-f" "4988747479cd9d48c7e2b4ec614987944b8e755a79bbaf0274cd96322bef4754", kill_on_drop: false }`
[INFO] [stdout] 4988747479cd9d48c7e2b4ec614987944b8e755a79bbaf0274cd96322bef4754
