[INFO] fetching crate result-aat 2.0.0-beta.4...
[INFO] testing result-aat-2.0.0-beta.4 against 1.99.0-beta.8+cargoflags=--release for beta-release-1.100-2
[INFO] extracting crate result-aat 2.0.0-beta.4 into /workspace/builds/worker-0-tc1/source
[INFO] started tweaking crates.io crate result-aat 2.0.0-beta.4
[INFO] removed 0 missing examples
[INFO] finished tweaking crates.io crate result-aat 2.0.0-beta.4
[INFO] tweaked toml for crates.io crate result-aat 2.0.0-beta.4 written to /workspace/builds/worker-0-tc1/source/Cargo.toml
[INFO] validating manifest of crates.io crate result-aat 2.0.0-beta.4 on toolchain 1.99.0-beta.8
[INFO] running `Command { std: CARGO_HOME="/workspace/cargo-home" RUSTUP_HOME="/workspace/rustup-home" "/workspace/cargo-home/bin/cargo" "+1.99.0-beta.8" "metadata" "--manifest-path" "Cargo.toml" "--no-deps", kill_on_drop: false }`
[INFO] crate crates.io crate result-aat 2.0.0-beta.4 already has a lockfile, it will not be regenerated
[INFO] running `Command { std: CARGO_HOME="/workspace/cargo-home" RUSTUP_HOME="/workspace/rustup-home" "/workspace/cargo-home/bin/cargo" "+1.99.0-beta.8" "fetch" "--manifest-path" "Cargo.toml", kill_on_drop: false }`
[INFO] [stderr]     Updating crates.io index
[INFO] [stderr]  Downloading crates ...
[INFO] [stderr]   Downloaded spin v0.10.0
[INFO] [stderr]   Downloaded result-aat-macros v2.0.0-beta.4
[INFO] [stderr]   Downloaded core-error v0.0.0
[INFO] [stderr]   Downloaded result-aat-core v2.0.0-beta.4
[INFO] running `Command { std: "docker" "create" "-v" "/var/lib/crater-agent-workspace/builds/worker-0-tc1/source:/opt/rustwide/workdir:ro,Z" "-v" "/var/lib/crater-agent-workspace/builds/worker-0-tc1/target:/opt/rustwide/target:rw,Z" "-v" "/var/lib/crater-agent-workspace/cargo-home:/opt/rustwide/cargo-home:ro,Z" "-v" "/var/lib/crater-agent-workspace/rustup-home:/opt/rustwide/rustup-home:ro,Z" "-m" "1610612736" "--network" "none" "ghcr.io/rust-lang/crates-build-env/linux@sha256:77db811e55d90add9212f6832c23229e3de5f1c1f9905e8cb07319ea15df73ac" "sleep" "infinity", kill_on_drop: false }`
[INFO] [stdout] 7fea6111bafd061d722cab323b8431891a5f721fd1ccb18b208c64e97c897c36
[INFO] running `Command { std: "docker" "start" "7fea6111bafd061d722cab323b8431891a5f721fd1ccb18b208c64e97c897c36", kill_on_drop: false }`
[INFO] running `Command { std: "docker" "inspect" "7fea6111bafd061d722cab323b8431891a5f721fd1ccb18b208c64e97c897c36", kill_on_drop: false }`
[INFO] running `Command { std: "docker" "exec" "-e" "SOURCE_DIR=/opt/rustwide/workdir" "-e" "CARGO_HOME=/opt/rustwide/cargo-home" "-e" "RUSTUP_HOME=/opt/rustwide/rustup-home" "-e" "CARGO_TARGET_DIR=/opt/rustwide/target" "-w" "/opt/rustwide/workdir" "--user" "0:0" "7fea6111bafd061d722cab323b8431891a5f721fd1ccb18b208c64e97c897c36" "/opt/rustwide/cargo-home/bin/cargo" "+1.99.0-beta.8" "metadata" "--no-deps" "--format-version=1", kill_on_drop: false }`
[INFO] running `Command { std: "docker" "inspect" "7fea6111bafd061d722cab323b8431891a5f721fd1ccb18b208c64e97c897c36", kill_on_drop: false }`
[INFO] running `Command { std: "docker" "exec" "-e" "SOURCE_DIR=/opt/rustwide/workdir" "-e" "CARGO_HOME=/opt/rustwide/cargo-home" "-e" "RUSTUP_HOME=/opt/rustwide/rustup-home" "-e" "CARGO_TARGET_DIR=/opt/rustwide/target" "-e" "CARGO_INCREMENTAL=0" "-e" "RUST_BACKTRACE=full" "-e" "RUSTFLAGS=--cap-lints=warn" "-e" "RUSTDOCFLAGS=--cap-lints=warn" "-w" "/opt/rustwide/workdir" "--user" "0:0" "7fea6111bafd061d722cab323b8431891a5f721fd1ccb18b208c64e97c897c36" "/opt/rustwide/cargo-home/bin/cargo" "+1.99.0-beta.8" "build" "--frozen" "--message-format=json" "--release", kill_on_drop: false }`
[INFO] [stderr]    Compiling proc-macro2 v1.0.106
[INFO] [stderr]    Compiling version_check v0.9.5
[INFO] [stderr]    Compiling result-aat-core v2.0.0-beta.4
[INFO] [stderr]    Compiling spin v0.10.0
[INFO] [stderr]    Compiling core-error v0.0.0
[INFO] [stderr]    Compiling quote v1.0.45
[INFO] [stderr]    Compiling syn v2.0.117
[INFO] [stderr]    Compiling result-aat-macros v2.0.0-beta.4
[INFO] [stderr]    Compiling result-aat v2.0.0-beta.4 (/opt/rustwide/workdir)
[INFO] [stderr]     Finished `release` profile [optimized] target(s) in 4.03s
[INFO] running `Command { std: "docker" "inspect" "7fea6111bafd061d722cab323b8431891a5f721fd1ccb18b208c64e97c897c36", kill_on_drop: false }`
[INFO] running `Command { std: "docker" "exec" "-e" "SOURCE_DIR=/opt/rustwide/workdir" "-e" "CARGO_HOME=/opt/rustwide/cargo-home" "-e" "RUSTUP_HOME=/opt/rustwide/rustup-home" "-e" "CARGO_TARGET_DIR=/opt/rustwide/target" "-e" "CARGO_INCREMENTAL=0" "-e" "RUST_BACKTRACE=full" "-e" "RUSTFLAGS=--cap-lints=warn" "-e" "RUSTDOCFLAGS=--cap-lints=warn" "-w" "/opt/rustwide/workdir" "--user" "0:0" "7fea6111bafd061d722cab323b8431891a5f721fd1ccb18b208c64e97c897c36" "/opt/rustwide/cargo-home/bin/cargo" "+1.99.0-beta.8" "test" "--frozen" "--no-run" "--message-format=json" "--release", kill_on_drop: false }`
[INFO] [stderr]    Compiling result-aat v2.0.0-beta.4 (/opt/rustwide/workdir)
[INFO] [stdout] error[E0433]: cannot find module or crate `iart_rs_core` in this scope
[INFO] [stdout]  --> examples/basic_usage.rs:5:5
[INFO] [stdout]   |
[INFO] [stdout] 5 | use iart_rs_core::events::{AutoRequestType, IartEvent};
[INFO] [stdout]   |     ^^^^^^^^^^^^ use of unresolved module or unlinked crate `iart_rs_core`
[INFO] [stdout]   |
[INFO] [stdout]   = help: if you wanted to use a crate named `iart_rs_core`, use `cargo add iart_rs_core` to add it to your `Cargo.toml`
[INFO] [stdout] 
[INFO] [stdout] 
[INFO] [stdout] error[E0432]: unresolved import `iart_rs_core`
[INFO] [stdout]  --> examples/basic_usage.rs:6:5
[INFO] [stdout]   |
[INFO] [stdout] 6 | use iart_rs_core::{Iart, IartHandleDetails, set_handler};
[INFO] [stdout]   |     ^^^^^^^^^^^^ use of unresolved module or unlinked crate `iart_rs_core`
[INFO] [stdout]   |
[INFO] [stdout]   = help: if you wanted to use a crate named `iart_rs_core`, use `cargo add iart_rs_core` to add it to your `Cargo.toml`
[INFO] [stdout] 
[INFO] [stdout] 
[INFO] [stdout] error[E0432]: unresolved import `iart_rs_macros`
[INFO] [stdout]  --> examples/basic_usage.rs:7:5
[INFO] [stdout]   |
[INFO] [stdout] 7 | use iart_rs_macros::{IartErr, iart_try};
[INFO] [stdout]   |     ^^^^^^^^^^^^^^ use of unresolved module or unlinked crate `iart_rs_macros`
[INFO] [stdout]   |
[INFO] [stdout]   = help: if you wanted to use a crate named `iart_rs_macros`, use `cargo add iart_rs_macros` to add it to your `Cargo.toml`
[INFO] [stdout] 
[INFO] [stdout] 
[INFO] [stdout] Some errors have detailed explanations: E0432, E0433.
[INFO] [stdout] 
[INFO] [stdout] For more information about an error, try `rustc --explain E0432`.
[INFO] [stdout] 
[INFO] [stderr] error: could not compile `result-aat` (example "basic_usage") due to 3 previous errors
[INFO] [stderr] warning: build failed, waiting for other jobs to finish...
[INFO] running `Command { std: "docker" "inspect" "7fea6111bafd061d722cab323b8431891a5f721fd1ccb18b208c64e97c897c36", kill_on_drop: false }`
[INFO] running `Command { std: "docker" "rm" "-f" "7fea6111bafd061d722cab323b8431891a5f721fd1ccb18b208c64e97c897c36", kill_on_drop: false }`
[INFO] [stdout] 7fea6111bafd061d722cab323b8431891a5f721fd1ccb18b208c64e97c897c36
